185.251.45.74 - - [29/Jan/2026:10:20:47 -0700] "GET /wp-content/uploads/2025/08/2-Dog-Grooming-768x461.jpg HTTP/2" 206 500 "https://petblogger.net/dog-grooming-for-west-wendover-nevada/" "Mozilla/5.0 (Linux; Android 8.0; Pixel 2 Build/OPD3.170816.012) AppleWebKit/537.36 (KHTML, like Gecko) Chrome/50.0.5052.1150 Mobile Safari/537.36"
185.251.45.74 - - [29/Jan/2026:10:20:48 -0700] "GET /wp-content/uploads/2025/08/3-Dog-Grooming-300x180.jpg HTTP/2" 206 500 "https://petblogger.net/dog-grooming-for-west-wendover-nevada/" "Mozilla/5.0 (Linux; Android 8.0; Pixel 2 Build/OPD3.170816.012) AppleWebKit/537.36 (KHTML, like Gecko) Chrome/50.0.5052.1150 Mobile Safari/537.36"
93.70.84.156 - - [29/Jan/2026:10:21:14 -0700] "GET /pet-sitting-for-town-n-country-fl/ HTTP/2" 200 16031 "-" "Mozilla/5.0 (Linux; Android 6.0; Nexus 5 Build/MRA58N) AppleWebKit/537.36 (KHTML, like Gecko) Chrome/52.0.3761.1931 Mobile Safari/537.36"
85.208.96.208 - - [29/Jan/2026:10:21:44 -0700] "GET /dog-walking-for-largo-florida/ HTTP/1.1" 200 16527 "-" "Mozilla/5.0 (compatible; SemrushBot/7~bl; +http://www.semrush.com/bot.html)"
94.134.104.33 - - [29/Jan/2026:10:22:01 -0700] "GET /pet-sitting-for-sioux-falls-south-dakota/ HTTP/2" 200 14694 "-" "Mozilla/5.0 (Linux; Android 6.0; Nexus 5 Build/MRA58N) AppleWebKit/537.36 (KHTML, like Gecko) Chrome/47.0.3447.1727 Mobile Safari/537.36"
198.175.150.9 - - [29/Jan/2026:10:22:23 -0700] "POST /wp-cron.php?doing_wp_cron=1769707343.3960440158843994140625 HTTP/1.1" 200 0 "-" "WordPress/6.9; https://petblogger.net"
217.113.196.188 - - [29/Jan/2026:10:22:22 -0700] "GET /author/johnfite/page/576/ HTTP/1.1" 200 11178 "-" "Mozilla/5.0 (compatible; IbouBot/1.0; +bot@ibou.io; +https://ibou.io/iboubot.html)"
217.113.196.167 - - [29/Jan/2026:10:22:59 -0700] "GET /author/johnfite/page/603/ HTTP/1.1" 200 10960 "-" "Mozilla/5.0 (compatible; IbouBot/1.0; +bot@ibou.io; +https://ibou.io/iboubot.html)"
2a06:98c0:3600::103 - - [29/Jan/2026:10:23:29 -0700] "GET /wp-admin/setup-config.php HTTP/1.1" 409 1041 "-" "https://petblogger.net/wp-admin/setup-config.php"
198.175.150.9 - - [29/Jan/2026:10:23:37 -0700] "POST /wp-cron.php?doing_wp_cron=1769707417.2756929397583007812500 HTTP/1.1" 200 0 "-" "WordPress/6.9; https://petblogger.net"
217.113.196.140 - - [29/Jan/2026:10:25:12 -0700] "GET /pet-sitting-for-el-paso-tx/ HTTP/1.1" 200 16399 "-" "Mozilla/5.0 (compatible; IbouBot/1.0; +bot@ibou.io; +https://ibou.io/iboubot.html)"
198.175.150.9 - - [29/Jan/2026:10:25:30 -0700] "POST /wp-cron.php?doing_wp_cron=1769707530.9549629688262939453125 HTTP/1.1" 200 0 "-" "WordPress/6.9; https://petblogger.net"
217.113.196.172 - - [29/Jan/2026:10:27:35 -0700] "GET /pet-sitting-for-lowell-ma/ HTTP/1.1" 200 16523 "-" "Mozilla/5.0 (compatible; IbouBot/1.0; +bot@ibou.io; +https://ibou.io/iboubot.html)"
217.113.196.149 - - [29/Jan/2026:10:28:05 -0700] "GET /pet-sitting-for-macon-ga/ HTTP/1.1" 200 17771 "-" "Mozilla/5.0 (compatible; IbouBot/1.0; +bot@ibou.io; +https://ibou.io/iboubot.html)"
217.113.196.174 - - [29/Jan/2026:10:28:41 -0700] "GET /pet-sitting-for-augusta-me/ HTTP/1.1" 200 16535 "-" "Mozilla/5.0 (compatible; IbouBot/1.0; +bot@ibou.io; +https://ibou.io/iboubot.html)"
217.113.196.162 - - [29/Jan/2026:10:29:19 -0700] "GET /pet-sitting-for-waldorf-md/ HTTP/1.1" 200 16452 "-" "Mozilla/5.0 (compatible; IbouBot/1.0; +bot@ibou.io; +https://ibou.io/iboubot.html)"
85.208.96.204 - - [29/Jan/2026:10:29:20 -0700] "GET /pet-sitting-for-toledo-oh/ HTTP/1.1" 200 16517 "-" "Mozilla/5.0 (compatible; SemrushBot/7~bl; +http://www.semrush.com/bot.html)"
217.113.196.149 - - [29/Jan/2026:10:31:18 -0700] "GET /pet-sitting-for-madison-wi/ HTTP/1.1" 200 16555 "-" "Mozilla/5.0 (compatible; IbouBot/1.0; +bot@ibou.io; +https://ibou.io/iboubot.html)"
217.113.196.130 - - [29/Jan/2026:10:16:15 -0700] "GET /pet-sitting-for-ames-ia/ HTTP/1.1" 200 17170 "-" "Mozilla/5.0 (compatible; IbouBot/1.0; +bot@ibou.io; +https://ibou.io/iboubot.html)"
217.113.196.131 - - [29/Jan/2026:10:16:47 -0700] "GET /pet-sitting-for-aurora-il/ HTTP/1.1" 200 17575 "-" "Mozilla/5.0 (compatible; IbouBot/1.0; +bot@ibou.io; +https://ibou.io/iboubot.html)"
217.113.196.182 - - [29/Jan/2026:10:17:18 -0700] "GET /pet-sitting-for-rome-ny/ HTTP/1.1" 200 16190 "-" "Mozilla/5.0 (compatible; IbouBot/1.0; +bot@ibou.io; +https://ibou.io/iboubot.html)"
198.175.150.9 - - [29/Jan/2026:10:17:52 -0700] "POST /wp-cron.php?doing_wp_cron=1769707072.1528389453887939453125 HTTP/1.1" 200 0 "-" "WordPress/6.9; https://petblogger.net"
85.208.96.204 - - [29/Jan/2026:10:18:06 -0700] "GET /dog-grooming-for-middlebury-vermont/ HTTP/1.1" 200 17449 "-" "Mozilla/5.0 (compatible; SemrushBot/7~bl; +http://www.semrush.com/bot.html)"
198.175.150.9 - - [29/Jan/2026:10:18:22 -0700] "POST /wp-cron.php?doing_wp_cron=1769707102.2848451137542724609375 HTTP/1.1" 200 0 "-" "WordPress/6.9; https://petblogger.net"
217.113.196.129 - - [29/Jan/2026:10:18:51 -0700] "GET /author/johnfite/page/588/ HTTP/1.1" 200 10990 "-" "Mozilla/5.0 (compatible; IbouBot/1.0; +bot@ibou.io; +https://ibou.io/iboubot.html)"
217.113.196.148 - - [29/Jan/2026:10:19:27 -0700] "GET /author/johnfite/page/573/ HTTP/1.1" 200 11188 "-" "Mozilla/5.0 (compatible; IbouBot/1.0; +bot@ibou.io; +https://ibou.io/iboubot.html)"
142.44.233.26 - - [29/Jan/2026:10:19:28 -0700] "GET /cat-sitter-for-deming-new-mexico/ HTTP/2" 200 14457 "-" "Mozilla/5.0 (compatible; AhrefsBot/7.0; +http://ahrefs.com/robot/)"
217.113.196.188 - - [29/Jan/2026:10:20:01 -0700] "GET /author/johnfite/page/583/ HTTP/1.1" 200 11036 "-" "Mozilla/5.0 (compatible; IbouBot/1.0; +bot@ibou.io; +https://ibou.io/iboubot.html)"
198.175.150.9 - - [29/Jan/2026:10:20:35 -0700] "POST /wp-cron.php?doing_wp_cron=1769707235.6085510253906250000000 HTTP/1.1" 200 0 "-" "WordPress/6.9; https://petblogger.net"
52.167.144.191 - - [29/Jan/2026:10:23:43 -0700] "GET /cat-sitter-for-st-peters-missouri/ HTTP/2" 200 14479 "-" "Mozilla/5.0 AppleWebKit/537.36 (KHTML, like Gecko; compatible; bingbot/2.0; +http://www.bing.com/bingbot.htm) Chrome/116.0.1938.76 Safari/537.36"
47.128.16.164 - - [29/Jan/2026:10:24:16 -0700] "GET /dog-poop-pickup-service-for-wailuku-hawaii/ HTTP/2" 200 14483 "-" "Mozilla/5.0 (Linux; Android 5.0) AppleWebKit/537.36 (KHTML, like Gecko) Mobile Safari/537.36 (compatible; TikTokSpider; ttspider-feedback@tiktok.com)"
47.128.16.164 - - [29/Jan/2026:10:24:17 -0700] "GET /wp-content/uploads/elementor/css/post-23365.css?ver=1769707457 HTTP/2" 200 78 "https://petblogger.net/dog-poop-pickup-service-for-wailuku-hawaii/" "Mozilla/5.0 (Linux; Android 5.0) AppleWebKit/537.36 (KHTML, like Gecko) Mobile Safari/537.36 (compatible; TikTokSpider; ttspider-feedback@tiktok.com)"
198.175.150.9 - - [29/Jan/2026:10:24:40 -0700] "POST /wp-cron.php?doing_wp_cron=1769707480.6700959205627441406250 HTTP/1.1" 200 0 "-" "WordPress/6.9; https://petblogger.net"
198.175.150.9 - - [29/Jan/2026:10:26:58 -0700] "POST /wp-cron.php?doing_wp_cron=1769707618.7382130622863769531250 HTTP/1.1" 200 0 "-" "WordPress/6.9; https://petblogger.net"
85.208.96.194 - - [29/Jan/2026:10:27:09 -0700] "GET /are-your-pets-cold/ HTTP/1.1" 200 19313 "-" "Mozilla/5.0 (compatible; SemrushBot/7~bl; +http://www.semrush.com/bot.html)"
198.175.150.9 - - [29/Jan/2026:10:34:45 -0700] "POST /wp-cron.php?doing_wp_cron=1769708085.2123579978942871093750 HTTP/1.1" 200 0 "-" "WordPress/6.9; https://petblogger.net"
217.113.196.164 - - [29/Jan/2026:10:34:43 -0700] "GET /pet-sitting-for-tampa-fl/ HTTP/1.1" 200 18270 "-" "Mozilla/5.0 (compatible; IbouBot/1.0; +bot@ibou.io; +https://ibou.io/iboubot.html)"
217.113.196.162 - - [29/Jan/2026:10:36:30 -0700] "GET /pet-sitting-for-milton-vt/ HTTP/1.1" 200 16429 "-" "Mozilla/5.0 (compatible; IbouBot/1.0; +bot@ibou.io; +https://ibou.io/iboubot.html)"
47.128.111.143 - - [29/Jan/2026:10:32:17 -0700] "GET /wp-content/uploads/elementor/css/post-12824.css?ver=1769698136 HTTP/2" 200 78 "https://petblogger.net/cat-sitter-for-makakilo-hawaii/" "Mozilla/5.0 (Linux; Android 5.0) AppleWebKit/537.36 (KHTML, like Gecko) Mobile Safari/537.36 (compatible; TikTokSpider; ttspider-feedback@tiktok.com)"
198.175.150.9 - - [29/Jan/2026:10:32:26 -0700] "POST /wp-cron.php?doing_wp_cron=1769707946.0528988838195800781250 HTTP/1.1" 200 0 "-" "WordPress/6.9; https://petblogger.net"
85.208.96.203 - - [29/Jan/2026:10:32:53 -0700] "GET /cat-sitter-for-sitka-alaska/ HTTP/1.1" 200 16126 "-" "Mozilla/5.0 (compatible; SemrushBot/7~bl; +http://www.semrush.com/bot.html)"
198.175.150.9 - - [29/Jan/2026:10:33:20 -0700] "POST /wp-cron.php?doing_wp_cron=1769708000.7224619388580322265625 HTTP/1.1" 200 0 "-" "WordPress/6.9; https://petblogger.net"
40.77.167.126 - - [29/Jan/2026:10:33:40 -0700] "GET /dog-poop-pickup-service-for-fremont-california/ HTTP/2" 200 14541 "-" "Mozilla/5.0 AppleWebKit/537.36 (KHTML, like Gecko; compatible; bingbot/2.0; +http://www.bing.com/bingbot.htm) Chrome/116.0.1938.76 Safari/537.36"
85.208.96.198 - - [29/Jan/2026:10:35:28 -0700] "GET /dog-walking-for-winchester-kentucky/ HTTP/1.1" 200 16653 "-" "Mozilla/5.0 (compatible; SemrushBot/7~bl; +http://www.semrush.com/bot.html)"
198.175.150.9 - - [29/Jan/2026:10:36:31 -0700] "POST /wp-cron.php?doing_wp_cron=1769708191.5292389392852783203125 HTTP/1.1" 200 0 "-" "WordPress/6.9; https://petblogger.net"
198.175.150.9 - - [29/Jan/2026:10:37:21 -0700] "POST /wp-cron.php?doing_wp_cron=1769708241.0609550476074218750000 HTTP/1.1" 200 0 "-" "WordPress/6.9; https://petblogger.net"
217.113.196.157 - - [29/Jan/2026:10:37:40 -0700] "GET /pet-sitting-for-atlanta-ga/ HTTP/1.1" 200 17778 "-" "Mozilla/5.0 (compatible; IbouBot/1.0; +bot@ibou.io; +https://ibou.io/iboubot.html)"
198.175.150.9 - - [29/Jan/2026:10:39:35 -0700] "POST /wp-cron.php?doing_wp_cron=1769708375.7360329627990722656250 HTTP/1.1" 200 0 "-" "WordPress/6.9; https://petblogger.net"
54.39.210.30 - - [29/Jan/2026:10:39:34 -0700] "GET /cat-sitter-for-brookings-south-dakota/ HTTP/2" 200 14445 "-" "Mozilla/5.0 (compatible; AhrefsBot/7.0; +http://ahrefs.com/robot/)"
47.128.96.159 - - [29/Jan/2026:10:40:16 -0700] "GET /dog-sitting-in-centreville-virginia/ HTTP/2" 200 15867 "-" "Mozilla/5.0 (Linux; Android 5.0) AppleWebKit/537.36 (KHTML, like Gecko) Mobile Safari/537.36 (compatible; TikTokSpider; ttspider-feedback@tiktok.com)"
47.128.96.159 - - [29/Jan/2026:10:40:18 -0700] "GET /wp-content/uploads/elementor/css/post-15309.css?ver=1769708417 HTTP/2" 200 78 "https://petblogger.net/dog-sitting-in-centreville-virginia/" "Mozilla/5.0 (Linux; Android 5.0) AppleWebKit/537.36 (KHTML, like Gecko) Mobile Safari/537.36 (compatible; TikTokSpider; ttspider-feedback@tiktok.com)"
217.113.196.190 - - [29/Jan/2026:10:40:59 -0700] "GET /pet-sitting-for-boston-ma/ HTTP/1.1" 200 16561 "-" "Mozilla/5.0 (compatible; IbouBot/1.0; +bot@ibou.io; +https://ibou.io/iboubot.html)"
148.113.128.200 - - [29/Jan/2026:10:42:55 -0700] "GET /wp-content/uploads/elementor/css/post-10452.css?ver=1769708375 HTTP/2" 200 78 "-" "Mozilla/5.0 (compatible; AhrefsBot/7.0; +http://ahrefs.com/robot/)"
217.113.196.159 - - [29/Jan/2026:10:44:30 -0700] "GET /pet-sitting-for-meridian-id/ HTTP/1.1" 200 17590 "-" "Mozilla/5.0 (compatible; IbouBot/1.0; +bot@ibou.io; +https://ibou.io/iboubot.html)"
198.175.150.9 - - [29/Jan/2026:10:46:28 -0700] "POST /wp-cron.php?doing_wp_cron=1769708788.1784698963165283203125 HTTP/1.1" 200 0 "-" "WordPress/6.9; https://petblogger.net"
217.113.196.147 - - [29/Jan/2026:10:46:44 -0700] "GET /pet-sitting-for-anderson-in/ HTTP/1.1" 200 17327 "-" "Mozilla/5.0 (compatible; IbouBot/1.0; +bot@ibou.io; +https://ibou.io/iboubot.html)"
217.113.196.174 - - [29/Jan/2026:10:47:16 -0700] "GET /pet-sitting-for-ithaca-ny/ HTTP/1.1" 200 16265 "-" "Mozilla/5.0 (compatible; IbouBot/1.0; +bot@ibou.io; +https://ibou.io/iboubot.html)"
217.113.196.175 - - [29/Jan/2026:10:37:02 -0700] "GET /pet-sitting-for-camden-de/ HTTP/1.1" 200 18338 "-" "Mozilla/5.0 (compatible; IbouBot/1.0; +bot@ibou.io; +https://ibou.io/iboubot.html)"
85.208.96.198 - - [29/Jan/2026:10:37:51 -0700] "GET /dog-sitting-for-los-angeles-california/ HTTP/1.1" 200 17499 "-" "Mozilla/5.0 (compatible; SemrushBot/7~bl; +http://www.semrush.com/bot.html)"
198.175.150.9 - - [29/Jan/2026:10:38:22 -0700] "POST /wp-cron.php?doing_wp_cron=1769708302.2269980907440185546875 HTTP/1.1" 200 0 "-" "WordPress/6.9; https://petblogger.net"
217.113.196.161 - - [29/Jan/2026:10:39:38 -0700] "GET /pet-sitting-for-alexandria-la/ HTTP/1.1" 200 16509 "-" "Mozilla/5.0 (compatible; IbouBot/1.0; +bot@ibou.io; +https://ibou.io/iboubot.html)"
47.128.121.155 - - [29/Jan/2026:10:40:16 -0700] "GET /dog-walking-for-manhattan-kansas/ HTTP/2" 200 14758 "-" "Mozilla/5.0 (Linux; Android 5.0) AppleWebKit/537.36 (KHTML, like Gecko) Mobile Safari/537.36 (compatible; TikTokSpider; ttspider-feedback@tiktok.com)"
47.128.121.155 - - [29/Jan/2026:10:40:18 -0700] "GET /wp-content/uploads/elementor/css/post-19427.css?ver=1769708417 HTTP/2" 200 179 "https://petblogger.net/dog-walking-for-manhattan-kansas/" "Mozilla/5.0 (Linux; Android 5.0) AppleWebKit/537.36 (KHTML, like Gecko) Mobile Safari/537.36 (compatible; TikTokSpider; ttspider-feedback@tiktok.com)"
217.113.196.153 - - [29/Jan/2026:10:40:19 -0700] "GET /pet-sitting-for-decatur-il/ HTTP/1.1" 200 17382 "-" "Mozilla/5.0 (compatible; IbouBot/1.0; +bot@ibou.io; +https://ibou.io/iboubot.html)"
198.175.150.9 - - [29/Jan/2026:10:41:37 -0700] "POST /wp-cron.php?doing_wp_cron=1769708497.3106520175933837890625 HTTP/1.1" 200 0 "-" "WordPress/6.9; https://petblogger.net"
198.175.150.9 - - [29/Jan/2026:10:42:47 -0700] "POST /wp-cron.php?doing_wp_cron=1769708567.3078310489654541015625 HTTP/1.1" 200 0 "-" "WordPress/6.9; https://petblogger.net"
217.113.196.138 - - [29/Jan/2026:10:45:55 -0700] "GET /pet-sitting-for-saco-me/ HTTP/1.1" 200 16572 "-" "Mozilla/5.0 (compatible; IbouBot/1.0; +bot@ibou.io; +https://ibou.io/iboubot.html)"
15.235.96.125 - - [29/Jan/2026:10:46:09 -0700] "GET /dog-grooming-for-chaparral-new-mexico/ HTTP/2" 200 15856 "-" "Mozilla/5.0 (compatible; AhrefsBot/7.0; +http://ahrefs.com/robot/)"
85.208.96.195 - - [29/Jan/2026:10:46:27 -0700] "GET /category/pet-directory-marketing/page/499/ HTTP/1.1" 200 11087 "-" "Mozilla/5.0 (compatible; SemrushBot/7~bl; +http://www.semrush.com/bot.html)"
198.175.150.9 - - [29/Jan/2026:10:48:25 -0700] "POST /wp-cron.php?doing_wp_cron=1769708905.6224980354309082031250 HTTP/1.1" 200 0 "-" "WordPress/6.9; https://petblogger.net"
217.113.196.153 - - [29/Jan/2026:10:48:58 -0700] "GET /pet-sitting-for-nome-ak/ HTTP/1.1" 200 19525 "-" "Mozilla/5.0 (compatible; IbouBot/1.0; +bot@ibou.io; +https://ibou.io/iboubot.html)"
217.113.196.152 - - [29/Jan/2026:10:49:31 -0700] "GET /pet-sitting-for-gary-in/ HTTP/1.1" 200 17375 "-" "Mozilla/5.0 (compatible; IbouBot/1.0; +bot@ibou.io; +https://ibou.io/iboubot.html)"
40.67.183.180 - - [29/Jan/2026:10:50:00 -0700] "GET /dog-grooming-for-bridgeport-connecticut/ HTTP/2" 200 15362 "-" "Mozilla/5.0 AppleWebKit/537.36 (KHTML, like Gecko); compatible; ChatGPT-User/1.0; +https://openai.com/bot"
198.175.150.9 - - [29/Jan/2026:10:50:50 -0700] "POST /wp-cron.php?doing_wp_cron=1769709050.8016240596771240234375 HTTP/1.1" 200 0 "-" "WordPress/6.9; https://petblogger.net"
217.113.196.166 - - [29/Jan/2026:10:51:22 -0700] "GET /pet-sitting-for-new-rochelle/ HTTP/1.1" 200 16196 "-" "Mozilla/5.0 (compatible; IbouBot/1.0; +bot@ibou.io; +https://ibou.io/iboubot.html)"
64.25.12.139 - - [29/Jan/2026:10:51:40 -0700] "GET /sapp-wp-signon.php?pass=ayx23phocysjyn48g0qbstti4cj3kgcx HTTP/2" 302 0 "https://node612.namehero.net:2083/" "Mozilla/5.0 (Windows NT 10.0; Win64; x64) AppleWebKit/537.36 (KHTML, like Gecko) Chrome/144.0.0.0 Safari/537.36"
64.25.12.139 - - [29/Jan/2026:10:51:42 -0700] "GET /wp-includes/js/thickbox/thickbox.css?ver=6.9 HTTP/2" 200 822 "https://petblogger.net/wp-admin/" "Mozilla/5.0 (Windows NT 10.0; Win64; x64) AppleWebKit/537.36 (KHTML, like Gecko) Chrome/144.0.0.0 Safari/537.36"
64.25.12.139 - - [29/Jan/2026:10:51:42 -0700] "GET /wp-content/plugins/disable-comments/assets/css/notice.css?ver=2.6.2 HTTP/2" 200 479 "https://petblogger.net/wp-admin/" "Mozilla/5.0 (Windows NT 10.0; Win64; x64) AppleWebKit/537.36 (KHTML, like Gecko) Chrome/144.0.0.0 Safari/537.36"
64.25.12.139 - - [29/Jan/2026:10:51:42 -0700] "GET /wp-content/plugins/elementor/vendor/elementor/wp-one-package/assets/build/common.css?ver=1.0.47 HTTP/2" 200 578 "https://petblogger.net/wp-admin/" "Mozilla/5.0 (Windows NT 10.0; Win64; x64) AppleWebKit/537.36 (KHTML, like Gecko) Chrome/144.0.0.0 Safari/537.36"
64.25.12.139 - - [29/Jan/2026:10:51:42 -0700] "GET /wp-content/plugins/seo-by-rank-math/assets/admin/css/dashboard-widget.css?ver=1.0.263 HTTP/2" 200 1542 "https://petblogger.net/wp-admin/" "Mozilla/5.0 (Windows NT 10.0; Win64; x64) AppleWebKit/537.36 (KHTML, like Gecko) Chrome/144.0.0.0 Safari/537.36"
64.25.12.139 - - [29/Jan/2026:10:51:42 -0700] "GET /wp-content/plugins/speedycache-pro/assets/css/admin.css?ver=1.3.7 HTTP/2" 200 818 "https://petblogger.net/wp-admin/" "Mozilla/5.0 (Windows NT 10.0; Win64; x64) AppleWebKit/537.36 (KHTML, like Gecko) Chrome/144.0.0.0 Safari/537.36"
64.25.12.139 - - [29/Jan/2026:10:51:42 -0700] "GET /wp-content/plugins/elementor-pro/assets/css/admin.min.css?ver=3.34.3 HTTP/2" 200 3447 "https://petblogger.net/wp-admin/" "Mozilla/5.0 (Windows NT 10.0; Win64; x64) AppleWebKit/537.36 (KHTML, like Gecko) Chrome/144.0.0.0 Safari/537.36"
64.25.12.139 - - [29/Jan/2026:10:51:42 -0700] "GET /wp-content/plugins/elementor/assets/css/modules/editor-one/admin-menu.min.css?ver=3.34.4 HTTP/2" 200 993 "https://petblogger.net/wp-admin/" "Mozilla/5.0 (Windows NT 10.0; Win64; x64) AppleWebKit/537.36 (KHTML, like Gecko) Chrome/144.0.0.0 Safari/537.36"
64.25.12.139 - - [29/Jan/2026:10:51:42 -0700] "GET /wp-content/plugins/elementor/assets/css/common.min.css?ver=3.34.4 HTTP/2" 200 3133 "https://petblogger.net/wp-admin/" "Mozilla/5.0 (Windows NT 10.0; Win64; x64) AppleWebKit/537.36 (KHTML, like Gecko) Chrome/144.0.0.0 Safari/537.36"
64.25.12.139 - - [29/Jan/2026:10:51:42 -0700] "GET /wp-content/plugins/elementor/assets/css/theme-light.min.css?ver=3.34.4 HTTP/2" 200 656 "https://petblogger.net/wp-admin/" "Mozilla/5.0 (Windows NT 10.0; Win64; x64) AppleWebKit/537.36 (KHTML, like Gecko) Chrome/144.0.0.0 Safari/537.36"
64.25.12.139 - - [29/Jan/2026:10:51:42 -0700] "GET /wp-content/plugins/elementor/assets/css/admin.min.css?ver=3.34.4 HTTP/2" 200 12463 "https://petblogger.net/wp-admin/" "Mozilla/5.0 (Windows NT 10.0; Win64; x64) AppleWebKit/537.36 (KHTML, like Gecko) Chrome/144.0.0.0 Safari/537.36"
64.25.12.139 - - [29/Jan/2026:10:51:42 -0700] "GET /wp-content/plugins/ws-form-pro/admin/css/ws-form-admin-wp.min.css?ver=1.10.77 HTTP/2" 200 3098 "https://petblogger.net/wp-admin/" "Mozilla/5.0 (Windows NT 10.0; Win64; x64) AppleWebKit/537.36 (KHTML, like Gecko) Chrome/144.0.0.0 Safari/537.36"
64.25.12.139 - - [29/Jan/2026:10:51:42 -0700] "GET /wp-content/plugins/elementor/assets/lib/eicons/css/elementor-icons.min.css?ver=5.46.0 HTTP/2" 200 4025 "https://petblogger.net/wp-admin/" "Mozilla/5.0 (Windows NT 10.0; Win64; x64) AppleWebKit/537.36 (KHTML, like Gecko) Chrome/144.0.0.0 Safari/537.36"
64.25.12.139 - - [29/Jan/2026:10:51:42 -0700] "GET /wp-content/plugins/speedycache/assets/images/icon.svg HTTP/2" 200 1896 "https://petblogger.net/wp-admin/" "Mozilla/5.0 (Windows NT 10.0; Win64; x64) AppleWebKit/537.36 (KHTML, like Gecko) Chrome/144.0.0.0 Safari/537.36"
64.25.12.139 - - [29/Jan/2026:10:51:42 -0700] "GET /wp-content/plugins/ws-form-pro/admin/js/ws-form-admin-count-submit-unread.min.js?ver=1.10.77 HTTP/2" 200 267 "https://petblogger.net/wp-admin/" "Mozilla/5.0 (Windows NT 10.0; Win64; x64) AppleWebKit/537.36 (KHTML, like Gecko) Chrome/144.0.0.0 Safari/537.36"
64.25.12.139 - - [29/Jan/2026:10:51:42 -0700] "GET /wp-content/plugins/ws-form-pro/admin/css/ws-form-admin-wp-dashboard.min.css?ver=1.10.77 HTTP/2" 200 1313 "https://petblogger.net/wp-admin/" "Mozilla/5.0 (Windows NT 10.0; Win64; x64) AppleWebKit/537.36 (KHTML, like Gecko) Chrome/144.0.0.0 Safari/537.36"
64.25.12.139 - - [29/Jan/2026:10:51:42 -0700] "GET /wp-content/plugins/speedycache-pro/assets/js/admin.js?ver=1.3.7 HTTP/2" 200 485 "https://petblogger.net/wp-admin/" "Mozilla/5.0 (Windows NT 10.0; Win64; x64) AppleWebKit/537.36 (KHTML, like Gecko) Chrome/144.0.0.0 Safari/537.36"
64.25.12.139 - - [29/Jan/2026:10:51:42 -0700] "GET /wp-content/plugins/backuply/assets/images/icon.svg HTTP/2" 200 20478 "https://petblogger.net/wp-admin/" "Mozilla/5.0 (Windows NT 10.0; Win64; x64) AppleWebKit/537.36 (KHTML, like Gecko) Chrome/144.0.0.0 Safari/537.36"
64.25.12.139 - - [29/Jan/2026:10:51:42 -0700] "GET /wp-admin/load-scripts.php?c=0&load%5Bchunk_0%5D=jquery-core,jquery-migrate,utils&ver=6.9 HTTP/2" 200 36118 "https://petblogger.net/wp-admin/" "Mozilla/5.0 (Windows NT 10.0; Win64; x64) AppleWebKit/537.36 (KHTML, like Gecko) Chrome/144.0.0.0 Safari/537.36"
64.25.12.139 - - [29/Jan/2026:10:51:42 -0700] "GET /wp-admin/load-styles.php?c=0&dir=ltr&load%5Bchunk_0%5D=dashicons,admin-bar,site-health,common,forms,admin-menu,dashboard,list-tables,edit,revisions,media,themes,about,nav-menus,wp-poi&load%5Bchunk_1%5D=nter,widgets,site-icon,l10n,buttons,wp-auth-check,wp-components,wp-commands&ver=6.9 HTTP/2" 200 123242 "https://petblogger.net/wp-admin/" "Mozilla/5.0 (Windows NT 10.0; Win64; x64) AppleWebKit/537.36 (KHTML, like Gecko) Chrome/144.0.0.0 Safari/537.36"
64.25.12.139 - - [29/Jan/2026:10:51:42 -0700] "GET /wp-content/plugins/ultimate-elementor/assets/images/settings/dashboard-logo.svg HTTP/2" 200 7897 "https://petblogger.net/wp-admin/" "Mozilla/5.0 (Windows NT 10.0; Win64; x64) AppleWebKit/537.36 (KHTML, like Gecko) Chrome/144.0.0.0 Safari/537.36"
64.25.12.139 - - [29/Jan/2026:10:51:42 -0700] "GET /wp-content/plugins/elementor/assets/lib/eicons/fonts/eicons.woff2?5.46.0 HTTP/2" 200 103944 "https://petblogger.net/wp-content/plugins/elementor/assets/lib/eicons/css/elementor-icons.min.css?ver=5.46.0" "Mozilla/5.0 (Windows NT 10.0; Win64; x64) AppleWebKit/537.36 (KHTML, like Gecko) Chrome/144.0.0.0 Safari/537.36"
64.25.12.139 - - [29/Jan/2026:10:51:40 -0700] "GET /wp-admin/ HTTP/2" 200 40231 "https://node612.namehero.net:2083/" "Mozilla/5.0 (Windows NT 10.0; Win64; x64) AppleWebKit/537.36 (KHTML, like Gecko) Chrome/144.0.0.0 Safari/537.36"
64.25.12.139 - - [29/Jan/2026:10:51:43 -0700] "GET /wp-content/themes/mh-magazine/admin/admin-notice.css?ver=3.10.0 HTTP/2" 200 136 "https://petblogger.net/wp-admin/" "Mozilla/5.0 (Windows NT 10.0; Win64; x64) AppleWebKit/537.36 (KHTML, like Gecko) Chrome/144.0.0.0 Safari/537.36"
64.25.12.139 - - [29/Jan/2026:10:51:43 -0700] "GET /wp-includes/js/wp-util.min.js?ver=6.9 HTTP/2" 200 690 "https://petblogger.net/wp-admin/" "Mozilla/5.0 (Windows NT 10.0; Win64; x64) AppleWebKit/537.36 (KHTML, like Gecko) Chrome/144.0.0.0 Safari/537.36"
64.25.12.139 - - [29/Jan/2026:10:51:43 -0700] "GET /wp-includes/js/dist/a11y.min.js?ver=cb460b4676c94bd228ed HTTP/2" 200 794 "https://petblogger.net/wp-admin/" "Mozilla/5.0 (Windows NT 10.0; Win64; x64) AppleWebKit/537.36 (KHTML, like Gecko) Chrome/144.0.0.0 Safari/537.36"
64.25.12.139 - - [29/Jan/2026:10:51:43 -0700] "GET /wp-includes/js/hoverintent-js.min.js?ver=2.2.1 HTTP/2" 200 665 "https://petblogger.net/wp-admin/" "Mozilla/5.0 (Windows NT 10.0; Win64; x64) AppleWebKit/537.36 (KHTML, like Gecko) Chrome/144.0.0.0 Safari/537.36"
64.25.12.139 - - [29/Jan/2026:10:51:43 -0700] "GET /wp-includes/js/admin-bar.min.js?ver=6.9 HTTP/2" 200 1223 "https://petblogger.net/wp-admin/" "Mozilla/5.0 (Windows NT 10.0; Win64; x64) AppleWebKit/537.36 (KHTML, like Gecko) Chrome/144.0.0.0 Safari/537.36"
64.25.12.139 - - [29/Jan/2026:10:51:43 -0700] "GET /wp-includes/js/underscore.min.js?ver=1.13.7 HTTP/2" 200 7185 "https://petblogger.net/wp-admin/" "Mozilla/5.0 (Windows NT 10.0; Win64; x64) AppleWebKit/537.36 (KHTML, like Gecko) Chrome/144.0.0.0 Safari/537.36"
64.25.12.139 - - [29/Jan/2026:10:51:43 -0700] "GET /wp-includes/js/clipboard.min.js?ver=2.0.11 HTTP/2" 200 2989 "https://petblogger.net/wp-admin/" "Mozilla/5.0 (Windows NT 10.0; Win64; x64) AppleWebKit/537.36 (KHTML, like Gecko) Chrome/144.0.0.0 Safari/537.36"
64.25.12.139 - - [29/Jan/2026:10:51:43 -0700] "GET /wp-admin/js/common.min.js?ver=6.9 HTTP/2" 200 7463 "https://petblogger.net/wp-admin/" "Mozilla/5.0 (Windows NT 10.0; Win64; x64) AppleWebKit/537.36 (KHTML, like Gecko) Chrome/144.0.0.0 Safari/537.36"
64.25.12.139 - - [29/Jan/2026:10:51:43 -0700] "GET /wp-includes/js/dist/url.min.js?ver=9e178c9516d1222dc834 HTTP/2" 200 3647 "https://petblogger.net/wp-admin/" "Mozilla/5.0 (Windows NT 10.0; Win64; x64) AppleWebKit/537.36 (KHTML, like Gecko) Chrome/144.0.0.0 Safari/537.36"
64.25.12.139 - - [29/Jan/2026:10:51:43 -0700] "GET /wp-includes/js/dist/i18n.min.js?ver=c26c3dc7bed366793375 HTTP/2" 200 2119 "https://petblogger.net/wp-admin/" "Mozilla/5.0 (Windows NT 10.0; Win64; x64) AppleWebKit/537.36 (KHTML, like Gecko) Chrome/144.0.0.0 Safari/537.36"
64.25.12.139 - - [29/Jan/2026:10:51:43 -0700] "GET /wp-includes/js/jquery/jquery.color.min.js?ver=3.0.0 HTTP/2" 200 2641 "https://petblogger.net/wp-admin/" "Mozilla/5.0 (Windows NT 10.0; Win64; x64) AppleWebKit/537.36 (KHTML, like Gecko) Chrome/144.0.0.0 Safari/537.36"
64.25.12.139 - - [29/Jan/2026:10:51:43 -0700] "GET /wp-admin/js/site-health.min.js?ver=6.9 HTTP/2" 200 2019 "https://petblogger.net/wp-admin/" "Mozilla/5.0 (Windows NT 10.0; Win64; x64) AppleWebKit/537.36 (KHTML, like Gecko) Chrome/144.0.0.0 Safari/537.36"
64.25.12.139 - - [29/Jan/2026:10:51:43 -0700] "GET /wp-includes/js/api-request.min.js?ver=6.9 HTTP/2" 200 530 "https://petblogger.net/wp-admin/" "Mozilla/5.0 (Windows NT 10.0; Win64; x64) AppleWebKit/537.36 (KHTML, like Gecko) Chrome/144.0.0.0 Safari/537.36"
64.25.12.139 - - [29/Jan/2026:10:51:43 -0700] "GET /wp-includes/js/wp-lists.min.js?ver=6.9 HTTP/2" 200 2359 "https://petblogger.net/wp-admin/" "Mozilla/5.0 (Windows NT 10.0; Win64; x64) AppleWebKit/537.36 (KHTML, like Gecko) Chrome/144.0.0.0 Safari/537.36"
64.25.12.139 - - [29/Jan/2026:10:51:43 -0700] "GET /wp-includes/js/quicktags.min.js?ver=6.9 HTTP/2" 200 3331 "https://petblogger.net/wp-admin/" "Mozilla/5.0 (Windows NT 10.0; Win64; x64) AppleWebKit/537.36 (KHTML, like Gecko) Chrome/144.0.0.0 Safari/537.36"
64.25.12.139 - - [29/Jan/2026:10:51:43 -0700] "GET /wp-includes/js/jquery/jquery.query.js?ver=2.2.3 HTTP/2" 200 1534 "https://petblogger.net/wp-admin/" "Mozilla/5.0 (Windows NT 10.0; Win64; x64) AppleWebKit/537.36 (KHTML, like Gecko) Chrome/144.0.0.0 Safari/537.36"
64.25.12.139 - - [29/Jan/2026:10:51:43 -0700] "GET /wp-includes/js/wp-ajax-response.min.js?ver=6.9 HTTP/2" 200 1006 "https://petblogger.net/wp-admin/" "Mozilla/5.0 (Windows NT 10.0; Win64; x64) AppleWebKit/537.36 (KHTML, like Gecko) Chrome/144.0.0.0 Safari/537.36"
64.25.12.139 - - [29/Jan/2026:10:51:43 -0700] "GET /wp-includes/js/jquery/ui/mouse.min.js?ver=1.13.3 HTTP/2" 200 1012 "https://petblogger.net/wp-admin/" "Mozilla/5.0 (Windows NT 10.0; Win64; x64) AppleWebKit/537.36 (KHTML, like Gecko) Chrome/144.0.0.0 Safari/537.36"
64.25.12.139 - - [29/Jan/2026:10:51:43 -0700] "GET /wp-admin/js/edit-comments.min.js?ver=6.9 HTTP/2" 200 4930 "https://petblogger.net/wp-admin/" "Mozilla/5.0 (Windows NT 10.0; Win64; x64) AppleWebKit/537.36 (KHTML, like Gecko) Chrome/144.0.0.0 Safari/537.36"
64.25.12.139 - - [29/Jan/2026:10:51:43 -0700] "GET /wp-includes/js/jquery/ui/sortable.min.js?ver=1.13.3 HTTP/2" 200 6358 "https://petblogger.net/wp-admin/" "Mozilla/5.0 (Windows NT 10.0; Win64; x64) AppleWebKit/537.36 (KHTML, like Gecko) Chrome/144.0.0.0 Safari/537.36"
64.25.12.139 - - [29/Jan/2026:10:51:43 -0700] "GET /wp-includes/js/dist/deprecated.min.js?ver=e1f84915c5e8ae38964c HTTP/2" 200 409 "https://petblogger.net/wp-admin/" "Mozilla/5.0 (Windows NT 10.0; Win64; x64) AppleWebKit/537.36 (KHTML, like Gecko) Chrome/144.0.0.0 Safari/537.36"
64.25.12.139 - - [29/Jan/2026:10:51:43 -0700] "GET /wp-admin/js/postbox.min.js?ver=6.9 HTTP/2" 200 2066 "https://petblogger.net/wp-admin/" "Mozilla/5.0 (Windows NT 10.0; Win64; x64) AppleWebKit/537.36 (KHTML, like Gecko) Chrome/144.0.0.0 Safari/537.36"
64.25.12.139 - - [29/Jan/2026:10:51:43 -0700] "GET /wp-includes/js/wp-sanitize.min.js?ver=6.9 HTTP/2" 200 240 "https://petblogger.net/wp-admin/" "Mozilla/5.0 (Windows NT 10.0; Win64; x64) AppleWebKit/537.36 (KHTML, like Gecko) Chrome/144.0.0.0 Safari/537.36"
64.25.12.139 - - [29/Jan/2026:10:51:43 -0700] "GET /wp-admin/js/dashboard.min.js?ver=6.9 HTTP/2" 200 2859 "https://petblogger.net/wp-admin/" "Mozilla/5.0 (Windows NT 10.0; Win64; x64) AppleWebKit/537.36 (KHTML, like Gecko) Chrome/144.0.0.0 Safari/537.36"
64.25.12.139 - - [29/Jan/2026:10:51:43 -0700] "GET /wp-includes/js/thickbox/thickbox.js?ver=3.1-20121105 HTTP/2" 200 4013 "https://petblogger.net/wp-admin/" "Mozilla/5.0 (Windows NT 10.0; Win64; x64) AppleWebKit/537.36 (KHTML, like Gecko) Chrome/144.0.0.0 Safari/537.36"
64.25.12.139 - - [29/Jan/2026:10:51:43 -0700] "GET /wp-admin/js/plugin-install.min.js?ver=6.9 HTTP/2" 200 903 "https://petblogger.net/wp-admin/" "Mozilla/5.0 (Windows NT 10.0; Win64; x64) AppleWebKit/537.36 (KHTML, like Gecko) Chrome/144.0.0.0 Safari/537.36"
64.25.12.139 - - [29/Jan/2026:10:51:43 -0700] "GET /wp-admin/js/updates.min.js?ver=6.9 HTTP/2" 200 9908 "https://petblogger.net/wp-admin/" "Mozilla/5.0 (Windows NT 10.0; Win64; x64) AppleWebKit/537.36 (KHTML, like Gecko) Chrome/144.0.0.0 Safari/537.36"
64.25.12.139 - - [29/Jan/2026:10:51:43 -0700] "GET /wp-admin/js/svg-painter.js?ver=6.9 HTTP/2" 200 1111 "https://petblogger.net/wp-admin/" "Mozilla/5.0 (Windows NT 10.0; Win64; x64) AppleWebKit/537.36 (KHTML, like Gecko) Chrome/144.0.0.0 Safari/537.36"
64.25.12.139 - - [29/Jan/2026:10:51:43 -0700] "GET /wp-admin/js/media-upload.min.js?ver=6.9 HTTP/2" 200 540 "https://petblogger.net/wp-admin/" "Mozilla/5.0 (Windows NT 10.0; Win64; x64) AppleWebKit/537.36 (KHTML, like Gecko) Chrome/144.0.0.0 Safari/537.36"
64.25.12.139 - - [29/Jan/2026:10:51:43 -0700] "GET /wp-includes/js/shortcode.min.js?ver=6.9 HTTP/2" 200 1078 "https://petblogger.net/wp-admin/" "Mozilla/5.0 (Windows NT 10.0; Win64; x64) AppleWebKit/537.36 (KHTML, like Gecko) Chrome/144.0.0.0 Safari/537.36"
64.25.12.139 - - [29/Jan/2026:10:51:43 -0700] "GET /wp-includes/js/backbone.min.js?ver=1.6.0 HTTP/2" 200 7832 "https://petblogger.net/wp-admin/" "Mozilla/5.0 (Windows NT 10.0; Win64; x64) AppleWebKit/537.36 (KHTML, like Gecko) Chrome/144.0.0.0 Safari/537.36"
64.25.12.139 - - [29/Jan/2026:10:51:43 -0700] "GET /wp-includes/js/jquery/ui/draggable.min.js?ver=1.13.3 HTTP/2" 200 4691 "https://petblogger.net/wp-admin/" "Mozilla/5.0 (Windows NT 10.0; Win64; x64) AppleWebKit/537.36 (KHTML, like Gecko) Chrome/144.0.0.0 Safari/537.36"
64.25.12.139 - - [29/Jan/2026:10:51:43 -0700] "GET /wp-content/plugins/elementor/assets/lib/backbone/backbone.marionette.min.js?ver=2.4.5.e1 HTTP/2" 200 11272 "https://petblogger.net/wp-admin/" "Mozilla/5.0 (Windows NT 10.0; Win64; x64) AppleWebKit/537.36 (KHTML, like Gecko) Chrome/144.0.0.0 Safari/537.36"
64.25.12.139 - - [29/Jan/2026:10:51:43 -0700] "GET /wp-content/plugins/elementor/assets/lib/backbone/backbone.radio.min.js?ver=1.0.4 HTTP/2" 200 1494 "https://petblogger.net/wp-admin/" "Mozilla/5.0 (Windows NT 10.0; Win64; x64) AppleWebKit/537.36 (KHTML, like Gecko) Chrome/144.0.0.0 Safari/537.36"
64.25.12.139 - - [29/Jan/2026:10:51:43 -0700] "GET /wp-content/plugins/elementor/assets/js/dev-tools.min.js?ver=3.34.4 HTTP/2" 200 2346 "https://petblogger.net/wp-admin/" "Mozilla/5.0 (Windows NT 10.0; Win64; x64) AppleWebKit/537.36 (KHTML, like Gecko) Chrome/144.0.0.0 Safari/537.36"
64.25.12.139 - - [29/Jan/2026:10:51:43 -0700] "GET /wp-content/plugins/elementor/assets/lib/dialog/dialog.min.js?ver=4.9.0 HTTP/2" 200 3593 "https://petblogger.net/wp-admin/" "Mozilla/5.0 (Windows NT 10.0; Win64; x64) AppleWebKit/537.36 (KHTML, like Gecko) Chrome/144.0.0.0 Safari/537.36"
64.25.12.139 - - [29/Jan/2026:10:51:43 -0700] "GET /wp-includes/js/wp-auth-check.min.js?ver=6.9 HTTP/2" 200 691 "https://petblogger.net/wp-admin/" "Mozilla/5.0 (Windows NT 10.0; Win64; x64) AppleWebKit/537.36 (KHTML, like Gecko) Chrome/144.0.0.0 Safari/537.36"
64.25.12.139 - - [29/Jan/2026:10:51:43 -0700] "GET /wp-includes/js/heartbeat.min.js?ver=6.9 HTTP/2" 200 1947 "https://petblogger.net/wp-admin/" "Mozilla/5.0 (Windows NT 10.0; Win64; x64) AppleWebKit/537.36 (KHTML, like Gecko) Chrome/144.0.0.0 Safari/537.36"
64.25.12.139 - - [29/Jan/2026:10:51:43 -0700] "GET /wp-includes/js/dist/vendor/react.min.js?ver=18.3.1.1 HTTP/2" 200 4006 "https://petblogger.net/wp-admin/" "Mozilla/5.0 (Windows NT 10.0; Win64; x64) AppleWebKit/537.36 (KHTML, like Gecko) Chrome/144.0.0.0 Safari/537.36"
64.25.12.139 - - [29/Jan/2026:10:51:43 -0700] "GET /wp-includes/js/dist/vendor/react-jsx-runtime.min.js?ver=18.3.1 HTTP/2" 200 518 "https://petblogger.net/wp-admin/" "Mozilla/5.0 (Windows NT 10.0; Win64; x64) AppleWebKit/537.36 (KHTML, like Gecko) Chrome/144.0.0.0 Safari/537.36"
64.25.12.139 - - [29/Jan/2026:10:51:43 -0700] "GET /wp-includes/js/dist/escape-html.min.js?ver=6561a406d2d232a6fbd2 HTTP/2" 200 476 "https://petblogger.net/wp-admin/" "Mozilla/5.0 (Windows NT 10.0; Win64; x64) AppleWebKit/537.36 (KHTML, like Gecko) Chrome/144.0.0.0 Safari/537.36"
64.25.12.139 - - [29/Jan/2026:10:51:43 -0700] "GET /wp-includes/js/dist/dom.min.js?ver=26edef3be6483da3de2e HTTP/2" 200 4539 "https://petblogger.net/wp-admin/" "Mozilla/5.0 (Windows NT 10.0; Win64; x64) AppleWebKit/537.36 (KHTML, like Gecko) Chrome/144.0.0.0 Safari/537.36"
64.25.12.139 - - [29/Jan/2026:10:51:43 -0700] "GET /wp-includes/js/dist/element.min.js?ver=6a582b0c827fa25df3dd HTTP/2" 200 4846 "https://petblogger.net/wp-admin/" "Mozilla/5.0 (Windows NT 10.0; Win64; x64) AppleWebKit/537.36 (KHTML, like Gecko) Chrome/144.0.0.0 Safari/537.36"
64.25.12.139 - - [29/Jan/2026:10:51:43 -0700] "GET /wp-includes/js/dist/keycodes.min.js?ver=34c8fb5e7a594a1c8037 HTTP/2" 200 1290 "https://petblogger.net/wp-admin/" "Mozilla/5.0 (Windows NT 10.0; Win64; x64) AppleWebKit/537.36 (KHTML, like Gecko) Chrome/144.0.0.0 Safari/537.36"
64.25.12.139 - - [29/Jan/2026:10:51:43 -0700] "GET /wp-includes/js/dist/is-shallow-equal.min.js?ver=e0f9f1d78d83f5196979 HTTP/2" 200 479 "https://petblogger.net/wp-admin/" "Mozilla/5.0 (Windows NT 10.0; Win64; x64) AppleWebKit/537.36 (KHTML, like Gecko) Chrome/144.0.0.0 Safari/537.36"
64.25.12.139 - - [29/Jan/2026:10:51:43 -0700] "GET /wp-includes/js/dist/compose.min.js?ver=7a9b375d8c19cf9d3d9b HTTP/2" 200 12437 "https://petblogger.net/wp-admin/" "Mozilla/5.0 (Windows NT 10.0; Win64; x64) AppleWebKit/537.36 (KHTML, like Gecko) Chrome/144.0.0.0 Safari/537.36"
64.25.12.139 - - [29/Jan/2026:10:51:43 -0700] "GET /wp-includes/js/dist/private-apis.min.js?ver=4f465748bda624774139 HTTP/2" 200 900 "https://petblogger.net/wp-admin/" "Mozilla/5.0 (Windows NT 10.0; Win64; x64) AppleWebKit/537.36 (KHTML, like Gecko) Chrome/144.0.0.0 Safari/537.36"
64.25.12.139 - - [29/Jan/2026:10:51:43 -0700] "GET /wp-includes/js/dist/primitives.min.js?ver=0b5dcc337aa7cbf75570 HTTP/2" 200 767 "https://petblogger.net/wp-admin/" "Mozilla/5.0 (Windows NT 10.0; Win64; x64) AppleWebKit/537.36 (KHTML, like Gecko) Chrome/144.0.0.0 Safari/537.36"
64.25.12.139 - - [29/Jan/2026:10:51:43 -0700] "GET /wp-includes/js/dist/data.min.js?ver=f940198280891b0b6318 HTTP/2" 200 8588 "https://petblogger.net/wp-admin/" "Mozilla/5.0 (Windows NT 10.0; Win64; x64) AppleWebKit/537.36 (KHTML, like Gecko) Chrome/144.0.0.0 Safari/537.36"
64.25.12.139 - - [29/Jan/2026:10:51:43 -0700] "GET /wp-includes/js/dist/redux-routine.min.js?ver=8bb92d45458b29590f53 HTTP/2" 200 2718 "https://petblogger.net/wp-admin/" "Mozilla/5.0 (Windows NT 10.0; Win64; x64) AppleWebKit/537.36 (KHTML, like Gecko) Chrome/144.0.0.0 Safari/537.36"
64.25.12.139 - - [29/Jan/2026:10:51:43 -0700] "GET /wp-includes/js/dist/html-entities.min.js?ver=e8b78b18a162491d5e5f HTTP/2" 200 388 "https://petblogger.net/wp-admin/" "Mozilla/5.0 (Windows NT 10.0; Win64; x64) AppleWebKit/537.36 (KHTML, like Gecko) Chrome/144.0.0.0 Safari/537.36"
64.25.12.139 - - [29/Jan/2026:10:51:43 -0700] "GET /wp-includes/js/dist/priority-queue.min.js?ver=2d59d091223ee9a33838 HTTP/2" 200 1450 "https://petblogger.net/wp-admin/" "Mozilla/5.0 (Windows NT 10.0; Win64; x64) AppleWebKit/537.36 (KHTML, like Gecko) Chrome/144.0.0.0 Safari/537.36"
64.25.12.139 - - [29/Jan/2026:10:51:43 -0700] "GET /wp-includes/js/dist/rich-text.min.js?ver=5bdbb44f3039529e3645 HTTP/2" 200 11891 "https://petblogger.net/wp-admin/" "Mozilla/5.0 (Windows NT 10.0; Win64; x64) AppleWebKit/537.36 (KHTML, like Gecko) Chrome/144.0.0.0 Safari/537.36"
64.25.12.139 - - [29/Jan/2026:10:51:43 -0700] "GET /wp-includes/js/dist/warning.min.js?ver=d69bc18c456d01c11d5a HTTP/2" 200 202 "https://petblogger.net/wp-admin/" "Mozilla/5.0 (Windows NT 10.0; Win64; x64) AppleWebKit/537.36 (KHTML, like Gecko) Chrome/144.0.0.0 Safari/537.36"
64.25.12.139 - - [29/Jan/2026:10:51:43 -0700] "GET /wp-includes/js/dist/api-fetch.min.js?ver=3a4d9af2b423048b0dee HTTP/2" 200 2304 "https://petblogger.net/wp-admin/" "Mozilla/5.0 (Windows NT 10.0; Win64; x64) AppleWebKit/537.36 (KHTML, like Gecko) Chrome/144.0.0.0 Safari/537.36"
64.25.12.139 - - [29/Jan/2026:10:51:43 -0700] "GET /wp-includes/js/dist/commands.min.js?ver=cac8f4817ab7cea0ac49 HTTP/2" 200 15932 "https://petblogger.net/wp-admin/" "Mozilla/5.0 (Windows NT 10.0; Win64; x64) AppleWebKit/537.36 (KHTML, like Gecko) Chrome/144.0.0.0 Safari/537.36"
64.25.12.139 - - [29/Jan/2026:10:51:43 -0700] "GET /wp-includes/js/dist/keyboard-shortcuts.min.js?ver=fbc45a34ce65c5723afa HTTP/2" 200 1246 "https://petblogger.net/wp-admin/" "Mozilla/5.0 (Windows NT 10.0; Win64; x64) AppleWebKit/537.36 (KHTML, like Gecko) Chrome/144.0.0.0 Safari/537.36"
64.25.12.139 - - [29/Jan/2026:10:51:43 -0700] "GET /wp-includes/js/dist/block-serialization-default-parser.min.js?ver=14d44daebf663d05d330 HTTP/2" 200 1053 "https://petblogger.net/wp-admin/" "Mozilla/5.0 (Windows NT 10.0; Win64; x64) AppleWebKit/537.36 (KHTML, like Gecko) Chrome/144.0.0.0 Safari/537.36"
64.25.12.139 - - [29/Jan/2026:10:51:43 -0700] "GET /wp-includes/js/dist/blob.min.js?ver=9113eed771d446f4a556 HTTP/2" 200 505 "https://petblogger.net/wp-admin/" "Mozilla/5.0 (Windows NT 10.0; Win64; x64) AppleWebKit/537.36 (KHTML, like Gecko) Chrome/144.0.0.0 Safari/537.36"
64.25.12.139 - - [29/Jan/2026:10:51:43 -0700] "GET /wp-includes/js/dist/autop.min.js?ver=9fb50649848277dd318d HTTP/2" 200 2009 "https://petblogger.net/wp-admin/" "Mozilla/5.0 (Windows NT 10.0; Win64; x64) AppleWebKit/537.36 (KHTML, like Gecko) Chrome/144.0.0.0 Safari/537.36"
64.25.12.139 - - [29/Jan/2026:10:51:43 -0700] "GET /wp-includes/js/dist/notices.min.js?ver=f62fbf15dcc23301922f HTTP/2" 200 875 "https://petblogger.net/wp-admin/" "Mozilla/5.0 (Windows NT 10.0; Win64; x64) AppleWebKit/537.36 (KHTML, like Gecko) Chrome/144.0.0.0 Safari/537.36"
64.25.12.139 - - [29/Jan/2026:10:51:43 -0700] "GET /wp-includes/js/dist/shortcode.min.js?ver=0b3174183b858f2df320 HTTP/2" 200 1329 "https://petblogger.net/wp-admin/" "Mozilla/5.0 (Windows NT 10.0; Win64; x64) AppleWebKit/537.36 (KHTML, like Gecko) Chrome/144.0.0.0 Safari/537.36"
64.25.12.139 - - [29/Jan/2026:10:51:43 -0700] "GET /wp-includes/js/dist/preferences-persistence.min.js?ver=e954d3a4426d311f7d1a HTTP/2" 200 1925 "https://petblogger.net/wp-admin/" "Mozilla/5.0 (Windows NT 10.0; Win64; x64) AppleWebKit/537.36 (KHTML, like Gecko) Chrome/144.0.0.0 Safari/537.36"
64.25.12.139 - - [29/Jan/2026:10:51:43 -0700] "GET /wp-includes/js/dist/preferences.min.js?ver=2ca086aed510c242a1ed HTTP/2" 200 2705 "https://petblogger.net/wp-admin/" "Mozilla/5.0 (Windows NT 10.0; Win64; x64) AppleWebKit/537.36 (KHTML, like Gecko) Chrome/144.0.0.0 Safari/537.36"
64.25.12.139 - - [29/Jan/2026:10:51:43 -0700] "GET /wp-includes/js/dist/core-commands.min.js?ver=effe2d88d7f0c50a8ce9 HTTP/2" 200 3373 "https://petblogger.net/wp-admin/" "Mozilla/5.0 (Windows NT 10.0; Win64; x64) AppleWebKit/537.36 (KHTML, like Gecko) Chrome/144.0.0.0 Safari/537.36"
64.25.12.139 - - [29/Jan/2026:10:51:43 -0700] "GET /wp-includes/js/dist/style-engine.min.js?ver=7c6fcedc37dadafb8a81 HTTP/2" 200 1950 "https://petblogger.net/wp-admin/" "Mozilla/5.0 (Windows NT 10.0; Win64; x64) AppleWebKit/537.36 (KHTML, like Gecko) Chrome/144.0.0.0 Safari/537.36"
64.25.12.139 - - [29/Jan/2026:10:51:43 -0700] "GET /wp-includes/js/dist/token-list.min.js?ver=cfdf635a436c3953a965 HTTP/2" 200 532 "https://petblogger.net/wp-admin/" "Mozilla/5.0 (Windows NT 10.0; Win64; x64) AppleWebKit/537.36 (KHTML, like Gecko) Chrome/144.0.0.0 Safari/537.36"
64.25.12.139 - - [29/Jan/2026:10:51:43 -0700] "GET /wp-includes/js/dist/router.min.js?ver=2dfc4b954318a03e6a76 HTTP/2" 200 5368 "https://petblogger.net/wp-admin/" "Mozilla/5.0 (Windows NT 10.0; Win64; x64) AppleWebKit/537.36 (KHTML, like Gecko) Chrome/144.0.0.0 Safari/537.36"
64.25.12.139 - - [29/Jan/2026:10:51:43 -0700] "GET /wp-content/plugins/seo-by-rank-math/assets/admin/js/dashboard.js?ver=1.0.263 HTTP/2" 200 1148 "https://petblogger.net/wp-admin/" "Mozilla/5.0 (Windows NT 10.0; Win64; x64) AppleWebKit/537.36 (KHTML, like Gecko) Chrome/144.0.0.0 Safari/537.36"
64.25.12.139 - - [29/Jan/2026:10:51:43 -0700] "GET /wp-content/plugins/elementor/vendor/elementor/wp-one-package/assets/build/common.js?ver=71fc09ea1a9e23155639 HTTP/2" 200 187 "https://petblogger.net/wp-admin/" "Mozilla/5.0 (Windows NT 10.0; Win64; x64) AppleWebKit/537.36 (KHTML, like Gecko) Chrome/144.0.0.0 Safari/537.36"
64.25.12.139 - - [29/Jan/2026:10:51:43 -0700] "GET /wp-content/plugins/ultimate-elementor/build/command-palette.js?ver=a055578c342810170c6a HTTP/2" 200 550 "https://petblogger.net/wp-admin/" "Mozilla/5.0 (Windows NT 10.0; Win64; x64) AppleWebKit/537.36 (KHTML, like Gecko) Chrome/144.0.0.0 Safari/537.36"
64.25.12.139 - - [29/Jan/2026:10:51:43 -0700] "GET /wp-content/plugins/elementor/assets/js/admin-modules.min.js?ver=3.34.4 HTTP/2" 200 4655 "https://petblogger.net/wp-admin/" "Mozilla/5.0 (Windows NT 10.0; Win64; x64) AppleWebKit/537.36 (KHTML, like Gecko) Chrome/144.0.0.0 Safari/537.36"
64.25.12.139 - - [29/Jan/2026:10:51:43 -0700] "GET /wp-content/plugins/elementor/assets/js/editor-one-menu.min.js?ver=3.34.4 HTTP/2" 200 3271 "https://petblogger.net/wp-admin/" "Mozilla/5.0 (Windows NT 10.0; Win64; x64) AppleWebKit/537.36 (KHTML, like Gecko) Chrome/144.0.0.0 Safari/537.36"
64.25.12.139 - - [29/Jan/2026:10:51:43 -0700] "GET /wp-content/plugins/elementor/assets/js/import-export-admin.min.js?ver=3.34.4 HTTP/2" 200 2028 "https://petblogger.net/wp-admin/" "Mozilla/5.0 (Windows NT 10.0; Win64; x64) AppleWebKit/537.36 (KHTML, like Gecko) Chrome/144.0.0.0 Safari/537.36"
64.25.12.139 - - [29/Jan/2026:10:51:43 -0700] "GET /wp-content/plugins/elementor/assets/js/media-hints.min.js?ver=3.34.4 HTTP/2" 200 2181 "https://petblogger.net/wp-admin/" "Mozilla/5.0 (Windows NT 10.0; Win64; x64) AppleWebKit/537.36 (KHTML, like Gecko) Chrome/144.0.0.0 Safari/537.36"
64.25.12.139 - - [29/Jan/2026:10:51:43 -0700] "GET /wp-content/plugins/loginizer-security//assets/js/admin.js?ver=2.0.4 HTTP/2" 200 214 "https://petblogger.net/wp-admin/" "Mozilla/5.0 (Windows NT 10.0; Win64; x64) AppleWebKit/537.36 (KHTML, like Gecko) Chrome/144.0.0.0 Safari/537.36"
64.25.12.139 - - [29/Jan/2026:10:51:43 -0700] "GET /wp-content/plugins/ws-form-pro/shared/js/ws-form-toolbar.min.js?ver=1.10.77 HTTP/2" 200 256 "https://petblogger.net/wp-admin/" "Mozilla/5.0 (Windows NT 10.0; Win64; x64) AppleWebKit/537.36 (KHTML, like Gecko) Chrome/144.0.0.0 Safari/537.36"
64.25.12.139 - - [29/Jan/2026:10:51:43 -0700] "GET /wp-content/plugins/elementor/assets/js/import-export-customization-admin.min.js?ver=3.34.4 HTTP/2" 200 10081 "https://petblogger.net/wp-admin/" "Mozilla/5.0 (Windows NT 10.0; Win64; x64) AppleWebKit/537.36 (KHTML, like Gecko) Chrome/144.0.0.0 Safari/537.36"
64.25.12.139 - - [29/Jan/2026:10:51:43 -0700] "GET /wp-includes/js/jquery/ui/core.min.js?ver=1.13.3 HTTP/2" 200 6812 "https://petblogger.net/wp-admin/" "Mozilla/5.0 (Windows NT 10.0; Win64; x64) AppleWebKit/537.36 (KHTML, like Gecko) Chrome/144.0.0.0 Safari/537.36"
64.25.12.139 - - [29/Jan/2026:10:51:43 -0700] "GET /wp-content/plugins/elementor-pro/assets/js/admin.min.js?ver=3.34.3 HTTP/2" 200 8011 "https://petblogger.net/wp-admin/" "Mozilla/5.0 (Windows NT 10.0; Win64; x64) AppleWebKit/537.36 (KHTML, like Gecko) Chrome/144.0.0.0 Safari/537.36"
64.25.12.139 - - [29/Jan/2026:10:51:43 -0700] "GET /wp-includes/js/dist/vendor/moment.min.js?ver=2.30.1 HTTP/2" 200 18383 "https://petblogger.net/wp-admin/" "Mozilla/5.0 (Windows NT 10.0; Win64; x64) AppleWebKit/537.36 (KHTML, like Gecko) Chrome/144.0.0.0 Safari/537.36"
64.25.12.139 - - [29/Jan/2026:10:51:43 -0700] "GET /wp-content/plugins/elementor/assets/js/common-modules.min.js?ver=3.34.4 HTTP/2" 200 27237 "https://petblogger.net/wp-admin/" "Mozilla/5.0 (Windows NT 10.0; Win64; x64) AppleWebKit/537.36 (KHTML, like Gecko) Chrome/144.0.0.0 Safari/537.36"
64.25.12.139 - - [29/Jan/2026:10:51:43 -0700] "GET /wp-content/plugins/elementor/assets/js/web-cli.min.js?ver=3.34.4 HTTP/2" 200 38942 "https://petblogger.net/wp-admin/" "Mozilla/5.0 (Windows NT 10.0; Win64; x64) AppleWebKit/537.36 (KHTML, like Gecko) Chrome/144.0.0.0 Safari/537.36"
64.25.12.139 - - [29/Jan/2026:10:51:43 -0700] "GET /wp-content/plugins/elementor/assets/js/app-loader.min.js?ver=3.34.4 HTTP/2" 200 23494 "https://petblogger.net/wp-admin/" "Mozilla/5.0 (Windows NT 10.0; Win64; x64) AppleWebKit/537.36 (KHTML, like Gecko) Chrome/144.0.0.0 Safari/537.36"
64.25.12.139 - - [29/Jan/2026:10:51:43 -0700] "GET /wp-includes/js/dist/vendor/react-dom.min.js?ver=18.3.1.1 HTTP/2" 200 40200 "https://petblogger.net/wp-admin/" "Mozilla/5.0 (Windows NT 10.0; Win64; x64) AppleWebKit/537.36 (KHTML, like Gecko) Chrome/144.0.0.0 Safari/537.36"
64.25.12.139 - - [29/Jan/2026:10:51:43 -0700] "GET /wp-includes/js/dist/core-data.min.js?ver=15baadfe6e1374188072 HTTP/2" 200 20409 "https://petblogger.net/wp-admin/" "Mozilla/5.0 (Windows NT 10.0; Win64; x64) AppleWebKit/537.36 (KHTML, like Gecko) Chrome/144.0.0.0 Safari/537.36"
64.25.12.139 - - [29/Jan/2026:10:51:43 -0700] "GET /wp-content/plugins/ws-form-pro/admin/js/external/Chart.min.js?ver=2.7.3 HTTP/2" 200 45562 "https://petblogger.net/wp-admin/" "Mozilla/5.0 (Windows NT 10.0; Win64; x64) AppleWebKit/537.36 (KHTML, like Gecko) Chrome/144.0.0.0 Safari/537.36"
64.25.12.139 - - [29/Jan/2026:10:51:43 -0700] "GET /wp-content/plugins/ws-form-pro/shared/js/ws-form.min.js?ver=1.10.77 HTTP/2" 200 29011 "https://petblogger.net/wp-admin/" "Mozilla/5.0 (Windows NT 10.0; Win64; x64) AppleWebKit/537.36 (KHTML, like Gecko) Chrome/144.0.0.0 Safari/537.36"
64.25.12.139 - - [29/Jan/2026:10:51:43 -0700] "GET /wp-includes/js/dist/vendor/lodash.min.js?ver=4.17.21 HTTP/2" 200 24100 "https://petblogger.net/wp-admin/" "Mozilla/5.0 (Windows NT 10.0; Win64; x64) AppleWebKit/537.36 (KHTML, like Gecko) Chrome/144.0.0.0 Safari/537.36"
64.25.12.139 - - [29/Jan/2026:10:51:43 -0700] "GET /wp-content/plugins/elementor/assets/js/admin.min.js?ver=3.34.4 HTTP/2" 200 21166 "https://petblogger.net/wp-admin/" "Mozilla/5.0 (Windows NT 10.0; Win64; x64) AppleWebKit/537.36 (KHTML, like Gecko) Chrome/144.0.0.0 Safari/537.36"
64.25.12.139 - - [29/Jan/2026:10:51:43 -0700] "GET /wp-content/plugins/seo-by-rank-math/assets/admin/js/components.js?ver=1.0.263 HTTP/2" 200 32662 "https://petblogger.net/wp-admin/" "Mozilla/5.0 (Windows NT 10.0; Win64; x64) AppleWebKit/537.36 (KHTML, like Gecko) Chrome/144.0.0.0 Safari/537.36"
217.113.196.174 - - [29/Jan/2026:10:30:02 -0700] "GET /pet-sitting-for-douglas-wy/ HTTP/1.1" 200 16502 "-" "Mozilla/5.0 (compatible; IbouBot/1.0; +bot@ibou.io; +https://ibou.io/iboubot.html)"
217.113.196.165 - - [29/Jan/2026:10:30:40 -0700] "GET /pet-sitting-for-hammond-in/ HTTP/1.1" 200 17438 "-" "Mozilla/5.0 (compatible; IbouBot/1.0; +bot@ibou.io; +https://ibou.io/iboubot.html)"
198.175.150.9 - - [29/Jan/2026:10:31:51 -0700] "POST /wp-cron.php?doing_wp_cron=1769707911.0192608833312988281250 HTTP/1.1" 200 0 "-" "WordPress/6.9; https://petblogger.net"
217.113.196.171 - - [29/Jan/2026:10:32:24 -0700] "GET /pet-sitting-for-lawrence-ma/ HTTP/1.1" 200 16565 "-" "Mozilla/5.0 (compatible; IbouBot/1.0; +bot@ibou.io; +https://ibou.io/iboubot.html)"
51.161.65.200 - - [29/Jan/2026:10:33:01 -0700] "GET /dog-poop-pickup-service-for-augusta-georgia/ HTTP/2" 200 14477 "-" "Mozilla/5.0 (compatible; AhrefsBot/7.0; +http://ahrefs.com/robot/)"
85.208.96.211 - - [29/Jan/2026:10:37:20 -0700] "GET /category/pet-directory-marketing/page/146/ HTTP/1.1" 200 10937 "-" "Mozilla/5.0 (compatible; SemrushBot/7~bl; +http://www.semrush.com/bot.html)"
217.113.196.149 - - [29/Jan/2026:10:39:02 -0700] "GET /pet-sitting-for-phoenix-az/ HTTP/1.1" 200 19347 "-" "Mozilla/5.0 (compatible; IbouBot/1.0; +bot@ibou.io; +https://ibou.io/iboubot.html)"
217.113.196.159 - - [29/Jan/2026:10:41:36 -0700] "GET /pet-sitting-for-bowie-md/ HTTP/1.1" 200 16375 "-" "Mozilla/5.0 (compatible; IbouBot/1.0; +bot@ibou.io; +https://ibou.io/iboubot.html)"
198.175.150.9 - - [29/Jan/2026:10:43:21 -0700] "POST /wp-cron.php?doing_wp_cron=1769708601.9242939949035644531250 HTTP/1.1" 200 0 "-" "WordPress/6.9; https://petblogger.net"
198.175.150.9 - - [29/Jan/2026:10:44:31 -0700] "POST /wp-cron.php?doing_wp_cron=1769708671.7987239360809326171875 HTTP/1.1" 200 0 "-" "WordPress/6.9; https://petblogger.net"
217.113.196.184 - - [29/Jan/2026:10:45:12 -0700] "GET /pet-sitting-for-rogers-ar/ HTTP/1.1" 200 19593 "-" "Mozilla/5.0 (compatible; IbouBot/1.0; +bot@ibou.io; +https://ibou.io/iboubot.html)"
198.175.150.9 - - [29/Jan/2026:10:45:56 -0700] "POST /wp-cron.php?doing_wp_cron=1769708756.4076220989227294921875 HTTP/1.1" 200 0 "-" "WordPress/6.9; https://petblogger.net"
198.175.150.9 - - [29/Jan/2026:10:47:55 -0700] "POST /wp-cron.php?doing_wp_cron=1769708875.1372740268707275390625 HTTP/1.1" 200 0 "-" "WordPress/6.9; https://petblogger.net"
