216.73.216.7 - - [16/Jul/2026:18:20:04 -0600] "GET /?fileloc=%2Fhome%2Fdfwparty%2Fmembers.bizcoach.biz%2Fwp-admin%2Fincludes%2Fclass-wp-privacy-policy-content.php&path=%2Fhome%2Fdfwparty%2Fmembers.bizcoach.biz%2Fwp-admin%2Fincludes HTTP/2" 200 11073 "-" "Mozilla/5.0 AppleWebKit/537.36 (KHTML, like Gecko; compatible; ClaudeBot/1.0; +claudebot@anthropic.com)"
74.7.227.145 - - [16/Jul/2026:18:20:02 -0600] "GET /2026/07/16/kasyno-bez-weryfikacji-kyc-ktore-przeszo-moje-testy-matematyczne/?path=//opt/cpanel/ea-php56/root/usr HTTP/2" 200 2820 "https://ajpartyfun.com/2026/07/16/kasyno-bez-weryfikacji-kyc-ktore-przeszo-moje-testy-matematyczne/?path=//opt/cpanel/ea-php56/root" "Mozilla/5.0 AppleWebKit/537.36 (KHTML, like Gecko; compatible; GPTBot/1.4; +https://openai.com/gptbot)"
74.7.242.45 - - [16/Jul/2026:18:20:03 -0600] "GET /?fileloc=/home/dfwparty/dfwmagic.com/wp-includes/block-supports/elements.php&path=/home/dfwparty/dfwmagic.com/wp-includes/block-supports HTTP/2" 200 4883 "https://www.ajpartyfun.com/?path=/home/dfwparty/dfwmagic.com/wp-includes/block-supports" "Mozilla/5.0 AppleWebKit/537.36 (KHTML, like Gecko; compatible; GPTBot/1.4; +https://openai.com/gptbot)"
74.7.227.145 - - [16/Jul/2026:18:20:03 -0600] "GET /2026/07/16/kasyno-bez-weryfikacji-kyc-ktore-przeszo-moje-testy-matematyczne/?path=//opt/cpanel/alt-php82/root HTTP/2" 200 2837 "https://ajpartyfun.com/2026/07/16/kasyno-bez-weryfikacji-kyc-ktore-przeszo-moje-testy-matematyczne/?path=//opt/cpanel/alt-php82" "Mozilla/5.0 AppleWebKit/537.36 (KHTML, like Gecko; compatible; GPTBot/1.4; +https://openai.com/gptbot)"
74.7.242.45 - - [16/Jul/2026:18:20:03 -0600] "GET /?fileloc=/home/dfwparty/dfwmagic.com/wp-includes/block-supports/settings.php&path=/home/dfwparty/dfwmagic.com/wp-includes/block-supports HTTP/2" 200 4014 "https://www.ajpartyfun.com/?path=/home/dfwparty/dfwmagic.com/wp-includes/block-supports" "Mozilla/5.0 AppleWebKit/537.36 (KHTML, like Gecko; compatible; GPTBot/1.4; +https://openai.com/gptbot)"
74.7.227.145 - - [16/Jul/2026:18:20:04 -0600] "GET /2026/07/16/kasyno-bez-weryfikacji-kyc-ktore-przeszo-moje-testy-matematyczne/?path=//proc/self/root/proc/irq/92/virtio1-input.8 HTTP/2" 200 2598 "https://ajpartyfun.com/2026/07/16/kasyno-bez-weryfikacji-kyc-ktore-przeszo-moje-testy-matematyczne/?path=//proc/self/root/proc/irq/92" "Mozilla/5.0 AppleWebKit/537.36 (KHTML, like Gecko; compatible; GPTBot/1.4; +https://openai.com/gptbot)"
74.7.242.45 - - [16/Jul/2026:18:20:04 -0600] "GET /?fileloc=/home/dfwparty/dfwmagic.com/wp-includes/block-supports/anchor.php&path=/home/dfwparty/dfwmagic.com/wp-includes/block-supports HTTP/2" 200 3029 "https://www.ajpartyfun.com/?path=/home/dfwparty/dfwmagic.com/wp-includes/block-supports" "Mozilla/5.0 AppleWebKit/537.36 (KHTML, like Gecko; compatible; GPTBot/1.4; +https://openai.com/gptbot)"
74.7.227.145 - - [16/Jul/2026:18:20:04 -0600] "GET /2026/07/16/kasyno-bez-weryfikacji-kyc-ktore-przeszo-moje-testy-matematyczne/?path=//opt/alt/php44/etc/rpm HTTP/2" 200 2836 "https://ajpartyfun.com/2026/07/16/kasyno-bez-weryfikacji-kyc-ktore-przeszo-moje-testy-matematyczne/?path=//opt/alt/php44/etc" "Mozilla/5.0 AppleWebKit/537.36 (KHTML, like Gecko; compatible; GPTBot/1.4; +https://openai.com/gptbot)"
74.7.242.45 - - [16/Jul/2026:18:20:04 -0600] "GET /?fileloc=/home/dfwparty/dfwmagic.com/wp-includes/l10n/class-wp-translation-file-mo.php&path=/home/dfwparty/dfwmagic.com/wp-includes/l10n HTTP/2" 200 4443 "https://www.ajpartyfun.com/?path=/home/dfwparty/dfwmagic.com/wp-includes/l10n" "Mozilla/5.0 AppleWebKit/537.36 (KHTML, like Gecko; compatible; GPTBot/1.4; +https://openai.com/gptbot)"
74.7.227.145 - - [16/Jul/2026:18:20:05 -0600] "GET /2026/07/16/kasyno-bez-weryfikacji-kyc-ktore-przeszo-moje-testy-matematyczne/?path=//opt/cpanel/ea-php73 HTTP/2" 200 2797 "https://ajpartyfun.com/2026/07/16/kasyno-bez-weryfikacji-kyc-ktore-przeszo-moje-testy-matematyczne/?path=//opt/cpanel" "Mozilla/5.0 AppleWebKit/537.36 (KHTML, like Gecko; compatible; GPTBot/1.4; +https://openai.com/gptbot)"
74.7.242.45 - - [16/Jul/2026:18:20:05 -0600] "GET /?fileloc=/home/dfwparty/dfwmagic.com/wp-includes/l10n/class-wp-translation-controller.php&path=/home/dfwparty/dfwmagic.com/wp-includes/l10n HTTP/2" 200 5022 "https://www.ajpartyfun.com/?path=/home/dfwparty/dfwmagic.com/wp-includes/l10n" "Mozilla/5.0 AppleWebKit/537.36 (KHTML, like Gecko; compatible; GPTBot/1.4; +https://openai.com/gptbot)"
216.73.216.7 - - [16/Jul/2026:18:20:04 -0600] "GET /?fileloc=%2Fhome%2Fdfwparty%2Fbizcoach.biz%2Fwp-admin%2Fincludes%2Ftaxonomy.php&path=%2Fhome%2Fdfwparty%2Fbizcoach.biz%2Fwp-admin%2Fincludes HTTP/2" 200 5000 "-" "Mozilla/5.0 AppleWebKit/537.36 (KHTML, like Gecko; compatible; ClaudeBot/1.0; +claudebot@anthropic.com)"
216.73.216.7 - - [16/Jul/2026:18:20:04 -0600] "GET /?fileloc=%2Fhome%2Fdfwparty%2Fbizcoach.biz%2Fwp-admin%2Fupgrade.php&path=%2Fhome%2Fdfwparty%2Fbizcoach.biz%2Fwp-admin HTTP/2" 200 4698 "-" "Mozilla/5.0 AppleWebKit/537.36 (KHTML, like Gecko; compatible; ClaudeBot/1.0; +claudebot@anthropic.com)"
216.73.216.7 - - [16/Jul/2026:18:20:03 -0600] "GET /?fileloc=%2Fhome%2Fdfwparty%2Fetc%2Fdfw.fishing%2Fjohn.rcube.db.1683003867&path=%2Fhome%2Fdfwparty%2Fetc%2Fdfw.fishing HTTP/2" 200 11131 "-" "Mozilla/5.0 AppleWebKit/537.36 (KHTML, like Gecko; compatible; ClaudeBot/1.0; +claudebot@anthropic.com)"
216.73.216.7 - - [16/Jul/2026:18:20:05 -0600] "GET /?fileloc=%2Fhome%2Fdfwparty%2Fbizcoach.biz%2Fwp-admin%2Fcredits.php&path=%2Fhome%2Fdfwparty%2Fbizcoach.biz%2Fwp-admin HTTP/2" 200 3940 "-" "Mozilla/5.0 AppleWebKit/537.36 (KHTML, like Gecko; compatible; ClaudeBot/1.0; +claudebot@anthropic.com)"
216.73.216.7 - - [16/Jul/2026:18:20:06 -0600] "GET /?fileloc=%2F%2Fhome%2Fdfwparty%2Fhappycoach.blog%2Fwp-config.phpe&path=%2F%2Fhome%2Fdfwparty%2Fhappycoach.blog HTTP/2" 200 4095 "-" "Mozilla/5.0 AppleWebKit/537.36 (KHTML, like Gecko; compatible; ClaudeBot/1.0; +claudebot@anthropic.com)"
216.73.216.7 - - [16/Jul/2026:18:20:04 -0600] "GET /?fileloc=%2Fhome%2Fdfwparty%2Ftmp%2Fanalog%2Fpodsalad.store.dfw.party%2Forg.png&path=%2Fhome%2Fdfwparty%2Ftmp%2Fanalog%2Fpodsalad.store.dfw.party HTTP/2" 200 5871 "-" "Mozilla/5.0 AppleWebKit/537.36 (KHTML, like Gecko; compatible; ClaudeBot/1.0; +claudebot@anthropic.com)"
216.73.216.7 - - [16/Jul/2026:18:20:05 -0600] "GET /?fileloc=%2Fhome%2Fdfwparty%2Fmembers.bizcoach.biz%2Fwp-admin%2Fms-edit.php&path=%2Fhome%2Fdfwparty%2Fmembers.bizcoach.biz%2Fwp-admin HTTP/2" 200 2654 "-" "Mozilla/5.0 AppleWebKit/537.36 (KHTML, like Gecko; compatible; ClaudeBot/1.0; +claudebot@anthropic.com)"
216.73.216.7 - - [16/Jul/2026:18:20:04 -0600] "GET /?fileloc=%2Fhome%2Fdfwparty%2Fmembers.bizcoach.biz%2Fwp-admin%2Fincludes%2Fclass-file-upload-upgrader.php&path=%2Fhome%2Fdfwparty%2Fmembers.bizcoach.biz%2Fwp-admin%2Fincludes HTTP/2" 200 4117 "-" "Mozilla/5.0 AppleWebKit/537.36 (KHTML, like Gecko; compatible; ClaudeBot/1.0; +claudebot@anthropic.com)"
216.73.216.7 - - [16/Jul/2026:18:20:06 -0600] "GET /?fileloc=%2Fhome%2Fdfwparty%2Flogs%2Fpersonalcoach.marketing.dfw.party-ssl_log-Dec-2023.gz&path=%2Fhome%2Fdfwparty%2Flogs HTTP/2" 200 40778 "-" "Mozilla/5.0 AppleWebKit/537.36 (KHTML, like Gecko; compatible; ClaudeBot/1.0; +claudebot@anthropic.com)"
216.73.216.7 - - [16/Jul/2026:18:20:06 -0600] "GET /?fileloc=%2Fhome%2Fdfwparty%2Ftmp%2Fanalog%2Fpartyvendorhosting.dfw.party%2Freq.png&path=%2Fhome%2Fdfwparty%2Ftmp%2Fanalog%2Fpartyvendorhosting.dfw.party HTTP/2" 200 4541 "-" "Mozilla/5.0 AppleWebKit/537.36 (KHTML, like Gecko; compatible; ClaudeBot/1.0; +claudebot@anthropic.com)"
216.73.216.7 - - [16/Jul/2026:18:20:05 -0600] "GET /?fileloc=%2Fhome%2Fdfwparty%2Fbizcoach.biz%2Fwp-admin%2Fmedia-upload.php&path=%2Fhome%2Fdfwparty%2Fbizcoach.biz%2Fwp-admin HTTP/2" 200 3961 "-" "Mozilla/5.0 AppleWebKit/537.36 (KHTML, like Gecko; compatible; ClaudeBot/1.0; +claudebot@anthropic.com)"
216.73.216.7 - - [16/Jul/2026:18:20:06 -0600] "GET /?fileloc=%2Fhome%2Fdfwparty%2Fmail%2F.santa%40santadallas_com%2Fdovecot.index.log&path=%2Fhome%2Fdfwparty%2Fmail%2F.santa%40santadallas_com HTTP/2" 200 8442 "-" "Mozilla/5.0 AppleWebKit/537.36 (KHTML, like Gecko; compatible; ClaudeBot/1.0; +claudebot@anthropic.com)"
216.73.216.7 - - [16/Jul/2026:18:20:05 -0600] "GET /?fileloc=%2Fhome%2Fdfwparty%2Fmail%2F.santa%40santadallas_com%2Fdovecot.index&path=%2Fhome%2Fdfwparty%2Fmail%2F.santa%40santadallas_com HTTP/2" 200 2765 "-" "Mozilla/5.0 AppleWebKit/537.36 (KHTML, like Gecko; compatible; ClaudeBot/1.0; +claudebot@anthropic.com)"
74.7.227.145 - - [16/Jul/2026:18:20:05 -0600] "GET /2026/07/16/kasyno-bez-weryfikacji-kyc-ktore-przeszo-moje-testy-matematyczne/?path=//opt/cpanel/ea-php81/root HTTP/2" 200 3253 "https://ajpartyfun.com/2026/07/16/kasyno-bez-weryfikacji-kyc-ktore-przeszo-moje-testy-matematyczne/?path=//opt/cpanel/ea-php81" "Mozilla/5.0 AppleWebKit/537.36 (KHTML, like Gecko; compatible; GPTBot/1.4; +https://openai.com/gptbot)"
74.7.242.45 - - [16/Jul/2026:18:20:05 -0600] "GET /?fileloc=/home/dfwparty/dfwmagic.com/wp-includes/images/icon-library/next.svg&path=/home/dfwparty/dfwmagic.com/wp-includes/images/icon-library HTTP/2" 200 2662 "https://www.ajpartyfun.com/?path=/home/dfwparty/dfwmagic.com/wp-includes/images/icon-library" "Mozilla/5.0 AppleWebKit/537.36 (KHTML, like Gecko; compatible; GPTBot/1.4; +https://openai.com/gptbot)"
74.7.227.145 - - [16/Jul/2026:18:20:06 -0600] "GET /2026/07/16/kasyno-bez-weryfikacji-kyc-ktore-przeszo-moje-testy-matematyczne/?path=//proc/self/root/proc/irq/75 HTTP/2" 200 3138 "https://ajpartyfun.com/2026/07/16/kasyno-bez-weryfikacji-kyc-ktore-przeszo-moje-testy-matematyczne/?path=//proc/self/root/proc/irq" "Mozilla/5.0 AppleWebKit/537.36 (KHTML, like Gecko; compatible; GPTBot/1.4; +https://openai.com/gptbot)"
74.7.242.45 - - [16/Jul/2026:18:20:06 -0600] "GET /?fileloc=/home/dfwparty/dfwmagic.com/wp-includes/customize/class-wp-customize-nav-menu-item-control.php&path=/home/dfwparty/dfwmagic.com/wp-includes/customize HTTP/2" 200 4756 "https://www.ajpartyfun.com/?path=/home/dfwparty/dfwmagic.com/wp-includes/customize" "Mozilla/5.0 AppleWebKit/537.36 (KHTML, like Gecko; compatible; GPTBot/1.4; +https://openai.com/gptbot)"
74.7.227.145 - - [16/Jul/2026:18:20:06 -0600] "GET /2026/07/16/kasyno-bez-weryfikacji-kyc-ktore-przeszo-moje-testy-matematyczne/?path=//opt/cpanel/ea-php84 HTTP/2" 200 2800 "https://ajpartyfun.com/2026/07/16/kasyno-bez-weryfikacji-kyc-ktore-przeszo-moje-testy-matematyczne/?path=//opt/cpanel" "Mozilla/5.0 AppleWebKit/537.36 (KHTML, like Gecko; compatible; GPTBot/1.4; +https://openai.com/gptbot)"
74.7.242.45 - - [16/Jul/2026:18:20:06 -0600] "GET /?fileloc=/home/dfwparty/dfwmagic.com/wp-includes/customize/class-wp-customize-nav-menu-item-setting.php&path=/home/dfwparty/dfwmagic.com/wp-includes/customize HTTP/2" 200 9984 "https://www.ajpartyfun.com/?path=/home/dfwparty/dfwmagic.com/wp-includes/customize" "Mozilla/5.0 AppleWebKit/537.36 (KHTML, like Gecko; compatible; GPTBot/1.4; +https://openai.com/gptbot)"
74.7.227.145 - - [16/Jul/2026:18:20:07 -0600] "GET /2026/07/16/kasyno-bez-weryfikacji-kyc-ktore-przeszo-moje-testy-matematyczne/?path=//opt/cpanel/ea-php54 HTTP/2" 200 2801 "https://ajpartyfun.com/2026/07/16/kasyno-bez-weryfikacji-kyc-ktore-przeszo-moje-testy-matematyczne/?path=//opt/cpanel" "Mozilla/5.0 AppleWebKit/537.36 (KHTML, like Gecko; compatible; GPTBot/1.4; +https://openai.com/gptbot)"
74.7.242.45 - - [16/Jul/2026:18:20:07 -0600] "GET /?fileloc=/home/dfwparty/dfwmagic.com/wp-includes/class-wp-simplepie-sanitize-kses.php&path=/home/dfwparty/dfwmagic.com/wp-includes HTTP/2" 200 3425 "https://www.ajpartyfun.com/?path=/home/dfwparty/dfwmagic.com/wp-includes" "Mozilla/5.0 AppleWebKit/537.36 (KHTML, like Gecko; compatible; GPTBot/1.4; +https://openai.com/gptbot)"
74.7.227.145 - - [16/Jul/2026:18:20:08 -0600] "GET /2026/07/16/kasyno-bez-weryfikacji-kyc-ktore-przeszo-moje-testy-matematyczne/?path=//opt/alt/php55 HTTP/2" 200 2864 "https://ajpartyfun.com/2026/07/16/kasyno-bez-weryfikacji-kyc-ktore-przeszo-moje-testy-matematyczne/?path=//opt/alt" "Mozilla/5.0 AppleWebKit/537.36 (KHTML, like Gecko; compatible; GPTBot/1.4; +https://openai.com/gptbot)"
74.7.242.45 - - [16/Jul/2026:18:20:08 -0600] "GET /?fileloc=/home/dfwparty/dfwmagic.com/wp-includes/ID3/module.tag.id3v2.php&path=/home/dfwparty/dfwmagic.com/wp-includes/ID3 HTTP/2" 200 35975 "https://www.ajpartyfun.com/?path=/home/dfwparty/dfwmagic.com/wp-includes/ID3" "Mozilla/5.0 AppleWebKit/537.36 (KHTML, like Gecko; compatible; GPTBot/1.4; +https://openai.com/gptbot)"
216.73.216.7 - - [16/Jul/2026:18:20:08 -0600] "GET /?fileloc=%2Fhome%2Fdfwparty%2Ftmp%2Fanalog%2Fdfwhome.repair.dfw.party%2Ftype.png&path=%2Fhome%2Fdfwparty%2Ftmp%2Fanalog%2Fdfwhome.repair.dfw.party HTTP/2" 200 5113 "-" "Mozilla/5.0 AppleWebKit/537.36 (KHTML, like Gecko; compatible; ClaudeBot/1.0; +claudebot@anthropic.com)"
216.73.216.7 - - [16/Jul/2026:18:20:08 -0600] "GET /?fileloc=%2Fhome%2Fdfwparty%2Ftmp%2Fanalog%2Fkidsbirthdaypartytips.com.dfw.party%2Ffailref.png&path=%2Fhome%2Fdfwparty%2Ftmp%2Fanalog%2Fkidsbirthdaypartytips.com.dfw.party HTTP/2" 200 5980 "-" "Mozilla/5.0 AppleWebKit/537.36 (KHTML, like Gecko; compatible; ClaudeBot/1.0; +claudebot@anthropic.com)"
216.73.216.7 - - [16/Jul/2026:18:20:06 -0600] "GET /?fileloc=%2Fhome%2Fdfwparty%2Fmail%2F.john%40creepy_show%2F.Trash%2Fdovecot.index&path=%2Fhome%2Fdfwparty%2Fmail%2F.john%40creepy_show%2F.Trash HTTP/2" 200 3297 "-" "Mozilla/5.0 AppleWebKit/537.36 (KHTML, like Gecko; compatible; ClaudeBot/1.0; +claudebot@anthropic.com)"
216.73.216.7 - - [16/Jul/2026:18:20:06 -0600] "GET /?fileloc=%2Fhome%2Fdfwparty%2Fmembers.bizcoach.biz%2Fwp-admin%2Fincludes%2Frevision.php&path=%2Fhome%2Fdfwparty%2Fmembers.bizcoach.biz%2Fwp-admin%2Fincludes HTTP/2" 200 7494 "-" "Mozilla/5.0 AppleWebKit/537.36 (KHTML, like Gecko; compatible; ClaudeBot/1.0; +claudebot@anthropic.com)"
216.73.216.7 - - [16/Jul/2026:18:20:07 -0600] "GET /?fileloc=%2Fhome%2Fdfwparty%2Ftmp%2Fanalog%2Fpodsalad.store.dfw.party%2Frefsite.png&path=%2Fhome%2Fdfwparty%2Ftmp%2Fanalog%2Fpodsalad.store.dfw.party HTTP/2" 200 5174 "-" "Mozilla/5.0 AppleWebKit/537.36 (KHTML, like Gecko; compatible; ClaudeBot/1.0; +claudebot@anthropic.com)"
216.73.216.7 - - [16/Jul/2026:18:20:08 -0600] "GET /?fileloc=%2Fhome%2Fdfwparty%2Fmembers.bizcoach.biz%2Fwp-admin%2Fincludes%2Fclass-pclzip.php&path=%2Fhome%2Fdfwparty%2Fmembers.bizcoach.biz%2Fwp-admin%2Fincludes HTTP/2" 200 33349 "-" "Mozilla/5.0 AppleWebKit/537.36 (KHTML, like Gecko; compatible; ClaudeBot/1.0; +claudebot@anthropic.com)"
216.73.216.7 - - [16/Jul/2026:18:20:08 -0600] "GET /?fileloc=%2F%2Fvar%2Fsoftaculous%2Focart4%2Fimages%2Flogo.png&path=%2F%2Fvar%2Fsoftaculous%2Focart4%2Fimages HTTP/2" 200 6380 "-" "Mozilla/5.0 AppleWebKit/537.36 (KHTML, like Gecko; compatible; ClaudeBot/1.0; +claudebot@anthropic.com)"
216.73.216.7 - - [16/Jul/2026:18:20:07 -0600] "GET /?fileloc=%2Fhome%2Fdfwparty%2Fsantadallas.com%2Fwp-includes%2Fimages%2Fsmilies%2Ficon_exclaim.gif&path=%2Fhome%2Fdfwparty%2Fsantadallas.com%2Fwp-includes%2Fimages%2Fsmilies HTTP/2" 200 2764 "-" "Mozilla/5.0 AppleWebKit/537.36 (KHTML, like Gecko; compatible; ClaudeBot/1.0; +claudebot@anthropic.com)"
216.73.216.7 - - [16/Jul/2026:18:20:08 -0600] "GET /?fileloc=%2Fhome%2Fdfwparty%2Fbizcoach.biz%2Fwp-admin%2Fprivacy.php&path=%2Fhome%2Fdfwparty%2Fbizcoach.biz%2Fwp-admin HTTP/2" 200 3635 "-" "Mozilla/5.0 AppleWebKit/537.36 (KHTML, like Gecko; compatible; ClaudeBot/1.0; +claudebot@anthropic.com)"
216.73.216.7 - - [16/Jul/2026:18:20:07 -0600] "GET /?fileloc=%2Fhome%2Fdfwparty%2Fbizcoach.biz%2Fwp-admin%2Foptions-discussion.php&path=%2Fhome%2Fdfwparty%2Fbizcoach.biz%2Fwp-admin HTTP/2" 200 7322 "-" "Mozilla/5.0 AppleWebKit/537.36 (KHTML, like Gecko; compatible; ClaudeBot/1.0; +claudebot@anthropic.com)"
216.73.216.7 - - [16/Jul/2026:18:19:59 -0600] "GET /?fileloc=%2Fhome%2Fdfwparty%2Fpersonalcoach.marketing%2F400.shtml&path=%2Fhome%2Fdfwparty%2Fpersonalcoach.marketing HTTP/2" 200 0 "-" "Mozilla/5.0 AppleWebKit/537.36 (KHTML, like Gecko; compatible; ClaudeBot/1.0; +claudebot@anthropic.com)"
216.73.216.7 - - [16/Jul/2026:18:19:59 -0600] "GET /?fileloc=%2F%2Fhome%2Fdfwparty%2Fhappycoach.blog%2F404.shtml&path=%2F%2Fhome%2Fdfwparty%2Fhappycoach.blog HTTP/2" 200 0 "-" "Mozilla/5.0 AppleWebKit/537.36 (KHTML, like Gecko; compatible; ClaudeBot/1.0; +claudebot@anthropic.com)"
74.7.227.145 - - [16/Jul/2026:18:20:08 -0600] "GET /2026/07/16/kasyno-bez-weryfikacji-kyc-ktore-przeszo-moje-testy-matematyczne/?path=//proc/irq/70 HTTP/2" 200 3114 "https://ajpartyfun.com/2026/07/16/kasyno-bez-weryfikacji-kyc-ktore-przeszo-moje-testy-matematyczne/?path=//proc/irq" "Mozilla/5.0 AppleWebKit/537.36 (KHTML, like Gecko; compatible; GPTBot/1.4; +https://openai.com/gptbot)"
74.7.242.45 - - [16/Jul/2026:18:20:08 -0600] "GET /?fileloc=/home/dfwparty/dfwmagic.com/wp-includes/ID3/module.tag.id3v1.php&path=/home/dfwparty/dfwmagic.com/wp-includes/ID3 HTTP/2" 200 7639 "https://www.ajpartyfun.com/?path=/home/dfwparty/dfwmagic.com/wp-includes/ID3" "Mozilla/5.0 AppleWebKit/537.36 (KHTML, like Gecko; compatible; GPTBot/1.4; +https://openai.com/gptbot)"
74.7.227.145 - - [16/Jul/2026:18:20:09 -0600] "GET /2026/07/16/kasyno-bez-weryfikacji-kyc-ktore-przeszo-moje-testy-matematyczne/?path=//opt/alt/php73/etc/php.d HTTP/2" 200 2872 "https://ajpartyfun.com/2026/07/16/kasyno-bez-weryfikacji-kyc-ktore-przeszo-moje-testy-matematyczne/?path=//opt/alt/php73/etc" "Mozilla/5.0 AppleWebKit/537.36 (KHTML, like Gecko; compatible; GPTBot/1.4; +https://openai.com/gptbot)"
74.7.242.45 - - [16/Jul/2026:18:20:09 -0600] "GET /?fileloc=/home/dfwparty/dfwmagic.com/wp-includes/bookmark.php&path=/home/dfwparty/dfwmagic.com/wp-includes HTTP/2" 200 7061 "https://www.ajpartyfun.com/?path=/home/dfwparty/dfwmagic.com/wp-includes" "Mozilla/5.0 AppleWebKit/537.36 (KHTML, like Gecko; compatible; GPTBot/1.4; +https://openai.com/gptbot)"
74.7.227.145 - - [16/Jul/2026:18:20:09 -0600] "GET /2026/07/16/kasyno-bez-weryfikacji-kyc-ktore-przeszo-moje-testy-matematyczne/?path=//opt/alt/php73/etc/php.d.all HTTP/2" 200 6386 "https://ajpartyfun.com/2026/07/16/kasyno-bez-weryfikacji-kyc-ktore-przeszo-moje-testy-matematyczne/?path=//opt/alt/php73/etc" "Mozilla/5.0 AppleWebKit/537.36 (KHTML, like Gecko; compatible; GPTBot/1.4; +https://openai.com/gptbot)"
74.7.242.45 - - [16/Jul/2026:18:20:09 -0600] "GET /?fileloc=/home/dfwparty/dfwmagic.com/wp-includes/images/icon-library/update.svg&path=/home/dfwparty/dfwmagic.com/wp-includes/images/icon-library HTTP/2" 200 2752 "https://www.ajpartyfun.com/?path=/home/dfwparty/dfwmagic.com/wp-includes/images/icon-library" "Mozilla/5.0 AppleWebKit/537.36 (KHTML, like Gecko; compatible; GPTBot/1.4; +https://openai.com/gptbot)"
74.7.227.145 - - [16/Jul/2026:18:20:10 -0600] "GET /2026/07/16/kasyno-bez-weryfikacji-kyc-ktore-przeszo-moje-testy-matematyczne/?path=//opt/alt/php73/etc/php-fpm.d HTTP/2" 200 2843 "https://ajpartyfun.com/2026/07/16/kasyno-bez-weryfikacji-kyc-ktore-przeszo-moje-testy-matematyczne/?path=//opt/alt/php73/etc" "Mozilla/5.0 AppleWebKit/537.36 (KHTML, like Gecko; compatible; GPTBot/1.4; +https://openai.com/gptbot)"
74.7.242.45 - - [16/Jul/2026:18:20:10 -0600] "GET /?fileloc=/home/dfwparty/dfwmagic.com/wp-includes/widgets.php&path=/home/dfwparty/dfwmagic.com/wp-includes HTTP/2" 200 19364 "https://www.ajpartyfun.com/?path=/home/dfwparty/dfwmagic.com/wp-includes" "Mozilla/5.0 AppleWebKit/537.36 (KHTML, like Gecko; compatible; GPTBot/1.4; +https://openai.com/gptbot)"
74.7.242.45 - - [16/Jul/2026:18:20:10 -0600] "GET /?fileloc=/home/dfwparty/dfwmagic.com/wp-includes/ms-settings.php&path=/home/dfwparty/dfwmagic.com/wp-includes HTTP/2" 200 4100 "https://www.ajpartyfun.com/?path=/home/dfwparty/dfwmagic.com/wp-includes" "Mozilla/5.0 AppleWebKit/537.36 (KHTML, like Gecko; compatible; GPTBot/1.4; +https://openai.com/gptbot)"
74.7.227.145 - - [16/Jul/2026:18:20:10 -0600] "GET /2026/07/16/kasyno-bez-weryfikacji-kyc-ktore-przeszo-moje-testy-matematyczne/?path=//opt/alt/php73/etc/php.d.i360 HTTP/2" 200 2846 "https://ajpartyfun.com/2026/07/16/kasyno-bez-weryfikacji-kyc-ktore-przeszo-moje-testy-matematyczne/?path=//opt/alt/php73/etc" "Mozilla/5.0 AppleWebKit/537.36 (KHTML, like Gecko; compatible; GPTBot/1.4; +https://openai.com/gptbot)"
216.73.216.7 - - [16/Jul/2026:18:20:00 -0600] "GET /?fileloc=%2Fhome%2Fdfwparty%2Fmembers.bizcoach.biz%2Fwp-admin%2Fincludes%2Fclass-walker-category-checklist.php&path=%2Fhome%2Fdfwparty%2Fmembers.bizcoach.biz%2Fwp-admin%2Fincludes HTTP/2" 200 0 "-" "Mozilla/5.0 AppleWebKit/537.36 (KHTML, like Gecko; compatible; ClaudeBot/1.0; +claudebot@anthropic.com)"
216.73.216.7 - - [16/Jul/2026:18:20:10 -0600] "GET /?fileloc=%2Fhome%2Fdfwparty%2Ftmp%2Fanalog%2Ftexaspartyblog.com.dfw.party%2Forg.png&path=%2Fhome%2Fdfwparty%2Ftmp%2Fanalog%2Ftexaspartyblog.com.dfw.party HTTP/2" 200 4825 "-" "Mozilla/5.0 AppleWebKit/537.36 (KHTML, like Gecko; compatible; ClaudeBot/1.0; +claudebot@anthropic.com)"
216.73.216.7 - - [16/Jul/2026:18:20:10 -0600] "GET /?fileloc=%2Fhome%2Fdfwparty%2Fmail%2F.john%40creepy_show%2F.Trash%2Fdovecot.index.log&path=%2Fhome%2Fdfwparty%2Fmail%2F.john%40creepy_show%2F.Trash HTTP/2" 200 7743 "-" "Mozilla/5.0 AppleWebKit/537.36 (KHTML, like Gecko; compatible; ClaudeBot/1.0; +claudebot@anthropic.com)"
216.73.216.7 - - [16/Jul/2026:18:20:08 -0600] "GET /?fileloc=%2Fhome%2Fdfwparty%2Flogs%2Fsmartcard.marketing.dfw.party-Oct-2024.gz&path=%2Fhome%2Fdfwparty%2Flogs HTTP/2" 200 8486 "-" "Mozilla/5.0 AppleWebKit/537.36 (KHTML, like Gecko; compatible; ClaudeBot/1.0; +claudebot@anthropic.com)"
216.73.216.7 - - [16/Jul/2026:18:20:10 -0600] "GET /?fileloc=%2Fhome%2Fdfwparty%2Flogs%2Flostmoneylinks.com.dfw.party-Jul-2025.gz&path=%2Fhome%2Fdfwparty%2Flogs HTTP/2" 200 24747 "-" "Mozilla/5.0 AppleWebKit/537.36 (KHTML, like Gecko; compatible; ClaudeBot/1.0; +claudebot@anthropic.com)"
216.73.216.7 - - [16/Jul/2026:18:20:08 -0600] "GET /?fileloc=%2Fhome%2Fdfwparty%2Fmembers.bizcoach.biz%2Fwp-admin%2Fwidgets-form-blocks.php&path=%2Fhome%2Fdfwparty%2Fmembers.bizcoach.biz%2Fwp-admin HTTP/2" 200 4429 "-" "Mozilla/5.0 AppleWebKit/537.36 (KHTML, like Gecko; compatible; ClaudeBot/1.0; +claudebot@anthropic.com)"
216.73.216.7 - - [16/Jul/2026:18:20:11 -0600] "GET /?fileloc=%2Fhome%2Fdfwparty%2Fmembers.bizcoach.biz%2Fwp-admin%2Fincludes%2Fpost.php&path=%2Fhome%2Fdfwparty%2Fmembers.bizcoach.biz%2Fwp-admin%2Fincludes HTTP/2" 200 24573 "-" "Mozilla/5.0 AppleWebKit/537.36 (KHTML, like Gecko; compatible; ClaudeBot/1.0; +claudebot@anthropic.com)"
216.73.216.7 - - [16/Jul/2026:18:20:09 -0600] "GET /?fileloc=%2Fhome%2Fdfwparty%2Flogs%2Fmakingmoney.party.dfw.party-Jan-2023.gz&path=%2Fhome%2Fdfwparty%2Flogs HTTP/2" 200 13070 "-" "Mozilla/5.0 AppleWebKit/537.36 (KHTML, like Gecko; compatible; ClaudeBot/1.0; +claudebot@anthropic.com)"
216.73.216.7 - - [16/Jul/2026:18:20:09 -0600] "GET /?fileloc=%2Fhome%2Fdfwparty%2Flogs%2Fcreepy.show.dfw.party-ssl_log-Jun-2025.gz&path=%2Fhome%2Fdfwparty%2Flogs HTTP/2" 200 115165 "-" "Mozilla/5.0 AppleWebKit/537.36 (KHTML, like Gecko; compatible; ClaudeBot/1.0; +claudebot@anthropic.com)"
216.73.216.7 - - [16/Jul/2026:18:20:09 -0600] "GET /?fileloc=%2Fhome%2Fdfwparty%2Flogs%2Fdfwlife.blog.dfw.party-ssl_log-Dec-2023.gz&path=%2Fhome%2Fdfwparty%2Flogs HTTP/2" 200 14546 "-" "Mozilla/5.0 AppleWebKit/537.36 (KHTML, like Gecko; compatible; ClaudeBot/1.0; +claudebot@anthropic.com)"
216.73.216.7 - - [16/Jul/2026:18:20:09 -0600] "GET /?fileloc=%2Fhome%2Fdfwparty%2Flogs%2Fpetblogger.net.dfw.party-Jan-2026.gz&path=%2Fhome%2Fdfwparty%2Flogs HTTP/2" 200 132968 "-" "Mozilla/5.0 AppleWebKit/537.36 (KHTML, like Gecko; compatible; ClaudeBot/1.0; +claudebot@anthropic.com)"
216.73.216.7 - - [16/Jul/2026:18:20:11 -0600] "GET /?fileloc=%2Fhome%2Fdfwparty%2Ftmp%2Fanalog%2Fpetsitter.marketing.dfw.party%2Ftype.png&path=%2Fhome%2Fdfwparty%2Ftmp%2Fanalog%2Fpetsitter.marketing.dfw.party HTTP/2" 200 5435 "-" "Mozilla/5.0 AppleWebKit/537.36 (KHTML, like Gecko; compatible; ClaudeBot/1.0; +claudebot@anthropic.com)"
216.73.216.7 - - [16/Jul/2026:18:20:10 -0600] "GET /?fileloc=%2Fhome%2Fdfwparty%2Fmail%2F.john%40creepy_show%2F.spam%2Fmaildirfolder&path=%2Fhome%2Fdfwparty%2Fmail%2F.john%40creepy_show%2F.spam HTTP/2" 200 2515 "-" "Mozilla/5.0 AppleWebKit/537.36 (KHTML, like Gecko; compatible; ClaudeBot/1.0; +claudebot@anthropic.com)"
74.7.227.145 - - [16/Jul/2026:18:20:11 -0600] "GET /2026/07/16/kasyno-bez-weryfikacji-kyc-ktore-przeszo-moje-testy-matematyczne/?path=//opt/alt/php73/etc/pear HTTP/2" 200 2562 "https://ajpartyfun.com/2026/07/16/kasyno-bez-weryfikacji-kyc-ktore-przeszo-moje-testy-matematyczne/?path=//opt/alt/php73/etc" "Mozilla/5.0 AppleWebKit/537.36 (KHTML, like Gecko; compatible; GPTBot/1.4; +https://openai.com/gptbot)"
74.7.242.45 - - [16/Jul/2026:18:20:11 -0600] "GET /?fileloc=/home/dfwparty/dfwmagic.com/wp-includes/sitemaps.php&path=/home/dfwparty/dfwmagic.com/wp-includes HTTP/2" 200 3537 "https://www.ajpartyfun.com/?path=/home/dfwparty/dfwmagic.com/wp-includes" "Mozilla/5.0 AppleWebKit/537.36 (KHTML, like Gecko; compatible; GPTBot/1.4; +https://openai.com/gptbot)"
74.7.227.145 - - [16/Jul/2026:18:20:11 -0600] "GET /2026/07/16/kasyno-bez-weryfikacji-kyc-ktore-przeszo-moje-testy-matematyczne/?path=//opt/alt/php74/etc/php.d HTTP/2" 200 2872 "https://ajpartyfun.com/2026/07/16/kasyno-bez-weryfikacji-kyc-ktore-przeszo-moje-testy-matematyczne/?path=//opt/alt/php74/etc" "Mozilla/5.0 AppleWebKit/537.36 (KHTML, like Gecko; compatible; GPTBot/1.4; +https://openai.com/gptbot)"
74.7.242.45 - - [16/Jul/2026:18:20:11 -0600] "GET /?fileloc=/home/dfwparty/dfwmagic.com/wp-includes/ms-blogs.php&path=/home/dfwparty/dfwmagic.com/wp-includes HTTP/2" 200 9485 "https://www.ajpartyfun.com/?path=/home/dfwparty/dfwmagic.com/wp-includes" "Mozilla/5.0 AppleWebKit/537.36 (KHTML, like Gecko; compatible; GPTBot/1.4; +https://openai.com/gptbot)"
74.7.242.45 - - [16/Jul/2026:18:20:12 -0600] "GET /?fileloc=/home/dfwparty/dfwmagic.com/wp-includes/option.php&path=/home/dfwparty/dfwmagic.com/wp-includes HTTP/2" 200 22451 "https://www.ajpartyfun.com/?path=/home/dfwparty/dfwmagic.com/wp-includes" "Mozilla/5.0 AppleWebKit/537.36 (KHTML, like Gecko; compatible; GPTBot/1.4; +https://openai.com/gptbot)"
74.7.227.145 - - [16/Jul/2026:18:20:12 -0600] "GET /2026/07/16/kasyno-bez-weryfikacji-kyc-ktore-przeszo-moje-testy-matematyczne/?path=//opt/cpanel/ea-php56/root/etc/php.d HTTP/2" 200 2849 "https://ajpartyfun.com/2026/07/16/kasyno-bez-weryfikacji-kyc-ktore-przeszo-moje-testy-matematyczne/?path=//opt/cpanel/ea-php56/root/etc" "Mozilla/5.0 AppleWebKit/537.36 (KHTML, like Gecko; compatible; GPTBot/1.4; +https://openai.com/gptbot)"
74.7.242.45 - - [16/Jul/2026:18:20:12 -0600] "GET /?fileloc=/home/dfwparty/dfwmagic.com/wp-includes/kses.php&path=/home/dfwparty/dfwmagic.com/wp-includes HTTP/2" 200 25317 "https://www.ajpartyfun.com/?path=/home/dfwparty/dfwmagic.com/wp-includes" "Mozilla/5.0 AppleWebKit/537.36 (KHTML, like Gecko; compatible; GPTBot/1.4; +https://openai.com/gptbot)"
74.7.227.145 - - [16/Jul/2026:18:20:12 -0600] "GET /2026/07/16/kasyno-bez-weryfikacji-kyc-ktore-przeszo-moje-testy-matematyczne/?path=//opt/cpanel/alt-php80/root/etc/php-fpm.d HTTP/2" 200 2582 "https://ajpartyfun.com/2026/07/16/kasyno-bez-weryfikacji-kyc-ktore-przeszo-moje-testy-matematyczne/?path=//opt/cpanel/alt-php80/root/etc" "Mozilla/5.0 AppleWebKit/537.36 (KHTML, like Gecko; compatible; GPTBot/1.4; +https://openai.com/gptbot)"
74.7.242.45 - - [16/Jul/2026:18:20:13 -0600] "GET /?fileloc=/home/dfwparty/dfwmagic.com/wp-includes/class-json.php&path=/home/dfwparty/dfwmagic.com/wp-includes HTTP/2" 200 11363 "https://www.ajpartyfun.com/?path=/home/dfwparty/dfwmagic.com/wp-includes" "Mozilla/5.0 AppleWebKit/537.36 (KHTML, like Gecko; compatible; GPTBot/1.4; +https://openai.com/gptbot)"
74.7.227.145 - - [16/Jul/2026:18:20:13 -0600] "GET /2026/07/16/kasyno-bez-weryfikacji-kyc-ktore-przeszo-moje-testy-matematyczne/?fileloc=//opt/alt/php71/etc/php.ini&path=//opt/alt/php71/etc HTTP/2" 200 19135 "https://ajpartyfun.com/2026/07/16/kasyno-bez-weryfikacji-kyc-ktore-przeszo-moje-testy-matematyczne/?path=//opt/alt/php71/etc" "Mozilla/5.0 AppleWebKit/537.36 (KHTML, like Gecko; compatible; GPTBot/1.4; +https://openai.com/gptbot)"
216.73.216.7 - - [16/Jul/2026:18:20:10 -0600] "GET /?fileloc=%2Fhome%2Fdfwparty%2Ftmp%2Fanalog%2Fdfw.boats.dfw.party%2Fsize.png&path=%2Fhome%2Fdfwparty%2Ftmp%2Fanalog%2Fdfw.boats.dfw.party HTTP/2" 200 5177 "-" "Mozilla/5.0 AppleWebKit/537.36 (KHTML, like Gecko; compatible; ClaudeBot/1.0; +claudebot@anthropic.com)"
216.73.216.7 - - [16/Jul/2026:18:20:10 -0600] "GET /?fileloc=%2Fhome%2Fdfwparty%2Ftmp%2Fanalog%2Fdfwparents.biz.dfw.party%2Fcode.png&path=%2Fhome%2Fdfwparty%2Ftmp%2Fanalog%2Fdfwparents.biz.dfw.party HTTP/2" 200 5000 "-" "Mozilla/5.0 AppleWebKit/537.36 (KHTML, like Gecko; compatible; ClaudeBot/1.0; +claudebot@anthropic.com)"
216.73.216.7 - - [16/Jul/2026:18:20:10 -0600] "GET /?fileloc=%2Fhome%2Fdfwparty%2Flogs%2Flifestylementors.net.dfw.party-ssl_log-Jan-2024.gz&path=%2Fhome%2Fdfwparty%2Flogs HTTP/2" 200 61281 "-" "Mozilla/5.0 AppleWebKit/537.36 (KHTML, like Gecko; compatible; ClaudeBot/1.0; +claudebot@anthropic.com)"
216.73.216.7 - - [16/Jul/2026:18:20:13 -0600] "GET /?fileloc=%2Fhome%2Fdfwparty%2Fmembers.bizcoach.biz%2Fwp-admin%2Fnetwork%2Fthemes.php&path=%2Fhome%2Fdfwparty%2Fmembers.bizcoach.biz%2Fwp-admin%2Fnetwork HTTP/2" 200 7077 "-" "Mozilla/5.0 AppleWebKit/537.36 (KHTML, like Gecko; compatible; ClaudeBot/1.0; +claudebot@anthropic.com)"
216.73.216.7 - - [16/Jul/2026:18:20:10 -0600] "GET /?fileloc=%2Fhome%2Fdfwparty%2Ftmp%2Fanalog%2Fsantadallas.dfw.party%2Fos.png&path=%2Fhome%2Fdfwparty%2Ftmp%2Fanalog%2Fsantadallas.dfw.party HTTP/2" 200 5057 "-" "Mozilla/5.0 AppleWebKit/537.36 (KHTML, like Gecko; compatible; ClaudeBot/1.0; +claudebot@anthropic.com)"
216.73.216.7 - - [16/Jul/2026:18:20:12 -0600] "GET /?fileloc=%2Fhome%2Fdfwparty%2Flogs%2Fhomeservice.blog.dfw.party-Feb-2024.gz&path=%2Fhome%2Fdfwparty%2Flogs HTTP/2" 200 7781 "-" "Mozilla/5.0 AppleWebKit/537.36 (KHTML, like Gecko; compatible; ClaudeBot/1.0; +claudebot@anthropic.com)"
216.73.216.7 - - [16/Jul/2026:18:20:12 -0600] "GET /?fileloc=%2Fhome%2Fdfwparty%2Ftmp%2Fanalog%2Flosingweight.business.dfw.party%2Fbrowsum.png&path=%2Fhome%2Fdfwparty%2Ftmp%2Fanalog%2Flosingweight.business.dfw.party HTTP/2" 200 4822 "-" "Mozilla/5.0 AppleWebKit/537.36 (KHTML, like Gecko; compatible; ClaudeBot/1.0; +claudebot@anthropic.com)"
216.73.216.7 - - [16/Jul/2026:18:20:12 -0600] "GET /?fileloc=%2Fhome%2Fdfwparty%2Fgigiscleaning.net%2Fwp-includes%2Fimages%2Fw-logo-blue-white-bg.png&path=%2Fhome%2Fdfwparty%2Fgigiscleaning.net%2Fwp-includes%2Fimages HTTP/2" 200 6467 "-" "Mozilla/5.0 AppleWebKit/537.36 (KHTML, like Gecko; compatible; ClaudeBot/1.0; +claudebot@anthropic.com)"
216.73.216.7 - - [16/Jul/2026:18:20:11 -0600] "GET /?fileloc=%2Fhome%2Fdfwparty%2Flogs%2Fkidsbirthdaypartytips.com.dfw.party-Feb-2024.gz&path=%2Fhome%2Fdfwparty%2Flogs HTTP/2" 200 10800 "-" "Mozilla/5.0 AppleWebKit/537.36 (KHTML, like Gecko; compatible; ClaudeBot/1.0; +claudebot@anthropic.com)"
216.73.216.7 - - [16/Jul/2026:18:20:13 -0600] "GET /?fileloc=%2Fhome%2Fdfwparty%2Ftmp%2Fanalog%2Fkidsbirthdaypartytips.com.dfw.party%2Fdir.png&path=%2Fhome%2Fdfwparty%2Ftmp%2Fanalog%2Fkidsbirthdaypartytips.com.dfw.party HTTP/2" 200 5304 "-" "Mozilla/5.0 AppleWebKit/537.36 (KHTML, like Gecko; compatible; ClaudeBot/1.0; +claudebot@anthropic.com)"
216.73.216.7 - - [16/Jul/2026:18:20:13 -0600] "GET /?fileloc=%2Fhome%2Fdfwparty%2Ftmp%2Fanalog%2Fdfwmarketing.net.dfw.party%2Fsize.png&path=%2Fhome%2Fdfwparty%2Ftmp%2Fanalog%2Fdfwmarketing.net.dfw.party HTTP/2" 200 5041 "-" "Mozilla/5.0 AppleWebKit/537.36 (KHTML, like Gecko; compatible; ClaudeBot/1.0; +claudebot@anthropic.com)"
216.73.216.7 - - [16/Jul/2026:18:20:11 -0600] "GET /?fileloc=%2Fhome%2Fdfwparty%2Fmail%2F.john%40facepaintermarketing_com%2Fdovecot-uidlist&path=%2Fhome%2Fdfwparty%2Fmail%2F.john%40facepaintermarketing_com HTTP/2" 200 3702 "-" "Mozilla/5.0 AppleWebKit/537.36 (KHTML, like Gecko; compatible; ClaudeBot/1.0; +claudebot@anthropic.com)"
74.7.242.45 - - [16/Jul/2026:18:20:13 -0600] "GET /?fileloc=/home/dfwparty/dfwmagic.com/wp-includes/ms-files.php&path=/home/dfwparty/dfwmagic.com/wp-includes HTTP/2" 200 3736 "https://www.ajpartyfun.com/?path=/home/dfwparty/dfwmagic.com/wp-includes" "Mozilla/5.0 AppleWebKit/537.36 (KHTML, like Gecko; compatible; GPTBot/1.4; +https://openai.com/gptbot)"
74.7.227.145 - - [16/Jul/2026:18:20:13 -0600] "GET /2026/07/16/kasyno-bez-weryfikacji-kyc-ktore-przeszo-moje-testy-matematyczne/?path=//opt/alt/php71/etc/php.d HTTP/2" 200 2872 "https://ajpartyfun.com/2026/07/16/kasyno-bez-weryfikacji-kyc-ktore-przeszo-moje-testy-matematyczne/?path=//opt/alt/php71/etc" "Mozilla/5.0 AppleWebKit/537.36 (KHTML, like Gecko; compatible; GPTBot/1.4; +https://openai.com/gptbot)"
74.7.242.45 - - [16/Jul/2026:18:20:14 -0600] "GET /?fileloc=/home/dfwparty/dfwmagic.com/wp-includes/cron.php&path=/home/dfwparty/dfwmagic.com/wp-includes HTTP/2" 200 11382 "https://www.ajpartyfun.com/?path=/home/dfwparty/dfwmagic.com/wp-includes" "Mozilla/5.0 AppleWebKit/537.36 (KHTML, like Gecko; compatible; GPTBot/1.4; +https://openai.com/gptbot)"
74.7.227.145 - - [16/Jul/2026:18:20:14 -0600] "GET /2026/07/16/kasyno-bez-weryfikacji-kyc-ktore-przeszo-moje-testy-matematyczne/?path=//opt/alt/php71/etc/php.d.all HTTP/2" 200 6199 "https://ajpartyfun.com/2026/07/16/kasyno-bez-weryfikacji-kyc-ktore-przeszo-moje-testy-matematyczne/?path=//opt/alt/php71/etc" "Mozilla/5.0 AppleWebKit/537.36 (KHTML, like Gecko; compatible; GPTBot/1.4; +https://openai.com/gptbot)"
74.7.242.45 - - [16/Jul/2026:18:20:14 -0600] "GET /?fileloc=/home/dfwparty/dfwmagic.com/wp-includes/cache.php&path=/home/dfwparty/dfwmagic.com/wp-includes HTTP/2" 200 5135 "https://www.ajpartyfun.com/?path=/home/dfwparty/dfwmagic.com/wp-includes" "Mozilla/5.0 AppleWebKit/537.36 (KHTML, like Gecko; compatible; GPTBot/1.4; +https://openai.com/gptbot)"
74.7.227.145 - - [16/Jul/2026:18:20:14 -0600] "GET /2026/07/16/kasyno-bez-weryfikacji-kyc-ktore-przeszo-moje-testy-matematyczne/?path=//opt/alt/php74/etc/php.d.all HTTP/2" 200 6201 "https://ajpartyfun.com/2026/07/16/kasyno-bez-weryfikacji-kyc-ktore-przeszo-moje-testy-matematyczne/?path=//opt/alt/php74/etc" "Mozilla/5.0 AppleWebKit/537.36 (KHTML, like Gecko; compatible; GPTBot/1.4; +https://openai.com/gptbot)"
74.7.242.45 - - [16/Jul/2026:18:20:15 -0600] "GET /?fileloc=/home/dfwparty/dfwmagic.com/wp-includes/fonts.php&path=/home/dfwparty/dfwmagic.com/wp-includes HTTP/2" 200 5277 "https://www.ajpartyfun.com/?path=/home/dfwparty/dfwmagic.com/wp-includes" "Mozilla/5.0 AppleWebKit/537.36 (KHTML, like Gecko; compatible; GPTBot/1.4; +https://openai.com/gptbot)"
74.7.227.145 - - [16/Jul/2026:18:20:15 -0600] "GET /2026/07/16/kasyno-bez-weryfikacji-kyc-ktore-przeszo-moje-testy-matematyczne/?path=//opt/alt/php74/etc/php-fpm.d HTTP/2" 200 2843 "https://ajpartyfun.com/2026/07/16/kasyno-bez-weryfikacji-kyc-ktore-przeszo-moje-testy-matematyczne/?path=//opt/alt/php74/etc" "Mozilla/5.0 AppleWebKit/537.36 (KHTML, like Gecko; compatible; GPTBot/1.4; +https://openai.com/gptbot)"
74.7.242.45 - - [16/Jul/2026:18:20:15 -0600] "GET /?fileloc=/home/dfwparty/dfwmagic.com/wp-includes/media.php&path=/home/dfwparty/dfwmagic.com/wp-includes HTTP/2" 200 58511 "https://www.ajpartyfun.com/?path=/home/dfwparty/dfwmagic.com/wp-includes" "Mozilla/5.0 AppleWebKit/537.36 (KHTML, like Gecko; compatible; GPTBot/1.4; +https://openai.com/gptbot)"
74.7.227.145 - - [16/Jul/2026:18:20:16 -0600] "GET /2026/07/16/kasyno-bez-weryfikacji-kyc-ktore-przeszo-moje-testy-matematyczne/?path=//opt/alt/php71/etc/php-fpm.d HTTP/2" 200 2844 "https://ajpartyfun.com/2026/07/16/kasyno-bez-weryfikacji-kyc-ktore-przeszo-moje-testy-matematyczne/?path=//opt/alt/php71/etc" "Mozilla/5.0 AppleWebKit/537.36 (KHTML, like Gecko; compatible; GPTBot/1.4; +https://openai.com/gptbot)"
216.73.216.7 - - [16/Jul/2026:18:20:13 -0600] "GET /?fileloc=%2Fhome%2Fdfwparty%2Ftmp%2Fanalog%2Flostmoneylinks.com.dfw.party%2Fos.png&path=%2Fhome%2Fdfwparty%2Ftmp%2Fanalog%2Flostmoneylinks.com.dfw.party HTTP/2" 200 5153 "-" "Mozilla/5.0 AppleWebKit/537.36 (KHTML, like Gecko; compatible; ClaudeBot/1.0; +claudebot@anthropic.com)"
216.73.216.7 - - [16/Jul/2026:18:20:14 -0600] "GET /?fileloc=%2Fhome%2Fdfwparty%2Faccess-logs%2Fbizforum.biz.dfw.party-ssl_log&path=%2Fhome%2Fdfwparty%2Faccess-logs HTTP/2" 200 2521 "-" "Mozilla/5.0 AppleWebKit/537.36 (KHTML, like Gecko; compatible; ClaudeBot/1.0; +claudebot@anthropic.com)"
216.73.216.7 - - [16/Jul/2026:18:20:14 -0600] "GET /?fileloc=%2Fhome%2Fdfwparty%2Flogs%2Fcreepy.show.dfw.party-ssl_log-Jun-2024.gz&path=%2Fhome%2Fdfwparty%2Flogs HTTP/2" 200 44235 "-" "Mozilla/5.0 AppleWebKit/537.36 (KHTML, like Gecko; compatible; ClaudeBot/1.0; +claudebot@anthropic.com)"
216.73.216.7 - - [16/Jul/2026:18:20:14 -0600] "GET /?fileloc=%2Fhome%2Fdfwparty%2Ftmp%2Fanalog%2Fdfw.boats.dfw.party%2Fos.png&path=%2Fhome%2Fdfwparty%2Ftmp%2Fanalog%2Fdfw.boats.dfw.party HTTP/2" 200 5089 "-" "Mozilla/5.0 AppleWebKit/537.36 (KHTML, like Gecko; compatible; ClaudeBot/1.0; +claudebot@anthropic.com)"
216.73.216.7 - - [16/Jul/2026:18:20:14 -0600] "GET /?fileloc=%2Fhome%2Fdfwparty%2Ftmp%2Fanalog%2Fmybackyard.blog.dfw.party%2Fsize.png&path=%2Fhome%2Fdfwparty%2Ftmp%2Fanalog%2Fmybackyard.blog.dfw.party HTTP/2" 200 5225 "-" "Mozilla/5.0 AppleWebKit/537.36 (KHTML, like Gecko; compatible; ClaudeBot/1.0; +claudebot@anthropic.com)"
216.73.216.7 - - [16/Jul/2026:18:20:14 -0600] "GET /?fileloc=%2Fhome%2Fdfwparty%2Ftmp%2Fanalog%2Flostmoneylinks.com.dfw.party%2Fsize.png&path=%2Fhome%2Fdfwparty%2Ftmp%2Fanalog%2Flostmoneylinks.com.dfw.party HTTP/2" 200 5036 "-" "Mozilla/5.0 AppleWebKit/537.36 (KHTML, like Gecko; compatible; ClaudeBot/1.0; +claudebot@anthropic.com)"
216.73.216.7 - - [16/Jul/2026:18:20:14 -0600] "GET /?fileloc=%2Fhome%2Fdfwparty%2Flogs%2Fsantadallas.dfw.party-Jul-2026.gz&path=%2Fhome%2Fdfwparty%2Flogs HTTP/2" 200 39237 "-" "Mozilla/5.0 AppleWebKit/537.36 (KHTML, like Gecko; compatible; ClaudeBot/1.0; +claudebot@anthropic.com)"
216.73.216.7 - - [16/Jul/2026:18:20:15 -0600] "GET /?fileloc=%2Fhome%2Fdfwparty%2Flogs%2Fstartakidspartybusiness.com.dfw.party-Jan-2024.gz&path=%2Fhome%2Fdfwparty%2Flogs HTTP/2" 200 34742 "-" "Mozilla/5.0 AppleWebKit/537.36 (KHTML, like Gecko; compatible; ClaudeBot/1.0; +claudebot@anthropic.com)"
216.73.216.7 - - [16/Jul/2026:18:20:14 -0600] "GET /?fileloc=%2Fhome%2Fdfwparty%2Fmembers.bizcoach.biz%2Fwp-admin%2Fmenu.php&path=%2Fhome%2Fdfwparty%2Fmembers.bizcoach.biz%2Fwp-admin HTTP/2" 200 7600 "-" "Mozilla/5.0 AppleWebKit/537.36 (KHTML, like Gecko; compatible; ClaudeBot/1.0; +claudebot@anthropic.com)"
216.73.216.7 - - [16/Jul/2026:18:20:15 -0600] "GET /?fileloc=%2Fhome%2Fdfwparty%2Ftmp%2Fanalog%2Fdfwmarketing.net.dfw.party%2Fos.png&path=%2Fhome%2Fdfwparty%2Ftmp%2Fanalog%2Fdfwmarketing.net.dfw.party HTTP/2" 200 4761 "-" "Mozilla/5.0 AppleWebKit/537.36 (KHTML, like Gecko; compatible; ClaudeBot/1.0; +claudebot@anthropic.com)"
216.73.216.7 - - [16/Jul/2026:18:20:15 -0600] "GET /?fileloc=%2Fhome%2Fdfwparty%2Fmail%2F.john%40startingover_biz%2Fdovecot.index.cache&path=%2Fhome%2Fdfwparty%2Fmail%2F.john%40startingover_biz HTTP/2" 200 4097 "-" "Mozilla/5.0 AppleWebKit/537.36 (KHTML, like Gecko; compatible; ClaudeBot/1.0; +claudebot@anthropic.com)"
216.73.216.7 - - [16/Jul/2026:18:20:15 -0600] "GET /?fileloc=%2Fhome%2Fdfwparty%2Fhappycoach.blog%2F413.shtml&path=%2Fhome%2Fdfwparty%2Fhappycoach.blog HTTP/2" 200 2619 "-" "Mozilla/5.0 AppleWebKit/537.36 (KHTML, like Gecko; compatible; ClaudeBot/1.0; +claudebot@anthropic.com)"
216.73.216.7 - - [16/Jul/2026:18:20:11 -0600] "GET /?fileloc=%2Fhome%2Fdfwparty%2Fsantadallas.com%2Fwp-includes%2Fimages%2Fsmilies%2Ficon_mad.gif&path=%2Fhome%2Fdfwparty%2Fsantadallas.com%2Fwp-includes%2Fimages%2Fsmilies HTTP/2" 200 2732 "-" "Mozilla/5.0 AppleWebKit/537.36 (KHTML, like Gecko; compatible; ClaudeBot/1.0; +claudebot@anthropic.com)"
74.7.242.45 - - [16/Jul/2026:18:20:16 -0600] "GET /?fileloc=/home/dfwparty/dfwmagic.com/wp-includes/ms-network.php&path=/home/dfwparty/dfwmagic.com/wp-includes HTTP/2" 200 3903 "https://www.ajpartyfun.com/?path=/home/dfwparty/dfwmagic.com/wp-includes" "Mozilla/5.0 AppleWebKit/537.36 (KHTML, like Gecko; compatible; GPTBot/1.4; +https://openai.com/gptbot)"
74.7.227.145 - - [16/Jul/2026:18:20:16 -0600] "GET /2026/07/16/kasyno-bez-weryfikacji-kyc-ktore-przeszo-moje-testy-matematyczne/?path=//opt/alt/php74/etc/php.d.i360 HTTP/2" 200 2845 "https://ajpartyfun.com/2026/07/16/kasyno-bez-weryfikacji-kyc-ktore-przeszo-moje-testy-matematyczne/?path=//opt/alt/php74/etc" "Mozilla/5.0 AppleWebKit/537.36 (KHTML, like Gecko; compatible; GPTBot/1.4; +https://openai.com/gptbot)"
74.7.242.45 - - [16/Jul/2026:18:20:17 -0600] "GET /?fileloc=/home/dfwparty/dfwmagic.com/wp-includes/query.php&path=/home/dfwparty/dfwmagic.com/wp-includes HTTP/2" 200 7764 "https://www.ajpartyfun.com/?path=/home/dfwparty/dfwmagic.com/wp-includes" "Mozilla/5.0 AppleWebKit/537.36 (KHTML, like Gecko; compatible; GPTBot/1.4; +https://openai.com/gptbot)"
74.7.227.145 - - [16/Jul/2026:18:20:17 -0600] "GET /2026/07/16/kasyno-bez-weryfikacji-kyc-ktore-przeszo-moje-testy-matematyczne/?path=//opt/alt/php71/etc/php.d.i360 HTTP/2" 200 2845 "https://ajpartyfun.com/2026/07/16/kasyno-bez-weryfikacji-kyc-ktore-przeszo-moje-testy-matematyczne/?path=//opt/alt/php71/etc" "Mozilla/5.0 AppleWebKit/537.36 (KHTML, like Gecko; compatible; GPTBot/1.4; +https://openai.com/gptbot)"
74.7.242.45 - - [16/Jul/2026:18:20:17 -0600] "GET /?fileloc=/home/dfwparty/dfwmagic.com/wp-includes/class-smtp.php&path=/home/dfwparty/dfwmagic.com/wp-includes HTTP/2" 200 2727 "https://www.ajpartyfun.com/?path=/home/dfwparty/dfwmagic.com/wp-includes" "Mozilla/5.0 AppleWebKit/537.36 (KHTML, like Gecko; compatible; GPTBot/1.4; +https://openai.com/gptbot)"
74.7.227.145 - - [16/Jul/2026:18:20:17 -0600] "GET /2026/07/16/kasyno-bez-weryfikacji-kyc-ktore-przeszo-moje-testy-matematyczne/?path=//opt/alt/openssl11/etc/pki/tls HTTP/2" 200 3091 "https://ajpartyfun.com/2026/07/16/kasyno-bez-weryfikacji-kyc-ktore-przeszo-moje-testy-matematyczne/?path=//opt/alt/openssl11/etc/pki" "Mozilla/5.0 AppleWebKit/537.36 (KHTML, like Gecko; compatible; GPTBot/1.4; +https://openai.com/gptbot)"
74.7.242.45 - - [16/Jul/2026:18:20:18 -0600] "GET /?fileloc=/home/dfwparty/dfwmagic.com/wp-includes/vars.php&path=/home/dfwparty/dfwmagic.com/wp-includes HTTP/2" 200 4572 "https://www.ajpartyfun.com/?path=/home/dfwparty/dfwmagic.com/wp-includes" "Mozilla/5.0 AppleWebKit/537.36 (KHTML, like Gecko; compatible; GPTBot/1.4; +https://openai.com/gptbot)"
74.7.227.145 - - [16/Jul/2026:18:20:18 -0600] "GET /2026/07/16/kasyno-bez-weryfikacji-kyc-ktore-przeszo-moje-testy-matematyczne/?path=//opt/cpanel/alt-php82/root/etc HTTP/2" 200 2821 "https://ajpartyfun.com/2026/07/16/kasyno-bez-weryfikacji-kyc-ktore-przeszo-moje-testy-matematyczne/?path=//opt/cpanel/alt-php82/root" "Mozilla/5.0 AppleWebKit/537.36 (KHTML, like Gecko; compatible; GPTBot/1.4; +https://openai.com/gptbot)"
74.7.242.45 - - [16/Jul/2026:18:20:18 -0600] "GET /?fileloc=/home/dfwparty/dfwmagic.com/wp-includes/atomlib.php&path=/home/dfwparty/dfwmagic.com/wp-includes HTTP/2" 200 6080 "https://www.ajpartyfun.com/?path=/home/dfwparty/dfwmagic.com/wp-includes" "Mozilla/5.0 AppleWebKit/537.36 (KHTML, like Gecko; compatible; GPTBot/1.4; +https://openai.com/gptbot)"
74.7.227.145 - - [16/Jul/2026:18:20:18 -0600] "GET /2026/07/16/kasyno-bez-weryfikacji-kyc-ktore-przeszo-moje-testy-matematyczne/?path=//opt/alt/php71/etc/pear HTTP/2" 200 2562 "https://ajpartyfun.com/2026/07/16/kasyno-bez-weryfikacji-kyc-ktore-przeszo-moje-testy-matematyczne/?path=//opt/alt/php71/etc" "Mozilla/5.0 AppleWebKit/537.36 (KHTML, like Gecko; compatible; GPTBot/1.4; +https://openai.com/gptbot)"
216.73.216.7 - - [16/Jul/2026:18:20:16 -0600] "GET /?fileloc=%2F%2Fhome%2Fdfwparty%2Fpersonalcoach.marketing%2F401.shtml&path=%2F%2Fhome%2Fdfwparty%2Fpersonalcoach.marketing HTTP/2" 200 2614 "-" "Mozilla/5.0 AppleWebKit/537.36 (KHTML, like Gecko; compatible; ClaudeBot/1.0; +claudebot@anthropic.com)"
216.73.216.7 - - [16/Jul/2026:18:20:16 -0600] "GET /?fileloc=%2Fhome%2Fdfwparty%2Flogs%2Fweightloss.forum.dfw.party-ssl_log-Jul-2024.gz&path=%2Fhome%2Fdfwparty%2Flogs HTTP/2" 200 6796 "-" "Mozilla/5.0 AppleWebKit/537.36 (KHTML, like Gecko; compatible; ClaudeBot/1.0; +claudebot@anthropic.com)"
216.73.216.7 - - [16/Jul/2026:18:20:17 -0600] "GET /?fileloc=%2Fhome%2Fdfwparty%2Ftmp%2Fanalog%2Fsantadallas.dfw.party%2Fsize.png&path=%2Fhome%2Fdfwparty%2Ftmp%2Fanalog%2Fsantadallas.dfw.party HTTP/2" 200 5132 "-" "Mozilla/5.0 AppleWebKit/537.36 (KHTML, like Gecko; compatible; ClaudeBot/1.0; +claudebot@anthropic.com)"
216.73.216.7 - - [16/Jul/2026:18:20:17 -0600] "GET /?fileloc=%2Fhome%2Fdfwparty%2Flogs%2Ftexashome.repair.dfw.party-Jan-2024.gz&path=%2Fhome%2Fdfwparty%2Flogs HTTP/2" 200 6338 "-" "Mozilla/5.0 AppleWebKit/537.36 (KHTML, like Gecko; compatible; ClaudeBot/1.0; +claudebot@anthropic.com)"
216.73.216.7 - - [16/Jul/2026:18:20:17 -0600] "GET /?fileloc=%2Fhome%2Fdfwparty%2Fmail%2F.john%40facepaintermarketing_com%2Fmaildirsize&path=%2Fhome%2Fdfwparty%2Fmail%2F.john%40facepaintermarketing_com HTTP/2" 200 2686 "-" "Mozilla/5.0 AppleWebKit/537.36 (KHTML, like Gecko; compatible; ClaudeBot/1.0; +claudebot@anthropic.com)"
216.73.216.7 - - [16/Jul/2026:18:20:17 -0600] "GET /?fileloc=%2Fhome%2Fdfwparty%2Ftmp%2Fanalog%2Fkidsentertainermarketing.com.dfw.party%2F9.html&path=%2Fhome%2Fdfwparty%2Ftmp%2Fanalog%2Fkidsentertainermarketing.com.dfw.party HTTP/2" 200 8057 "-" "Mozilla/5.0 AppleWebKit/537.36 (KHTML, like Gecko; compatible; ClaudeBot/1.0; +claudebot@anthropic.com)"
216.73.216.7 - - [16/Jul/2026:18:20:17 -0600] "GET /?fileloc=%2Fhome%2Fdfwparty%2Fbizcoach.biz%2Fwp-admin%2Fcss%2Fsite-health.css&path=%2Fhome%2Fdfwparty%2Fbizcoach.biz%2Fwp-admin%2Fcss HTTP/2" 200 4242 "-" "Mozilla/5.0 AppleWebKit/537.36 (KHTML, like Gecko; compatible; ClaudeBot/1.0; +claudebot@anthropic.com)"
216.73.216.7 - - [16/Jul/2026:18:20:17 -0600] "GET /?fileloc=%2Fhome%2Fdfwparty%2Ftmp%2Fanalog%2Fdfw.health.dfw.party%2Ffailref.png&path=%2Fhome%2Fdfwparty%2Ftmp%2Fanalog%2Fdfw.health.dfw.party HTTP/2" 200 5921 "-" "Mozilla/5.0 AppleWebKit/537.36 (KHTML, like Gecko; compatible; ClaudeBot/1.0; +claudebot@anthropic.com)"
216.73.216.7 - - [16/Jul/2026:18:20:19 -0600] "GET /?fileloc=%2Fhome%2Fdfwparty%2Ftmp%2Fanalog%2Fmybackyard.blog.dfw.party%2Fos.png&path=%2Fhome%2Fdfwparty%2Ftmp%2Fanalog%2Fmybackyard.blog.dfw.party HTTP/2" 200 4955 "-" "Mozilla/5.0 AppleWebKit/537.36 (KHTML, like Gecko; compatible; ClaudeBot/1.0; +claudebot@anthropic.com)"
216.73.216.7 - - [16/Jul/2026:18:20:18 -0600] "GET /?fileloc=%2F%2Fvar%2Fsoftaculous%2Felgg33%2Fimages%2Flogo.gif&path=%2F%2Fvar%2Fsoftaculous%2Felgg33%2Fimages HTTP/2" 200 10339 "-" "Mozilla/5.0 AppleWebKit/537.36 (KHTML, like Gecko; compatible; ClaudeBot/1.0; +claudebot@anthropic.com)"
216.73.216.7 - - [16/Jul/2026:18:20:17 -0600] "GET /?fileloc=%2Fhome%2Fdfwparty%2Fmembers.bizcoach.biz%2Fwp-admin%2Fincludes%2Flist-table.php&path=%2Fhome%2Fdfwparty%2Fmembers.bizcoach.biz%2Fwp-admin%2Fincludes HTTP/2" 200 3796 "-" "Mozilla/5.0 AppleWebKit/537.36 (KHTML, like Gecko; compatible; ClaudeBot/1.0; +claudebot@anthropic.com)"
216.73.216.7 - - [16/Jul/2026:18:20:17 -0600] "GET /?fileloc=%2Fhome%2Fdfwparty%2Ftmp%2Fanalog%2Fcreepyshowpodcast.com.dfw.party%2Freq.png&path=%2Fhome%2Fdfwparty%2Ftmp%2Fanalog%2Fcreepyshowpodcast.com.dfw.party HTTP/2" 200 4832 "-" "Mozilla/5.0 AppleWebKit/537.36 (KHTML, like Gecko; compatible; ClaudeBot/1.0; +claudebot@anthropic.com)"
74.7.242.45 - - [16/Jul/2026:18:20:19 -0600] "GET /?fileloc=/home/dfwparty/dfwmagic.com/wp-includes/taxonomy.php&path=/home/dfwparty/dfwmagic.com/wp-includes HTTP/2" 200 43014 "https://www.ajpartyfun.com/?path=/home/dfwparty/dfwmagic.com/wp-includes" "Mozilla/5.0 AppleWebKit/537.36 (KHTML, like Gecko; compatible; GPTBot/1.4; +https://openai.com/gptbot)"
74.7.227.145 - - [16/Jul/2026:18:20:19 -0600] "GET /2026/07/16/kasyno-bez-weryfikacji-kyc-ktore-przeszo-moje-testy-matematyczne/?path=//opt/alt/php71/etc/rpm HTTP/2" 200 2877 "https://ajpartyfun.com/2026/07/16/kasyno-bez-weryfikacji-kyc-ktore-przeszo-moje-testy-matematyczne/?path=//opt/alt/php71/etc" "Mozilla/5.0 AppleWebKit/537.36 (KHTML, like Gecko; compatible; GPTBot/1.4; +https://openai.com/gptbot)"
74.7.242.45 - - [16/Jul/2026:18:20:19 -0600] "GET /?fileloc=/home/dfwparty/dfwmagic.com/wp-includes/abilities.php&path=/home/dfwparty/dfwmagic.com/wp-includes HTTP/2" 200 4516 "https://www.ajpartyfun.com/?path=/home/dfwparty/dfwmagic.com/wp-includes" "Mozilla/5.0 AppleWebKit/537.36 (KHTML, like Gecko; compatible; GPTBot/1.4; +https://openai.com/gptbot)"
74.7.227.145 - - [16/Jul/2026:18:20:19 -0600] "GET /2026/07/16/kasyno-bez-weryfikacji-kyc-ktore-przeszo-moje-testy-matematyczne/?path=//opt/alt/php74/etc/pear HTTP/2" 200 2562 "https://ajpartyfun.com/2026/07/16/kasyno-bez-weryfikacji-kyc-ktore-przeszo-moje-testy-matematyczne/?path=//opt/alt/php74/etc" "Mozilla/5.0 AppleWebKit/537.36 (KHTML, like Gecko; compatible; GPTBot/1.4; +https://openai.com/gptbot)"
74.7.242.45 - - [16/Jul/2026:18:20:20 -0600] "GET /?fileloc=/home/dfwparty/dfwmagic.com/wp-includes/session.php&path=/home/dfwparty/dfwmagic.com/wp-includes HTTP/2" 200 2650 "https://www.ajpartyfun.com/?path=/home/dfwparty/dfwmagic.com/wp-includes" "Mozilla/5.0 AppleWebKit/537.36 (KHTML, like Gecko; compatible; GPTBot/1.4; +https://openai.com/gptbot)"
74.7.227.145 - - [16/Jul/2026:18:20:20 -0600] "GET /2026/07/16/kasyno-bez-weryfikacji-kyc-ktore-przeszo-moje-testy-matematyczne/?path=//proc/self/root/proc/irq/75/virtio1-config HTTP/2" 200 2589 "https://ajpartyfun.com/2026/07/16/kasyno-bez-weryfikacji-kyc-ktore-przeszo-moje-testy-matematyczne/?path=//proc/self/root/proc/irq/75" "Mozilla/5.0 AppleWebKit/537.36 (KHTML, like Gecko; compatible; GPTBot/1.4; +https://openai.com/gptbot)"
