74.7.242.45 - - [16/Jul/2026:18:24:25 -0600] "GET /?fileloc=/home/dfwparty/bizcoach.biz/wp-content/plugins/elementor-pro/assets/js/search.23190cfcf422699116da.bundle.js&path=/home/dfwparty/bizcoach.biz/wp-content/plugins/elementor-pro/assets/js HTTP/2" 200 7831 "https://www.ajpartyfun.com/?path=/home/dfwparty/bizcoach.biz/wp-content/plugins/elementor-pro/assets/js" "Mozilla/5.0 AppleWebKit/537.36 (KHTML, like Gecko; compatible; GPTBot/1.4; +https://openai.com/gptbot)"
74.7.227.145 - - [16/Jul/2026:18:24:25 -0600] "GET /2026/07/16/kasyno-bez-weryfikacji-kyc-ktore-przeszo-moje-testy-matematyczne/?fileloc=//proc/370334/root/lib64/python3.12/encodings/iso8859_8.pyc&path=//proc/370334/root/lib64/python3.12/encodings HTTP/2" 200 4091 "https://ajpartyfun.com/2026/07/16/kasyno-bez-weryfikacji-kyc-ktore-przeszo-moje-testy-matematyczne/?path=//proc/370334/root/lib64/python3.12/encodings" "Mozilla/5.0 AppleWebKit/537.36 (KHTML, like Gecko; compatible; GPTBot/1.4; +https://openai.com/gptbot)"
74.7.242.45 - - [16/Jul/2026:18:24:25 -0600] "GET /?fileloc=/home/dfwparty/bizcoach.biz/wp-content/themes/astra/admin/assets/theme-builder/build/index.js&path=/home/dfwparty/bizcoach.biz/wp-content/themes/astra/admin/assets/theme-builder/build HTTP/2" 200 316732 "https://www.ajpartyfun.com/?path=/home/dfwparty/bizcoach.biz/wp-content/themes/astra/admin/assets/theme-builder/build" "Mozilla/5.0 AppleWebKit/537.36 (KHTML, like Gecko; compatible; GPTBot/1.4; +https://openai.com/gptbot)"
74.7.227.145 - - [16/Jul/2026:18:24:26 -0600] "GET /2026/07/16/kasyno-bez-weryfikacji-kyc-ktore-przeszo-moje-testy-matematyczne/?path=//proc/370334/root/lib64/python3.12/encodings/__pycache__ HTTP/2" 200 7082 "https://ajpartyfun.com/2026/07/16/kasyno-bez-weryfikacji-kyc-ktore-przeszo-moje-testy-matematyczne/?path=//proc/370334/root/lib64/python3.12/encodings" "Mozilla/5.0 AppleWebKit/537.36 (KHTML, like Gecko; compatible; GPTBot/1.4; +https://openai.com/gptbot)"
74.7.242.45 - - [16/Jul/2026:18:24:26 -0600] "GET /?fileloc=/home/dfwparty/bizcoach.biz/wp-content/plugins/elementor/modules/atomic-widgets/query/query-builder-factory.php&path=/home/dfwparty/bizcoach.biz/wp-content/plugins/elementor/modules/atomic-widgets/query HTTP/2" 200 2983 "https://www.ajpartyfun.com/?path=/home/dfwparty/bizcoach.biz/wp-content/plugins/elementor/modules/atomic-widgets/query" "Mozilla/5.0 AppleWebKit/537.36 (KHTML, like Gecko; compatible; GPTBot/1.4; +https://openai.com/gptbot)"
74.7.227.145 - - [16/Jul/2026:18:24:26 -0600] "GET /2026/07/16/kasyno-bez-weryfikacji-kyc-ktore-przeszo-moje-testy-matematyczne/?fileloc=//proc/thread-self/root/proc/self/cwd/wp-settings.php&path=//proc/thread-self/root/proc/self/cwd HTTP/2" 200 9163 "https://ajpartyfun.com/2026/07/16/kasyno-bez-weryfikacji-kyc-ktore-przeszo-moje-testy-matematyczne/?path=//proc/thread-self/root/proc/self/cwd" "Mozilla/5.0 AppleWebKit/537.36 (KHTML, like Gecko; compatible; GPTBot/1.4; +https://openai.com/gptbot)"
74.7.242.45 - - [16/Jul/2026:18:24:26 -0600] "GET /?fileloc=/home/dfwparty/bizcoach.biz/wp-content/plugins/elementor/modules/atomic-widgets/query/term-query-builder.php&path=/home/dfwparty/bizcoach.biz/wp-content/plugins/elementor/modules/atomic-widgets/query HTTP/2" 200 3055 "https://www.ajpartyfun.com/?path=/home/dfwparty/bizcoach.biz/wp-content/plugins/elementor/modules/atomic-widgets/query" "Mozilla/5.0 AppleWebKit/537.36 (KHTML, like Gecko; compatible; GPTBot/1.4; +https://openai.com/gptbot)"
74.7.227.145 - - [16/Jul/2026:18:24:27 -0600] "GET /2026/07/16/kasyno-bez-weryfikacji-kyc-ktore-przeszo-moje-testy-matematyczne/?path=//etc/environment-modules HTTP/2" 200 2890 "https://ajpartyfun.com/2026/07/16/kasyno-bez-weryfikacji-kyc-ktore-przeszo-moje-testy-matematyczne/?path=//etc" "Mozilla/5.0 AppleWebKit/537.36 (KHTML, like Gecko; compatible; GPTBot/1.4; +https://openai.com/gptbot)"
74.7.242.45 - - [16/Jul/2026:18:24:27 -0600] "GET /?fileloc=/home/dfwparty/bizcoach.biz/wp-content/plugins/elementor/modules/atomic-widgets/query/query-builder-base.php&path=/home/dfwparty/bizcoach.biz/wp-content/plugins/elementor/modules/atomic-widgets/query HTTP/2" 200 2769 "https://www.ajpartyfun.com/?path=/home/dfwparty/bizcoach.biz/wp-content/plugins/elementor/modules/atomic-widgets/query" "Mozilla/5.0 AppleWebKit/537.36 (KHTML, like Gecko; compatible; GPTBot/1.4; +https://openai.com/gptbot)"
74.7.227.145 - - [16/Jul/2026:18:24:27 -0600] "GET /2026/07/16/kasyno-bez-weryfikacji-kyc-ktore-przeszo-moje-testy-matematyczne/?path=//lib/firmware/mellanox HTTP/2" 200 4896 "https://ajpartyfun.com/2026/07/16/kasyno-bez-weryfikacji-kyc-ktore-przeszo-moje-testy-matematyczne/?path=//lib/firmware" "Mozilla/5.0 AppleWebKit/537.36 (KHTML, like Gecko; compatible; GPTBot/1.4; +https://openai.com/gptbot)"
74.7.242.45 - - [16/Jul/2026:18:24:27 -0600] "GET /?fileloc=/home/dfwparty/bizcoach.biz/wp-content/plugins/elementor/modules/atomic-widgets/utils/utils.php&path=/home/dfwparty/bizcoach.biz/wp-content/plugins/elementor/modules/atomic-widgets/utils HTTP/2" 200 3214 "https://www.ajpartyfun.com/?path=/home/dfwparty/bizcoach.biz/wp-content/plugins/elementor/modules/atomic-widgets/utils" "Mozilla/5.0 AppleWebKit/537.36 (KHTML, like Gecko; compatible; GPTBot/1.4; +https://openai.com/gptbot)"
74.7.227.145 - - [16/Jul/2026:18:24:28 -0600] "GET /2026/07/16/kasyno-bez-weryfikacji-kyc-ktore-przeszo-moje-testy-matematyczne/?path=//proc/370334/root/lib64/python3.12/multiprocessing/__pycache__ HTTP/2" 200 4653 "https://ajpartyfun.com/2026/07/16/kasyno-bez-weryfikacji-kyc-ktore-przeszo-moje-testy-matematyczne/?path=//proc/370334/root/lib64/python3.12/multiprocessing" "Mozilla/5.0 AppleWebKit/537.36 (KHTML, like Gecko; compatible; GPTBot/1.4; +https://openai.com/gptbot)"
74.7.242.45 - - [16/Jul/2026:18:24:28 -0600] "GET /?fileloc=/home/dfwparty/bizcoach.biz/wp-content/plugins/elementor/modules/global-classes/utils/atomic-elements-utils.php&path=/home/dfwparty/bizcoach.biz/wp-content/plugins/elementor/modules/global-classes/utils HTTP/2" 200 3244 "https://www.ajpartyfun.com/?path=/home/dfwparty/bizcoach.biz/wp-content/plugins/elementor/modules/global-classes/utils" "Mozilla/5.0 AppleWebKit/537.36 (KHTML, like Gecko; compatible; GPTBot/1.4; +https://openai.com/gptbot)"
74.7.227.145 - - [16/Jul/2026:18:24:28 -0600] "GET /2026/07/16/kasyno-bez-weryfikacji-kyc-ktore-przeszo-moje-testy-matematyczne/?path=//proc/370334/root/lib64/python3.12/multiprocessing/dummy HTTP/2" 200 3026 "https://ajpartyfun.com/2026/07/16/kasyno-bez-weryfikacji-kyc-ktore-przeszo-moje-testy-matematyczne/?path=//proc/370334/root/lib64/python3.12/multiprocessing" "Mozilla/5.0 AppleWebKit/537.36 (KHTML, like Gecko; compatible; GPTBot/1.4; +https://openai.com/gptbot)"
74.7.242.45 - - [16/Jul/2026:18:24:29 -0600] "GET /?fileloc=/home/dfwparty/bizcoach.biz/wp-content/plugins/elementor/modules/atomic-widgets/utils/memo.php&path=/home/dfwparty/bizcoach.biz/wp-content/plugins/elementor/modules/atomic-widgets/utils HTTP/2" 200 2829 "https://www.ajpartyfun.com/?path=/home/dfwparty/bizcoach.biz/wp-content/plugins/elementor/modules/atomic-widgets/utils" "Mozilla/5.0 AppleWebKit/537.36 (KHTML, like Gecko; compatible; GPTBot/1.4; +https://openai.com/gptbot)"
74.7.242.45 - - [16/Jul/2026:18:24:29 -0600] "GET /?fileloc=/home/dfwparty/bizcoach.biz/wp-content/plugins/elementor/modules/global-classes/usage/document-usage.php&path=/home/dfwparty/bizcoach.biz/wp-content/plugins/elementor/modules/global-classes/usage HTTP/2" 200 3404 "https://www.ajpartyfun.com/?path=/home/dfwparty/bizcoach.biz/wp-content/plugins/elementor/modules/global-classes/usage" "Mozilla/5.0 AppleWebKit/537.36 (KHTML, like Gecko; compatible; GPTBot/1.4; +https://openai.com/gptbot)"
74.7.227.145 - - [16/Jul/2026:18:24:29 -0600] "GET /2026/07/16/kasyno-bez-weryfikacji-kyc-ktore-przeszo-moje-testy-matematyczne/?path=//etc/modulefiles HTTP/2" 200 2545 "https://ajpartyfun.com/2026/07/16/kasyno-bez-weryfikacji-kyc-ktore-przeszo-moje-testy-matematyczne/?path=//etc" "Mozilla/5.0 AppleWebKit/537.36 (KHTML, like Gecko; compatible; GPTBot/1.4; +https://openai.com/gptbot)"
74.7.227.145 - - [16/Jul/2026:18:24:30 -0600] "GET /2026/07/16/kasyno-bez-weryfikacji-kyc-ktore-przeszo-moje-testy-matematyczne/?path=//lib/firmware/microchip HTTP/2" 200 2888 "https://ajpartyfun.com/2026/07/16/kasyno-bez-weryfikacji-kyc-ktore-przeszo-moje-testy-matematyczne/?path=//lib/firmware" "Mozilla/5.0 AppleWebKit/537.36 (KHTML, like Gecko; compatible; GPTBot/1.4; +https://openai.com/gptbot)"
74.7.242.45 - - [16/Jul/2026:18:24:30 -0600] "GET /?fileloc=/home/dfwparty/bizcoach.biz/wp-content/plugins/elementor/includes/libraries/bfi-thumb/bfi-thumb.php&path=/home/dfwparty/bizcoach.biz/wp-content/plugins/elementor/includes/libraries/bfi-thumb HTTP/2" 200 9390 "https://www.ajpartyfun.com/?path=/home/dfwparty/bizcoach.biz/wp-content/plugins/elementor/includes/libraries/bfi-thumb" "Mozilla/5.0 AppleWebKit/537.36 (KHTML, like Gecko; compatible; GPTBot/1.4; +https://openai.com/gptbot)"
74.7.227.145 - - [16/Jul/2026:18:24:30 -0600] "GET /2026/07/16/kasyno-bez-weryfikacji-kyc-ktore-przeszo-moje-testy-matematyczne/?path=//var/softaculous HTTP/2" 200 15032 "https://ajpartyfun.com/2026/07/16/kasyno-bez-weryfikacji-kyc-ktore-przeszo-moje-testy-matematyczne/?path=//var" "Mozilla/5.0 AppleWebKit/537.36 (KHTML, like Gecko; compatible; GPTBot/1.4; +https://openai.com/gptbot)"
74.7.242.45 - - [16/Jul/2026:18:24:30 -0600] "GET /?fileloc=/home/dfwparty/bizcoach.biz/wp-content/plugins/elementor/modules/variables/prop-types/color-variable-prop-type.php&path=/home/dfwparty/bizcoach.biz/wp-content/plugins/elementor/modules/variables/prop-types HTTP/2" 200 2788 "https://www.ajpartyfun.com/?path=/home/dfwparty/bizcoach.biz/wp-content/plugins/elementor/modules/variables/prop-types" "Mozilla/5.0 AppleWebKit/537.36 (KHTML, like Gecko; compatible; GPTBot/1.4; +https://openai.com/gptbot)"
74.7.227.145 - - [16/Jul/2026:18:24:31 -0600] "GET /2026/07/16/kasyno-bez-weryfikacji-kyc-ktore-przeszo-moje-testy-matematyczne/?path=//lib/firmware/rockchip HTTP/2" 200 2819 "https://ajpartyfun.com/2026/07/16/kasyno-bez-weryfikacji-kyc-ktore-przeszo-moje-testy-matematyczne/?path=//lib/firmware" "Mozilla/5.0 AppleWebKit/537.36 (KHTML, like Gecko; compatible; GPTBot/1.4; +https://openai.com/gptbot)"
74.7.242.45 - - [16/Jul/2026:18:24:31 -0600] "GET /?fileloc=/home/dfwparty/bizcoach.biz/wp-content/plugins/elementor/modules/variables/prop-types/size-variable-prop-type.php&path=/home/dfwparty/bizcoach.biz/wp-content/plugins/elementor/modules/variables/prop-types HTTP/2" 200 2789 "https://www.ajpartyfun.com/?path=/home/dfwparty/bizcoach.biz/wp-content/plugins/elementor/modules/variables/prop-types" "Mozilla/5.0 AppleWebKit/537.36 (KHTML, like Gecko; compatible; GPTBot/1.4; +https://openai.com/gptbot)"
74.7.227.145 - - [16/Jul/2026:18:24:31 -0600] "GET /2026/07/16/kasyno-bez-weryfikacji-kyc-ktore-przeszo-moje-testy-matematyczne/?path=//lib/firmware/advansys HTTP/2" 200 2951 "https://ajpartyfun.com/2026/07/16/kasyno-bez-weryfikacji-kyc-ktore-przeszo-moje-testy-matematyczne/?path=//lib/firmware" "Mozilla/5.0 AppleWebKit/537.36 (KHTML, like Gecko; compatible; GPTBot/1.4; +https://openai.com/gptbot)"
74.7.242.45 - - [16/Jul/2026:18:24:31 -0600] "GET /?fileloc=/home/dfwparty/bizcoach.biz/wp-content/plugins/elementor/modules/variables/prop-types/font-variable-prop-type.php&path=/home/dfwparty/bizcoach.biz/wp-content/plugins/elementor/modules/variables/prop-types HTTP/2" 200 2787 "https://www.ajpartyfun.com/?path=/home/dfwparty/bizcoach.biz/wp-content/plugins/elementor/modules/variables/prop-types" "Mozilla/5.0 AppleWebKit/537.36 (KHTML, like Gecko; compatible; GPTBot/1.4; +https://openai.com/gptbot)"
74.7.227.145 - - [16/Jul/2026:18:24:32 -0600] "GET /2026/07/16/kasyno-bez-weryfikacji-kyc-ktore-przeszo-moje-testy-matematyczne/?path=//lib/firmware/edgeport HTTP/2" 200 2984 "https://ajpartyfun.com/2026/07/16/kasyno-bez-weryfikacji-kyc-ktore-przeszo-moje-testy-matematyczne/?path=//lib/firmware" "Mozilla/5.0 AppleWebKit/537.36 (KHTML, like Gecko; compatible; GPTBot/1.4; +https://openai.com/gptbot)"
74.7.242.45 - - [16/Jul/2026:18:24:32 -0600] "GET /?path=/home/dfwparty/bizcoach.biz/wp-content/plugins/elementor/modules/site-navigation/data/endpoints HTTP/2" 200 3062 "https://www.ajpartyfun.com/?path=/home/dfwparty/bizcoach.biz/wp-content/plugins/elementor/modules/site-navigation/data" "Mozilla/5.0 AppleWebKit/537.36 (KHTML, like Gecko; compatible; GPTBot/1.4; +https://openai.com/gptbot)"
74.7.227.145 - - [16/Jul/2026:18:24:32 -0600] "GET /2026/07/16/kasyno-bez-weryfikacji-kyc-ktore-przeszo-moje-testy-matematyczne/?path=//opt/cpanel/ea-wappspector/vendor/rector/rector/templates/custom-rules-annotations/utils/rector/tests HTTP/2" 200 2889 "https://ajpartyfun.com/2026/07/16/kasyno-bez-weryfikacji-kyc-ktore-przeszo-moje-testy-matematyczne/?path=//opt/cpanel/ea-wappspector/vendor/rector/rector/templates/custom-rules-annotations/utils/rector" "Mozilla/5.0 AppleWebKit/537.36 (KHTML, like Gecko; compatible; GPTBot/1.4; +https://openai.com/gptbot)"
74.7.242.45 - - [16/Jul/2026:18:24:32 -0600] "GET /?path=/home/dfwparty/bizcoach.biz/wp-content/plugins/elementor/modules/atomic-widgets/utils/image HTTP/2" 200 2951 "https://www.ajpartyfun.com/?path=/home/dfwparty/bizcoach.biz/wp-content/plugins/elementor/modules/atomic-widgets/utils" "Mozilla/5.0 AppleWebKit/537.36 (KHTML, like Gecko; compatible; GPTBot/1.4; +https://openai.com/gptbot)"
74.7.227.145 - - [16/Jul/2026:18:24:33 -0600] "GET /2026/07/16/kasyno-bez-weryfikacji-kyc-ktore-przeszo-moje-testy-matematyczne/?fileloc=//proc/370334/root/usr/include/linux/net.h&path=//proc/370334/root/usr/include/linux HTTP/2" 200 3467 "https://ajpartyfun.com/2026/07/16/kasyno-bez-weryfikacji-kyc-ktore-przeszo-moje-testy-matematyczne/?path=//proc/370334/root/usr/include/linux" "Mozilla/5.0 AppleWebKit/537.36 (KHTML, like Gecko; compatible; GPTBot/1.4; +https://openai.com/gptbot)"
74.7.242.45 - - [16/Jul/2026:18:24:33 -0600] "GET /?fileloc=/home/dfwparty/bizcoach.biz/wp-content/plugins/elementor/modules/atomic-widgets/query/user-query-builder.php&path=/home/dfwparty/bizcoach.biz/wp-content/plugins/elementor/modules/atomic-widgets/query HTTP/2" 200 3027 "https://www.ajpartyfun.com/?path=/home/dfwparty/bizcoach.biz/wp-content/plugins/elementor/modules/atomic-widgets/query" "Mozilla/5.0 AppleWebKit/537.36 (KHTML, like Gecko; compatible; GPTBot/1.4; +https://openai.com/gptbot)"
74.7.227.145 - - [16/Jul/2026:18:24:33 -0600] "GET /2026/07/16/kasyno-bez-weryfikacji-kyc-ktore-przeszo-moje-testy-matematyczne/?path=//lib/firmware/ath6k/AR6002 HTTP/2" 200 2989 "https://ajpartyfun.com/2026/07/16/kasyno-bez-weryfikacji-kyc-ktore-przeszo-moje-testy-matematyczne/?path=//lib/firmware/ath6k" "Mozilla/5.0 AppleWebKit/537.36 (KHTML, like Gecko; compatible; GPTBot/1.4; +https://openai.com/gptbot)"
74.7.242.45 - - [16/Jul/2026:18:24:33 -0600] "GET /?fileloc=/home/dfwparty/bizcoach.biz/wp-content/plugins/elementor/modules/global-classes/usage/applied-global-classes-usage.php&path=/home/dfwparty/bizcoach.biz/wp-content/plugins/elementor/modules/global-classes/usage HTTP/2" 200 3653 "https://www.ajpartyfun.com/?path=/home/dfwparty/bizcoach.biz/wp-content/plugins/elementor/modules/global-classes/usage" "Mozilla/5.0 AppleWebKit/537.36 (KHTML, like Gecko; compatible; GPTBot/1.4; +https://openai.com/gptbot)"
74.7.242.45 - - [16/Jul/2026:18:24:34 -0600] "GET /?fileloc=/home/dfwparty/bizcoach.biz/wp-content/plugins/elementor/modules/global-classes/utils/global-class-data-normalizer.php&path=/home/dfwparty/bizcoach.biz/wp-content/plugins/elementor/modules/global-classes/utils HTTP/2" 200 3011 "https://www.ajpartyfun.com/?path=/home/dfwparty/bizcoach.biz/wp-content/plugins/elementor/modules/global-classes/utils" "Mozilla/5.0 AppleWebKit/537.36 (KHTML, like Gecko; compatible; GPTBot/1.4; +https://openai.com/gptbot)"
74.7.227.145 - - [16/Jul/2026:18:24:34 -0600] "GET /2026/07/16/kasyno-bez-weryfikacji-kyc-ktore-przeszo-moje-testy-matematyczne/?path=//lib/firmware/ath6k/AR6004 HTTP/2" 200 2835 "https://ajpartyfun.com/2026/07/16/kasyno-bez-weryfikacji-kyc-ktore-przeszo-moje-testy-matematyczne/?path=//lib/firmware/ath6k" "Mozilla/5.0 AppleWebKit/537.36 (KHTML, like Gecko; compatible; GPTBot/1.4; +https://openai.com/gptbot)"
74.7.227.145 - - [16/Jul/2026:18:24:34 -0600] "GET /2026/07/16/kasyno-bez-weryfikacji-kyc-ktore-przeszo-moje-testy-matematyczne/?fileloc=//proc/370334/root/usr/lib64/python3.12/email/__pycache__/message.cpython-312.pyc&path=//proc/370334/root/usr/lib64/python3.12/email/__pycache__ HTTP/2" 200 24068 "https://ajpartyfun.com/2026/07/16/kasyno-bez-weryfikacji-kyc-ktore-przeszo-moje-testy-matematyczne/?path=//proc/370334/root/usr/lib64/python3.12/email/__pycache__" "Mozilla/5.0 AppleWebKit/537.36 (KHTML, like Gecko; compatible; GPTBot/1.4; +https://openai.com/gptbot)"
74.7.242.45 - - [16/Jul/2026:18:24:34 -0600] "GET /?fileloc=/home/dfwparty/bizcoach.biz/wp-content/plugins/elementor/modules/atomic-widgets/usage/atomic-element-usage-calculator.php&path=/home/dfwparty/bizcoach.biz/wp-content/plugins/elementor/modules/atomic-widgets/usage HTTP/2" 200 4462 "https://www.ajpartyfun.com/?path=/home/dfwparty/bizcoach.biz/wp-content/plugins/elementor/modules/atomic-widgets/usage" "Mozilla/5.0 AppleWebKit/537.36 (KHTML, like Gecko; compatible; GPTBot/1.4; +https://openai.com/gptbot)"
74.7.242.45 - - [16/Jul/2026:18:24:35 -0600] "GET /?fileloc=/home/dfwparty/bizcoach.biz/wp-content/plugins/elementor/modules/global-classes/utils/template-library-global-classes.php&path=/home/dfwparty/bizcoach.biz/wp-content/plugins/elementor/modules/global-classes/utils HTTP/2" 200 3187 "https://www.ajpartyfun.com/?path=/home/dfwparty/bizcoach.biz/wp-content/plugins/elementor/modules/global-classes/utils" "Mozilla/5.0 AppleWebKit/537.36 (KHTML, like Gecko; compatible; GPTBot/1.4; +https://openai.com/gptbot)"
74.7.227.145 - - [16/Jul/2026:18:24:35 -0600] "GET /2026/07/16/kasyno-bez-weryfikacji-kyc-ktore-przeszo-moje-testy-matematyczne/?path=//lib/firmware/ath6k/AR6003 HTTP/2" 200 2857 "https://ajpartyfun.com/2026/07/16/kasyno-bez-weryfikacji-kyc-ktore-przeszo-moje-testy-matematyczne/?path=//lib/firmware/ath6k" "Mozilla/5.0 AppleWebKit/537.36 (KHTML, like Gecko; compatible; GPTBot/1.4; +https://openai.com/gptbot)"
74.7.242.45 - - [16/Jul/2026:18:24:36 -0600] "GET /?fileloc=/home/dfwparty/bizcoach.biz/wp-content/plugins/elementor/modules/site-navigation/data/controller.php&path=/home/dfwparty/bizcoach.biz/wp-content/plugins/elementor/modules/site-navigation/data HTTP/2" 200 3062 "https://www.ajpartyfun.com/?path=/home/dfwparty/bizcoach.biz/wp-content/plugins/elementor/modules/site-navigation/data" "Mozilla/5.0 AppleWebKit/537.36 (KHTML, like Gecko; compatible; GPTBot/1.4; +https://openai.com/gptbot)"
74.7.227.145 - - [16/Jul/2026:18:24:36 -0600] "GET /2026/07/16/kasyno-bez-weryfikacji-kyc-ktore-przeszo-moje-testy-matematyczne/?path=//opt/cloudlinux/venv/lib/python3.11/site-packages/setuptools/_vendor/importlib_metadata-8.0.0.dist-info HTTP/2" 200 3199 "https://ajpartyfun.com/2026/07/16/kasyno-bez-weryfikacji-kyc-ktore-przeszo-moje-testy-matematyczne/?path=//opt/cloudlinux/venv/lib/python3.11/site-packages/setuptools/_vendor" "Mozilla/5.0 AppleWebKit/537.36 (KHTML, like Gecko; compatible; GPTBot/1.4; +https://openai.com/gptbot)"
74.7.227.145 - - [16/Jul/2026:18:24:36 -0600] "GET /2026/07/16/kasyno-bez-weryfikacji-kyc-ktore-przeszo-moje-testy-matematyczne/?path=//opt/cloudlinux/venv/lib/python3.11/site-packages/setuptools/_vendor/platformdirs-4.2.2.dist-info HTTP/2" 200 3188 "https://ajpartyfun.com/2026/07/16/kasyno-bez-weryfikacji-kyc-ktore-przeszo-moje-testy-matematyczne/?path=//opt/cloudlinux/venv/lib/python3.11/site-packages/setuptools/_vendor" "Mozilla/5.0 AppleWebKit/537.36 (KHTML, like Gecko; compatible; GPTBot/1.4; +https://openai.com/gptbot)"
74.7.242.45 - - [16/Jul/2026:18:24:36 -0600] "GET /?fileloc=/home/dfwparty/bizcoach.biz/wp-includes/class-wp-block-list.php&path=/home/dfwparty/bizcoach.biz/wp-includes HTTP/2" 200 3641 "https://www.ajpartyfun.com/?path=/home/dfwparty/bizcoach.biz/wp-includes" "Mozilla/5.0 AppleWebKit/537.36 (KHTML, like Gecko; compatible; GPTBot/1.4; +https://openai.com/gptbot)"
74.7.242.45 - - [16/Jul/2026:18:24:37 -0600] "GET /?path=/home/dfwparty/bizcoach.biz/wp-content/plugins/elementor/modules/home/classes HTTP/2" 200 2901 "https://www.ajpartyfun.com/?path=/home/dfwparty/bizcoach.biz/wp-content/plugins/elementor/modules/home" "Mozilla/5.0 AppleWebKit/537.36 (KHTML, like Gecko; compatible; GPTBot/1.4; +https://openai.com/gptbot)"
74.7.227.145 - - [16/Jul/2026:18:24:37 -0600] "GET /2026/07/16/kasyno-bez-weryfikacji-kyc-ktore-przeszo-moje-testy-matematyczne/?fileloc=//proc/370334/root/usr/lib64/python3.12/lib2to3/fixes/__pycache__/fix_imports.cpython-312.pyc&path=//proc/370334/root/usr/lib64/python3.12/lib2to3/fixes/__pycache__ HTTP/2" 200 6138 "https://ajpartyfun.com/2026/07/16/kasyno-bez-weryfikacji-kyc-ktore-przeszo-moje-testy-matematyczne/?path=//proc/370334/root/usr/lib64/python3.12/lib2to3/fixes/__pycache__" "Mozilla/5.0 AppleWebKit/537.36 (KHTML, like Gecko; compatible; GPTBot/1.4; +https://openai.com/gptbot)"
74.7.242.45 - - [16/Jul/2026:18:24:37 -0600] "GET /?fileloc=/home/dfwparty/dfwmagic.com/wp-admin/js/tags.js&path=/home/dfwparty/dfwmagic.com/wp-admin/js HTTP/2" 200 4831 "https://www.ajpartyfun.com/?path=/home/dfwparty/dfwmagic.com/wp-admin/js" "Mozilla/5.0 AppleWebKit/537.36 (KHTML, like Gecko; compatible; GPTBot/1.4; +https://openai.com/gptbot)"
74.7.227.145 - - [16/Jul/2026:18:24:37 -0600] "GET /2026/07/16/kasyno-bez-weryfikacji-kyc-ktore-przeszo-moje-testy-matematyczne/?fileloc=//proc/370334/root/usr/lib64/python3.12/lib2to3/fixes/__pycache__/fix_next.cpython-312.opt-1.pyc&path=//proc/370334/root/usr/lib64/python3.12/lib2to3/fixes/__pycache__ HTTP/2" 200 5044 "https://ajpartyfun.com/2026/07/16/kasyno-bez-weryfikacji-kyc-ktore-przeszo-moje-testy-matematyczne/?path=//proc/370334/root/usr/lib64/python3.12/lib2to3/fixes/__pycache__" "Mozilla/5.0 AppleWebKit/537.36 (KHTML, like Gecko; compatible; GPTBot/1.4; +https://openai.com/gptbot)"
74.7.242.45 - - [16/Jul/2026:18:24:38 -0600] "GET /?fileloc=/home/dfwparty/bizcoach.biz/wp-content/plugins/elementor/modules/site-navigation/data/endpoints/homepage.php&path=/home/dfwparty/bizcoach.biz/wp-content/plugins/elementor/modules/site-navigation/data/endpoints HTTP/2" 200 2873 "https://www.ajpartyfun.com/?path=/home/dfwparty/bizcoach.biz/wp-content/plugins/elementor/modules/site-navigation/data/endpoints" "Mozilla/5.0 AppleWebKit/537.36 (KHTML, like Gecko; compatible; GPTBot/1.4; +https://openai.com/gptbot)"
74.7.227.145 - - [16/Jul/2026:18:24:38 -0600] "GET /2026/07/16/kasyno-bez-weryfikacji-kyc-ktore-przeszo-moje-testy-matematyczne/?fileloc=//proc/370334/root/usr/lib64/python3.12/lib2to3/fixes/__pycache__/fix_getcwdu.cpython-312.opt-2.pyc&path=//proc/370334/root/usr/lib64/python3.12/lib2to3/fixes/__pycache__ HTTP/2" 200 3207 "https://ajpartyfun.com/2026/07/16/kasyno-bez-weryfikacji-kyc-ktore-przeszo-moje-testy-matematyczne/?path=//proc/370334/root/usr/lib64/python3.12/lib2to3/fixes/__pycache__" "Mozilla/5.0 AppleWebKit/537.36 (KHTML, like Gecko; compatible; GPTBot/1.4; +https://openai.com/gptbot)"
74.7.242.45 - - [16/Jul/2026:18:24:38 -0600] "GET /?fileloc=/home/dfwparty/bizcoach.biz/wp-content/plugins/elementor/modules/atomic-widgets/utils/image/image-sizes.php&path=/home/dfwparty/bizcoach.biz/wp-content/plugins/elementor/modules/atomic-widgets/utils/image HTTP/2" 200 3255 "https://www.ajpartyfun.com/?path=/home/dfwparty/bizcoach.biz/wp-content/plugins/elementor/modules/atomic-widgets/utils/image" "Mozilla/5.0 AppleWebKit/537.36 (KHTML, like Gecko; compatible; GPTBot/1.4; +https://openai.com/gptbot)"
74.7.227.145 - - [16/Jul/2026:18:24:39 -0600] "GET /2026/07/16/kasyno-bez-weryfikacji-kyc-ktore-przeszo-moje-testy-matematyczne/?fileloc=//proc/370334/root/usr/lib64/python3.12/lib2to3/fixes/__pycache__/fix_apply.cpython-312.opt-2.pyc&path=//proc/370334/root/usr/lib64/python3.12/lib2to3/fixes/__pycache__ HTTP/2" 200 4060 "https://ajpartyfun.com/2026/07/16/kasyno-bez-weryfikacji-kyc-ktore-przeszo-moje-testy-matematyczne/?path=//proc/370334/root/usr/lib64/python3.12/lib2to3/fixes/__pycache__" "Mozilla/5.0 AppleWebKit/537.36 (KHTML, like Gecko; compatible; GPTBot/1.4; +https://openai.com/gptbot)"
74.7.242.45 - - [16/Jul/2026:18:24:39 -0600] "GET /?fileloc=/home/dfwparty/bizcoach.biz/wp-content/plugins/elementor/modules/atomic-widgets/utils/image/placeholder-image.php&path=/home/dfwparty/bizcoach.biz/wp-content/plugins/elementor/modules/atomic-widgets/utils/image HTTP/2" 200 2790 "https://www.ajpartyfun.com/?path=/home/dfwparty/bizcoach.biz/wp-content/plugins/elementor/modules/atomic-widgets/utils/image" "Mozilla/5.0 AppleWebKit/537.36 (KHTML, like Gecko; compatible; GPTBot/1.4; +https://openai.com/gptbot)"
74.7.242.45 - - [16/Jul/2026:18:24:39 -0600] "GET /?path=/home/dfwparty/bizcoach.biz/wp-includes/sodium_compat/src/PHP52 HTTP/2" 200 2877 "https://www.ajpartyfun.com/?path=/home/dfwparty/bizcoach.biz/wp-includes/sodium_compat/src" "Mozilla/5.0 AppleWebKit/537.36 (KHTML, like Gecko; compatible; GPTBot/1.4; +https://openai.com/gptbot)"
74.7.227.145 - - [16/Jul/2026:18:24:39 -0600] "GET /2026/07/16/kasyno-bez-weryfikacji-kyc-ktore-przeszo-moje-testy-matematyczne/?path=//opt/cloudlinux/venv/lib/python3.11/site-packages/setuptools/_vendor/jaraco.functools-4.0.1.dist-info HTTP/2" 200 3142 "https://ajpartyfun.com/2026/07/16/kasyno-bez-weryfikacji-kyc-ktore-przeszo-moje-testy-matematyczne/?path=//opt/cloudlinux/venv/lib/python3.11/site-packages/setuptools/_vendor" "Mozilla/5.0 AppleWebKit/537.36 (KHTML, like Gecko; compatible; GPTBot/1.4; +https://openai.com/gptbot)"
74.7.242.45 - - [16/Jul/2026:18:24:40 -0600] "GET /?fileloc=/home/dfwparty/bizcoach.biz/wp-content/plugins/elementor/modules/global-classes/usage/css-class-usage.php&path=/home/dfwparty/bizcoach.biz/wp-content/plugins/elementor/modules/global-classes/usage HTTP/2" 200 3555 "https://www.ajpartyfun.com/?path=/home/dfwparty/bizcoach.biz/wp-content/plugins/elementor/modules/global-classes/usage" "Mozilla/5.0 AppleWebKit/537.36 (KHTML, like Gecko; compatible; GPTBot/1.4; +https://openai.com/gptbot)"
74.7.227.145 - - [16/Jul/2026:18:24:40 -0600] "GET /2026/07/16/kasyno-bez-weryfikacji-kyc-ktore-przeszo-moje-testy-matematyczne/?path=//proc/irq/1/i8042 HTTP/2" 200 2554 "https://ajpartyfun.com/2026/07/16/kasyno-bez-weryfikacji-kyc-ktore-przeszo-moje-testy-matematyczne/?path=//proc/irq/1" "Mozilla/5.0 AppleWebKit/537.36 (KHTML, like Gecko; compatible; GPTBot/1.4; +https://openai.com/gptbot)"
74.7.242.45 - - [16/Jul/2026:18:24:40 -0600] "GET /?fileloc=/home/dfwparty/bizcoach.biz/wp-content/plugins/elementor/modules/atomic-widgets/styles/css-files-manager.php&path=/home/dfwparty/bizcoach.biz/wp-content/plugins/elementor/modules/atomic-widgets/styles HTTP/2" 200 3357 "https://www.ajpartyfun.com/?path=/home/dfwparty/bizcoach.biz/wp-content/plugins/elementor/modules/atomic-widgets/styles" "Mozilla/5.0 AppleWebKit/537.36 (KHTML, like Gecko; compatible; GPTBot/1.4; +https://openai.com/gptbot)"
74.7.227.145 - - [16/Jul/2026:18:24:41 -0600] "GET /2026/07/16/kasyno-bez-weryfikacji-kyc-ktore-przeszo-moje-testy-matematyczne/?path=//opt/cloudlinux/venv/lib/python3.11/site-packages/setuptools/_vendor/backports.tarfile-1.2.0.dist-info HTTP/2" 200 3199 "https://ajpartyfun.com/2026/07/16/kasyno-bez-weryfikacji-kyc-ktore-przeszo-moje-testy-matematyczne/?path=//opt/cloudlinux/venv/lib/python3.11/site-packages/setuptools/_vendor" "Mozilla/5.0 AppleWebKit/537.36 (KHTML, like Gecko; compatible; GPTBot/1.4; +https://openai.com/gptbot)"
74.7.242.45 - - [16/Jul/2026:18:24:41 -0600] "GET /?fileloc=/home/dfwparty/bizcoach.biz/wp-content/plugins/elementor/modules/variables/classes/css-renderer.php&path=/home/dfwparty/bizcoach.biz/wp-content/plugins/elementor/modules/variables/classes HTTP/2" 200 3224 "https://www.ajpartyfun.com/?path=/home/dfwparty/bizcoach.biz/wp-content/plugins/elementor/modules/variables/classes" "Mozilla/5.0 AppleWebKit/537.36 (KHTML, like Gecko; compatible; GPTBot/1.4; +https://openai.com/gptbot)"
74.7.242.45 - - [16/Jul/2026:18:24:41 -0600] "GET /?fileloc=/home/dfwparty/bizcoach.biz/wp-content/plugins/elementor/modules/pro-install/connect.php&path=/home/dfwparty/bizcoach.biz/wp-content/plugins/elementor/modules/pro-install HTTP/2" 200 3030 "https://www.ajpartyfun.com/?path=/home/dfwparty/bizcoach.biz/wp-content/plugins/elementor/modules/pro-install" "Mozilla/5.0 AppleWebKit/537.36 (KHTML, like Gecko; compatible; GPTBot/1.4; +https://openai.com/gptbot)"
74.7.227.145 - - [16/Jul/2026:18:24:41 -0600] "GET /2026/07/16/kasyno-bez-weryfikacji-kyc-ktore-przeszo-moje-testy-matematyczne/?path=//opt/cloudlinux/venv/lib/python3.11/site-packages/setuptools/_vendor/jaraco.context-5.3.0.dist-info HTTP/2" 200 3139 "https://ajpartyfun.com/2026/07/16/kasyno-bez-weryfikacji-kyc-ktore-przeszo-moje-testy-matematyczne/?path=//opt/cloudlinux/venv/lib/python3.11/site-packages/setuptools/_vendor" "Mozilla/5.0 AppleWebKit/537.36 (KHTML, like Gecko; compatible; GPTBot/1.4; +https://openai.com/gptbot)"
74.7.242.45 - - [16/Jul/2026:18:24:42 -0600] "GET /?fileloc=/home/dfwparty/bizcoach.biz/wp-content/plugins/elementor/modules/pro-install/module.php&path=/home/dfwparty/bizcoach.biz/wp-content/plugins/elementor/modules/pro-install HTTP/2" 200 3532 "https://www.ajpartyfun.com/?path=/home/dfwparty/bizcoach.biz/wp-content/plugins/elementor/modules/pro-install" "Mozilla/5.0 AppleWebKit/537.36 (KHTML, like Gecko; compatible; GPTBot/1.4; +https://openai.com/gptbot)"
74.7.227.145 - - [16/Jul/2026:18:24:42 -0600] "GET /2026/07/16/kasyno-bez-weryfikacji-kyc-ktore-przeszo-moje-testy-matematyczne/?path=//opt/cloudlinux/venv/lib/python3.11/site-packages/setuptools/_vendor/autocommand-2.2.2.dist-info HTTP/2" 200 3156 "https://ajpartyfun.com/2026/07/16/kasyno-bez-weryfikacji-kyc-ktore-przeszo-moje-testy-matematyczne/?path=//opt/cloudlinux/venv/lib/python3.11/site-packages/setuptools/_vendor" "Mozilla/5.0 AppleWebKit/537.36 (KHTML, like Gecko; compatible; GPTBot/1.4; +https://openai.com/gptbot)"
74.7.242.45 - - [16/Jul/2026:18:24:42 -0600] "GET /?fileloc=/home/dfwparty/bizcoach.biz/wp-content/plugins/elementor/modules/pro-install/plugin-installer.php&path=/home/dfwparty/bizcoach.biz/wp-content/plugins/elementor/modules/pro-install HTTP/2" 200 3284 "https://www.ajpartyfun.com/?path=/home/dfwparty/bizcoach.biz/wp-content/plugins/elementor/modules/pro-install" "Mozilla/5.0 AppleWebKit/537.36 (KHTML, like Gecko; compatible; GPTBot/1.4; +https://openai.com/gptbot)"
74.7.227.145 - - [16/Jul/2026:18:24:43 -0600] "GET /2026/07/16/kasyno-bez-weryfikacji-kyc-ktore-przeszo-moje-testy-matematyczne/?path=//proc/370334/root/var/softaculous/sitepad/editor/site-data/plugins/documentor/templates HTTP/2" 200 3207 "https://ajpartyfun.com/2026/07/16/kasyno-bez-weryfikacji-kyc-ktore-przeszo-moje-testy-matematyczne/?path=//proc/370334/root/var/softaculous/sitepad/editor/site-data/plugins/documentor" "Mozilla/5.0 AppleWebKit/537.36 (KHTML, like Gecko; compatible; GPTBot/1.4; +https://openai.com/gptbot)"
74.7.242.45 - - [16/Jul/2026:18:24:43 -0600] "GET /?fileloc=/home/dfwparty/bizcoach.biz/wp-content/plugins/elementor-pro/assets/css/admin.min.css&path=/home/dfwparty/bizcoach.biz/wp-content/plugins/elementor-pro/assets/css HTTP/2" 200 6254 "https://www.ajpartyfun.com/?path=/home/dfwparty/bizcoach.biz/wp-content/plugins/elementor-pro/assets/css" "Mozilla/5.0 AppleWebKit/537.36 (KHTML, like Gecko; compatible; GPTBot/1.4; +https://openai.com/gptbot)"
74.7.242.45 - - [16/Jul/2026:18:24:43 -0600] "GET /?fileloc=/home/dfwparty/bizcoach.biz/wp-content/plugins/elementor-pro/assets/css/admin.css&path=/home/dfwparty/bizcoach.biz/wp-content/plugins/elementor-pro/assets/css HTTP/2" 200 6530 "https://www.ajpartyfun.com/?path=/home/dfwparty/bizcoach.biz/wp-content/plugins/elementor-pro/assets/css" "Mozilla/5.0 AppleWebKit/537.36 (KHTML, like Gecko; compatible; GPTBot/1.4; +https://openai.com/gptbot)"
74.7.227.145 - - [16/Jul/2026:18:24:43 -0600] "GET /2026/07/16/kasyno-bez-weryfikacji-kyc-ktore-przeszo-moje-testy-matematyczne/?fileloc=//bin/cc&path=//bin HTTP/2" 200 473048 "https://ajpartyfun.com/2026/07/16/kasyno-bez-weryfikacji-kyc-ktore-przeszo-moje-testy-matematyczne/?path=//bin" "Mozilla/5.0 AppleWebKit/537.36 (KHTML, like Gecko; compatible; GPTBot/1.4; +https://openai.com/gptbot)"
74.7.242.45 - - [16/Jul/2026:18:24:44 -0600] "GET /?fileloc=/home/dfwparty/dfwmagic.com/wp-admin/post.php&path=/home/dfwparty/dfwmagic.com/wp-admin HTTP/2" 200 5728 "https://www.ajpartyfun.com/?path=/home/dfwparty/dfwmagic.com/wp-admin" "Mozilla/5.0 AppleWebKit/537.36 (KHTML, like Gecko; compatible; GPTBot/1.4; +https://openai.com/gptbot)"
74.7.227.145 - - [16/Jul/2026:18:24:44 -0600] "GET /2026/07/16/kasyno-bez-weryfikacji-kyc-ktore-przeszo-moje-testy-matematyczne/?fileloc=//bin/nm&path=//bin HTTP/2" 200 22361 "https://ajpartyfun.com/2026/07/16/kasyno-bez-weryfikacji-kyc-ktore-przeszo-moje-testy-matematyczne/?path=//bin" "Mozilla/5.0 AppleWebKit/537.36 (KHTML, like Gecko; compatible; GPTBot/1.4; +https://openai.com/gptbot)"
74.7.242.45 - - [16/Jul/2026:18:24:44 -0600] "GET /?path=/home/dfwparty/bizcoach.biz/wp-includes/css HTTP/2" 200 4247 "https://www.ajpartyfun.com/?path=/home/dfwparty/bizcoach.biz/wp-includes" "Mozilla/5.0 AppleWebKit/537.36 (KHTML, like Gecko; compatible; GPTBot/1.4; +https://openai.com/gptbot)"
74.7.227.145 - - [16/Jul/2026:18:24:45 -0600] "GET /2026/07/16/kasyno-bez-weryfikacji-kyc-ktore-przeszo-moje-testy-matematyczne/?fileloc=//bin/ps&path=//bin HTTP/2" 200 46271 "https://ajpartyfun.com/2026/07/16/kasyno-bez-weryfikacji-kyc-ktore-przeszo-moje-testy-matematyczne/?path=//bin" "Mozilla/5.0 AppleWebKit/537.36 (KHTML, like Gecko; compatible; GPTBot/1.4; +https://openai.com/gptbot)"
74.7.242.45 - - [16/Jul/2026:18:24:45 -0600] "GET /?fileloc=/home/dfwparty/bizcoach.biz/wp-includes/sodium_compat/src/PHP52/SplFixedArray.php&path=/home/dfwparty/bizcoach.biz/wp-includes/sodium_compat/src/PHP52 HTTP/2" 200 3797 "https://www.ajpartyfun.com/?path=/home/dfwparty/bizcoach.biz/wp-includes/sodium_compat/src/PHP52" "Mozilla/5.0 AppleWebKit/537.36 (KHTML, like Gecko; compatible; GPTBot/1.4; +https://openai.com/gptbot)"
74.7.227.145 - - [16/Jul/2026:18:24:45 -0600] "GET /2026/07/16/kasyno-bez-weryfikacji-kyc-ktore-przeszo-moje-testy-matematyczne/?fileloc=//bin/fc-cat&path=//bin HTTP/2" 200 8098 "https://ajpartyfun.com/2026/07/16/kasyno-bez-weryfikacji-kyc-ktore-przeszo-moje-testy-matematyczne/?path=//bin" "Mozilla/5.0 AppleWebKit/537.36 (KHTML, like Gecko; compatible; GPTBot/1.4; +https://openai.com/gptbot)"
74.7.242.45 - - [16/Jul/2026:18:24:46 -0600] "GET /?fileloc=/home/dfwparty/bizcoach.biz/wp-includes/Requests/src/Response/Headers.php&path=/home/dfwparty/bizcoach.biz/wp-includes/Requests/src/Response HTTP/2" 200 3552 "https://www.ajpartyfun.com/?path=/home/dfwparty/bizcoach.biz/wp-includes/Requests/src/Response" "Mozilla/5.0 AppleWebKit/537.36 (KHTML, like Gecko; compatible; GPTBot/1.4; +https://openai.com/gptbot)"
74.7.242.45 - - [16/Jul/2026:18:24:46 -0600] "GET /?fileloc=/home/dfwparty/bizcoach.biz/wp-includes/sodium_compat/src/SodiumException.php&path=/home/dfwparty/bizcoach.biz/wp-includes/sodium_compat/src HTTP/2" 200 2622 "https://www.ajpartyfun.com/?path=/home/dfwparty/bizcoach.biz/wp-includes/sodium_compat/src" "Mozilla/5.0 AppleWebKit/537.36 (KHTML, like Gecko; compatible; GPTBot/1.4; +https://openai.com/gptbot)"
74.7.227.145 - - [16/Jul/2026:18:24:46 -0600] "GET /2026/07/16/kasyno-bez-weryfikacji-kyc-ktore-przeszo-moje-testy-matematyczne/?fileloc=//proc/370334/root/usr/lib64/python3.12/encodings/__pycache__/euc_jis_2004.cpython-312.opt-2.pyc&path=//proc/370334/root/usr/lib64/python3.12/encodings/__pycache__ HTTP/2" 200 3436 "https://ajpartyfun.com/2026/07/16/kasyno-bez-weryfikacji-kyc-ktore-przeszo-moje-testy-matematyczne/?path=//proc/370334/root/usr/lib64/python3.12/encodings/__pycache__" "Mozilla/5.0 AppleWebKit/537.36 (KHTML, like Gecko; compatible; GPTBot/1.4; +https://openai.com/gptbot)"
74.7.242.45 - - [16/Jul/2026:18:24:47 -0600] "GET /?fileloc=/home/dfwparty/dfwmagic.com/wp-includes/theme-compat/footer.php&path=/home/dfwparty/dfwmagic.com/wp-includes/theme-compat HTTP/2" 200 3138 "https://www.ajpartyfun.com/?path=/home/dfwparty/dfwmagic.com/wp-includes/theme-compat" "Mozilla/5.0 AppleWebKit/537.36 (KHTML, like Gecko; compatible; GPTBot/1.4; +https://openai.com/gptbot)"
74.7.242.45 - - [16/Jul/2026:18:24:47 -0600] "GET /?fileloc=/home/dfwparty/dfwmagic.com/wp-includes/theme-compat/header.php&path=/home/dfwparty/dfwmagic.com/wp-includes/theme-compat HTTP/2" 200 3367 "https://www.ajpartyfun.com/?path=/home/dfwparty/dfwmagic.com/wp-includes/theme-compat" "Mozilla/5.0 AppleWebKit/537.36 (KHTML, like Gecko; compatible; GPTBot/1.4; +https://openai.com/gptbot)"
74.7.227.145 - - [16/Jul/2026:18:24:47 -0600] "GET /2026/07/16/kasyno-bez-weryfikacji-kyc-ktore-przeszo-moje-testy-matematyczne/?fileloc=//bin/od&path=//bin HTTP/2" 200 32265 "https://ajpartyfun.com/2026/07/16/kasyno-bez-weryfikacji-kyc-ktore-przeszo-moje-testy-matematyczne/?path=//bin" "Mozilla/5.0 AppleWebKit/537.36 (KHTML, like Gecko; compatible; GPTBot/1.4; +https://openai.com/gptbot)"
74.7.242.45 - - [16/Jul/2026:18:24:48 -0600] "GET /?path=/home/dfwparty/bizcoach.biz/wp-content/cache HTTP/2" 200 2828 "https://www.ajpartyfun.com/?path=/home/dfwparty/bizcoach.biz/wp-content" "Mozilla/5.0 AppleWebKit/537.36 (KHTML, like Gecko; compatible; GPTBot/1.4; +https://openai.com/gptbot)"
74.7.242.45 - - [16/Jul/2026:18:24:48 -0600] "GET /?fileloc=/home/dfwparty/dfwmagic.com/wp-includes/images/icon-library/capture-video.svg&path=/home/dfwparty/dfwmagic.com/wp-includes/images/icon-library HTTP/2" 200 2760 "https://www.ajpartyfun.com/?path=/home/dfwparty/dfwmagic.com/wp-includes/images/icon-library" "Mozilla/5.0 AppleWebKit/537.36 (KHTML, like Gecko; compatible; GPTBot/1.4; +https://openai.com/gptbot)"
74.7.227.145 - - [16/Jul/2026:18:24:49 -0600] "GET /2026/07/16/kasyno-bez-weryfikacji-kyc-ktore-przeszo-moje-testy-matematyczne/?fileloc=//bin/du&path=//bin HTTP/2" 200 49332 "https://ajpartyfun.com/2026/07/16/kasyno-bez-weryfikacji-kyc-ktore-przeszo-moje-testy-matematyczne/?path=//bin" "Mozilla/5.0 AppleWebKit/537.36 (KHTML, like Gecko; compatible; GPTBot/1.4; +https://openai.com/gptbot)"
74.7.242.45 - - [16/Jul/2026:18:24:49 -0600] "GET /?fileloc=/home/dfwparty/dfwmagic.com/wp-includes/sodium_compat/src/Core/AEGIS256.php&path=/home/dfwparty/dfwmagic.com/wp-includes/sodium_compat/src/Core HTTP/2" 200 3604 "https://www.ajpartyfun.com/?path=/home/dfwparty/dfwmagic.com/wp-includes/sodium_compat/src/Core" "Mozilla/5.0 AppleWebKit/537.36 (KHTML, like Gecko; compatible; GPTBot/1.4; +https://openai.com/gptbot)"
74.7.242.45 - - [16/Jul/2026:18:24:49 -0600] "GET /?fileloc=/home/dfwparty/smartcardcontacts.com/wp-content/plugins/unlimited-elements-for-elementor-premium/provider/core/unlimited_elements/elementor/elementor_integrate.class.php&path=/home/dfwparty/smartcardcontacts.com/wp-content/plugins/unlimited-elements-for-elementor-premium/provider/core/unlimited_elements/elementor HTTP/2" 200 16007 "https://www.ajpartyfun.com/?path=/home/dfwparty/smartcardcontacts.com/wp-content/plugins/unlimited-elements-for-elementor-premium/provider/core/unlimited_elements/elementor" "Mozilla/5.0 AppleWebKit/537.36 (KHTML, like Gecko; compatible; GPTBot/1.4; +https://openai.com/gptbot)"
74.7.227.145 - - [16/Jul/2026:18:24:49 -0600] "GET /2026/07/16/kasyno-bez-weryfikacji-kyc-ktore-przeszo-moje-testy-matematyczne/?fileloc=//bin/df&path=//bin HTTP/2" 200 42861 "https://ajpartyfun.com/2026/07/16/kasyno-bez-weryfikacji-kyc-ktore-przeszo-moje-testy-matematyczne/?path=//bin" "Mozilla/5.0 AppleWebKit/537.36 (KHTML, like Gecko; compatible; GPTBot/1.4; +https://openai.com/gptbot)"
74.7.242.45 - - [16/Jul/2026:18:24:50 -0600] "GET /?fileloc=/home/dfwparty/smartcardcontacts.com/wp-content/plugins/elementor/modules/atomic-widgets/elements/promotions/preserved-element.php&path=/home/dfwparty/smartcardcontacts.com/wp-content/plugins/elementor/modules/atomic-widgets/elements/promotions HTTP/2" 200 2932 "https://www.ajpartyfun.com/?path=/home/dfwparty/smartcardcontacts.com/wp-content/plugins/elementor/modules/atomic-widgets/elements/promotions" "Mozilla/5.0 AppleWebKit/537.36 (KHTML, like Gecko; compatible; GPTBot/1.4; +https://openai.com/gptbot)"
74.7.227.145 - - [16/Jul/2026:18:24:50 -0600] "GET /2026/07/16/kasyno-bez-weryfikacji-kyc-ktore-przeszo-moje-testy-matematyczne/?fileloc=//bin/sh&path=//bin HTTP/2" 200 498621 "https://ajpartyfun.com/2026/07/16/kasyno-bez-weryfikacji-kyc-ktore-przeszo-moje-testy-matematyczne/?path=//bin" "Mozilla/5.0 AppleWebKit/537.36 (KHTML, like Gecko; compatible; GPTBot/1.4; +https://openai.com/gptbot)"
74.7.242.45 - - [16/Jul/2026:18:24:50 -0600] "GET /?path=/home/dfwparty/bizcoach.biz/wp-includes/css/dist HTTP/2" 200 3482 "https://www.ajpartyfun.com/?path=/home/dfwparty/bizcoach.biz/wp-includes/css" "Mozilla/5.0 AppleWebKit/537.36 (KHTML, like Gecko; compatible; GPTBot/1.4; +https://openai.com/gptbot)"
74.7.242.45 - - [16/Jul/2026:18:24:51 -0600] "GET /?fileloc=/home/dfwparty/bizcoach.biz/wp-includes/css/admin-bar.css&path=/home/dfwparty/bizcoach.biz/wp-includes/css HTTP/2" 200 7699 "https://www.ajpartyfun.com/?path=/home/dfwparty/bizcoach.biz/wp-includes/css" "Mozilla/5.0 AppleWebKit/537.36 (KHTML, like Gecko; compatible; GPTBot/1.4; +https://openai.com/gptbot)"
74.7.227.145 - - [16/Jul/2026:18:24:51 -0600] "GET /2026/07/16/kasyno-bez-weryfikacji-kyc-ktore-przeszo-moje-testy-matematyczne/?fileloc=//bin/gcc-ar&path=//bin HTTP/2" 200 18540 "https://ajpartyfun.com/2026/07/16/kasyno-bez-weryfikacji-kyc-ktore-przeszo-moje-testy-matematyczne/?path=//bin" "Mozilla/5.0 AppleWebKit/537.36 (KHTML, like Gecko; compatible; GPTBot/1.4; +https://openai.com/gptbot)"
74.7.227.145 - - [16/Jul/2026:18:24:51 -0600] "GET /2026/07/16/kasyno-bez-weryfikacji-kyc-ktore-przeszo-moje-testy-matematyczne/?fileloc=//bin/vi&path=//bin HTTP/2" 200 522439 "https://ajpartyfun.com/2026/07/16/kasyno-bez-weryfikacji-kyc-ktore-przeszo-moje-testy-matematyczne/?path=//bin" "Mozilla/5.0 AppleWebKit/537.36 (KHTML, like Gecko; compatible; GPTBot/1.4; +https://openai.com/gptbot)"
74.7.242.45 - - [16/Jul/2026:18:24:51 -0600] "GET /?fileloc=/home/dfwparty/bizcoach.biz/wp-includes/css/wp-block-template-skip-link-rtl.css&path=/home/dfwparty/bizcoach.biz/wp-includes/css HTTP/2" 200 2815 "https://www.ajpartyfun.com/?path=/home/dfwparty/bizcoach.biz/wp-includes/css" "Mozilla/5.0 AppleWebKit/537.36 (KHTML, like Gecko; compatible; GPTBot/1.4; +https://openai.com/gptbot)"
74.7.242.45 - - [16/Jul/2026:18:24:52 -0600] "GET /?fileloc=/home/dfwparty/bizcoach.biz/wp-includes/css/wp-block-template-skip-link.min.css&path=/home/dfwparty/bizcoach.biz/wp-includes/css HTTP/2" 200 2731 "https://www.ajpartyfun.com/?path=/home/dfwparty/bizcoach.biz/wp-includes/css" "Mozilla/5.0 AppleWebKit/537.36 (KHTML, like Gecko; compatible; GPTBot/1.4; +https://openai.com/gptbot)"
74.7.227.145 - - [16/Jul/2026:18:24:52 -0600] "GET /2026/07/16/kasyno-bez-weryfikacji-kyc-ktore-przeszo-moje-testy-matematyczne/?path=//proc/370334/root/lib64/python3.12/multiprocessing/dummy/__pycache__ HTTP/2" 200 3044 "https://ajpartyfun.com/2026/07/16/kasyno-bez-weryfikacji-kyc-ktore-przeszo-moje-testy-matematyczne/?path=//proc/370334/root/lib64/python3.12/multiprocessing/dummy" "Mozilla/5.0 AppleWebKit/537.36 (KHTML, like Gecko; compatible; GPTBot/1.4; +https://openai.com/gptbot)"
74.7.227.145 - - [16/Jul/2026:18:24:52 -0600] "GET /2026/07/16/kasyno-bez-weryfikacji-kyc-ktore-przeszo-moje-testy-matematyczne/?fileloc=//bin/ln&path=//bin HTTP/2" 200 32759 "https://ajpartyfun.com/2026/07/16/kasyno-bez-weryfikacji-kyc-ktore-przeszo-moje-testy-matematyczne/?path=//bin" "Mozilla/5.0 AppleWebKit/537.36 (KHTML, like Gecko; compatible; GPTBot/1.4; +https://openai.com/gptbot)"
74.7.242.45 - - [16/Jul/2026:18:24:52 -0600] "GET /?fileloc=/home/dfwparty/bizcoach.biz/wp-includes/css/admin-bar-rtl.min.css&path=/home/dfwparty/bizcoach.biz/wp-includes/css HTTP/2" 200 6556 "https://www.ajpartyfun.com/?path=/home/dfwparty/bizcoach.biz/wp-includes/css" "Mozilla/5.0 AppleWebKit/537.36 (KHTML, like Gecko; compatible; GPTBot/1.4; +https://openai.com/gptbot)"
74.7.242.45 - - [16/Jul/2026:18:24:53 -0600] "GET /?path=//var HTTP/2" 200 3153 "https://www.ajpartyfun.com/?path=/" "Mozilla/5.0 AppleWebKit/537.36 (KHTML, like Gecko; compatible; GPTBot/1.4; +https://openai.com/gptbot)"
74.7.227.145 - - [16/Jul/2026:18:24:53 -0600] "GET /2026/07/16/kasyno-bez-weryfikacji-kyc-ktore-przeszo-moje-testy-matematyczne/?fileloc=//etc/my.cnf&path=//etc HTTP/2" 200 2817 "https://ajpartyfun.com/2026/07/16/kasyno-bez-weryfikacji-kyc-ktore-przeszo-moje-testy-matematyczne/?path=//etc" "Mozilla/5.0 AppleWebKit/537.36 (KHTML, like Gecko; compatible; GPTBot/1.4; +https://openai.com/gptbot)"
74.7.242.45 - - [16/Jul/2026:18:24:53 -0600] "GET /?path=/home/dfwparty/bizcoach.biz/wp-content/cache/speedycache HTTP/2" 200 2928 "https://www.ajpartyfun.com/?path=/home/dfwparty/bizcoach.biz/wp-content/cache" "Mozilla/5.0 AppleWebKit/537.36 (KHTML, like Gecko; compatible; GPTBot/1.4; +https://openai.com/gptbot)"
74.7.242.45 - - [16/Jul/2026:18:24:54 -0600] "GET /?path=//etc HTTP/2" 200 5178 "https://www.ajpartyfun.com/?path=/" "Mozilla/5.0 AppleWebKit/537.36 (KHTML, like Gecko; compatible; GPTBot/1.4; +https://openai.com/gptbot)"
74.7.242.45 - - [16/Jul/2026:18:24:54 -0600] "GET /?path=/home/dfwparty/santabootshop.com/wp-includes/blocks/site-title HTTP/2" 200 3099 "https://www.ajpartyfun.com/?path=/home/dfwparty/santabootshop.com/wp-includes/blocks" "Mozilla/5.0 AppleWebKit/537.36 (KHTML, like Gecko; compatible; GPTBot/1.4; +https://openai.com/gptbot)"
74.7.242.45 - - [16/Jul/2026:18:24:55 -0600] "GET /?path=//home/dfwparty/candytheclown.com/wp-includes/sitemaps/providers HTTP/2" 200 2983 "https://www.ajpartyfun.com/?path=//home/dfwparty/candytheclown.com/wp-includes/sitemaps" "Mozilla/5.0 AppleWebKit/537.36 (KHTML, like Gecko; compatible; GPTBot/1.4; +https://openai.com/gptbot)"
216.73.216.7 - - [16/Jul/2026:18:21:27 -0600] "GET /?fileloc=%2Fhome%2Fdfwparty%2Fgigiscleaning.net%2Fwp-includes%2Fclass-wp-paused-extensions-storage.php&path=%2Fhome%2Fdfwparty%2Fgigiscleaning.net%2Fwp-includes HTTP/2" 200 3804 "-" "Mozilla/5.0 AppleWebKit/537.36 (KHTML, like Gecko; compatible; ClaudeBot/1.0; +claudebot@anthropic.com)"
216.73.216.7 - - [16/Jul/2026:18:21:27 -0600] "GET /?fileloc=%2F%2Fvar%2Fsoftaculous%2Fe107%2Fmd5&path=%2F%2Fvar%2Fsoftaculous%2Fe107 HTTP/2" 200 3307 "-" "Mozilla/5.0 AppleWebKit/537.36 (KHTML, like Gecko; compatible; ClaudeBot/1.0; +claudebot@anthropic.com)"
216.73.216.7 - - [16/Jul/2026:18:21:24 -0600] "GET /?fileloc=%2Fhome%2Fdfwparty%2Fgigiscleaning.net%2Fwp-includes%2Fsitemaps%2Fclass-wp-sitemaps-index.php&path=%2Fhome%2Fdfwparty%2Fgigiscleaning.net%2Fwp-includes%2Fsitemaps HTTP/2" 200 3296 "-" "Mozilla/5.0 AppleWebKit/537.36 (KHTML, like Gecko; compatible; ClaudeBot/1.0; +claudebot@anthropic.com)"
216.73.216.7 - - [16/Jul/2026:18:21:26 -0600] "GET /?fileloc=%2Fhome%2Fdfwparty%2Fgigiscleaning.net%2Fwp-admin%2Fjs%2Fwidgets.min.js&path=%2Fhome%2Fdfwparty%2Fgigiscleaning.net%2Fwp-admin%2Fjs HTTP/2" 200 6557 "-" "Mozilla/5.0 AppleWebKit/537.36 (KHTML, like Gecko; compatible; ClaudeBot/1.0; +claudebot@anthropic.com)"
216.73.216.7 - - [16/Jul/2026:18:21:26 -0600] "GET /?fileloc=%2F%2Fvar%2Fsoftaculous%2Fwallabag%2Fmd5&path=%2F%2Fvar%2Fsoftaculous%2Fwallabag HTTP/2" 200 3800 "-" "Mozilla/5.0 AppleWebKit/537.36 (KHTML, like Gecko; compatible; ClaudeBot/1.0; +claudebot@anthropic.com)"
216.73.216.7 - - [16/Jul/2026:18:21:19 -0600] "GET /?fileloc=%2F%2Flib%2F.build-id%2Fc8%2F6809c05ea1ee2fa7ce9ca096e68bd8b988d5f1&path=%2F%2Flib%2F.build-id%2Fc8 HTTP/2" 200 9811 "-" "Mozilla/5.0 AppleWebKit/537.36 (KHTML, like Gecko; compatible; ClaudeBot/1.0; +claudebot@anthropic.com)"
216.73.216.7 - - [16/Jul/2026:18:21:26 -0600] "GET /?fileloc=%2Fhome%2Fdfwparty%2Fsantadallas.com%2Fwp-includes%2Fclass-wp-user-meta-session-tokens.php&path=%2Fhome%2Fdfwparty%2Fsantadallas.com%2Fwp-includes HTTP/2" 200 3374 "-" "Mozilla/5.0 AppleWebKit/537.36 (KHTML, like Gecko; compatible; ClaudeBot/1.0; +claudebot@anthropic.com)"
216.73.216.7 - - [16/Jul/2026:18:21:19 -0600] "GET /?fileloc=%2F%2Flib%2Flocale%2Fen_US%2FLC_MONETARY&path=%2F%2Flib%2Flocale%2Fen_US HTTP/2" 200 2615 "-" "Mozilla/5.0 AppleWebKit/537.36 (KHTML, like Gecko; compatible; ClaudeBot/1.0; +claudebot@anthropic.com)"
216.73.216.7 - - [16/Jul/2026:18:21:19 -0600] "GET /?fileloc=%2F%2Flib%2Flocale%2Fen_US%2FLC_PAPER&path=%2F%2Flib%2Flocale%2Fen_US HTTP/2" 200 1760 "-" "Mozilla/5.0 AppleWebKit/537.36 (KHTML, like Gecko; compatible; ClaudeBot/1.0; +claudebot@anthropic.com)"
216.73.216.7 - - [16/Jul/2026:18:21:20 -0600] "GET /?fileloc=%2Fhome%2Fdfwparty%2Fsmartcardpayme.com%2Fwp-includes%2Fblock-supports%2Fcolors.php&path=%2Fhome%2Fdfwparty%2Fsmartcardpayme.com%2Fwp-includes%2Fblock-supports HTTP/2" 200 3830 "-" "Mozilla/5.0 AppleWebKit/537.36 (KHTML, like Gecko; compatible; ClaudeBot/1.0; +claudebot@anthropic.com)"
216.73.216.7 - - [16/Jul/2026:18:24:56 -0600] "GET /2026/07/16/kasyno-bez-weryfikacji-kyc-ktore-przeszo-moje-testy-matematyczne/?fileloc=%2Fhome%2Fdfwparty%2Fajpartyfun.com%2Fwp-includes%2Fclass-wp-customize-control.php&path=%2Fhome%2Fdfwparty%2Fajpartyfun.com%2Fwp-includes HTTP/2" 200 8771 "-" "Mozilla/5.0 AppleWebKit/537.36 (KHTML, like Gecko; compatible; ClaudeBot/1.0; +claudebot@anthropic.com)"
