216.73.216.7 - - [16/Jul/2026:18:21:11 -0600] "GET /?fileloc=%2Fhome%2Fdfwparty%2Fdfwblogger.com%2Fwp-includes%2Fpomo%2Fpo.php&path=%2Fhome%2Fdfwparty%2Fdfwblogger.com%2Fwp-includes%2Fpomo HTTP/2" 200 6861 "-" "Mozilla/5.0 AppleWebKit/537.36 (KHTML, like Gecko; compatible; ClaudeBot/1.0; +claudebot@anthropic.com)"
216.73.216.7 - - [16/Jul/2026:18:21:11 -0600] "GET /?fileloc=%2F%2Fhome%2Fdfwparty%2Fsingingtelegramsdallas.com%2Ferror_log&path=%2F%2Fhome%2Fdfwparty%2Fsingingtelegramsdallas.com HTTP/2" 200 6488 "-" "Mozilla/5.0 AppleWebKit/537.36 (KHTML, like Gecko; compatible; ClaudeBot/1.0; +claudebot@anthropic.com)"
216.73.216.7 - - [16/Jul/2026:18:21:11 -0600] "GET /?fileloc=%2Fhome%2Fdfwparty%2Ftmp%2Fanalog%2Fdfwfacepainting.com.dfw.party%2F4.html&path=%2Fhome%2Fdfwparty%2Ftmp%2Fanalog%2Fdfwfacepainting.com.dfw.party HTTP/2" 200 9436 "-" "Mozilla/5.0 AppleWebKit/537.36 (KHTML, like Gecko; compatible; ClaudeBot/1.0; +claudebot@anthropic.com)"
216.73.216.7 - - [16/Jul/2026:18:21:11 -0600] "GET /?fileloc=%2Fhome%2Fdfwparty%2Fajpartyfun.com%2Fwp-admin%2Fcss%2Fcolors%2Fmidnight%2Fcolors.scss&path=%2Fhome%2Fdfwparty%2Fajpartyfun.com%2Fwp-admin%2Fcss%2Fcolors%2Fmidnight HTTP/2" 200 2698 "-" "Mozilla/5.0 AppleWebKit/537.36 (KHTML, like Gecko; compatible; ClaudeBot/1.0; +claudebot@anthropic.com)"
74.7.242.45 - - [16/Jul/2026:18:21:08 -0600] "GET /?path=/home/dfwparty/dfwmagic.com/wp-includes/images/smilies HTTP/2" 200 3663 "https://www.ajpartyfun.com/?path=/home/dfwparty/dfwmagic.com/wp-includes/images" "Mozilla/5.0 AppleWebKit/537.36 (KHTML, like Gecko; compatible; GPTBot/1.4; +https://openai.com/gptbot)"
74.7.242.45 - - [16/Jul/2026:18:21:08 -0600] "GET /?path=/home/dfwparty/dfwmagic.com/wp-includes/theme-compat HTTP/2" 200 3121 "https://www.ajpartyfun.com/?path=/home/dfwparty/dfwmagic.com/wp-includes" "Mozilla/5.0 AppleWebKit/537.36 (KHTML, like Gecko; compatible; GPTBot/1.4; +https://openai.com/gptbot)"
74.7.242.45 - - [16/Jul/2026:18:21:09 -0600] "GET /?path=/home/dfwparty/dfwmagic.com/wp-includes/images/media HTTP/2" 200 3402 "https://www.ajpartyfun.com/?path=/home/dfwparty/dfwmagic.com/wp-includes/images" "Mozilla/5.0 AppleWebKit/537.36 (KHTML, like Gecko; compatible; GPTBot/1.4; +https://openai.com/gptbot)"
74.7.242.45 - - [16/Jul/2026:18:21:09 -0600] "GET /?fileloc=/home/dfwparty/dfwmagic.com/wp-includes/admin-bar.php&path=/home/dfwparty/dfwmagic.com/wp-includes HTTP/2" 200 12642 "https://www.ajpartyfun.com/?path=/home/dfwparty/dfwmagic.com/wp-includes" "Mozilla/5.0 AppleWebKit/537.36 (KHTML, like Gecko; compatible; GPTBot/1.4; +https://openai.com/gptbot)"
74.7.242.45 - - [16/Jul/2026:18:21:10 -0600] "GET /?fileloc=/home/dfwparty/dfwmagic.com/wp-includes/class-wp-recovery-mode-email-service.php&path=/home/dfwparty/dfwmagic.com/wp-includes HTTP/2" 200 6166 "https://www.ajpartyfun.com/?path=/home/dfwparty/dfwmagic.com/wp-includes" "Mozilla/5.0 AppleWebKit/537.36 (KHTML, like Gecko; compatible; GPTBot/1.4; +https://openai.com/gptbot)"
74.7.242.45 - - [16/Jul/2026:18:21:10 -0600] "GET /?fileloc=/home/dfwparty/dfwmagic.com/wp-includes/sodium_compat/lib/php72compat_const.php&path=/home/dfwparty/dfwmagic.com/wp-includes/sodium_compat/lib HTTP/2" 200 3347 "https://www.ajpartyfun.com/?path=/home/dfwparty/dfwmagic.com/wp-includes/sodium_compat/lib" "Mozilla/5.0 AppleWebKit/537.36 (KHTML, like Gecko; compatible; GPTBot/1.4; +https://openai.com/gptbot)"
74.7.227.145 - - [16/Jul/2026:18:21:11 -0600] "GET /2026/07/16/kasyno-bez-weryfikacji-kyc-ktore-przeszo-moje-testy-matematyczne/?path=//opt/cpanel/ea-php81/root/usr/tmp HTTP/2" 200 2813 "https://ajpartyfun.com/2026/07/16/kasyno-bez-weryfikacji-kyc-ktore-przeszo-moje-testy-matematyczne/?path=//opt/cpanel/ea-php81/root/usr" "Mozilla/5.0 AppleWebKit/537.36 (KHTML, like Gecko; compatible; GPTBot/1.4; +https://openai.com/gptbot)"
74.7.242.45 - - [16/Jul/2026:18:21:11 -0600] "GET /?fileloc=/home/dfwparty/dfwmagic.com/wp-includes/sodium_compat/lib/php84compat_const.php&path=/home/dfwparty/dfwmagic.com/wp-includes/sodium_compat/lib HTTP/2" 200 2639 "https://www.ajpartyfun.com/?path=/home/dfwparty/dfwmagic.com/wp-includes/sodium_compat/lib" "Mozilla/5.0 AppleWebKit/537.36 (KHTML, like Gecko; compatible; GPTBot/1.4; +https://openai.com/gptbot)"
74.7.242.45 - - [16/Jul/2026:18:21:11 -0600] "GET /?fileloc=/home/dfwparty/dfwmagic.com/wp-includes/sodium_compat/lib/sodium_compat.php&path=/home/dfwparty/dfwmagic.com/wp-includes/sodium_compat/lib HTTP/2" 200 5189 "https://www.ajpartyfun.com/?path=/home/dfwparty/dfwmagic.com/wp-includes/sodium_compat/lib" "Mozilla/5.0 AppleWebKit/537.36 (KHTML, like Gecko; compatible; GPTBot/1.4; +https://openai.com/gptbot)"
74.7.242.45 - - [16/Jul/2026:18:21:12 -0600] "GET /?fileloc=/home/dfwparty/dfwmagic.com/wp-includes/sodium_compat/lib/stream-xchacha20.php&path=/home/dfwparty/dfwmagic.com/wp-includes/sodium_compat/lib HTTP/2" 200 2866 "https://www.ajpartyfun.com/?path=/home/dfwparty/dfwmagic.com/wp-includes/sodium_compat/lib" "Mozilla/5.0 AppleWebKit/537.36 (KHTML, like Gecko; compatible; GPTBot/1.4; +https://openai.com/gptbot)"
216.73.216.7 - - [16/Jul/2026:18:21:10 -0600] "GET /?fileloc=%2Fhome%2Fdfwparty%2Fmail%2F.john%40dfwsingingtelegrams_com%2Fdovecot.index.cache&path=%2Fhome%2Fdfwparty%2Fmail%2F.john%40dfwsingingtelegrams_com HTTP/2" 200 4924 "-" "Mozilla/5.0 AppleWebKit/537.36 (KHTML, like Gecko; compatible; ClaudeBot/1.0; +claudebot@anthropic.com)"
216.73.216.7 - - [16/Jul/2026:18:21:10 -0600] "GET /?fileloc=%2Fhome%2Fdfwparty%2Fsantadallas.com%2Fwp-includes%2Fjs%2Fswfobject.min.js&path=%2Fhome%2Fdfwparty%2Fsantadallas.com%2Fwp-includes%2Fjs HTTP/2" 200 2532 "-" "Mozilla/5.0 AppleWebKit/537.36 (KHTML, like Gecko; compatible; ClaudeBot/1.0; +claudebot@anthropic.com)"
216.73.216.7 - - [16/Jul/2026:18:21:10 -0600] "GET /?fileloc=%2Fhome%2Fdfwparty%2Fgigiscleaning.net%2Fwp-admin%2Fjs%2Fpostbox.js&path=%2Fhome%2Fdfwparty%2Fgigiscleaning.net%2Fwp-admin%2Fjs HTTP/2" 200 7835 "-" "Mozilla/5.0 AppleWebKit/537.36 (KHTML, like Gecko; compatible; ClaudeBot/1.0; +claudebot@anthropic.com)"
216.73.216.7 - - [16/Jul/2026:18:21:10 -0600] "GET /?fileloc=%2F%2Flib64%2Faspell-0.60%2Fiso-8859-14.cmap&path=%2F%2Flib64%2Faspell-0.60 HTTP/2" 200 7970 "-" "Mozilla/5.0 AppleWebKit/537.36 (KHTML, like Gecko; compatible; ClaudeBot/1.0; +claudebot@anthropic.com)"
216.73.216.7 - - [16/Jul/2026:18:21:10 -0600] "GET /?fileloc=%2Fhome%2Fdfwparty%2Ftmp%2Fanalog%2Fsmartcardcontacts.com.dfw.party%2Fcache&path=%2Fhome%2Fdfwparty%2Ftmp%2Fanalog%2Fsmartcardcontacts.com.dfw.party HTTP/2" 200 412594 "-" "Mozilla/5.0 AppleWebKit/537.36 (KHTML, like Gecko; compatible; ClaudeBot/1.0; +claudebot@anthropic.com)"
216.73.216.7 - - [16/Jul/2026:18:21:13 -0600] "GET /?fileloc=%2Fhome%2Fdfwparty%2Fajpartyfun.com%2Fwp-includes%2Fblocks%2Fdetails%2Fblock.json&path=%2Fhome%2Fdfwparty%2Fajpartyfun.com%2Fwp-includes%2Fblocks%2Fdetails HTTP/2" 200 3178 "-" "Mozilla/5.0 AppleWebKit/537.36 (KHTML, like Gecko; compatible; ClaudeBot/1.0; +claudebot@anthropic.com)"
216.73.216.7 - - [16/Jul/2026:18:21:13 -0600] "GET /?fileloc=%2F%2Flib%2F.build-id%2Fce%2Fbe6be8a65843622e7303571daafd851dccf963&path=%2F%2Flib%2F.build-id%2Fce HTTP/2" 200 15239 "-" "Mozilla/5.0 AppleWebKit/537.36 (KHTML, like Gecko; compatible; ClaudeBot/1.0; +claudebot@anthropic.com)"
216.73.216.7 - - [16/Jul/2026:18:21:13 -0600] "GET /?fileloc=%2Fhome%2Fdfwparty%2Fmail%2Fdfwmagic.com%2Fjohn%2F.Drafts%2Fdovecot.index.cache&path=%2Fhome%2Fdfwparty%2Fmail%2Fdfwmagic.com%2Fjohn%2F.Drafts HTTP/2" 200 3389 "-" "Mozilla/5.0 AppleWebKit/537.36 (KHTML, like Gecko; compatible; ClaudeBot/1.0; +claudebot@anthropic.com)"
216.73.216.7 - - [16/Jul/2026:18:21:13 -0600] "GET /?fileloc=%2Fhome%2Fdfwparty%2Ftmp%2Fanalog%2Fdfw.bar.dfw.party%2Fcache&path=%2Fhome%2Fdfwparty%2Ftmp%2Fanalog%2Fdfw.bar.dfw.party HTTP/2" 200 31189 "-" "Mozilla/5.0 AppleWebKit/537.36 (KHTML, like Gecko; compatible; ClaudeBot/1.0; +claudebot@anthropic.com)"
216.73.216.7 - - [16/Jul/2026:18:21:13 -0600] "GET /?fileloc=%2F%2Fvar%2Fsoftaculous%2Flime5%2Fedit.xml&path=%2F%2Fvar%2Fsoftaculous%2Flime5 HTTP/2" 200 2709 "-" "Mozilla/5.0 AppleWebKit/537.36 (KHTML, like Gecko; compatible; ClaudeBot/1.0; +claudebot@anthropic.com)"
216.73.216.7 - - [16/Jul/2026:18:21:11 -0600] "GET /?fileloc=%2F%2Fvar%2Fsoftaculous%2Fmagento17%2Fupgrade.xml&path=%2F%2Fvar%2Fsoftaculous%2Fmagento17 HTTP/2" 200 2648 "-" "Mozilla/5.0 AppleWebKit/537.36 (KHTML, like Gecko; compatible; ClaudeBot/1.0; +claudebot@anthropic.com)"
216.73.216.7 - - [16/Jul/2026:18:21:11 -0600] "GET /?fileloc=%2Fhome%2Fdfwparty%2Fsantadallas.com%2Fwp-includes%2Fjs%2Fdist%2Fpatterns.min.js&path=%2Fhome%2Fdfwparty%2Fsantadallas.com%2Fwp-includes%2Fjs%2Fdist HTTP/2" 200 10797 "-" "Mozilla/5.0 AppleWebKit/537.36 (KHTML, like Gecko; compatible; ClaudeBot/1.0; +claudebot@anthropic.com)"
216.73.216.7 - - [16/Jul/2026:18:21:11 -0600] "GET /?fileloc=%2Fhome%2Fdfwparty%2Fajpartyfun.com%2Fwp-content%2Fthemes%2Ftwentytwentyfive%2Fpatterns%2Fcta-book-locations.php&path=%2Fhome%2Fdfwparty%2Fajpartyfun.com%2Fwp-content%2Fthemes%2Ftwentytwentyfive%2Fpatterns HTTP/2" 200 3653 "-" "Mozilla/5.0 AppleWebKit/537.36 (KHTML, like Gecko; compatible; ClaudeBot/1.0; +claudebot@anthropic.com)"
216.73.216.7 - - [16/Jul/2026:18:21:11 -0600] "GET /?fileloc=%2F%2Fvar%2Fsoftaculous%2Ftangobb%2Finfo.xml&path=%2F%2Fvar%2Fsoftaculous%2Ftangobb HTTP/2" 200 3648 "-" "Mozilla/5.0 AppleWebKit/537.36 (KHTML, like Gecko; compatible; ClaudeBot/1.0; +claudebot@anthropic.com)"
216.73.216.7 - - [16/Jul/2026:18:21:11 -0600] "GET /?fileloc=%2Fhome%2Fdfwparty%2Ftmp%2Fanalog%2Fmetroplex.fun.dfw.party%2Ffailref.png&path=%2Fhome%2Fdfwparty%2Ftmp%2Fanalog%2Fmetroplex.fun.dfw.party HTTP/2" 200 6482 "-" "Mozilla/5.0 AppleWebKit/537.36 (KHTML, like Gecko; compatible; ClaudeBot/1.0; +claudebot@anthropic.com)"
216.73.216.7 - - [16/Jul/2026:18:21:15 -0600] "GET /?fileloc=%2F%2Flib%2F.build-id%2Fb5%2F9299a32a6b7487a91bc7c2d5a61cd94ae2efe3&path=%2F%2Flib%2F.build-id%2Fb5 HTTP/2" 200 8588 "-" "Mozilla/5.0 AppleWebKit/537.36 (KHTML, like Gecko; compatible; ClaudeBot/1.0; +claudebot@anthropic.com)"
216.73.216.7 - - [16/Jul/2026:18:21:15 -0600] "GET /?fileloc=%2Fhome%2Fdfwparty%2Fsantadallas.com%2Fwp-includes%2Fjs%2Fwp-lists.js&path=%2Fhome%2Fdfwparty%2Fsantadallas.com%2Fwp-includes%2Fjs HTTP/2" 200 8275 "-" "Mozilla/5.0 AppleWebKit/537.36 (KHTML, like Gecko; compatible; ClaudeBot/1.0; +claudebot@anthropic.com)"
216.73.216.7 - - [16/Jul/2026:18:21:15 -0600] "GET /?fileloc=%2Fhome%2Fdfwparty%2Fajpartyfun.com%2Fwp-includes%2Fblocks%2Fsite-logo%2Fstyle-rtl.min.css&path=%2Fhome%2Fdfwparty%2Fajpartyfun.com%2Fwp-includes%2Fblocks%2Fsite-logo HTTP/2" 200 2670 "-" "Mozilla/5.0 AppleWebKit/537.36 (KHTML, like Gecko; compatible; ClaudeBot/1.0; +claudebot@anthropic.com)"
216.73.216.7 - - [16/Jul/2026:18:21:15 -0600] "GET /?fileloc=%2Fhome%2Fdfwparty%2Fsantadallas.com%2Fwp-includes%2Fjs%2Fcustomize-preview.min.js&path=%2Fhome%2Fdfwparty%2Fsantadallas.com%2Fwp-includes%2Fjs HTTP/2" 200 5975 "-" "Mozilla/5.0 AppleWebKit/537.36 (KHTML, like Gecko; compatible; ClaudeBot/1.0; +claudebot@anthropic.com)"
216.73.216.7 - - [16/Jul/2026:18:21:15 -0600] "GET /?fileloc=%2F%2Fvar%2Fsoftaculous%2Fcastopod%2Fmd5&path=%2F%2Fvar%2Fsoftaculous%2Fcastopod HTTP/2" 200 4186 "-" "Mozilla/5.0 AppleWebKit/537.36 (KHTML, like Gecko; compatible; ClaudeBot/1.0; +claudebot@anthropic.com)"
216.73.216.7 - - [16/Jul/2026:18:21:13 -0600] "GET /?path=%2Fhome%2Fdfwparty%2Fcreepradio.com%2F.well-known%2Facme-challenge HTTP/2" 200 2573 "-" "Mozilla/5.0 AppleWebKit/537.36 (KHTML, like Gecko; compatible; ClaudeBot/1.0; +claudebot@anthropic.com)"
216.73.216.7 - - [16/Jul/2026:18:21:13 -0600] "GET /?fileloc=%2F%2Fvar%2Fsoftaculous%2Fninja%2Fninja.sql&path=%2F%2Fvar%2Fsoftaculous%2Fninja HTTP/2" 200 81997 "-" "Mozilla/5.0 AppleWebKit/537.36 (KHTML, like Gecko; compatible; ClaudeBot/1.0; +claudebot@anthropic.com)"
216.73.216.7 - - [16/Jul/2026:18:21:13 -0600] "GET /?fileloc=%2Fhome%2Fdfwparty%2Fajpartyfun.com%2Fwp-includes%2Fjs%2Fdist%2Fviewport.min.js&path=%2Fhome%2Fdfwparty%2Fajpartyfun.com%2Fwp-includes%2Fjs%2Fdist HTTP/2" 200 3754 "-" "Mozilla/5.0 AppleWebKit/537.36 (KHTML, like Gecko; compatible; ClaudeBot/1.0; +claudebot@anthropic.com)"
216.73.216.7 - - [16/Jul/2026:18:21:13 -0600] "GET /?fileloc=%2Fhome%2Fdfwparty%2Fgigiscleaning.net%2Fwp-includes%2Fjs%2Fwp-backbone.min.js&path=%2Fhome%2Fdfwparty%2Fgigiscleaning.net%2Fwp-includes%2Fjs HTTP/2" 200 3725 "-" "Mozilla/5.0 AppleWebKit/537.36 (KHTML, like Gecko; compatible; ClaudeBot/1.0; +claudebot@anthropic.com)"
216.73.216.7 - - [16/Jul/2026:18:21:13 -0600] "GET /?fileloc=%2Fhome%2Fdfwparty%2Fmail%2Ffearpodcast.com%2Ffearmaster%2Fdovecot-uidvalidity&path=%2Fhome%2Fdfwparty%2Fmail%2Ffearpodcast.com%2Ffearmaster HTTP/2" 200 2531 "-" "Mozilla/5.0 AppleWebKit/537.36 (KHTML, like Gecko; compatible; ClaudeBot/1.0; +claudebot@anthropic.com)"
74.7.242.45 - - [16/Jul/2026:18:21:12 -0600] "GET /?fileloc=/home/dfwparty/dfwmagic.com/wp-includes/sodium_compat/lib/namespaced.php&path=/home/dfwparty/dfwmagic.com/wp-includes/sodium_compat/lib HTTP/2" 200 3133 "https://www.ajpartyfun.com/?path=/home/dfwparty/dfwmagic.com/wp-includes/sodium_compat/lib" "Mozilla/5.0 AppleWebKit/537.36 (KHTML, like Gecko; compatible; GPTBot/1.4; +https://openai.com/gptbot)"
74.7.242.45 - - [16/Jul/2026:18:21:13 -0600] "GET /?path=/home/dfwparty/dfwmagic.com/wp-includes/sodium_compat/src/Core HTTP/2" 200 3732 "https://www.ajpartyfun.com/?path=/home/dfwparty/dfwmagic.com/wp-includes/sodium_compat/src" "Mozilla/5.0 AppleWebKit/537.36 (KHTML, like Gecko; compatible; GPTBot/1.4; +https://openai.com/gptbot)"
84.37.224.213 - - [16/Jul/2026:18:21:13 -0600] "GET /?shop%2Fsold%3Fid=top14049214401100 HTTP/2" 200 4018 "-" "Mozilla/5.0 (Macintosh; Intel Mac OS X 10_15_7) AppleWebKit/537.36 (KHTML, like Gecko) Chrome/142.0.0.0 Safari/537.36"
74.7.242.45 - - [16/Jul/2026:18:21:14 -0600] "GET /?fileloc=/home/dfwparty/dfwmagic.com/wp-includes/sodium_compat/lib/constants.php&path=/home/dfwparty/dfwmagic.com/wp-includes/sodium_compat/lib HTTP/2" 200 3066 "https://www.ajpartyfun.com/?path=/home/dfwparty/dfwmagic.com/wp-includes/sodium_compat/lib" "Mozilla/5.0 AppleWebKit/537.36 (KHTML, like Gecko; compatible; GPTBot/1.4; +https://openai.com/gptbot)"
74.7.242.45 - - [16/Jul/2026:18:21:14 -0600] "GET /?fileloc=/home/dfwparty/dfwmagic.com/wp-includes/images/smilies/icon_question.gif&path=/home/dfwparty/dfwmagic.com/wp-includes/images/smilies HTTP/2" 200 2797 "https://www.ajpartyfun.com/?path=/home/dfwparty/dfwmagic.com/wp-includes/images/smilies" "Mozilla/5.0 AppleWebKit/537.36 (KHTML, like Gecko; compatible; GPTBot/1.4; +https://openai.com/gptbot)"
74.7.242.45 - - [16/Jul/2026:18:21:15 -0600] "GET /?fileloc=/home/dfwparty/dfwmagic.com/wp-includes/images/media/text.svg&path=/home/dfwparty/dfwmagic.com/wp-includes/images/media HTTP/2" 200 2713 "https://www.ajpartyfun.com/?path=/home/dfwparty/dfwmagic.com/wp-includes/images/media" "Mozilla/5.0 AppleWebKit/537.36 (KHTML, like Gecko; compatible; GPTBot/1.4; +https://openai.com/gptbot)"
74.7.242.45 - - [16/Jul/2026:18:21:15 -0600] "GET /?fileloc=/home/dfwparty/dfwmagic.com/wp-includes/images/media/code.png&path=/home/dfwparty/dfwmagic.com/wp-includes/images/media HTTP/2" 200 2856 "https://www.ajpartyfun.com/?path=/home/dfwparty/dfwmagic.com/wp-includes/images/media" "Mozilla/5.0 AppleWebKit/537.36 (KHTML, like Gecko; compatible; GPTBot/1.4; +https://openai.com/gptbot)"
74.7.242.45 - - [16/Jul/2026:18:21:16 -0600] "GET /?fileloc=/home/dfwparty/dfwmagic.com/wp-includes/images/media/video.png&path=/home/dfwparty/dfwmagic.com/wp-includes/images/media HTTP/2" 200 2842 "https://www.ajpartyfun.com/?path=/home/dfwparty/dfwmagic.com/wp-includes/images/media" "Mozilla/5.0 AppleWebKit/537.36 (KHTML, like Gecko; compatible; GPTBot/1.4; +https://openai.com/gptbot)"
74.7.242.45 - - [16/Jul/2026:18:21:16 -0600] "GET /?fileloc=/home/dfwparty/dfwmagic.com/wp-includes/images/media/video.svg&path=/home/dfwparty/dfwmagic.com/wp-includes/images/media HTTP/2" 200 2771 "https://www.ajpartyfun.com/?path=/home/dfwparty/dfwmagic.com/wp-includes/images/media" "Mozilla/5.0 AppleWebKit/537.36 (KHTML, like Gecko; compatible; GPTBot/1.4; +https://openai.com/gptbot)"
74.7.242.45 - - [16/Jul/2026:18:21:17 -0600] "GET /?fileloc=/home/dfwparty/dfwmagic.com/wp-includes/images/smilies/icon_biggrin.gif&path=/home/dfwparty/dfwmagic.com/wp-includes/images/smilies HTTP/2" 200 2730 "https://www.ajpartyfun.com/?path=/home/dfwparty/dfwmagic.com/wp-includes/images/smilies" "Mozilla/5.0 AppleWebKit/537.36 (KHTML, like Gecko; compatible; GPTBot/1.4; +https://openai.com/gptbot)"
216.73.216.7 - - [16/Jul/2026:18:21:17 -0600] "GET /?fileloc=%2Fhome%2Fdfwparty%2Fsingingtelegramsdallas.com%2Fwp-includes%2Fcertificates%2Fca-bundle.crt&path=%2Fhome%2Fdfwparty%2Fsingingtelegramsdallas.com%2Fwp-includes%2Fcertificates HTTP/2" 200 129916 "-" "Mozilla/5.0 AppleWebKit/537.36 (KHTML, like Gecko; compatible; ClaudeBot/1.0; +claudebot@anthropic.com)"
216.73.216.7 - - [16/Jul/2026:18:21:17 -0600] "GET /?fileloc=%2F%2Flib%2Flocale%2Fen_AG%2FLC_ADDRESS&path=%2F%2Flib%2Flocale%2Fen_AG HTTP/2" 200 2624 "-" "Mozilla/5.0 AppleWebKit/537.36 (KHTML, like Gecko; compatible; ClaudeBot/1.0; +claudebot@anthropic.com)"
216.73.216.7 - - [16/Jul/2026:18:21:17 -0600] "GET /?fileloc=%2F%2Flib%2F.build-id%2F8a%2F64d02af54c83a8437f3824b08ab4e2c5cd3110&path=%2F%2Flib%2F.build-id%2F8a HTTP/2" 200 6338 "-" "Mozilla/5.0 AppleWebKit/537.36 (KHTML, like Gecko; compatible; ClaudeBot/1.0; +claudebot@anthropic.com)"
216.73.216.7 - - [16/Jul/2026:18:21:17 -0600] "GET /?fileloc=%2Fhome%2Fdfwparty%2Fmail%2Ffearpodcast.com%2Fjohn%2Fsubscriptions&path=%2Fhome%2Fdfwparty%2Fmail%2Ffearpodcast.com%2Fjohn HTTP/2" 200 2527 "-" "Mozilla/5.0 AppleWebKit/537.36 (KHTML, like Gecko; compatible; ClaudeBot/1.0; +claudebot@anthropic.com)"
216.73.216.7 - - [16/Jul/2026:18:21:17 -0600] "GET /?fileloc=%2Fhome%2Fdfwparty%2Fgigiscleaning.net%2Fwp-includes%2Fclass-wp-recovery-mode.php&path=%2Fhome%2Fdfwparty%2Fgigiscleaning.net%2Fwp-includes HTTP/2" 200 5759 "-" "Mozilla/5.0 AppleWebKit/537.36 (KHTML, like Gecko; compatible; ClaudeBot/1.0; +claudebot@anthropic.com)"
216.73.216.7 - - [16/Jul/2026:18:21:15 -0600] "GET /?fileloc=%2Fhome%2Fdfwparty%2Fajpartyfun.com%2Fwp-includes%2Fblocks%2Fpost-author-name%2Fstyle-rtl.min.css&path=%2Fhome%2Fdfwparty%2Fajpartyfun.com%2Fwp-includes%2Fblocks%2Fpost-author-name HTTP/2" 200 2558 "-" "Mozilla/5.0 AppleWebKit/537.36 (KHTML, like Gecko; compatible; ClaudeBot/1.0; +claudebot@anthropic.com)"
216.73.216.7 - - [16/Jul/2026:18:21:15 -0600] "GET /?fileloc=%2Fhome%2Fdfwparty%2Fsantadallas.com%2Fwp-admin%2Fincludes%2Fajax-actions.php&path=%2Fhome%2Fdfwparty%2Fsantadallas.com%2Fwp-admin%2Fincludes HTTP/2" 200 36976 "-" "Mozilla/5.0 AppleWebKit/537.36 (KHTML, like Gecko; compatible; ClaudeBot/1.0; +claudebot@anthropic.com)"
216.73.216.7 - - [16/Jul/2026:18:21:15 -0600] "GET /?fileloc=%2Fhome%2Fdfwparty%2Ftmp%2Fanalog%2Fsmartcardcontacts.com.dfw.party%2F3.html&path=%2Fhome%2Fdfwparty%2Ftmp%2Fanalog%2Fsmartcardcontacts.com.dfw.party HTTP/2" 200 10772 "-" "Mozilla/5.0 AppleWebKit/537.36 (KHTML, like Gecko; compatible; ClaudeBot/1.0; +claudebot@anthropic.com)"
216.73.216.7 - - [16/Jul/2026:18:21:15 -0600] "GET /?fileloc=%2Fhome%2Fdfwparty%2Fgigiscleaning.net%2Fwp-includes%2Fblocks%2Ficon%2Feditor-rtl.css&path=%2Fhome%2Fdfwparty%2Fgigiscleaning.net%2Fwp-includes%2Fblocks%2Ficon HTTP/2" 200 3147 "-" "Mozilla/5.0 AppleWebKit/537.36 (KHTML, like Gecko; compatible; ClaudeBot/1.0; +claudebot@anthropic.com)"
216.73.216.7 - - [16/Jul/2026:18:21:15 -0600] "GET /?fileloc=%2F%2Flib%2F.build-id%2Fca%2F444a873215569a42e9131d640d4b1f3a0214a2&path=%2F%2Flib%2F.build-id%2Fca HTTP/2" 200 8693 "-" "Mozilla/5.0 AppleWebKit/537.36 (KHTML, like Gecko; compatible; ClaudeBot/1.0; +claudebot@anthropic.com)"
216.73.216.7 - - [16/Jul/2026:18:21:18 -0600] "GET /?fileloc=%2Fhome%2Fdfwparty%2Ftmp%2Fanalog%2Fdfw.pics.dfw.party%2F5.html&path=%2Fhome%2Fdfwparty%2Ftmp%2Fanalog%2Fdfw.pics.dfw.party HTTP/2" 200 10159 "-" "Mozilla/5.0 AppleWebKit/537.36 (KHTML, like Gecko; compatible; ClaudeBot/1.0; +claudebot@anthropic.com)"
216.73.216.7 - - [16/Jul/2026:18:21:19 -0600] "GET /?fileloc=%2F%2Flib%2F.build-id%2Ffa%2F28ad9dcf68bfa5b23a9c1ae8aecf64b78d0009&path=%2F%2Flib%2F.build-id%2Ffa HTTP/2" 200 32332 "-" "Mozilla/5.0 AppleWebKit/537.36 (KHTML, like Gecko; compatible; ClaudeBot/1.0; +claudebot@anthropic.com)"
74.7.242.45 - - [16/Jul/2026:18:21:17 -0600] "GET /?fileloc=/home/dfwparty/dfwmagic.com/wp-includes/images/smilies/icon_neutral.gif&path=/home/dfwparty/dfwmagic.com/wp-includes/images/smilies HTTP/2" 200 2724 "https://www.ajpartyfun.com/?path=/home/dfwparty/dfwmagic.com/wp-includes/images/smilies" "Mozilla/5.0 AppleWebKit/537.36 (KHTML, like Gecko; compatible; GPTBot/1.4; +https://openai.com/gptbot)"
74.7.242.45 - - [16/Jul/2026:18:21:18 -0600] "GET /?fileloc=/home/dfwparty/dfwmagic.com/wp-includes/images/smilies/icon_surprised.gif&path=/home/dfwparty/dfwmagic.com/wp-includes/images/smilies HTTP/2" 200 2735 "https://www.ajpartyfun.com/?path=/home/dfwparty/dfwmagic.com/wp-includes/images/smilies" "Mozilla/5.0 AppleWebKit/537.36 (KHTML, like Gecko; compatible; GPTBot/1.4; +https://openai.com/gptbot)"
74.7.242.45 - - [16/Jul/2026:18:21:18 -0600] "GET /?fileloc=/home/dfwparty/dfwmagic.com/wp-includes/images/smilies/icon_rolleyes.gif&path=/home/dfwparty/dfwmagic.com/wp-includes/images/smilies HTTP/2" 200 2969 "https://www.ajpartyfun.com/?path=/home/dfwparty/dfwmagic.com/wp-includes/images/smilies" "Mozilla/5.0 AppleWebKit/537.36 (KHTML, like Gecko; compatible; GPTBot/1.4; +https://openai.com/gptbot)"
74.7.227.145 - - [16/Jul/2026:18:21:19 -0600] "GET /2026/07/16/kasyno-bez-weryfikacji-kyc-ktore-przeszo-moje-testy-matematyczne/?path=//opt/alt/php55/etc HTTP/2" 200 3523 "https://ajpartyfun.com/2026/07/16/kasyno-bez-weryfikacji-kyc-ktore-przeszo-moje-testy-matematyczne/?path=//opt/alt/php55" "Mozilla/5.0 AppleWebKit/537.36 (KHTML, like Gecko; compatible; GPTBot/1.4; +https://openai.com/gptbot)"
74.7.242.45 - - [16/Jul/2026:18:21:19 -0600] "GET /?fileloc=/home/dfwparty/dfwmagic.com/wp-includes/sodium_compat/src/Core/Ristretto255.php&path=/home/dfwparty/dfwmagic.com/wp-includes/sodium_compat/src/Core HTTP/2" 200 6729 "https://www.ajpartyfun.com/?path=/home/dfwparty/dfwmagic.com/wp-includes/sodium_compat/src/Core" "Mozilla/5.0 AppleWebKit/537.36 (KHTML, like Gecko; compatible; GPTBot/1.4; +https://openai.com/gptbot)"
74.7.242.45 - - [16/Jul/2026:18:21:19 -0600] "GET /?fileloc=/home/dfwparty/dfwmagic.com/wp-includes/sodium_compat/src/Core/Poly1305.php&path=/home/dfwparty/dfwmagic.com/wp-includes/sodium_compat/src/Core HTTP/2" 200 3022 "https://www.ajpartyfun.com/?path=/home/dfwparty/dfwmagic.com/wp-includes/sodium_compat/src/Core" "Mozilla/5.0 AppleWebKit/537.36 (KHTML, like Gecko; compatible; GPTBot/1.4; +https://openai.com/gptbot)"
74.7.242.45 - - [16/Jul/2026:18:21:20 -0600] "GET /?fileloc=/home/dfwparty/dfwmagic.com/wp-includes/sodium_compat/src/Core/Curve25519.php&path=/home/dfwparty/dfwmagic.com/wp-includes/sodium_compat/src/Core HTTP/2" 200 18473 "https://www.ajpartyfun.com/?path=/home/dfwparty/dfwmagic.com/wp-includes/sodium_compat/src/Core" "Mozilla/5.0 AppleWebKit/537.36 (KHTML, like Gecko; compatible; GPTBot/1.4; +https://openai.com/gptbot)"
74.7.242.45 - - [16/Jul/2026:18:21:20 -0600] "GET /?fileloc=/home/dfwparty/dfwmagic.com/wp-includes/images/smilies/icon_confused.gif&path=/home/dfwparty/dfwmagic.com/wp-includes/images/smilies HTTP/2" 200 2729 "https://www.ajpartyfun.com/?path=/home/dfwparty/dfwmagic.com/wp-includes/images/smilies" "Mozilla/5.0 AppleWebKit/537.36 (KHTML, like Gecko; compatible; GPTBot/1.4; +https://openai.com/gptbot)"
74.7.242.45 - - [16/Jul/2026:18:21:21 -0600] "GET /?fileloc=/home/dfwparty/dfwmagic.com/wp-includes/images/media/text.png&path=/home/dfwparty/dfwmagic.com/wp-includes/images/media HTTP/2" 200 2753 "https://www.ajpartyfun.com/?path=/home/dfwparty/dfwmagic.com/wp-includes/images/media" "Mozilla/5.0 AppleWebKit/537.36 (KHTML, like Gecko; compatible; GPTBot/1.4; +https://openai.com/gptbot)"
216.73.216.7 - - [16/Jul/2026:18:21:19 -0600] "GET /?fileloc=%2Fhome%2Fdfwparty%2Ftmp%2Fanalog%2Fmasterofcreep.net.dfw.party%2Fcode.png&path=%2Fhome%2Fdfwparty%2Ftmp%2Fanalog%2Fmasterofcreep.net.dfw.party HTTP/2" 200 4973 "-" "Mozilla/5.0 AppleWebKit/537.36 (KHTML, like Gecko; compatible; ClaudeBot/1.0; +claudebot@anthropic.com)"
216.73.216.7 - - [16/Jul/2026:18:21:19 -0600] "GET /?fileloc=%2Fhome%2Fdfwparty%2Ftmp%2Fanalog%2Faskdfw.com.dfw.party%2Fdir.png&path=%2Fhome%2Fdfwparty%2Ftmp%2Fanalog%2Faskdfw.com.dfw.party HTTP/2" 200 5029 "-" "Mozilla/5.0 AppleWebKit/537.36 (KHTML, like Gecko; compatible; ClaudeBot/1.0; +claudebot@anthropic.com)"
216.73.216.7 - - [16/Jul/2026:18:21:19 -0600] "GET /?fileloc=%2Fhome%2Fdfwparty%2Fmagicalmatty.fun%2Fwp-includes%2Fblock-i18n.json&path=%2Fhome%2Fdfwparty%2Fmagicalmatty.fun%2Fwp-includes HTTP/2" 200 2649 "-" "Mozilla/5.0 AppleWebKit/537.36 (KHTML, like Gecko; compatible; ClaudeBot/1.0; +claudebot@anthropic.com)"
216.73.216.7 - - [16/Jul/2026:18:21:17 -0600] "GET /?fileloc=%2Fhome%2Fdfwparty%2Fmail%2F.john%40dfwweekend_buzz%2Fdovecot-uidvalidity&path=%2Fhome%2Fdfwparty%2Fmail%2F.john%40dfwweekend_buzz HTTP/2" 200 2526 "-" "Mozilla/5.0 AppleWebKit/537.36 (KHTML, like Gecko; compatible; ClaudeBot/1.0; +claudebot@anthropic.com)"
216.73.216.7 - - [16/Jul/2026:18:21:17 -0600] "GET /?fileloc=%2F%2Flib64%2Flibibverbs%2Flibsiw-rdmav34.so&path=%2F%2Flib64%2Flibibverbs HTTP/2" 200 10813 "-" "Mozilla/5.0 AppleWebKit/537.36 (KHTML, like Gecko; compatible; ClaudeBot/1.0; +claudebot@anthropic.com)"
216.73.216.7 - - [16/Jul/2026:18:21:16 -0600] "GET /?fileloc=%2Fhome%2Fdfwparty%2Fgigiscleaning.net%2Fwp-includes%2Fjs%2Fbackbone.min.js&path=%2Fhome%2Fdfwparty%2Fgigiscleaning.net%2Fwp-includes%2Fjs HTTP/2" 200 11155 "-" "Mozilla/5.0 AppleWebKit/537.36 (KHTML, like Gecko; compatible; ClaudeBot/1.0; +claudebot@anthropic.com)"
216.73.216.7 - - [16/Jul/2026:18:21:17 -0600] "GET /?fileloc=%2F%2Flib64%2Flibpoco-plesk-1.12.4%2FlibPocoRedis.so.94&path=%2F%2Flib64%2Flibpoco-plesk-1.12.4 HTTP/2" 200 53783 "-" "Mozilla/5.0 AppleWebKit/537.36 (KHTML, like Gecko; compatible; ClaudeBot/1.0; +claudebot@anthropic.com)"
216.73.216.7 - - [16/Jul/2026:18:21:17 -0600] "GET /?fileloc=%2F%2Flib%2F.build-id%2Fb2%2Fcc18b978891058045ccec65e34844ecb3cfac1&path=%2F%2Flib%2F.build-id%2Fb2 HTTP/2" 200 112716 "-" "Mozilla/5.0 AppleWebKit/537.36 (KHTML, like Gecko; compatible; ClaudeBot/1.0; +claudebot@anthropic.com)"
216.73.216.7 - - [16/Jul/2026:18:21:21 -0600] "GET /?fileloc=%2Fhome%2Fdfwparty%2Fsantadallas.com%2Fwp-includes%2Fjs%2Fdist%2Feditor.js&path=%2Fhome%2Fdfwparty%2Fsantadallas.com%2Fwp-includes%2Fjs%2Fdist HTTP/2" 200 547175 "-" "Mozilla/5.0 AppleWebKit/537.36 (KHTML, like Gecko; compatible; ClaudeBot/1.0; +claudebot@anthropic.com)"
216.73.216.7 - - [16/Jul/2026:18:21:21 -0600] "GET /?fileloc=%2Fhome%2Fdfwparty%2Fsantadallas.com%2Fwp-includes%2Fjs%2Fwp-backbone.min.js&path=%2Fhome%2Fdfwparty%2Fsantadallas.com%2Fwp-includes%2Fjs HTTP/2" 200 3723 "-" "Mozilla/5.0 AppleWebKit/537.36 (KHTML, like Gecko; compatible; ClaudeBot/1.0; +claudebot@anthropic.com)"
216.73.216.7 - - [16/Jul/2026:18:21:21 -0600] "GET /?fileloc=%2Fhome%2Fdfwparty%2Fsingingtelegramsdallas.com%2Fwp-admin%2Fjs%2Fxfn.js&path=%2Fhome%2Fdfwparty%2Fsingingtelegramsdallas.com%2Fwp-admin%2Fjs HTTP/2" 200 2885 "-" "Mozilla/5.0 AppleWebKit/537.36 (KHTML, like Gecko; compatible; ClaudeBot/1.0; +claudebot@anthropic.com)"
216.73.216.7 - - [16/Jul/2026:18:21:21 -0600] "GET /?fileloc=%2Fhome%2Fdfwparty%2Fgigiscleaning.net%2Fwp-admin%2Fjs%2Finline-edit-post.js&path=%2Fhome%2Fdfwparty%2Fgigiscleaning.net%2Fwp-admin%2Fjs HTTP/2" 200 9374 "-" "Mozilla/5.0 AppleWebKit/537.36 (KHTML, like Gecko; compatible; ClaudeBot/1.0; +claudebot@anthropic.com)"
216.73.216.7 - - [16/Jul/2026:18:21:21 -0600] "GET /?fileloc=%2F%2Fvar%2Fsoftaculous%2Filias%2Finstall.js&path=%2F%2Fvar%2Fsoftaculous%2Filias HTTP/2" 200 2891 "-" "Mozilla/5.0 AppleWebKit/537.36 (KHTML, like Gecko; compatible; ClaudeBot/1.0; +claudebot@anthropic.com)"
74.7.227.145 - - [16/Jul/2026:18:21:21 -0600] "GET /2026/07/16/kasyno-bez-weryfikacji-kyc-ktore-przeszo-moje-testy-matematyczne/?path=//proc/self/root/proc/irq/55 HTTP/2" 200 3133 "https://ajpartyfun.com/2026/07/16/kasyno-bez-weryfikacji-kyc-ktore-przeszo-moje-testy-matematyczne/?path=//proc/self/root/proc/irq" "Mozilla/5.0 AppleWebKit/537.36 (KHTML, like Gecko; compatible; GPTBot/1.4; +https://openai.com/gptbot)"
74.7.242.45 - - [16/Jul/2026:18:21:21 -0600] "GET /?fileloc=/home/dfwparty/dfwmagic.com/wp-includes/images/media/code.svg&path=/home/dfwparty/dfwmagic.com/wp-includes/images/media HTTP/2" 200 2705 "https://www.ajpartyfun.com/?path=/home/dfwparty/dfwmagic.com/wp-includes/images/media" "Mozilla/5.0 AppleWebKit/537.36 (KHTML, like Gecko; compatible; GPTBot/1.4; +https://openai.com/gptbot)"
74.7.227.145 - - [16/Jul/2026:18:21:22 -0600] "GET /2026/07/16/kasyno-bez-weryfikacji-kyc-ktore-przeszo-moje-testy-matematyczne/?path=//lib/firmware/emi62 HTTP/2" 200 2957 "https://ajpartyfun.com/2026/07/16/kasyno-bez-weryfikacji-kyc-ktore-przeszo-moje-testy-matematyczne/?path=//lib/firmware" "Mozilla/5.0 AppleWebKit/537.36 (KHTML, like Gecko; compatible; GPTBot/1.4; +https://openai.com/gptbot)"
74.7.242.45 - - [16/Jul/2026:18:21:22 -0600] "GET /?fileloc=/home/dfwparty/dfwmagic.com/wp-includes/sodium_compat/src/Core/BLAKE2b.php&path=/home/dfwparty/dfwmagic.com/wp-includes/sodium_compat/src/Core HTTP/2" 200 7456 "https://www.ajpartyfun.com/?path=/home/dfwparty/dfwmagic.com/wp-includes/sodium_compat/src/Core" "Mozilla/5.0 AppleWebKit/537.36 (KHTML, like Gecko; compatible; GPTBot/1.4; +https://openai.com/gptbot)"
74.7.227.145 - - [16/Jul/2026:18:21:22 -0600] "GET /2026/07/16/kasyno-bez-weryfikacji-kyc-ktore-przeszo-moje-testy-matematyczne/?path=//proc/fs/ext4/sde HTTP/2" 200 2892 "https://ajpartyfun.com/2026/07/16/kasyno-bez-weryfikacji-kyc-ktore-przeszo-moje-testy-matematyczne/?path=//proc/fs/ext4" "Mozilla/5.0 AppleWebKit/537.36 (KHTML, like Gecko; compatible; GPTBot/1.4; +https://openai.com/gptbot)"
74.7.242.45 - - [16/Jul/2026:18:21:22 -0600] "GET /?path=/home/dfwparty/dfwmagic.com/wp-includes/sodium_compat/src/Core32 HTTP/2" 200 3528 "https://www.ajpartyfun.com/?path=/home/dfwparty/dfwmagic.com/wp-includes/sodium_compat/src" "Mozilla/5.0 AppleWebKit/537.36 (KHTML, like Gecko; compatible; GPTBot/1.4; +https://openai.com/gptbot)"
74.7.227.145 - - [16/Jul/2026:18:21:23 -0600] "GET /2026/07/16/kasyno-bez-weryfikacji-kyc-ktore-przeszo-moje-testy-matematyczne/?path=//opt/alt/php72/var HTTP/2" 200 2871 "https://ajpartyfun.com/2026/07/16/kasyno-bez-weryfikacji-kyc-ktore-przeszo-moje-testy-matematyczne/?path=//opt/alt/php72" "Mozilla/5.0 AppleWebKit/537.36 (KHTML, like Gecko; compatible; GPTBot/1.4; +https://openai.com/gptbot)"
74.7.242.45 - - [16/Jul/2026:18:21:23 -0600] "GET /?fileloc=/home/dfwparty/dfwmagic.com/wp-includes/theme-compat/embed.php&path=/home/dfwparty/dfwmagic.com/wp-includes/theme-compat HTTP/2" 200 2777 "https://www.ajpartyfun.com/?path=/home/dfwparty/dfwmagic.com/wp-includes/theme-compat" "Mozilla/5.0 AppleWebKit/537.36 (KHTML, like Gecko; compatible; GPTBot/1.4; +https://openai.com/gptbot)"
74.7.227.145 - - [16/Jul/2026:18:21:23 -0600] "GET /2026/07/16/kasyno-bez-weryfikacji-kyc-ktore-przeszo-moje-testy-matematyczne/?path=//opt/cpanel/ea-php81/root/var/cache/php-pear HTTP/2" 200 2602 "https://ajpartyfun.com/2026/07/16/kasyno-bez-weryfikacji-kyc-ktore-przeszo-moje-testy-matematyczne/?path=//opt/cpanel/ea-php81/root/var/cache" "Mozilla/5.0 AppleWebKit/537.36 (KHTML, like Gecko; compatible; GPTBot/1.4; +https://openai.com/gptbot)"
74.7.242.45 - - [16/Jul/2026:18:21:24 -0600] "GET /?fileloc=/home/dfwparty/dfwmagic.com/wp-includes/theme-compat/comments.php&path=/home/dfwparty/dfwmagic.com/wp-includes/theme-compat HTTP/2" 200 3407 "https://www.ajpartyfun.com/?path=/home/dfwparty/dfwmagic.com/wp-includes/theme-compat" "Mozilla/5.0 AppleWebKit/537.36 (KHTML, like Gecko; compatible; GPTBot/1.4; +https://openai.com/gptbot)"
216.73.216.7 - - [16/Jul/2026:18:21:21 -0600] "GET /?fileloc=%2F%2Fvar%2Fsoftaculous%2Ftangobb%2Finstall.js&path=%2F%2Fvar%2Fsoftaculous%2Ftangobb HTTP/2" 200 2895 "-" "Mozilla/5.0 AppleWebKit/537.36 (KHTML, like Gecko; compatible; ClaudeBot/1.0; +claudebot@anthropic.com)"
216.73.216.7 - - [16/Jul/2026:18:21:21 -0600] "GET /?fileloc=%2F%2Fvar%2Fsoftaculous%2Fhesk%2Fupgrade.xml&path=%2F%2Fvar%2Fsoftaculous%2Fhesk HTTP/2" 200 2701 "-" "Mozilla/5.0 AppleWebKit/537.36 (KHTML, like Gecko; compatible; ClaudeBot/1.0; +claudebot@anthropic.com)"
216.73.216.7 - - [16/Jul/2026:18:21:21 -0600] "GET /?fileloc=%2Fhome%2Fdfwparty%2Fmail%2Fjohnfitemarketing.com%2Fjohn%2Fsubscriptions&path=%2Fhome%2Fdfwparty%2Fmail%2Fjohnfitemarketing.com%2Fjohn HTTP/2" 200 2530 "-" "Mozilla/5.0 AppleWebKit/537.36 (KHTML, like Gecko; compatible; ClaudeBot/1.0; +claudebot@anthropic.com)"
216.73.216.7 - - [16/Jul/2026:18:21:21 -0600] "GET /?fileloc=%2Fhome%2Fdfwparty%2Fgigiscleaning.net%2Fwp-includes%2Fjs%2Fwp-custom-header.min.js&path=%2Fhome%2Fdfwparty%2Fgigiscleaning.net%2Fwp-includes%2Fjs HTTP/2" 200 4196 "-" "Mozilla/5.0 AppleWebKit/537.36 (KHTML, like Gecko; compatible; ClaudeBot/1.0; +claudebot@anthropic.com)"
216.73.216.7 - - [16/Jul/2026:18:21:18 -0600] "GET /?fileloc=%2F%2Flib64%2Faspell-0.60%2Fiso-8859-3.cset&path=%2F%2Flib64%2Faspell-0.60 HTTP/2" 200 5728 "-" "Mozilla/5.0 AppleWebKit/537.36 (KHTML, like Gecko; compatible; ClaudeBot/1.0; +claudebot@anthropic.com)"
216.73.216.7 - - [16/Jul/2026:18:21:23 -0600] "GET /?fileloc=%2Fhome%2Fdfwparty%2Fgigiscleaning.net%2Fwp-admin%2Fjs%2Fcomment.min.js&path=%2Fhome%2Fdfwparty%2Fgigiscleaning.net%2Fwp-admin%2Fjs HTTP/2" 200 3135 "-" "Mozilla/5.0 AppleWebKit/537.36 (KHTML, like Gecko; compatible; ClaudeBot/1.0; +claudebot@anthropic.com)"
216.73.216.7 - - [16/Jul/2026:18:21:23 -0600] "GET /?fileloc=%2F%2Fhome%2Fdfwparty%2Fgoals.tips%2F400.shtml&path=%2F%2Fhome%2Fdfwparty%2Fgoals.tips HTTP/2" 200 2618 "-" "Mozilla/5.0 AppleWebKit/537.36 (KHTML, like Gecko; compatible; ClaudeBot/1.0; +claudebot@anthropic.com)"
216.73.216.7 - - [16/Jul/2026:18:21:23 -0600] "GET /?fileloc=%2Fhome%2Fdfwparty%2Fgigiscleaning.net%2Fwp-includes%2Fjs%2Fcustomize-views.js&path=%2Fhome%2Fdfwparty%2Fgigiscleaning.net%2Fwp-includes%2Fjs HTTP/2" 200 4010 "-" "Mozilla/5.0 AppleWebKit/537.36 (KHTML, like Gecko; compatible; ClaudeBot/1.0; +claudebot@anthropic.com)"
216.73.216.7 - - [16/Jul/2026:18:21:23 -0600] "GET /?fileloc=%2F%2Fvar%2Fsoftaculous%2Fsentrifugo%2Finstall.xml&path=%2F%2Fvar%2Fsoftaculous%2Fsentrifugo HTTP/2" 200 2940 "-" "Mozilla/5.0 AppleWebKit/537.36 (KHTML, like Gecko; compatible; ClaudeBot/1.0; +claudebot@anthropic.com)"
216.73.216.7 - - [16/Jul/2026:18:21:19 -0600] "GET /?fileloc=%2Fhome%2Fdfwparty%2Fgigiscleaning.net%2Fwp-includes%2Fclass-wp-user-meta-session-tokens.php&path=%2Fhome%2Fdfwparty%2Fgigiscleaning.net%2Fwp-includes HTTP/2" 200 3379 "-" "Mozilla/5.0 AppleWebKit/537.36 (KHTML, like Gecko; compatible; ClaudeBot/1.0; +claudebot@anthropic.com)"
216.73.216.7 - - [16/Jul/2026:18:21:24 -0600] "GET /?fileloc=%2F%2Fvar%2Fsoftaculous%2Fluxcal%2Fupgrade.xml&path=%2F%2Fvar%2Fsoftaculous%2Fluxcal HTTP/2" 200 2699 "-" "Mozilla/5.0 AppleWebKit/537.36 (KHTML, like Gecko; compatible; ClaudeBot/1.0; +claudebot@anthropic.com)"
216.73.216.7 - - [16/Jul/2026:18:21:24 -0600] "GET /?path=%2Fhome%2Fdfwparty%2Fmail%2Fbizcoach.biz%2Fjohn HTTP/2" 200 3659 "-" "Mozilla/5.0 AppleWebKit/537.36 (KHTML, like Gecko; compatible; ClaudeBot/1.0; +claudebot@anthropic.com)"
216.73.216.7 - - [16/Jul/2026:18:21:24 -0600] "GET /?fileloc=%2Fhome%2Fdfwparty%2Fsantadallas.com%2Fwp-includes%2Fjs%2Fbackbone.min.js&path=%2Fhome%2Fdfwparty%2Fsantadallas.com%2Fwp-includes%2Fjs HTTP/2" 200 11135 "-" "Mozilla/5.0 AppleWebKit/537.36 (KHTML, like Gecko; compatible; ClaudeBot/1.0; +claudebot@anthropic.com)"
74.7.227.145 - - [16/Jul/2026:18:21:24 -0600] "GET /2026/07/16/kasyno-bez-weryfikacji-kyc-ktore-przeszo-moje-testy-matematyczne/?path=//opt/cpanel/alt-php72 HTTP/2" 200 2804 "https://ajpartyfun.com/2026/07/16/kasyno-bez-weryfikacji-kyc-ktore-przeszo-moje-testy-matematyczne/?path=//opt/cpanel" "Mozilla/5.0 AppleWebKit/537.36 (KHTML, like Gecko; compatible; GPTBot/1.4; +https://openai.com/gptbot)"
74.7.242.45 - - [16/Jul/2026:18:21:24 -0600] "GET /?fileloc=/home/dfwparty/dfwmagic.com/wp-includes/theme-compat/sidebar.php&path=/home/dfwparty/dfwmagic.com/wp-includes/theme-compat HTTP/2" 200 3987 "https://www.ajpartyfun.com/?path=/home/dfwparty/dfwmagic.com/wp-includes/theme-compat" "Mozilla/5.0 AppleWebKit/537.36 (KHTML, like Gecko; compatible; GPTBot/1.4; +https://openai.com/gptbot)"
74.7.227.145 - - [16/Jul/2026:18:21:24 -0600] "GET /2026/07/16/kasyno-bez-weryfikacji-kyc-ktore-przeszo-moje-testy-matematyczne/?path=//opt/alt/php81 HTTP/2" 200 2903 "https://ajpartyfun.com/2026/07/16/kasyno-bez-weryfikacji-kyc-ktore-przeszo-moje-testy-matematyczne/?path=//opt/alt" "Mozilla/5.0 AppleWebKit/537.36 (KHTML, like Gecko; compatible; GPTBot/1.4; +https://openai.com/gptbot)"
74.7.242.45 - - [16/Jul/2026:18:21:25 -0600] "GET /?fileloc=/home/dfwparty/dfwmagic.com/wp-includes/sodium_compat/src/Compat.php&path=/home/dfwparty/dfwmagic.com/wp-includes/sodium_compat/src HTTP/2" 200 22220 "https://www.ajpartyfun.com/?path=/home/dfwparty/dfwmagic.com/wp-includes/sodium_compat/src" "Mozilla/5.0 AppleWebKit/537.36 (KHTML, like Gecko; compatible; GPTBot/1.4; +https://openai.com/gptbot)"
74.7.227.145 - - [16/Jul/2026:18:21:25 -0600] "GET /2026/07/16/kasyno-bez-weryfikacji-kyc-ktore-przeszo-moje-testy-matematyczne/?path=//opt/cpanel/ea-php83 HTTP/2" 200 2897 "https://ajpartyfun.com/2026/07/16/kasyno-bez-weryfikacji-kyc-ktore-przeszo-moje-testy-matematyczne/?path=//opt/cpanel" "Mozilla/5.0 AppleWebKit/537.36 (KHTML, like Gecko; compatible; GPTBot/1.4; +https://openai.com/gptbot)"
74.7.242.45 - - [16/Jul/2026:18:21:25 -0600] "GET /?fileloc=/home/dfwparty/dfwmagic.com/wp-includes/sodium_compat/src/Crypto.php&path=/home/dfwparty/dfwmagic.com/wp-includes/sodium_compat/src HTTP/2" 200 9668 "https://www.ajpartyfun.com/?path=/home/dfwparty/dfwmagic.com/wp-includes/sodium_compat/src" "Mozilla/5.0 AppleWebKit/537.36 (KHTML, like Gecko; compatible; GPTBot/1.4; +https://openai.com/gptbot)"
74.7.227.145 - - [16/Jul/2026:18:21:25 -0600] "GET /2026/07/16/kasyno-bez-weryfikacji-kyc-ktore-przeszo-moje-testy-matematyczne/?path=//proc/self/root/proc/irq/50 HTTP/2" 200 3135 "https://ajpartyfun.com/2026/07/16/kasyno-bez-weryfikacji-kyc-ktore-przeszo-moje-testy-matematyczne/?path=//proc/self/root/proc/irq" "Mozilla/5.0 AppleWebKit/537.36 (KHTML, like Gecko; compatible; GPTBot/1.4; +https://openai.com/gptbot)"
74.7.242.45 - - [16/Jul/2026:18:21:26 -0600] "GET /?fileloc=/home/dfwparty/dfwmagic.com/wp-includes/ms-default-constants.php&path=/home/dfwparty/dfwmagic.com/wp-includes HTTP/2" 200 4217 "https://www.ajpartyfun.com/?path=/home/dfwparty/dfwmagic.com/wp-includes" "Mozilla/5.0 AppleWebKit/537.36 (KHTML, like Gecko; compatible; GPTBot/1.4; +https://openai.com/gptbot)"
74.7.227.145 - - [16/Jul/2026:18:21:26 -0600] "GET /2026/07/16/kasyno-bez-weryfikacji-kyc-ktore-przeszo-moje-testy-matematyczne/?path=//opt/cpanel/ea-php73/root/etc HTTP/2" 200 3105 "https://ajpartyfun.com/2026/07/16/kasyno-bez-weryfikacji-kyc-ktore-przeszo-moje-testy-matematyczne/?path=//opt/cpanel/ea-php73/root" "Mozilla/5.0 AppleWebKit/537.36 (KHTML, like Gecko; compatible; GPTBot/1.4; +https://openai.com/gptbot)"
74.7.242.45 - - [16/Jul/2026:18:21:26 -0600] "GET /?fileloc=/home/dfwparty/dfwmagic.com/wp-includes/ms-default-filters.php&path=/home/dfwparty/dfwmagic.com/wp-includes HTTP/2" 200 4376 "https://www.ajpartyfun.com/?path=/home/dfwparty/dfwmagic.com/wp-includes" "Mozilla/5.0 AppleWebKit/537.36 (KHTML, like Gecko; compatible; GPTBot/1.4; +https://openai.com/gptbot)"
216.73.216.7 - - [16/Jul/2026:18:21:24 -0600] "GET /?fileloc=%2Fhome%2Fdfwparty%2Fgigiscleaning.net%2Fwp-admin%2Fjs%2Firis.min.js&path=%2Fhome%2Fdfwparty%2Fgigiscleaning.net%2Fwp-admin%2Fjs HTTP/2" 200 11190 "-" "Mozilla/5.0 AppleWebKit/537.36 (KHTML, like Gecko; compatible; ClaudeBot/1.0; +claudebot@anthropic.com)"
216.73.216.7 - - [16/Jul/2026:18:21:24 -0600] "GET /?fileloc=%2F%2Fvar%2Fsoftaculous%2Fjoomla54%2Fupgrade.xml&path=%2F%2Fvar%2Fsoftaculous%2Fjoomla54 HTTP/2" 200 2747 "-" "Mozilla/5.0 AppleWebKit/537.36 (KHTML, like Gecko; compatible; ClaudeBot/1.0; +claudebot@anthropic.com)"
216.73.216.7 - - [16/Jul/2026:18:21:24 -0600] "GET /?fileloc=%2F%2Flib%2F.build-id%2F8a%2Ff0ba4314c8fb056c7e6fe597da0cdf754eb90c&path=%2F%2Flib%2F.build-id%2F8a HTTP/2" 200 12817 "-" "Mozilla/5.0 AppleWebKit/537.36 (KHTML, like Gecko; compatible; ClaudeBot/1.0; +claudebot@anthropic.com)"
216.73.216.7 - - [16/Jul/2026:18:21:23 -0600] "GET /?fileloc=%2F%2Fvar%2Fsoftaculous%2Fopensis%2Fnotes.txt&path=%2F%2Fvar%2Fsoftaculous%2Fopensis HTTP/2" 200 2683 "-" "Mozilla/5.0 AppleWebKit/537.36 (KHTML, like Gecko; compatible; ClaudeBot/1.0; +claudebot@anthropic.com)"
216.73.216.7 - - [16/Jul/2026:18:21:23 -0600] "GET /?fileloc=%2F%2Fvar%2Fsoftaculous%2Flitforum%2Fmd5&path=%2F%2Fvar%2Fsoftaculous%2Flitforum HTTP/2" 200 4933 "-" "Mozilla/5.0 AppleWebKit/537.36 (KHTML, like Gecko; compatible; ClaudeBot/1.0; +claudebot@anthropic.com)"
216.73.216.7 - - [16/Jul/2026:18:21:24 -0600] "GET /?fileloc=%2Fhome%2Fdfwparty%2Fmail%2F.master%40masterofcreep_com%2Fdovecot.index.cache&path=%2Fhome%2Fdfwparty%2Fmail%2F.master%40masterofcreep_com HTTP/2" 200 9387 "-" "Mozilla/5.0 AppleWebKit/537.36 (KHTML, like Gecko; compatible; ClaudeBot/1.0; +claudebot@anthropic.com)"
216.73.216.7 - - [16/Jul/2026:18:21:24 -0600] "GET /?fileloc=%2Fhome%2Fdfwparty%2F.MirrorSearch%2Fhttpupdate.cpanel.net%2Fmirrors.speeds&path=%2Fhome%2Fdfwparty%2F.MirrorSearch%2Fhttpupdate.cpanel.net HTTP/2" 200 2653 "-" "Mozilla/5.0 AppleWebKit/537.36 (KHTML, like Gecko; compatible; ClaudeBot/1.0; +claudebot@anthropic.com)"
216.73.216.7 - - [16/Jul/2026:18:21:26 -0600] "GET /?fileloc=%2F%2Fvar%2Fsoftaculous%2Fmw14%2Fnotes.txt&path=%2F%2Fvar%2Fsoftaculous%2Fmw14 HTTP/2" 200 3746 "-" "Mozilla/5.0 AppleWebKit/537.36 (KHTML, like Gecko; compatible; ClaudeBot/1.0; +claudebot@anthropic.com)"
216.73.216.7 - - [16/Jul/2026:18:21:26 -0600] "GET /?fileloc=%2Fhome%2Fdfwparty%2Fgigiscleaning.net%2Fwp-includes%2Fjs%2Fjson2.min.js&path=%2Fhome%2Fdfwparty%2Fgigiscleaning.net%2Fwp-includes%2Fjs HTTP/2" 200 2543 "-" "Mozilla/5.0 AppleWebKit/537.36 (KHTML, like Gecko; compatible; ClaudeBot/1.0; +claudebot@anthropic.com)"
216.73.216.7 - - [16/Jul/2026:18:21:26 -0600] "GET /?fileloc=%2Fhome%2Fdfwparty%2Fsantadallas.com%2Fwp-includes%2Fclass-wp-recovery-mode.php&path=%2Fhome%2Fdfwparty%2Fsantadallas.com%2Fwp-includes HTTP/2" 200 5819 "-" "Mozilla/5.0 AppleWebKit/537.36 (KHTML, like Gecko; compatible; ClaudeBot/1.0; +claudebot@anthropic.com)"
216.73.216.7 - - [16/Jul/2026:18:21:26 -0600] "GET /?fileloc=%2Fhome%2Fdfwparty%2Fgigiscleaning.net%2Fwp-includes%2Fblocks%2Fquery-pagination%2Fblock.json&path=%2Fhome%2Fdfwparty%2Fgigiscleaning.net%2Fwp-includes%2Fblocks%2Fquery-pagination HTTP/2" 200 3146 "-" "Mozilla/5.0 AppleWebKit/537.36 (KHTML, like Gecko; compatible; ClaudeBot/1.0; +claudebot@anthropic.com)"
216.73.216.7 - - [16/Jul/2026:18:21:26 -0600] "GET /?fileloc=%2Fhome%2Fdfwparty%2Fssl%2Fkeys%2Fdcc85_d3fe3_9c4e16d2ffc1abd3dab9972da8daf189.key&path=%2Fhome%2Fdfwparty%2Fssl%2Fkeys HTTP/2" 200 3857 "-" "Mozilla/5.0 AppleWebKit/537.36 (KHTML, like Gecko; compatible; ClaudeBot/1.0; +claudebot@anthropic.com)"
216.73.216.7 - - [16/Jul/2026:18:21:27 -0600] "GET /?fileloc=%2Fhome%2Fdfwparty%2Ftmp%2Fanalog%2Fpodbanner.com.dfw.party%2Fcache&path=%2Fhome%2Fdfwparty%2Ftmp%2Fanalog%2Fpodbanner.com.dfw.party HTTP/2" 200 3555 "-" "Mozilla/5.0 AppleWebKit/537.36 (KHTML, like Gecko; compatible; ClaudeBot/1.0; +claudebot@anthropic.com)"
74.7.227.145 - - [16/Jul/2026:18:21:26 -0600] "GET /2026/07/16/kasyno-bez-weryfikacji-kyc-ktore-przeszo-moje-testy-matematyczne/?path=//opt/cpanel/ea-php81/root/usr/tmp/php-pear HTTP/2" 200 2587 "https://ajpartyfun.com/2026/07/16/kasyno-bez-weryfikacji-kyc-ktore-przeszo-moje-testy-matematyczne/?path=//opt/cpanel/ea-php81/root/usr/tmp" "Mozilla/5.0 AppleWebKit/537.36 (KHTML, like Gecko; compatible; GPTBot/1.4; +https://openai.com/gptbot)"
74.7.242.45 - - [16/Jul/2026:18:21:27 -0600] "GET /?fileloc=/home/dfwparty/dfwmagic.com/wp-includes/deprecated.php&path=/home/dfwparty/dfwmagic.com/wp-includes HTTP/2" 200 48289 "https://www.ajpartyfun.com/?path=/home/dfwparty/dfwmagic.com/wp-includes" "Mozilla/5.0 AppleWebKit/537.36 (KHTML, like Gecko; compatible; GPTBot/1.4; +https://openai.com/gptbot)"
74.7.227.145 - - [16/Jul/2026:18:21:27 -0600] "GET /2026/07/16/kasyno-bez-weryfikacji-kyc-ktore-przeszo-moje-testy-matematyczne/?path=//opt/cpanel/ea-php80/root/etc HTTP/2" 200 3164 "https://ajpartyfun.com/2026/07/16/kasyno-bez-weryfikacji-kyc-ktore-przeszo-moje-testy-matematyczne/?path=//opt/cpanel/ea-php80/root" "Mozilla/5.0 AppleWebKit/537.36 (KHTML, like Gecko; compatible; GPTBot/1.4; +https://openai.com/gptbot)"
74.7.242.45 - - [16/Jul/2026:18:21:27 -0600] "GET /?fileloc=/home/dfwparty/dfwmagic.com/wp-includes/block-supports/custom-css.php&path=/home/dfwparty/dfwmagic.com/wp-includes/block-supports HTTP/2" 200 5614 "https://www.ajpartyfun.com/?path=/home/dfwparty/dfwmagic.com/wp-includes/block-supports" "Mozilla/5.0 AppleWebKit/537.36 (KHTML, like Gecko; compatible; GPTBot/1.4; +https://openai.com/gptbot)"
74.7.227.145 - - [16/Jul/2026:18:21:27 -0600] "GET /2026/07/16/kasyno-bez-weryfikacji-kyc-ktore-przeszo-moje-testy-matematyczne/?path=//opt/cpanel/ea-php81/root/usr/local/etc HTTP/2" 200 2587 "https://ajpartyfun.com/2026/07/16/kasyno-bez-weryfikacji-kyc-ktore-przeszo-moje-testy-matematyczne/?path=//opt/cpanel/ea-php81/root/usr/local" "Mozilla/5.0 AppleWebKit/537.36 (KHTML, like Gecko; compatible; GPTBot/1.4; +https://openai.com/gptbot)"
74.7.242.45 - - [16/Jul/2026:18:21:28 -0600] "GET /?fileloc=/home/dfwparty/dfwmagic.com/wp-includes/block-supports/generated-classname.php&path=/home/dfwparty/dfwmagic.com/wp-includes/block-supports HTTP/2" 200 3200 "https://www.ajpartyfun.com/?path=/home/dfwparty/dfwmagic.com/wp-includes/block-supports" "Mozilla/5.0 AppleWebKit/537.36 (KHTML, like Gecko; compatible; GPTBot/1.4; +https://openai.com/gptbot)"
74.7.227.145 - - [16/Jul/2026:18:21:28 -0600] "GET /2026/07/16/kasyno-bez-weryfikacji-kyc-ktore-przeszo-moje-testy-matematyczne/?path=//opt/cpanel/ea-php84/root/etc HTTP/2" 200 2818 "https://ajpartyfun.com/2026/07/16/kasyno-bez-weryfikacji-kyc-ktore-przeszo-moje-testy-matematyczne/?path=//opt/cpanel/ea-php84/root" "Mozilla/5.0 AppleWebKit/537.36 (KHTML, like Gecko; compatible; GPTBot/1.4; +https://openai.com/gptbot)"
74.7.242.45 - - [16/Jul/2026:18:21:28 -0600] "GET /?fileloc=/home/dfwparty/dfwmagic.com/wp-includes/sodium_compat/src/Core32/BLAKE2b.php&path=/home/dfwparty/dfwmagic.com/wp-includes/sodium_compat/src/Core32 HTTP/2" 200 7049 "https://www.ajpartyfun.com/?path=/home/dfwparty/dfwmagic.com/wp-includes/sodium_compat/src/Core32" "Mozilla/5.0 AppleWebKit/537.36 (KHTML, like Gecko; compatible; GPTBot/1.4; +https://openai.com/gptbot)"
74.7.227.145 - - [16/Jul/2026:18:21:28 -0600] "GET /2026/07/16/kasyno-bez-weryfikacji-kyc-ktore-przeszo-moje-testy-matematyczne/?path=//opt/cpanel/ea-php80/root/var HTTP/2" 200 2846 "https://ajpartyfun.com/2026/07/16/kasyno-bez-weryfikacji-kyc-ktore-przeszo-moje-testy-matematyczne/?path=//opt/cpanel/ea-php80/root" "Mozilla/5.0 AppleWebKit/537.36 (KHTML, like Gecko; compatible; GPTBot/1.4; +https://openai.com/gptbot)"
74.7.242.45 - - [16/Jul/2026:18:21:29 -0600] "GET /?fileloc=/home/dfwparty/dfwmagic.com/wp-includes/sodium_compat/src/Core32/HChaCha20.php&path=/home/dfwparty/dfwmagic.com/wp-includes/sodium_compat/src/Core32 HTTP/2" 200 3479 "https://www.ajpartyfun.com/?path=/home/dfwparty/dfwmagic.com/wp-includes/sodium_compat/src/Core32" "Mozilla/5.0 AppleWebKit/537.36 (KHTML, like Gecko; compatible; GPTBot/1.4; +https://openai.com/gptbot)"
74.7.227.145 - - [16/Jul/2026:18:21:29 -0600] "GET /2026/07/16/kasyno-bez-weryfikacji-kyc-ktore-przeszo-moje-testy-matematyczne/?path=//opt/cpanel/ea-php73/root/usr HTTP/2" 200 2937 "https://ajpartyfun.com/2026/07/16/kasyno-bez-weryfikacji-kyc-ktore-przeszo-moje-testy-matematyczne/?path=//opt/cpanel/ea-php73/root" "Mozilla/5.0 AppleWebKit/537.36 (KHTML, like Gecko; compatible; GPTBot/1.4; +https://openai.com/gptbot)"
74.7.242.45 - - [16/Jul/2026:18:21:29 -0600] "GET /?fileloc=/home/dfwparty/dfwmagic.com/wp-includes/sodium_compat/src/Core32/XSalsa20.php&path=/home/dfwparty/dfwmagic.com/wp-includes/sodium_compat/src/Core32 HTTP/2" 200 2995 "https://www.ajpartyfun.com/?path=/home/dfwparty/dfwmagic.com/wp-includes/sodium_compat/src/Core32" "Mozilla/5.0 AppleWebKit/537.36 (KHTML, like Gecko; compatible; GPTBot/1.4; +https://openai.com/gptbot)"
74.7.227.145 - - [16/Jul/2026:18:21:29 -0600] "GET /2026/07/16/kasyno-bez-weryfikacji-kyc-ktore-przeszo-moje-testy-matematyczne/?path=//opt/cpanel/ea-php80/root/usr HTTP/2" 200 2938 "https://ajpartyfun.com/2026/07/16/kasyno-bez-weryfikacji-kyc-ktore-przeszo-moje-testy-matematyczne/?path=//opt/cpanel/ea-php80/root" "Mozilla/5.0 AppleWebKit/537.36 (KHTML, like Gecko; compatible; GPTBot/1.4; +https://openai.com/gptbot)"
74.7.242.45 - - [16/Jul/2026:18:21:30 -0600] "GET /?fileloc=/home/dfwparty/dfwmagic.com/wp-includes/sodium_compat/src/Core32/ChaCha20.php&path=/home/dfwparty/dfwmagic.com/wp-includes/sodium_compat/src/Core32 HTTP/2" 200 4778 "https://www.ajpartyfun.com/?path=/home/dfwparty/dfwmagic.com/wp-includes/sodium_compat/src/Core32" "Mozilla/5.0 AppleWebKit/537.36 (KHTML, like Gecko; compatible; GPTBot/1.4; +https://openai.com/gptbot)"
