216.73.216.7 - - [16/Jul/2026:18:20:35 -0600] "GET /?fileloc=%2Fhome%2Fdfwparty%2Fsingingtelegramsdallas.com%2Fwp-includes%2Fimages%2Fw-logo-blue-white-bg.png&path=%2Fhome%2Fdfwparty%2Fsingingtelegramsdallas.com%2Fwp-includes%2Fimages HTTP/2" 200 6519 "-" "Mozilla/5.0 AppleWebKit/537.36 (KHTML, like Gecko; compatible; ClaudeBot/1.0; +claudebot@anthropic.com)"
216.73.216.7 - - [16/Jul/2026:18:20:35 -0600] "GET /?fileloc=%2Fhome%2Fdfwparty%2Ftmp%2Fanalog%2Fdaycareprofits.com.dfw.party%2Forg.png&path=%2Fhome%2Fdfwparty%2Ftmp%2Fanalog%2Fdaycareprofits.com.dfw.party HTTP/2" 200 5419 "-" "Mozilla/5.0 AppleWebKit/537.36 (KHTML, like Gecko; compatible; ClaudeBot/1.0; +claudebot@anthropic.com)"
216.73.216.7 - - [16/Jul/2026:18:20:35 -0600] "GET /?fileloc=%2Fhome%2Fdfwparty%2Flogs%2Ffacepaintermarketing.com.dfw.party-Nov-2024.gz&path=%2Fhome%2Fdfwparty%2Flogs HTTP/2" 200 32601 "-" "Mozilla/5.0 AppleWebKit/537.36 (KHTML, like Gecko; compatible; ClaudeBot/1.0; +claudebot@anthropic.com)"
216.73.216.7 - - [16/Jul/2026:18:20:35 -0600] "GET /?fileloc=%2Fhome%2Fdfwparty%2Flogs%2Fsmartcard.marketing.dfw.party-ssl_log-Oct-2024.gz&path=%2Fhome%2Fdfwparty%2Flogs HTTP/2" 200 29011 "-" "Mozilla/5.0 AppleWebKit/537.36 (KHTML, like Gecko; compatible; ClaudeBot/1.0; +claudebot@anthropic.com)"
216.73.216.7 - - [16/Jul/2026:18:20:35 -0600] "GET /?fileloc=%2Fhome%2Fdfwparty%2Fmembers.bizcoach.biz%2Fwp-admin%2Fincludes%2Fclass-wp-ms-sites-list-table.php&path=%2Fhome%2Fdfwparty%2Fmembers.bizcoach.biz%2Fwp-admin%2Fincludes HTTP/2" 200 8800 "-" "Mozilla/5.0 AppleWebKit/537.36 (KHTML, like Gecko; compatible; ClaudeBot/1.0; +claudebot@anthropic.com)"
216.73.216.7 - - [16/Jul/2026:18:20:38 -0600] "GET /?fileloc=%2Fhome%2Fdfwparty%2Fsantadallas.com%2Fwp-includes%2Fimages%2Fuploader-icons-2x.png&path=%2Fhome%2Fdfwparty%2Fsantadallas.com%2Fwp-includes%2Fimages HTTP/2" 200 5681 "-" "Mozilla/5.0 AppleWebKit/537.36 (KHTML, like Gecko; compatible; ClaudeBot/1.0; +claudebot@anthropic.com)"
216.73.216.7 - - [16/Jul/2026:18:20:37 -0600] "GET /?fileloc=%2Fhome%2Fdfwparty%2Flogs%2Fpodsalad.store.dfw.party-Dec-2023.gz&path=%2Fhome%2Fdfwparty%2Flogs HTTP/2" 200 25140 "-" "Mozilla/5.0 AppleWebKit/537.36 (KHTML, like Gecko; compatible; ClaudeBot/1.0; +claudebot@anthropic.com)"
216.73.216.7 - - [16/Jul/2026:18:20:37 -0600] "GET /?fileloc=%2Fhome%2Fdfwparty%2Fsantabootshop.com%2Fwp-content%2Fthemes%2Ftwentytwentyfive%2Fparts%2Ffooter.html&path=%2Fhome%2Fdfwparty%2Fsantabootshop.com%2Fwp-content%2Fthemes%2Ftwentytwentyfive%2Fparts HTTP/2" 200 2590 "-" "Mozilla/5.0 AppleWebKit/537.36 (KHTML, like Gecko; compatible; ClaudeBot/1.0; +claudebot@anthropic.com)"
74.7.242.45 - - [16/Jul/2026:18:20:37 -0600] "GET /?fileloc=/home/dfwparty/dfwmagic.com/wp-includes/class-wp-theme-json-resolver.php&path=/home/dfwparty/dfwmagic.com/wp-includes HTTP/2" 200 11571 "https://www.ajpartyfun.com/?path=/home/dfwparty/dfwmagic.com/wp-includes" "Mozilla/5.0 AppleWebKit/537.36 (KHTML, like Gecko; compatible; GPTBot/1.4; +https://openai.com/gptbot)"
74.7.227.145 - - [16/Jul/2026:18:20:37 -0600] "GET /2026/07/16/kasyno-bez-weryfikacji-kyc-ktore-przeszo-moje-testy-matematyczne/?path=//opt/cpanel/ea-php81/root/etc/php-fpm.d HTTP/2" 200 2577 "https://ajpartyfun.com/2026/07/16/kasyno-bez-weryfikacji-kyc-ktore-przeszo-moje-testy-matematyczne/?path=//opt/cpanel/ea-php81/root/etc" "Mozilla/5.0 AppleWebKit/537.36 (KHTML, like Gecko; compatible; GPTBot/1.4; +https://openai.com/gptbot)"
74.7.242.45 - - [16/Jul/2026:18:20:37 -0600] "GET /?fileloc=/home/dfwparty/dfwmagic.com/wp-includes/class-wp-customize-nav-menus.php&path=/home/dfwparty/dfwmagic.com/wp-includes HTTP/2" 200 18182 "https://www.ajpartyfun.com/?path=/home/dfwparty/dfwmagic.com/wp-includes" "Mozilla/5.0 AppleWebKit/537.36 (KHTML, like Gecko; compatible; GPTBot/1.4; +https://openai.com/gptbot)"
74.7.227.145 - - [16/Jul/2026:18:20:38 -0600] "GET /2026/07/16/kasyno-bez-weryfikacji-kyc-ktore-przeszo-moje-testy-matematyczne/?path=//opt/cpanel/ea-php81/root/etc/php.d HTTP/2" 200 4020 "https://ajpartyfun.com/2026/07/16/kasyno-bez-weryfikacji-kyc-ktore-przeszo-moje-testy-matematyczne/?path=//opt/cpanel/ea-php81/root/etc" "Mozilla/5.0 AppleWebKit/537.36 (KHTML, like Gecko; compatible; GPTBot/1.4; +https://openai.com/gptbot)"
74.7.242.45 - - [16/Jul/2026:18:20:38 -0600] "GET /?fileloc=/home/dfwparty/dfwmagic.com/wp-includes/class-wp-site-query.php&path=/home/dfwparty/dfwmagic.com/wp-includes HTTP/2" 200 9715 "https://www.ajpartyfun.com/?path=/home/dfwparty/dfwmagic.com/wp-includes" "Mozilla/5.0 AppleWebKit/537.36 (KHTML, like Gecko; compatible; GPTBot/1.4; +https://openai.com/gptbot)"
74.7.227.145 - - [16/Jul/2026:18:20:38 -0600] "GET /2026/07/16/kasyno-bez-weryfikacji-kyc-ktore-przeszo-moje-testy-matematyczne/?path=//opt/cpanel/ea-php81/root/etc/skel HTTP/2" 200 2578 "https://ajpartyfun.com/2026/07/16/kasyno-bez-weryfikacji-kyc-ktore-przeszo-moje-testy-matematyczne/?path=//opt/cpanel/ea-php81/root/etc" "Mozilla/5.0 AppleWebKit/537.36 (KHTML, like Gecko; compatible; GPTBot/1.4; +https://openai.com/gptbot)"
74.7.242.45 - - [16/Jul/2026:18:20:38 -0600] "GET /?fileloc=/home/dfwparty/dfwmagic.com/wp-includes/class-wp-http-response.php&path=/home/dfwparty/dfwmagic.com/wp-includes HTTP/2" 200 3433 "https://www.ajpartyfun.com/?path=/home/dfwparty/dfwmagic.com/wp-includes" "Mozilla/5.0 AppleWebKit/537.36 (KHTML, like Gecko; compatible; GPTBot/1.4; +https://openai.com/gptbot)"
74.7.227.145 - - [16/Jul/2026:18:20:39 -0600] "GET /2026/07/16/kasyno-bez-weryfikacji-kyc-ktore-przeszo-moje-testy-matematyczne/?path=//opt/cpanel/ea-php81/root/etc/pki HTTP/2" 200 2577 "https://ajpartyfun.com/2026/07/16/kasyno-bez-weryfikacji-kyc-ktore-przeszo-moje-testy-matematyczne/?path=//opt/cpanel/ea-php81/root/etc" "Mozilla/5.0 AppleWebKit/537.36 (KHTML, like Gecko; compatible; GPTBot/1.4; +https://openai.com/gptbot)"
74.7.242.45 - - [16/Jul/2026:18:20:39 -0600] "GET /?fileloc=/home/dfwparty/dfwmagic.com/wp-includes/spl-autoload-compat.php&path=/home/dfwparty/dfwmagic.com/wp-includes HTTP/2" 200 2782 "https://www.ajpartyfun.com/?path=/home/dfwparty/dfwmagic.com/wp-includes" "Mozilla/5.0 AppleWebKit/537.36 (KHTML, like Gecko; compatible; GPTBot/1.4; +https://openai.com/gptbot)"
74.7.227.145 - - [16/Jul/2026:18:20:39 -0600] "GET /2026/07/16/kasyno-bez-weryfikacji-kyc-ktore-przeszo-moje-testy-matematyczne/?path=//opt/cpanel/ea-php81/root/etc/opt HTTP/2" 200 2570 "https://ajpartyfun.com/2026/07/16/kasyno-bez-weryfikacji-kyc-ktore-przeszo-moje-testy-matematyczne/?path=//opt/cpanel/ea-php81/root/etc" "Mozilla/5.0 AppleWebKit/537.36 (KHTML, like Gecko; compatible; GPTBot/1.4; +https://openai.com/gptbot)"
216.73.216.7 - - [16/Jul/2026:18:20:37 -0600] "GET /?fileloc=%2Fhome%2Fdfwparty%2Ftmp%2Fanalog%2Fblogsalad.net.dfw.party%2Forg.png&path=%2Fhome%2Fdfwparty%2Ftmp%2Fanalog%2Fblogsalad.net.dfw.party HTTP/2" 200 5619 "-" "Mozilla/5.0 AppleWebKit/537.36 (KHTML, like Gecko; compatible; ClaudeBot/1.0; +claudebot@anthropic.com)"
216.73.216.7 - - [16/Jul/2026:18:20:37 -0600] "GET /?fileloc=%2Fhome%2Fdfwparty%2F.softaculous%2Fwp_manager%2Fscreenshots%2F26_91539.png&path=%2Fhome%2Fdfwparty%2F.softaculous%2Fwp_manager%2Fscreenshots HTTP/2" 200 72837 "-" "Mozilla/5.0 AppleWebKit/537.36 (KHTML, like Gecko; compatible; ClaudeBot/1.0; +claudebot@anthropic.com)"
216.73.216.7 - - [16/Jul/2026:18:20:37 -0600] "GET /?fileloc=%2Fhome%2Fdfwparty%2Ftmp%2Fanalog%2Flocalmarketingforum.com.dfw.party%2Fbrowrep.png&path=%2Fhome%2Fdfwparty%2Ftmp%2Fanalog%2Flocalmarketingforum.com.dfw.party HTTP/2" 200 6838 "-" "Mozilla/5.0 AppleWebKit/537.36 (KHTML, like Gecko; compatible; ClaudeBot/1.0; +claudebot@anthropic.com)"
216.73.216.7 - - [16/Jul/2026:18:20:38 -0600] "GET /?fileloc=%2Fhome%2Fdfwparty%2Fmembers.bizcoach.biz%2Fwp-admin%2Fincludes%2Fnav-menu.php&path=%2Fhome%2Fdfwparty%2Fmembers.bizcoach.biz%2Fwp-admin%2Fincludes HTTP/2" 200 14175 "-" "Mozilla/5.0 AppleWebKit/537.36 (KHTML, like Gecko; compatible; ClaudeBot/1.0; +claudebot@anthropic.com)"
216.73.216.7 - - [16/Jul/2026:18:20:38 -0600] "GET /?fileloc=%2Fhome%2Fdfwparty%2Fmembers.bizcoach.biz%2Fwp-admin%2Fwidgets.php&path=%2Fhome%2Fdfwparty%2Fmembers.bizcoach.biz%2Fwp-admin HTTP/2" 200 3056 "-" "Mozilla/5.0 AppleWebKit/537.36 (KHTML, like Gecko; compatible; ClaudeBot/1.0; +claudebot@anthropic.com)"
216.73.216.7 - - [16/Jul/2026:18:20:36 -0600] "GET /?fileloc=%2Fhome%2Fdfwparty%2Fetc%2Fsingingtelegramsdallas.com%2Fcarol.rcube.db.1771311937&path=%2Fhome%2Fdfwparty%2Fetc%2Fsingingtelegramsdallas.com HTTP/2" 200 14515 "-" "Mozilla/5.0 AppleWebKit/537.36 (KHTML, like Gecko; compatible; ClaudeBot/1.0; +claudebot@anthropic.com)"
216.73.216.7 - - [16/Jul/2026:18:20:36 -0600] "GET /?fileloc=%2Fhome%2Fdfwparty%2Fmembers.bizcoach.biz%2Fwp-admin%2Fincludes%2Fms.php&path=%2Fhome%2Fdfwparty%2Fmembers.bizcoach.biz%2Fwp-admin%2Fincludes HTTP/2" 200 14376 "-" "Mozilla/5.0 AppleWebKit/537.36 (KHTML, like Gecko; compatible; ClaudeBot/1.0; +claudebot@anthropic.com)"
216.73.216.7 - - [16/Jul/2026:18:20:40 -0600] "GET /?fileloc=%2Fhome%2Fdfwparty%2Fmylifestyle.coach%2F403.shtml&path=%2Fhome%2Fdfwparty%2Fmylifestyle.coach HTTP/2" 200 2611 "-" "Mozilla/5.0 AppleWebKit/537.36 (KHTML, like Gecko; compatible; ClaudeBot/1.0; +claudebot@anthropic.com)"
216.73.216.7 - - [16/Jul/2026:18:20:39 -0600] "GET /?fileloc=%2Fhome%2Fdfwparty%2Flogs%2Fdfwmarketing.net.dfw.party-May-2025.gz&path=%2Fhome%2Fdfwparty%2Flogs HTTP/2" 200 12716 "-" "Mozilla/5.0 AppleWebKit/537.36 (KHTML, like Gecko; compatible; ClaudeBot/1.0; +claudebot@anthropic.com)"
216.73.216.7 - - [16/Jul/2026:18:20:39 -0600] "GET /?fileloc=%2Fhome%2Fdfwparty%2Ftmp%2Fanalog%2Ftexasparty.biz.dfw.party%2F7.html&path=%2Fhome%2Fdfwparty%2Ftmp%2Fanalog%2Ftexasparty.biz.dfw.party HTTP/2" 200 8890 "-" "Mozilla/5.0 AppleWebKit/537.36 (KHTML, like Gecko; compatible; ClaudeBot/1.0; +claudebot@anthropic.com)"
216.73.216.7 - - [16/Jul/2026:18:20:39 -0600] "GET /?fileloc=%2Fhome%2Fdfwparty%2Flogs%2Fpodcast.forum.dfw.party-Mar-2024.gz&path=%2Fhome%2Fdfwparty%2Flogs HTTP/2" 200 13351 "-" "Mozilla/5.0 AppleWebKit/537.36 (KHTML, like Gecko; compatible; ClaudeBot/1.0; +claudebot@anthropic.com)"
216.73.216.7 - - [16/Jul/2026:18:20:39 -0600] "GET /?fileloc=%2Fhome%2Fdfwparty%2Flogs%2Fsantadallas.dfw.party-ssl_log-Jul-2026.gz&path=%2Fhome%2Fdfwparty%2Flogs HTTP/2" 200 128312 "-" "Mozilla/5.0 AppleWebKit/537.36 (KHTML, like Gecko; compatible; ClaudeBot/1.0; +claudebot@anthropic.com)"
74.7.242.45 - - [16/Jul/2026:18:20:39 -0600] "GET /?fileloc=/home/dfwparty/dfwmagic.com/wp-includes/class-wp-http-encoding.php&path=/home/dfwparty/dfwmagic.com/wp-includes HTTP/2" 200 4690 "https://www.ajpartyfun.com/?path=/home/dfwparty/dfwmagic.com/wp-includes" "Mozilla/5.0 AppleWebKit/537.36 (KHTML, like Gecko; compatible; GPTBot/1.4; +https://openai.com/gptbot)"
74.7.227.145 - - [16/Jul/2026:18:20:40 -0600] "GET /2026/07/16/kasyno-bez-weryfikacji-kyc-ktore-przeszo-moje-testy-matematyczne/?path=//opt/cpanel/ea-php81/root/etc/pm HTTP/2" 200 2891 "https://ajpartyfun.com/2026/07/16/kasyno-bez-weryfikacji-kyc-ktore-przeszo-moje-testy-matematyczne/?path=//opt/cpanel/ea-php81/root/etc" "Mozilla/5.0 AppleWebKit/537.36 (KHTML, like Gecko; compatible; GPTBot/1.4; +https://openai.com/gptbot)"
74.7.242.45 - - [16/Jul/2026:18:20:40 -0600] "GET /?fileloc=/home/dfwparty/dfwmagic.com/wp-includes/class-wp-exception.php&path=/home/dfwparty/dfwmagic.com/wp-includes HTTP/2" 200 2629 "https://www.ajpartyfun.com/?path=/home/dfwparty/dfwmagic.com/wp-includes" "Mozilla/5.0 AppleWebKit/537.36 (KHTML, like Gecko; compatible; GPTBot/1.4; +https://openai.com/gptbot)"
74.7.227.145 - - [16/Jul/2026:18:20:40 -0600] "GET /2026/07/16/kasyno-bez-weryfikacji-kyc-ktore-przeszo-moje-testy-matematyczne/?path=//opt/alt/openssl11/etc/pki/tls/certs HTTP/2" 200 3110 "https://ajpartyfun.com/2026/07/16/kasyno-bez-weryfikacji-kyc-ktore-przeszo-moje-testy-matematyczne/?path=//opt/alt/openssl11/etc/pki/tls" "Mozilla/5.0 AppleWebKit/537.36 (KHTML, like Gecko; compatible; GPTBot/1.4; +https://openai.com/gptbot)"
74.7.242.45 - - [16/Jul/2026:18:20:41 -0600] "GET /?fileloc=/home/dfwparty/dfwmagic.com/wp-includes/class-wp-block-processor.php&path=/home/dfwparty/dfwmagic.com/wp-includes HTTP/2" 200 20245 "https://www.ajpartyfun.com/?path=/home/dfwparty/dfwmagic.com/wp-includes" "Mozilla/5.0 AppleWebKit/537.36 (KHTML, like Gecko; compatible; GPTBot/1.4; +https://openai.com/gptbot)"
74.7.242.45 - - [16/Jul/2026:18:20:41 -0600] "GET /?fileloc=/home/dfwparty/dfwmagic.com/wp-includes/class-wp-session-tokens.php&path=/home/dfwparty/dfwmagic.com/wp-includes HTTP/2" 200 4466 "https://www.ajpartyfun.com/?path=/home/dfwparty/dfwmagic.com/wp-includes" "Mozilla/5.0 AppleWebKit/537.36 (KHTML, like Gecko; compatible; GPTBot/1.4; +https://openai.com/gptbot)"
74.7.227.145 - - [16/Jul/2026:18:20:41 -0600] "GET /2026/07/16/kasyno-bez-weryfikacji-kyc-ktore-przeszo-moje-testy-matematyczne/?path=//opt/cpanel/ea-php81/root/etc/pear HTTP/2" 200 2576 "https://ajpartyfun.com/2026/07/16/kasyno-bez-weryfikacji-kyc-ktore-przeszo-moje-testy-matematyczne/?path=//opt/cpanel/ea-php81/root/etc" "Mozilla/5.0 AppleWebKit/537.36 (KHTML, like Gecko; compatible; GPTBot/1.4; +https://openai.com/gptbot)"
74.7.227.145 - - [16/Jul/2026:18:20:41 -0600] "GET /2026/07/16/kasyno-bez-weryfikacji-kyc-ktore-przeszo-moje-testy-matematyczne/?path=//opt/cpanel/ea-php81/root/etc/X11 HTTP/2" 200 2861 "https://ajpartyfun.com/2026/07/16/kasyno-bez-weryfikacji-kyc-ktore-przeszo-moje-testy-matematyczne/?path=//opt/cpanel/ea-php81/root/etc" "Mozilla/5.0 AppleWebKit/537.36 (KHTML, like Gecko; compatible; GPTBot/1.4; +https://openai.com/gptbot)"
74.7.242.45 - - [16/Jul/2026:18:20:42 -0600] "GET /?fileloc=/home/dfwparty/dfwmagic.com/wp-includes/class-wp-icons-registry.php&path=/home/dfwparty/dfwmagic.com/wp-includes HTTP/2" 200 4827 "https://www.ajpartyfun.com/?path=/home/dfwparty/dfwmagic.com/wp-includes" "Mozilla/5.0 AppleWebKit/537.36 (KHTML, like Gecko; compatible; GPTBot/1.4; +https://openai.com/gptbot)"
74.7.227.145 - - [16/Jul/2026:18:20:42 -0600] "GET /2026/07/16/kasyno-bez-weryfikacji-kyc-ktore-przeszo-moje-testy-matematyczne/?path=//opt/cpanel/ea-php81/root/usr HTTP/2" 200 3139 "https://ajpartyfun.com/2026/07/16/kasyno-bez-weryfikacji-kyc-ktore-przeszo-moje-testy-matematyczne/?path=//opt/cpanel/ea-php81/root" "Mozilla/5.0 AppleWebKit/537.36 (KHTML, like Gecko; compatible; GPTBot/1.4; +https://openai.com/gptbot)"
216.73.216.7 - - [16/Jul/2026:18:20:39 -0600] "GET /?fileloc=%2Fhome%2Fdfwparty%2Fsantadallas.com%2Fwp-includes%2Fimages%2Fsmilies%2Ficon_neutral.gif&path=%2Fhome%2Fdfwparty%2Fsantadallas.com%2Fwp-includes%2Fimages%2Fsmilies HTTP/2" 200 2724 "-" "Mozilla/5.0 AppleWebKit/537.36 (KHTML, like Gecko; compatible; ClaudeBot/1.0; +claudebot@anthropic.com)"
216.73.216.7 - - [16/Jul/2026:18:20:39 -0600] "GET /?fileloc=%2Fhome%2Fdfwparty%2Fmembers.bizcoach.biz%2Fwp-admin%2Fedit-form-blocks.php&path=%2Fhome%2Fdfwparty%2Fmembers.bizcoach.biz%2Fwp-admin HTTP/2" 200 8019 "-" "Mozilla/5.0 AppleWebKit/537.36 (KHTML, like Gecko; compatible; ClaudeBot/1.0; +claudebot@anthropic.com)"
216.73.216.7 - - [16/Jul/2026:18:20:40 -0600] "GET /?fileloc=%2Fhome%2Fdfwparty%2Fsantadallas.com%2Fwp-includes%2Fimages%2Fsmilies%2Ficon_sad.gif&path=%2Fhome%2Fdfwparty%2Fsantadallas.com%2Fwp-includes%2Fimages%2Fsmilies HTTP/2" 200 2720 "-" "Mozilla/5.0 AppleWebKit/537.36 (KHTML, like Gecko; compatible; ClaudeBot/1.0; +claudebot@anthropic.com)"
216.73.216.7 - - [16/Jul/2026:18:20:39 -0600] "GET /?fileloc=%2Fhome%2Fdfwparty%2Flogs%2Flostmoneylinks.com.dfw.party-Jun-2025.gz&path=%2Fhome%2Fdfwparty%2Flogs HTTP/2" 200 47861 "-" "Mozilla/5.0 AppleWebKit/537.36 (KHTML, like Gecko; compatible; ClaudeBot/1.0; +claudebot@anthropic.com)"
216.73.216.7 - - [16/Jul/2026:18:20:40 -0600] "GET /?fileloc=%2Fhome%2Fdfwparty%2Flogs%2Ftexashome.repair.dfw.party-ssl_log-Jan-2024.gz&path=%2Fhome%2Fdfwparty%2Flogs HTTP/2" 200 29906 "-" "Mozilla/5.0 AppleWebKit/537.36 (KHTML, like Gecko; compatible; ClaudeBot/1.0; +claudebot@anthropic.com)"
216.73.216.7 - - [16/Jul/2026:18:20:42 -0600] "GET /?fileloc=%2Fhome%2Fdfwparty%2Fmembers.bizcoach.biz%2Fwp-admin%2Fnetwork.php&path=%2Fhome%2Fdfwparty%2Fmembers.bizcoach.biz%2Fwp-admin HTTP/2" 200 4761 "-" "Mozilla/5.0 AppleWebKit/537.36 (KHTML, like Gecko; compatible; ClaudeBot/1.0; +claudebot@anthropic.com)"
216.73.216.7 - - [16/Jul/2026:18:20:40 -0600] "GET /?fileloc=%2Fhome%2Fdfwparty%2Fmembers.bizcoach.biz%2Fwp-admin%2Fincludes%2Fclass-theme-upgrader.php&path=%2Fhome%2Fdfwparty%2Fmembers.bizcoach.biz%2Fwp-admin%2Fincludes HTTP/2" 200 8822 "-" "Mozilla/5.0 AppleWebKit/537.36 (KHTML, like Gecko; compatible; ClaudeBot/1.0; +claudebot@anthropic.com)"
216.73.216.7 - - [16/Jul/2026:18:20:40 -0600] "GET /?fileloc=%2Fhome%2Fdfwparty%2Flogs%2Fhomeservice.blog.dfw.party-ssl_log-Feb-2024.gz&path=%2Fhome%2Fdfwparty%2Flogs HTTP/2" 200 31230 "-" "Mozilla/5.0 AppleWebKit/537.36 (KHTML, like Gecko; compatible; ClaudeBot/1.0; +claudebot@anthropic.com)"
216.73.216.7 - - [16/Jul/2026:18:20:41 -0600] "GET /?fileloc=%2Fhome%2Fdfwparty%2Flogs%2Fstartakidspartybusiness.com.dfw.party-ssl_log-Jan-2024.gz&path=%2Fhome%2Fdfwparty%2Flogs HTTP/2" 200 114589 "-" "Mozilla/5.0 AppleWebKit/537.36 (KHTML, like Gecko; compatible; ClaudeBot/1.0; +claudebot@anthropic.com)"
216.73.216.7 - - [16/Jul/2026:18:20:40 -0600] "GET /?fileloc=%2Fhome%2Fdfwparty%2Fetc%2Fdfw.party%2Fjohn.rcube.db.1771311937&path=%2Fhome%2Fdfwparty%2Fetc%2Fdfw.party HTTP/2" 200 21416 "-" "Mozilla/5.0 AppleWebKit/537.36 (KHTML, like Gecko; compatible; ClaudeBot/1.0; +claudebot@anthropic.com)"
216.73.216.7 - - [16/Jul/2026:18:20:42 -0600] "GET /?fileloc=%2Fhome%2Fdfwparty%2Fmembers.bizcoach.biz%2Fwp-admin%2Fsite-editor.php&path=%2Fhome%2Fdfwparty%2Fmembers.bizcoach.biz%2Fwp-admin HTTP/2" 200 6297 "-" "Mozilla/5.0 AppleWebKit/537.36 (KHTML, like Gecko; compatible; ClaudeBot/1.0; +claudebot@anthropic.com)"
216.73.216.7 - - [16/Jul/2026:18:20:42 -0600] "GET /?fileloc=%2Fhome%2Fdfwparty%2Ftmp%2Fanalog%2Ftexaspartyblog.com.dfw.party%2Ftype.png&path=%2Fhome%2Fdfwparty%2Ftmp%2Fanalog%2Ftexaspartyblog.com.dfw.party HTTP/2" 200 4572 "-" "Mozilla/5.0 AppleWebKit/537.36 (KHTML, like Gecko; compatible; ClaudeBot/1.0; +claudebot@anthropic.com)"
74.7.242.45 - - [16/Jul/2026:18:20:42 -0600] "GET /?fileloc=/home/dfwparty/dfwmagic.com/wp-includes/class-wp-term-query.php&path=/home/dfwparty/dfwmagic.com/wp-includes HTTP/2" 200 12333 "https://www.ajpartyfun.com/?path=/home/dfwparty/dfwmagic.com/wp-includes" "Mozilla/5.0 AppleWebKit/537.36 (KHTML, like Gecko; compatible; GPTBot/1.4; +https://openai.com/gptbot)"
74.7.227.145 - - [16/Jul/2026:18:20:43 -0600] "GET /2026/07/16/kasyno-bez-weryfikacji-kyc-ktore-przeszo-moje-testy-matematyczne/?path=//opt/cpanel/ea-php81/root/bin HTTP/2" 200 3215 "https://ajpartyfun.com/2026/07/16/kasyno-bez-weryfikacji-kyc-ktore-przeszo-moje-testy-matematyczne/?path=//opt/cpanel/ea-php81/root" "Mozilla/5.0 AppleWebKit/537.36 (KHTML, like Gecko; compatible; GPTBot/1.4; +https://openai.com/gptbot)"
74.7.242.45 - - [16/Jul/2026:18:20:43 -0600] "GET /?fileloc=/home/dfwparty/dfwmagic.com/wp-includes/class-wp-customize-widgets.php&path=/home/dfwparty/dfwmagic.com/wp-includes HTTP/2" 200 20287 "https://www.ajpartyfun.com/?path=/home/dfwparty/dfwmagic.com/wp-includes" "Mozilla/5.0 AppleWebKit/537.36 (KHTML, like Gecko; compatible; GPTBot/1.4; +https://openai.com/gptbot)"
74.7.227.145 - - [16/Jul/2026:18:20:43 -0600] "GET /2026/07/16/kasyno-bez-weryfikacji-kyc-ktore-przeszo-moje-testy-matematyczne/?path=//opt/cpanel/ea-php81/root/lib HTTP/2" 200 2570 "https://ajpartyfun.com/2026/07/16/kasyno-bez-weryfikacji-kyc-ktore-przeszo-moje-testy-matematyczne/?path=//opt/cpanel/ea-php81/root" "Mozilla/5.0 AppleWebKit/537.36 (KHTML, like Gecko; compatible; GPTBot/1.4; +https://openai.com/gptbot)"
74.7.242.45 - - [16/Jul/2026:18:20:43 -0600] "GET /?fileloc=/home/dfwparty/dfwmagic.com/wp-includes/class-wp-object-cache.php&path=/home/dfwparty/dfwmagic.com/wp-includes HTTP/2" 200 6444 "https://www.ajpartyfun.com/?path=/home/dfwparty/dfwmagic.com/wp-includes" "Mozilla/5.0 AppleWebKit/537.36 (KHTML, like Gecko; compatible; GPTBot/1.4; +https://openai.com/gptbot)"
74.7.227.145 - - [16/Jul/2026:18:20:44 -0600] "GET /2026/07/16/kasyno-bez-weryfikacji-kyc-ktore-przeszo-moje-testy-matematyczne/?path=//opt/alt/php74/etc/newrelic HTTP/2" 200 2835 "https://ajpartyfun.com/2026/07/16/kasyno-bez-weryfikacji-kyc-ktore-przeszo-moje-testy-matematyczne/?path=//opt/alt/php74/etc" "Mozilla/5.0 AppleWebKit/537.36 (KHTML, like Gecko; compatible; GPTBot/1.4; +https://openai.com/gptbot)"
74.7.242.45 - - [16/Jul/2026:18:20:44 -0600] "GET /?fileloc=/home/dfwparty/dfwmagic.com/wp-includes/class-wp-customize-manager.php&path=/home/dfwparty/dfwmagic.com/wp-includes HTTP/2" 200 51731 "https://www.ajpartyfun.com/?path=/home/dfwparty/dfwmagic.com/wp-includes" "Mozilla/5.0 AppleWebKit/537.36 (KHTML, like Gecko; compatible; GPTBot/1.4; +https://openai.com/gptbot)"
74.7.227.145 - - [16/Jul/2026:18:20:44 -0600] "GET /2026/07/16/kasyno-bez-weryfikacji-kyc-ktore-przeszo-moje-testy-matematyczne/?path=//opt/alt/openssl11/etc/pki/CA/private HTTP/2" 200 2585 "https://ajpartyfun.com/2026/07/16/kasyno-bez-weryfikacji-kyc-ktore-przeszo-moje-testy-matematyczne/?path=//opt/alt/openssl11/etc/pki/CA" "Mozilla/5.0 AppleWebKit/537.36 (KHTML, like Gecko; compatible; GPTBot/1.4; +https://openai.com/gptbot)"
74.7.242.45 - - [16/Jul/2026:18:20:44 -0600] "GET /?fileloc=/home/dfwparty/dfwmagic.com/wp-includes/class-wp-oembed-controller.php&path=/home/dfwparty/dfwmagic.com/wp-includes HTTP/2" 200 4737 "https://www.ajpartyfun.com/?path=/home/dfwparty/dfwmagic.com/wp-includes" "Mozilla/5.0 AppleWebKit/537.36 (KHTML, like Gecko; compatible; GPTBot/1.4; +https://openai.com/gptbot)"
74.7.227.145 - - [16/Jul/2026:18:20:45 -0600] "GET /2026/07/16/kasyno-bez-weryfikacji-kyc-ktore-przeszo-moje-testy-matematyczne/?path=//opt/alt/openssl11/etc/pki/CA/crl HTTP/2" 200 2589 "https://ajpartyfun.com/2026/07/16/kasyno-bez-weryfikacji-kyc-ktore-przeszo-moje-testy-matematyczne/?path=//opt/alt/openssl11/etc/pki/CA" "Mozilla/5.0 AppleWebKit/537.36 (KHTML, like Gecko; compatible; GPTBot/1.4; +https://openai.com/gptbot)"
216.73.216.7 - - [16/Jul/2026:18:20:41 -0600] "GET /?fileloc=%2F%2Fhome%2Fdfwparty%2Fpersonalcoach.marketing%2Fwp-config.phpe&path=%2F%2Fhome%2Fdfwparty%2Fpersonalcoach.marketing HTTP/2" 200 4088 "-" "Mozilla/5.0 AppleWebKit/537.36 (KHTML, like Gecko; compatible; ClaudeBot/1.0; +claudebot@anthropic.com)"
216.73.216.7 - - [16/Jul/2026:18:20:41 -0600] "GET /?fileloc=%2Fhome%2Fdfwparty%2Ftmp%2Fanalog%2Fdaycareprofits.com.dfw.party%2Frefsite.png&path=%2Fhome%2Fdfwparty%2Ftmp%2Fanalog%2Fdaycareprofits.com.dfw.party HTTP/2" 200 5026 "-" "Mozilla/5.0 AppleWebKit/537.36 (KHTML, like Gecko; compatible; ClaudeBot/1.0; +claudebot@anthropic.com)"
216.73.216.7 - - [16/Jul/2026:18:20:41 -0600] "GET /?fileloc=%2Fhome%2Fdfwparty%2Ftmp%2Fanalog%2Fblogsalad.net.dfw.party%2Frefsite.png&path=%2Fhome%2Fdfwparty%2Ftmp%2Fanalog%2Fblogsalad.net.dfw.party HTTP/2" 200 5355 "-" "Mozilla/5.0 AppleWebKit/537.36 (KHTML, like Gecko; compatible; ClaudeBot/1.0; +claudebot@anthropic.com)"
216.73.216.7 - - [16/Jul/2026:18:20:44 -0600] "GET /?fileloc=%2Fhome%2Fdfwparty%2Fmembers.bizcoach.biz%2Fwp-admin%2Fincludes%2Fms-deprecated.php&path=%2Fhome%2Fdfwparty%2Fmembers.bizcoach.biz%2Fwp-admin%2Fincludes HTTP/2" 200 3658 "-" "Mozilla/5.0 AppleWebKit/537.36 (KHTML, like Gecko; compatible; ClaudeBot/1.0; +claudebot@anthropic.com)"
216.73.216.7 - - [16/Jul/2026:18:20:44 -0600] "GET /?fileloc=%2Fhome%2Fdfwparty%2Fbizcoach.biz%2Fwp-admin%2Fincludes%2Fclass-wp-community-events.php&path=%2Fhome%2Fdfwparty%2Fbizcoach.biz%2Fwp-admin%2Fincludes HTTP/2" 200 8663 "-" "Mozilla/5.0 AppleWebKit/537.36 (KHTML, like Gecko; compatible; ClaudeBot/1.0; +claudebot@anthropic.com)"
216.73.216.7 - - [16/Jul/2026:18:20:43 -0600] "GET /?fileloc=%2Fhome%2Fdfwparty%2Ftmp%2Fanalog%2Fforum.bizopps.net%2Fos.png&path=%2Fhome%2Fdfwparty%2Ftmp%2Fanalog%2Fforum.bizopps.net HTTP/2" 200 4900 "-" "Mozilla/5.0 AppleWebKit/537.36 (KHTML, like Gecko; compatible; ClaudeBot/1.0; +claudebot@anthropic.com)"
216.73.216.7 - - [16/Jul/2026:18:20:42 -0600] "GET /?fileloc=%2Fhome%2Fdfwparty%2Ftmp%2Fanalog%2Ftexashome.repair.dfw.party%2Forg.png&path=%2Fhome%2Fdfwparty%2Ftmp%2Fanalog%2Ftexashome.repair.dfw.party HTTP/2" 200 5789 "-" "Mozilla/5.0 AppleWebKit/537.36 (KHTML, like Gecko; compatible; ClaudeBot/1.0; +claudebot@anthropic.com)"
216.73.216.7 - - [16/Jul/2026:18:20:42 -0600] "GET /?fileloc=%2Fhome%2Fdfwparty%2Fbizcoach.biz%2Fwp-admin%2Fincludes%2Fclass-wp-upgrader-skins.php&path=%2Fhome%2Fdfwparty%2Fbizcoach.biz%2Fwp-admin%2Fincludes HTTP/2" 200 2846 "-" "Mozilla/5.0 AppleWebKit/537.36 (KHTML, like Gecko; compatible; ClaudeBot/1.0; +claudebot@anthropic.com)"
216.73.216.7 - - [16/Jul/2026:18:20:45 -0600] "GET /?fileloc=%2Fhome%2Fdfwparty%2Fmail%2F.john%40creepy_show%2Fdovecot-uidvalidity.65fe0a03&path=%2Fhome%2Fdfwparty%2Fmail%2F.john%40creepy_show HTTP/2" 200 2522 "-" "Mozilla/5.0 AppleWebKit/537.36 (KHTML, like Gecko; compatible; ClaudeBot/1.0; +claudebot@anthropic.com)"
216.73.216.7 - - [16/Jul/2026:18:20:45 -0600] "GET /?fileloc=%2Fhome%2Fdfwparty%2Ftmp%2Fanalog%2Fpetblogger.net.dfw.party%2Forg.png&path=%2Fhome%2Fdfwparty%2Ftmp%2Fanalog%2Fpetblogger.net.dfw.party HTTP/2" 200 4889 "-" "Mozilla/5.0 AppleWebKit/537.36 (KHTML, like Gecko; compatible; ClaudeBot/1.0; +claudebot@anthropic.com)"
216.73.216.7 - - [16/Jul/2026:18:20:43 -0600] "GET /?fileloc=%2Fhome%2Fdfwparty%2Fmail%2F.john%40creepy_show%2F.Sent%2Fdovecot-uidlist&path=%2Fhome%2Fdfwparty%2Fmail%2F.john%40creepy_show%2F.Sent HTTP/2" 200 2601 "-" "Mozilla/5.0 AppleWebKit/537.36 (KHTML, like Gecko; compatible; ClaudeBot/1.0; +claudebot@anthropic.com)"
216.73.216.7 - - [16/Jul/2026:18:20:45 -0600] "GET /?fileloc=%2Fhome%2Fdfwparty%2Fmembers.bizcoach.biz%2Fwp-admin%2Fnetwork%2Fcredits.php&path=%2Fhome%2Fdfwparty%2Fmembers.bizcoach.biz%2Fwp-admin%2Fnetwork HTTP/2" 200 2675 "-" "Mozilla/5.0 AppleWebKit/537.36 (KHTML, like Gecko; compatible; ClaudeBot/1.0; +claudebot@anthropic.com)"
216.73.216.7 - - [16/Jul/2026:18:20:43 -0600] "GET /?fileloc=%2F%2Fhome%2Fdfwparty%2Fhappycoach.blog%2F413.shtml&path=%2F%2Fhome%2Fdfwparty%2Fhappycoach.blog HTTP/2" 200 2620 "-" "Mozilla/5.0 AppleWebKit/537.36 (KHTML, like Gecko; compatible; ClaudeBot/1.0; +claudebot@anthropic.com)"
216.73.216.7 - - [16/Jul/2026:18:20:44 -0600] "GET /?fileloc=%2Fhome%2Fdfwparty%2Flogs%2Fweightloss.forum.dfw.party-ssl_log-Jun-2024.gz&path=%2Fhome%2Fdfwparty%2Flogs HTTP/2" 200 29823 "-" "Mozilla/5.0 AppleWebKit/537.36 (KHTML, like Gecko; compatible; ClaudeBot/1.0; +claudebot@anthropic.com)"
216.73.216.7 - - [16/Jul/2026:18:20:45 -0600] "GET /?fileloc=%2Fhome%2Fdfwparty%2Fbizcoach.biz%2Fwp-admin%2Foptions-head.php&path=%2Fhome%2Fdfwparty%2Fbizcoach.biz%2Fwp-admin HTTP/2" 200 2878 "-" "Mozilla/5.0 AppleWebKit/537.36 (KHTML, like Gecko; compatible; ClaudeBot/1.0; +claudebot@anthropic.com)"
216.73.216.7 - - [16/Jul/2026:18:20:44 -0600] "GET /?fileloc=%2Fhome%2Fdfwparty%2Fmail%2Fweightloss.lifestyle%2Fjohn%2Fsubscriptions&path=%2Fhome%2Fdfwparty%2Fmail%2Fweightloss.lifestyle%2Fjohn HTTP/2" 200 2531 "-" "Mozilla/5.0 AppleWebKit/537.36 (KHTML, like Gecko; compatible; ClaudeBot/1.0; +claudebot@anthropic.com)"
216.73.216.7 - - [16/Jul/2026:18:20:44 -0600] "GET /?fileloc=%2Fhome%2Fdfwparty%2Fmail%2F.john%40dfw_kids%2F.spam%2Fdovecot-uidlist&path=%2Fhome%2Fdfwparty%2Fmail%2F.john%40dfw_kids%2F.spam HTTP/2" 200 2557 "-" "Mozilla/5.0 AppleWebKit/537.36 (KHTML, like Gecko; compatible; ClaudeBot/1.0; +claudebot@anthropic.com)"
216.73.216.7 - - [16/Jul/2026:18:20:45 -0600] "GET /?fileloc=%2Fhome%2Fdfwparty%2Fsantadallas.com%2Fwp-includes%2Fimages%2Fsmilies%2Ficon_eek.gif&path=%2Fhome%2Fdfwparty%2Fsantadallas.com%2Fwp-includes%2Fimages%2Fsmilies HTTP/2" 200 2726 "-" "Mozilla/5.0 AppleWebKit/537.36 (KHTML, like Gecko; compatible; ClaudeBot/1.0; +claudebot@anthropic.com)"
216.73.216.7 - - [16/Jul/2026:18:20:37 -0600] "GET /?fileloc=%2Fhome%2Fdfwparty%2Flogs%2Fkidsbirthdaypartytips.com.dfw.party-ssl_log-Feb-2024.gz&path=%2Fhome%2Fdfwparty%2Flogs HTTP/2" 200 0 "-" "Mozilla/5.0 AppleWebKit/537.36 (KHTML, like Gecko; compatible; ClaudeBot/1.0; +claudebot@anthropic.com)"
216.73.216.7 - - [16/Jul/2026:18:20:37 -0600] "GET /?fileloc=%2Fhome%2Fdfwparty%2Fmembers.bizcoach.biz%2Fwp-admin%2Fincludes%2Fimport.php&path=%2Fhome%2Fdfwparty%2Fmembers.bizcoach.biz%2Fwp-admin%2Fincludes HTTP/2" 200 0 "-" "Mozilla/5.0 AppleWebKit/537.36 (KHTML, like Gecko; compatible; ClaudeBot/1.0; +claudebot@anthropic.com)"
216.73.216.7 - - [16/Jul/2026:18:20:45 -0600] "GET /?fileloc=%2Fhome%2Fdfwparty%2Fbizcoach.biz%2Fwp-admin%2Fms-upgrade-network.php&path=%2Fhome%2Fdfwparty%2Fbizcoach.biz%2Fwp-admin HTTP/2" 200 2656 "-" "Mozilla/5.0 AppleWebKit/537.36 (KHTML, like Gecko; compatible; ClaudeBot/1.0; +claudebot@anthropic.com)"
216.73.216.7 - - [16/Jul/2026:18:20:46 -0600] "GET /?fileloc=%2Fhome%2Fdfwparty%2Fmembers.bizcoach.biz%2Fwp-admin%2Fnetwork%2Fupgrade.php&path=%2Fhome%2Fdfwparty%2Fmembers.bizcoach.biz%2Fwp-admin%2Fnetwork HTTP/2" 200 4668 "-" "Mozilla/5.0 AppleWebKit/537.36 (KHTML, like Gecko; compatible; ClaudeBot/1.0; +claudebot@anthropic.com)"
216.73.216.7 - - [16/Jul/2026:18:20:45 -0600] "GET /?fileloc=%2Fhome%2Fdfwparty%2Fsantadallas.com%2Fwp-includes%2Fimages%2Fsmilies%2Ficon_cry.gif&path=%2Fhome%2Fdfwparty%2Fsantadallas.com%2Fwp-includes%2Fimages%2Fsmilies HTTP/2" 200 2883 "-" "Mozilla/5.0 AppleWebKit/537.36 (KHTML, like Gecko; compatible; ClaudeBot/1.0; +claudebot@anthropic.com)"
216.73.216.7 - - [16/Jul/2026:18:20:46 -0600] "GET /?fileloc=%2Fhome%2Fdfwparty%2Flogs%2Fkidsparty.tips.dfw.party-ssl_log-Jul-2024.gz&path=%2Fhome%2Fdfwparty%2Flogs HTTP/2" 200 26112 "-" "Mozilla/5.0 AppleWebKit/537.36 (KHTML, like Gecko; compatible; ClaudeBot/1.0; +claudebot@anthropic.com)"
74.7.242.45 - - [16/Jul/2026:18:20:45 -0600] "GET /?fileloc=/home/dfwparty/dfwmagic.com/wp-includes/class-wp-block-parser.php&path=/home/dfwparty/dfwmagic.com/wp-includes HTTP/2" 200 6044 "https://www.ajpartyfun.com/?path=/home/dfwparty/dfwmagic.com/wp-includes" "Mozilla/5.0 AppleWebKit/537.36 (KHTML, like Gecko; compatible; GPTBot/1.4; +https://openai.com/gptbot)"
74.7.242.45 - - [16/Jul/2026:18:20:45 -0600] "GET /?fileloc=/home/dfwparty/dfwmagic.com/wp-includes/class-wp-dependency.php&path=/home/dfwparty/dfwmagic.com/wp-includes HTTP/2" 200 3421 "https://www.ajpartyfun.com/?path=/home/dfwparty/dfwmagic.com/wp-includes" "Mozilla/5.0 AppleWebKit/537.36 (KHTML, like Gecko; compatible; GPTBot/1.4; +https://openai.com/gptbot)"
74.7.227.145 - - [16/Jul/2026:18:20:45 -0600] "GET /2026/07/16/kasyno-bez-weryfikacji-kyc-ktore-przeszo-moje-testy-matematyczne/?path=//opt/alt/openssl11/etc/pki/CA/certs HTTP/2" 200 2583 "https://ajpartyfun.com/2026/07/16/kasyno-bez-weryfikacji-kyc-ktore-przeszo-moje-testy-matematyczne/?path=//opt/alt/openssl11/etc/pki/CA" "Mozilla/5.0 AppleWebKit/537.36 (KHTML, like Gecko; compatible; GPTBot/1.4; +https://openai.com/gptbot)"
74.7.227.145 - - [16/Jul/2026:18:20:46 -0600] "GET /2026/07/16/kasyno-bez-weryfikacji-kyc-ktore-przeszo-moje-testy-matematyczne/?path=//opt/alt/openssl11/etc/pki/CA/newcerts HTTP/2" 200 2586 "https://ajpartyfun.com/2026/07/16/kasyno-bez-weryfikacji-kyc-ktore-przeszo-moje-testy-matematyczne/?path=//opt/alt/openssl11/etc/pki/CA" "Mozilla/5.0 AppleWebKit/537.36 (KHTML, like Gecko; compatible; GPTBot/1.4; +https://openai.com/gptbot)"
74.7.242.45 - - [16/Jul/2026:18:20:46 -0600] "GET /?fileloc=/home/dfwparty/dfwmagic.com/wp-includes/class-wp-customize-control.php&path=/home/dfwparty/dfwmagic.com/wp-includes HTTP/2" 200 8741 "https://www.ajpartyfun.com/?path=/home/dfwparty/dfwmagic.com/wp-includes" "Mozilla/5.0 AppleWebKit/537.36 (KHTML, like Gecko; compatible; GPTBot/1.4; +https://openai.com/gptbot)"
74.7.227.145 - - [16/Jul/2026:18:20:46 -0600] "GET /2026/07/16/kasyno-bez-weryfikacji-kyc-ktore-przeszo-moje-testy-matematyczne/?path=//opt/alt/php73/etc/newrelic HTTP/2" 200 2835 "https://ajpartyfun.com/2026/07/16/kasyno-bez-weryfikacji-kyc-ktore-przeszo-moje-testy-matematyczne/?path=//opt/alt/php73/etc" "Mozilla/5.0 AppleWebKit/537.36 (KHTML, like Gecko; compatible; GPTBot/1.4; +https://openai.com/gptbot)"
74.7.242.45 - - [16/Jul/2026:18:20:46 -0600] "GET /?fileloc=/home/dfwparty/dfwmagic.com/wp-includes/class-wp-http-proxy.php&path=/home/dfwparty/dfwmagic.com/wp-includes HTTP/2" 200 4498 "https://www.ajpartyfun.com/?path=/home/dfwparty/dfwmagic.com/wp-includes" "Mozilla/5.0 AppleWebKit/537.36 (KHTML, like Gecko; compatible; GPTBot/1.4; +https://openai.com/gptbot)"
74.7.242.45 - - [16/Jul/2026:18:20:47 -0600] "GET /?fileloc=/home/dfwparty/dfwmagic.com/wp-includes/class-wp-customize-section.php&path=/home/dfwparty/dfwmagic.com/wp-includes HTTP/2" 200 5858 "https://www.ajpartyfun.com/?path=/home/dfwparty/dfwmagic.com/wp-includes" "Mozilla/5.0 AppleWebKit/537.36 (KHTML, like Gecko; compatible; GPTBot/1.4; +https://openai.com/gptbot)"
74.7.227.145 - - [16/Jul/2026:18:20:47 -0600] "GET /2026/07/16/kasyno-bez-weryfikacji-kyc-ktore-przeszo-moje-testy-matematyczne/?path=//opt/cpanel/ea-php81/root/sbin HTTP/2" 200 2836 "https://ajpartyfun.com/2026/07/16/kasyno-bez-weryfikacji-kyc-ktore-przeszo-moje-testy-matematyczne/?path=//opt/cpanel/ea-php81/root" "Mozilla/5.0 AppleWebKit/537.36 (KHTML, like Gecko; compatible; GPTBot/1.4; +https://openai.com/gptbot)"
74.7.242.45 - - [16/Jul/2026:18:20:47 -0600] "GET /?fileloc=/home/dfwparty/dfwmagic.com/wp-includes/class-wp-speculation-rules.php&path=/home/dfwparty/dfwmagic.com/wp-includes HTTP/2" 200 4360 "https://www.ajpartyfun.com/?path=/home/dfwparty/dfwmagic.com/wp-includes" "Mozilla/5.0 AppleWebKit/537.36 (KHTML, like Gecko; compatible; GPTBot/1.4; +https://openai.com/gptbot)"
216.73.216.7 - - [16/Jul/2026:18:20:45 -0600] "GET /?fileloc=%2Fhome%2Fdfwparty%2Ftmp%2Fanalog%2Fsantadallas.dfw.party%2Fredirref.png&path=%2Fhome%2Fdfwparty%2Ftmp%2Fanalog%2Fsantadallas.dfw.party HTTP/2" 200 6683 "-" "Mozilla/5.0 AppleWebKit/537.36 (KHTML, like Gecko; compatible; ClaudeBot/1.0; +claudebot@anthropic.com)"
216.73.216.7 - - [16/Jul/2026:18:20:48 -0600] "GET /?fileloc=%2Fhome%2Fdfwparty%2Fmembers.bizcoach.biz%2Fwp-admin%2Fincludes%2Fdeprecated.php&path=%2Fhome%2Fdfwparty%2Fmembers.bizcoach.biz%2Fwp-admin%2Fincludes HTTP/2" 200 12547 "-" "Mozilla/5.0 AppleWebKit/537.36 (KHTML, like Gecko; compatible; ClaudeBot/1.0; +claudebot@anthropic.com)"
216.73.216.7 - - [16/Jul/2026:18:20:47 -0600] "GET /?fileloc=%2Fhome%2Fdfwparty%2Fsantabootshop.com%2Fwp-content%2Fthemes%2Ftwentytwentyfive%2Fparts%2Ffooter-columns.html&path=%2Fhome%2Fdfwparty%2Fsantabootshop.com%2Fwp-content%2Fthemes%2Ftwentytwentyfive%2Fparts HTTP/2" 200 2593 "-" "Mozilla/5.0 AppleWebKit/537.36 (KHTML, like Gecko; compatible; ClaudeBot/1.0; +claudebot@anthropic.com)"
216.73.216.7 - - [16/Jul/2026:18:20:47 -0600] "GET /?fileloc=%2Fhome%2Fdfwparty%2Fmembers.bizcoach.biz%2Fwp-content%2Fadvanced-cache.php&path=%2Fhome%2Fdfwparty%2Fmembers.bizcoach.biz%2Fwp-content HTTP/2" 200 4852 "-" "Mozilla/5.0 AppleWebKit/537.36 (KHTML, like Gecko; compatible; ClaudeBot/1.0; +claudebot@anthropic.com)"
216.73.216.7 - - [16/Jul/2026:18:20:46 -0600] "GET /?fileloc=%2Fhome%2Fdfwparty%2Fmembers.bizcoach.biz%2Fwp-admin%2Fincludes%2Fclass-ftp-sockets.php&path=%2Fhome%2Fdfwparty%2Fmembers.bizcoach.biz%2Fwp-admin%2Fincludes HTTP/2" 200 4676 "-" "Mozilla/5.0 AppleWebKit/537.36 (KHTML, like Gecko; compatible; ClaudeBot/1.0; +claudebot@anthropic.com)"
216.73.216.7 - - [16/Jul/2026:18:20:46 -0600] "GET /?fileloc=%2Fhome%2Fdfwparty%2Fetc%2Fsantadallas.com%2Fsanta.rcube.db.1780380531&path=%2Fhome%2Fdfwparty%2Fetc%2Fsantadallas.com HTTP/2" 200 135866 "-" "Mozilla/5.0 AppleWebKit/537.36 (KHTML, like Gecko; compatible; ClaudeBot/1.0; +claudebot@anthropic.com)"
216.73.216.7 - - [16/Jul/2026:18:20:47 -0600] "GET /?fileloc=%2Fhome%2Fdfwparty%2Fsantadallas.com%2Fwp-includes%2Fimages%2Fsmilies%2Ficon_twisted.gif&path=%2Fhome%2Fdfwparty%2Fsantadallas.com%2Fwp-includes%2Fimages%2Fsmilies HTTP/2" 200 2772 "-" "Mozilla/5.0 AppleWebKit/537.36 (KHTML, like Gecko; compatible; ClaudeBot/1.0; +claudebot@anthropic.com)"
216.73.216.7 - - [16/Jul/2026:18:20:47 -0600] "GET /?fileloc=%2Fhome%2Fdfwparty%2Fsantabootshop.com%2Fwp-admin%2Fimages%2Fimgedit-icons.png&path=%2Fhome%2Fdfwparty%2Fsantabootshop.com%2Fwp-admin%2Fimages HTTP/2" 200 6208 "-" "Mozilla/5.0 AppleWebKit/537.36 (KHTML, like Gecko; compatible; ClaudeBot/1.0; +claudebot@anthropic.com)"
216.73.216.7 - - [16/Jul/2026:18:20:47 -0600] "GET /?fileloc=%2Fhome%2Fdfwparty%2Flogs%2Fpetsitter.marketing.dfw.party-ssl_log-Dec-2025.gz&path=%2Fhome%2Fdfwparty%2Flogs HTTP/2" 200 68730 "-" "Mozilla/5.0 AppleWebKit/537.36 (KHTML, like Gecko; compatible; ClaudeBot/1.0; +claudebot@anthropic.com)"
216.73.216.7 - - [16/Jul/2026:18:20:47 -0600] "GET /?fileloc=%2Fhome%2Fdfwparty%2Ftmp%2Fanalog%2Fdfwmarketing.net.dfw.party%2Fredirref.png&path=%2Fhome%2Fdfwparty%2Ftmp%2Fanalog%2Fdfwmarketing.net.dfw.party HTTP/2" 200 6529 "-" "Mozilla/5.0 AppleWebKit/537.36 (KHTML, like Gecko; compatible; ClaudeBot/1.0; +claudebot@anthropic.com)"
216.73.216.7 - - [16/Jul/2026:18:20:47 -0600] "GET /?fileloc=%2Fhome%2Fdfwparty%2Ftmp%2Fanalog%2Ftexashome.repair.dfw.party%2Frefsite.png&path=%2Fhome%2Fdfwparty%2Ftmp%2Fanalog%2Ftexashome.repair.dfw.party HTTP/2" 200 4905 "-" "Mozilla/5.0 AppleWebKit/537.36 (KHTML, like Gecko; compatible; ClaudeBot/1.0; +claudebot@anthropic.com)"
216.73.216.7 - - [16/Jul/2026:18:20:50 -0600] "GET /?fileloc=%2Fhome%2Fdfwparty%2Flogs%2Flostmoneyforum.com.dfw.party-Jul-2025.gz&path=%2Fhome%2Fdfwparty%2Flogs HTTP/2" 200 29589 "-" "Mozilla/5.0 AppleWebKit/537.36 (KHTML, like Gecko; compatible; ClaudeBot/1.0; +claudebot@anthropic.com)"
74.7.227.145 - - [16/Jul/2026:18:20:47 -0600] "GET /2026/07/16/kasyno-bez-weryfikacji-kyc-ktore-przeszo-moje-testy-matematyczne/?path=//opt/cpanel/ea-php81/root/srv HTTP/2" 200 2572 "https://ajpartyfun.com/2026/07/16/kasyno-bez-weryfikacji-kyc-ktore-przeszo-moje-testy-matematyczne/?path=//opt/cpanel/ea-php81/root" "Mozilla/5.0 AppleWebKit/537.36 (KHTML, like Gecko; compatible; GPTBot/1.4; +https://openai.com/gptbot)"
74.7.242.45 - - [16/Jul/2026:18:20:48 -0600] "GET /?fileloc=/home/dfwparty/dfwmagic.com/wp-includes/block-template-utils.php&path=/home/dfwparty/dfwmagic.com/wp-includes HTTP/2" 200 16850 "https://www.ajpartyfun.com/?path=/home/dfwparty/dfwmagic.com/wp-includes" "Mozilla/5.0 AppleWebKit/537.36 (KHTML, like Gecko; compatible; GPTBot/1.4; +https://openai.com/gptbot)"
74.7.227.145 - - [16/Jul/2026:18:20:48 -0600] "GET /2026/07/16/kasyno-bez-weryfikacji-kyc-ktore-przeszo-moje-testy-matematyczne/?path=//opt/cpanel/ea-php81/root/sys HTTP/2" 200 2572 "https://ajpartyfun.com/2026/07/16/kasyno-bez-weryfikacji-kyc-ktore-przeszo-moje-testy-matematyczne/?path=//opt/cpanel/ea-php81/root" "Mozilla/5.0 AppleWebKit/537.36 (KHTML, like Gecko; compatible; GPTBot/1.4; +https://openai.com/gptbot)"
74.7.242.45 - - [16/Jul/2026:18:20:48 -0600] "GET /?fileloc=/home/dfwparty/dfwmagic.com/wp-includes/class-wp-widget-factory.php&path=/home/dfwparty/dfwmagic.com/wp-includes HTTP/2" 200 3520 "https://www.ajpartyfun.com/?path=/home/dfwparty/dfwmagic.com/wp-includes" "Mozilla/5.0 AppleWebKit/537.36 (KHTML, like Gecko; compatible; GPTBot/1.4; +https://openai.com/gptbot)"
74.7.227.145 - - [16/Jul/2026:18:20:48 -0600] "GET /2026/07/16/kasyno-bez-weryfikacji-kyc-ktore-przeszo-moje-testy-matematyczne/?path=//opt/cpanel/ea-php81/root/run HTTP/2" 200 2819 "https://ajpartyfun.com/2026/07/16/kasyno-bez-weryfikacji-kyc-ktore-przeszo-moje-testy-matematyczne/?path=//opt/cpanel/ea-php81/root" "Mozilla/5.0 AppleWebKit/537.36 (KHTML, like Gecko; compatible; GPTBot/1.4; +https://openai.com/gptbot)"
74.7.242.45 - - [16/Jul/2026:18:20:49 -0600] "GET /?fileloc=/home/dfwparty/dfwmagic.com/wp-includes/class-wp-meta-query.php&path=/home/dfwparty/dfwmagic.com/wp-includes HTTP/2" 200 10396 "https://www.ajpartyfun.com/?path=/home/dfwparty/dfwmagic.com/wp-includes" "Mozilla/5.0 AppleWebKit/537.36 (KHTML, like Gecko; compatible; GPTBot/1.4; +https://openai.com/gptbot)"
74.7.227.145 - - [16/Jul/2026:18:20:49 -0600] "GET /2026/07/16/kasyno-bez-weryfikacji-kyc-ktore-przeszo-moje-testy-matematyczne/?path=//opt/cpanel/ea-php81/root/var/mail HTTP/2" 200 2576 "https://ajpartyfun.com/2026/07/16/kasyno-bez-weryfikacji-kyc-ktore-przeszo-moje-testy-matematyczne/?path=//opt/cpanel/ea-php81/root/var" "Mozilla/5.0 AppleWebKit/537.36 (KHTML, like Gecko; compatible; GPTBot/1.4; +https://openai.com/gptbot)"
74.7.242.45 - - [16/Jul/2026:18:20:49 -0600] "GET /?fileloc=/home/dfwparty/dfwmagic.com/wp-includes/class-wp-phpmailer.php&path=/home/dfwparty/dfwmagic.com/wp-includes HTTP/2" 200 3915 "https://www.ajpartyfun.com/?path=/home/dfwparty/dfwmagic.com/wp-includes" "Mozilla/5.0 AppleWebKit/537.36 (KHTML, like Gecko; compatible; GPTBot/1.4; +https://openai.com/gptbot)"
74.7.227.145 - - [16/Jul/2026:18:20:49 -0600] "GET /2026/07/16/kasyno-bez-weryfikacji-kyc-ktore-przeszo-moje-testy-matematyczne/?path=//opt/cpanel/ea-php81/root/var/tmp HTTP/2" 200 2812 "https://ajpartyfun.com/2026/07/16/kasyno-bez-weryfikacji-kyc-ktore-przeszo-moje-testy-matematyczne/?path=//opt/cpanel/ea-php81/root/var" "Mozilla/5.0 AppleWebKit/537.36 (KHTML, like Gecko; compatible; GPTBot/1.4; +https://openai.com/gptbot)"
74.7.242.45 - - [16/Jul/2026:18:20:50 -0600] "GET /?fileloc=/home/dfwparty/dfwmagic.com/wp-includes/class-wp-http-cookie.php&path=/home/dfwparty/dfwmagic.com/wp-includes HTTP/2" 200 5098 "https://www.ajpartyfun.com/?path=/home/dfwparty/dfwmagic.com/wp-includes" "Mozilla/5.0 AppleWebKit/537.36 (KHTML, like Gecko; compatible; GPTBot/1.4; +https://openai.com/gptbot)"
216.73.216.7 - - [16/Jul/2026:18:20:48 -0600] "GET /?fileloc=%2Fhome%2Fdfwparty%2Ftmp%2Fanalog%2Flosingweight.business.dfw.party%2Fdir.png&path=%2Fhome%2Fdfwparty%2Ftmp%2Fanalog%2Flosingweight.business.dfw.party HTTP/2" 200 4766 "-" "Mozilla/5.0 AppleWebKit/537.36 (KHTML, like Gecko; compatible; ClaudeBot/1.0; +claudebot@anthropic.com)"
216.73.216.7 - - [16/Jul/2026:18:20:48 -0600] "GET /?fileloc=%2Fhome%2Fdfwparty%2Ftmp%2Fanalog%2Fpetblogger.net.dfw.party%2Frefsite.png&path=%2Fhome%2Fdfwparty%2Ftmp%2Fanalog%2Fpetblogger.net.dfw.party HTTP/2" 200 5465 "-" "Mozilla/5.0 AppleWebKit/537.36 (KHTML, like Gecko; compatible; ClaudeBot/1.0; +claudebot@anthropic.com)"
216.73.216.7 - - [16/Jul/2026:18:20:48 -0600] "GET /?fileloc=%2Fhome%2Fdfwparty%2Fmembers.bizcoach.biz%2Fwp-admin%2Fincludes%2Ftheme-install.php&path=%2Fhome%2Fdfwparty%2Fmembers.bizcoach.biz%2Fwp-admin%2Fincludes HTTP/2" 200 4736 "-" "Mozilla/5.0 AppleWebKit/537.36 (KHTML, like Gecko; compatible; ClaudeBot/1.0; +claudebot@anthropic.com)"
216.73.216.7 - - [16/Jul/2026:18:20:48 -0600] "GET /?fileloc=%2Fhome%2Fdfwparty%2Faccess-logs%2Fmembers.bizcoach.biz&path=%2Fhome%2Fdfwparty%2Faccess-logs HTTP/2" 200 2506 "-" "Mozilla/5.0 AppleWebKit/537.36 (KHTML, like Gecko; compatible; ClaudeBot/1.0; +claudebot@anthropic.com)"
216.73.216.7 - - [16/Jul/2026:18:20:51 -0600] "GET /?fileloc=%2Fhome%2Fdfwparty%2Ftmp%2Fanalog%2Fforum.bizopps.net%2Fsize.png&path=%2Fhome%2Fdfwparty%2Ftmp%2Fanalog%2Fforum.bizopps.net HTTP/2" 200 5158 "-" "Mozilla/5.0 AppleWebKit/537.36 (KHTML, like Gecko; compatible; ClaudeBot/1.0; +claudebot@anthropic.com)"
216.73.216.7 - - [16/Jul/2026:18:20:49 -0600] "GET /?fileloc=%2Fhome%2Fdfwparty%2Fmylifestyle.coach%2F500.shtml&path=%2Fhome%2Fdfwparty%2Fmylifestyle.coach HTTP/2" 200 2628 "-" "Mozilla/5.0 AppleWebKit/537.36 (KHTML, like Gecko; compatible; ClaudeBot/1.0; +claudebot@anthropic.com)"
216.73.216.7 - - [16/Jul/2026:18:20:48 -0600] "GET /?fileloc=%2Fhome%2Fdfwparty%2Flogs%2Ffacepaintermarketing.com.dfw.party-ssl_log-Jun-2025.gz&path=%2Fhome%2Fdfwparty%2Flogs HTTP/2" 200 127864 "-" "Mozilla/5.0 AppleWebKit/537.36 (KHTML, like Gecko; compatible; ClaudeBot/1.0; +claudebot@anthropic.com)"
216.73.216.7 - - [16/Jul/2026:18:20:51 -0600] "GET /?fileloc=%2Fhome%2Fdfwparty%2Fmail%2F.john%40dfw_party%2Fdovecot-quota&path=%2Fhome%2Fdfwparty%2Fmail%2F.john%40dfw_party HTTP/2" 200 2533 "-" "Mozilla/5.0 AppleWebKit/537.36 (KHTML, like Gecko; compatible; ClaudeBot/1.0; +claudebot@anthropic.com)"
216.73.216.7 - - [16/Jul/2026:18:20:50 -0600] "GET /?fileloc=%2Fhome%2Fdfwparty%2Flogs%2Flocalmarketingforum.com.dfw.party-ssl_log-Jul-2024.gz&path=%2Fhome%2Fdfwparty%2Flogs HTTP/2" 200 82757 "-" "Mozilla/5.0 AppleWebKit/537.36 (KHTML, like Gecko; compatible; ClaudeBot/1.0; +claudebot@anthropic.com)"
216.73.216.7 - - [16/Jul/2026:18:20:52 -0600] "GET /?fileloc=%2Fhome%2Fdfwparty%2Fmail%2F.john%40makingmoney_party%2Fdovecot.mailbox.log&path=%2Fhome%2Fdfwparty%2Fmail%2F.john%40makingmoney_party HTTP/2" 200 2558 "-" "Mozilla/5.0 AppleWebKit/537.36 (KHTML, like Gecko; compatible; ClaudeBot/1.0; +claudebot@anthropic.com)"
216.73.216.7 - - [16/Jul/2026:18:20:51 -0600] "GET /?fileloc=%2Fhome%2Fdfwparty%2Faccess-logs%2Fhomebusiness.marketing.dfw.party&path=%2Fhome%2Fdfwparty%2Faccess-logs HTTP/2" 200 2509 "-" "Mozilla/5.0 AppleWebKit/537.36 (KHTML, like Gecko; compatible; ClaudeBot/1.0; +claudebot@anthropic.com)"
216.73.216.7 - - [16/Jul/2026:18:20:52 -0600] "GET /?fileloc=%2Fhome%2Fdfwparty%2Fmembers.bizcoach.biz%2Fwp-admin%2Fnetwork%2Fprivacy.php&path=%2Fhome%2Fdfwparty%2Fmembers.bizcoach.biz%2Fwp-admin%2Fnetwork HTTP/2" 200 2674 "-" "Mozilla/5.0 AppleWebKit/537.36 (KHTML, like Gecko; compatible; ClaudeBot/1.0; +claudebot@anthropic.com)"
216.73.216.7 - - [16/Jul/2026:18:20:51 -0600] "GET /?fileloc=%2Fhome%2Fdfwparty%2Fbizcoach.biz%2Fwp-admin%2Fincludes%2Fcredits.php&path=%2Fhome%2Fdfwparty%2Fbizcoach.biz%2Fwp-admin%2Fincludes HTTP/2" 200 4564 "-" "Mozilla/5.0 AppleWebKit/537.36 (KHTML, like Gecko; compatible; ClaudeBot/1.0; +claudebot@anthropic.com)"
74.7.227.145 - - [16/Jul/2026:18:20:50 -0600] "GET /2026/07/16/kasyno-bez-weryfikacji-kyc-ktore-przeszo-moje-testy-matematyczne/?path=//opt/cpanel/ea-php81/root/var/adm HTTP/2" 200 2578 "https://ajpartyfun.com/2026/07/16/kasyno-bez-weryfikacji-kyc-ktore-przeszo-moje-testy-matematyczne/?path=//opt/cpanel/ea-php81/root/var" "Mozilla/5.0 AppleWebKit/537.36 (KHTML, like Gecko; compatible; GPTBot/1.4; +https://openai.com/gptbot)"
74.7.242.45 - - [16/Jul/2026:18:20:50 -0600] "GET /?fileloc=/home/dfwparty/dfwmagic.com/wp-includes/class-wp-image-editor.php&path=/home/dfwparty/dfwmagic.com/wp-includes HTTP/2" 200 7523 "https://www.ajpartyfun.com/?path=/home/dfwparty/dfwmagic.com/wp-includes" "Mozilla/5.0 AppleWebKit/537.36 (KHTML, like Gecko; compatible; GPTBot/1.4; +https://openai.com/gptbot)"
74.7.227.145 - - [16/Jul/2026:18:20:51 -0600] "GET /2026/07/16/kasyno-bez-weryfikacji-kyc-ktore-przeszo-moje-testy-matematyczne/?path=//opt/cpanel/ea-php81/root/var/games HTTP/2" 200 2575 "https://ajpartyfun.com/2026/07/16/kasyno-bez-weryfikacji-kyc-ktore-przeszo-moje-testy-matematyczne/?path=//opt/cpanel/ea-php81/root/var" "Mozilla/5.0 AppleWebKit/537.36 (KHTML, like Gecko; compatible; GPTBot/1.4; +https://openai.com/gptbot)"
74.7.242.45 - - [16/Jul/2026:18:20:51 -0600] "GET /?fileloc=/home/dfwparty/dfwmagic.com/wp-includes/class-wp-http-streams.php&path=/home/dfwparty/dfwmagic.com/wp-includes HTTP/2" 200 7485 "https://www.ajpartyfun.com/?path=/home/dfwparty/dfwmagic.com/wp-includes" "Mozilla/5.0 AppleWebKit/537.36 (KHTML, like Gecko; compatible; GPTBot/1.4; +https://openai.com/gptbot)"
74.7.227.145 - - [16/Jul/2026:18:20:51 -0600] "GET /2026/07/16/kasyno-bez-weryfikacji-kyc-ktore-przeszo-moje-testy-matematyczne/?path=//opt/cpanel/ea-php81/root/var/cache HTTP/2" 200 2827 "https://ajpartyfun.com/2026/07/16/kasyno-bez-weryfikacji-kyc-ktore-przeszo-moje-testy-matematyczne/?path=//opt/cpanel/ea-php81/root/var" "Mozilla/5.0 AppleWebKit/537.36 (KHTML, like Gecko; compatible; GPTBot/1.4; +https://openai.com/gptbot)"
74.7.242.45 - - [16/Jul/2026:18:20:52 -0600] "GET /?fileloc=/home/dfwparty/dfwmagic.com/wp-includes/functions.wp-styles.php&path=/home/dfwparty/dfwmagic.com/wp-includes HTTP/2" 200 4951 "https://www.ajpartyfun.com/?path=/home/dfwparty/dfwmagic.com/wp-includes" "Mozilla/5.0 AppleWebKit/537.36 (KHTML, like Gecko; compatible; GPTBot/1.4; +https://openai.com/gptbot)"
74.7.227.145 - - [16/Jul/2026:18:20:52 -0600] "GET /2026/07/16/kasyno-bez-weryfikacji-kyc-ktore-przeszo-moje-testy-matematyczne/?path=//opt/cpanel/ea-php81/root/etc/pm/power.d HTTP/2" 200 2582 "https://ajpartyfun.com/2026/07/16/kasyno-bez-weryfikacji-kyc-ktore-przeszo-moje-testy-matematyczne/?path=//opt/cpanel/ea-php81/root/etc/pm" "Mozilla/5.0 AppleWebKit/537.36 (KHTML, like Gecko; compatible; GPTBot/1.4; +https://openai.com/gptbot)"
74.7.242.45 - - [16/Jul/2026:18:20:52 -0600] "GET /?fileloc=/home/dfwparty/dfwmagic.com/wp-includes/class-wp-image-editor-gd.php&path=/home/dfwparty/dfwmagic.com/wp-includes HTTP/2" 200 7879 "https://www.ajpartyfun.com/?path=/home/dfwparty/dfwmagic.com/wp-includes" "Mozilla/5.0 AppleWebKit/537.36 (KHTML, like Gecko; compatible; GPTBot/1.4; +https://openai.com/gptbot)"
74.7.227.145 - - [16/Jul/2026:18:20:52 -0600] "GET /2026/07/16/kasyno-bez-weryfikacji-kyc-ktore-przeszo-moje-testy-matematyczne/?path=//opt/cpanel/ea-php81/root/var/opt HTTP/2" 200 2571 "https://ajpartyfun.com/2026/07/16/kasyno-bez-weryfikacji-kyc-ktore-przeszo-moje-testy-matematyczne/?path=//opt/cpanel/ea-php81/root/var" "Mozilla/5.0 AppleWebKit/537.36 (KHTML, like Gecko; compatible; GPTBot/1.4; +https://openai.com/gptbot)"
74.7.242.45 - - [16/Jul/2026:18:20:53 -0600] "GET /?fileloc=/home/dfwparty/dfwmagic.com/wp-includes/class-wp-locale-switcher.php&path=/home/dfwparty/dfwmagic.com/wp-includes HTTP/2" 200 4410 "https://www.ajpartyfun.com/?path=/home/dfwparty/dfwmagic.com/wp-includes" "Mozilla/5.0 AppleWebKit/537.36 (KHTML, like Gecko; compatible; GPTBot/1.4; +https://openai.com/gptbot)"
