216.73.216.7 - - [16/Jul/2026:18:19:45 -0600] "GET /?fileloc=%2Fhome%2Fdfwparty%2Ftmp%2Fanalog%2Fhomeservice.blog.dfw.party%2F2.html&path=%2Fhome%2Fdfwparty%2Ftmp%2Fanalog%2Fhomeservice.blog.dfw.party HTTP/2" 200 6729 "-" "Mozilla/5.0 AppleWebKit/537.36 (KHTML, like Gecko; compatible; ClaudeBot/1.0; +claudebot@anthropic.com)"
216.73.216.7 - - [16/Jul/2026:18:19:38 -0600] "GET /?fileloc=%2Fhome%2Fdfwparty%2Fbizcoach.biz%2Fwp-admin%2Fincludes%2Fclass-wp-post-comments-list-table.php&path=%2Fhome%2Fdfwparty%2Fbizcoach.biz%2Fwp-admin%2Fincludes HTTP/2" 200 3193 "-" "Mozilla/5.0 AppleWebKit/537.36 (KHTML, like Gecko; compatible; ClaudeBot/1.0; +claudebot@anthropic.com)"
216.73.216.7 - - [16/Jul/2026:18:19:46 -0600] "GET /?fileloc=%2Fhome%2Fdfwparty%2Fsingingtelegramsdallas.com%2Fwp-includes%2Fimages%2Fadmin-bar-sprite.png&path=%2Fhome%2Fdfwparty%2Fsingingtelegramsdallas.com%2Fwp-includes%2Fimages HTTP/2" 200 4963 "-" "Mozilla/5.0 AppleWebKit/537.36 (KHTML, like Gecko; compatible; ClaudeBot/1.0; +claudebot@anthropic.com)"
216.73.216.7 - - [16/Jul/2026:18:19:46 -0600] "GET /?fileloc=%2Fhome%2Fdfwparty%2Fbizcoach.biz%2Fwp-admin%2Fincludes%2Fclass-wp-posts-list-table.php&path=%2Fhome%2Fdfwparty%2Fbizcoach.biz%2Fwp-admin%2Fincludes HTTP/2" 200 19094 "-" "Mozilla/5.0 AppleWebKit/537.36 (KHTML, like Gecko; compatible; ClaudeBot/1.0; +claudebot@anthropic.com)"
216.73.216.7 - - [16/Jul/2026:18:19:46 -0600] "GET /?fileloc=%2Fhome%2Fdfwparty%2Fbizcoach.biz%2Fwp-admin%2Fnetwork%2Fusers.php&path=%2Fhome%2Fdfwparty%2Fbizcoach.biz%2Fwp-admin%2Fnetwork HTTP/2" 200 5839 "-" "Mozilla/5.0 AppleWebKit/537.36 (KHTML, like Gecko; compatible; ClaudeBot/1.0; +claudebot@anthropic.com)"
216.73.216.7 - - [16/Jul/2026:18:19:46 -0600] "GET /?fileloc=%2Fhome%2Fdfwparty%2Fbizcoach.biz%2Fwp-admin%2Fincludes%2Fclass-wp-ms-users-list-table.php&path=%2Fhome%2Fdfwparty%2Fbizcoach.biz%2Fwp-admin%2Fincludes HTTP/2" 200 7187 "-" "Mozilla/5.0 AppleWebKit/537.36 (KHTML, like Gecko; compatible; ClaudeBot/1.0; +claudebot@anthropic.com)"
216.73.216.7 - - [16/Jul/2026:18:19:46 -0600] "GET /?fileloc=%2Fhome%2Fdfwparty%2Fetc%2Fdfw.party%2F%40pwcache%2Fjohn&path=%2Fhome%2Fdfwparty%2Fetc%2Fdfw.party%2F%40pwcache HTTP/2" 200 2659 "-" "Mozilla/5.0 AppleWebKit/537.36 (KHTML, like Gecko; compatible; ClaudeBot/1.0; +claudebot@anthropic.com)"
216.73.216.7 - - [16/Jul/2026:18:19:46 -0600] "GET /?fileloc=%2F%2Flib%2F.build-id%2F31%2F2dcaea1eabbb247b61993908e6877588d4a28a&path=%2F%2Flib%2F.build-id%2F31 HTTP/2" 200 1340553 "-" "Mozilla/5.0 AppleWebKit/537.36 (KHTML, like Gecko; compatible; ClaudeBot/1.0; +claudebot@anthropic.com)"
216.73.216.7 - - [16/Jul/2026:18:19:38 -0600] "GET /?fileloc=%2Fhome%2Fdfwparty%2Fbizcoach.biz%2Fwp-admin%2Fcss%2Fabout.css&path=%2Fhome%2Fdfwparty%2Fbizcoach.biz%2Fwp-admin%2Fcss HTTP/2" 200 0 "-" "Mozilla/5.0 AppleWebKit/537.36 (KHTML, like Gecko; compatible; ClaudeBot/1.0; +claudebot@anthropic.com)"
216.73.216.7 - - [16/Jul/2026:18:19:38 -0600] "GET /?fileloc=%2Fhome%2Fdfwparty%2Fbizcoach.biz%2Fwp-admin%2Fcss%2Fwidgets-rtl.min.css&path=%2Fhome%2Fdfwparty%2Fbizcoach.biz%2Fwp-admin%2Fcss HTTP/2" 200 0 "-" "Mozilla/5.0 AppleWebKit/537.36 (KHTML, like Gecko; compatible; ClaudeBot/1.0; +claudebot@anthropic.com)"
216.73.216.7 - - [16/Jul/2026:18:19:38 -0600] "GET /?fileloc=%2Fhome%2Fdfwparty%2Fbizcoach.biz%2Fwp-admin%2Fcss%2Ffarbtastic.css&path=%2Fhome%2Fdfwparty%2Fbizcoach.biz%2Fwp-admin%2Fcss HTTP/2" 200 0 "-" "Mozilla/5.0 AppleWebKit/537.36 (KHTML, like Gecko; compatible; ClaudeBot/1.0; +claudebot@anthropic.com)"
216.73.216.7 - - [16/Jul/2026:18:19:39 -0600] "GET /?fileloc=%2Fhome%2Fdfwparty%2Fmail%2F.john%40johnfitemarketing_com%2F.spam%2Fmaildirfolder&path=%2Fhome%2Fdfwparty%2Fmail%2F.john%40johnfitemarketing_com%2F.spam HTTP/2" 200 2520 "-" "Mozilla/5.0 AppleWebKit/537.36 (KHTML, like Gecko; compatible; ClaudeBot/1.0; +claudebot@anthropic.com)"
216.73.216.7 - - [16/Jul/2026:18:19:39 -0600] "GET /?fileloc=%2Fhome%2Fdfwparty%2Fmail%2Fcreepradio.com%2Fmoc%2F.spam%2Fdovecot.index.log&path=%2Fhome%2Fdfwparty%2Fmail%2Fcreepradio.com%2Fmoc%2F.spam HTTP/2" 200 0 "-" "Mozilla/5.0 AppleWebKit/537.36 (KHTML, like Gecko; compatible; ClaudeBot/1.0; +claudebot@anthropic.com)"
216.73.216.7 - - [16/Jul/2026:18:19:47 -0600] "GET /?fileloc=%2Fhome%2Fdfwparty%2Ftmp%2Fanalog%2Fkidsentertainermarketing.com.dfw.party%2Fcache&path=%2Fhome%2Fdfwparty%2Ftmp%2Fanalog%2Fkidsentertainermarketing.com.dfw.party HTTP/2" 200 21647 "-" "Mozilla/5.0 AppleWebKit/537.36 (KHTML, like Gecko; compatible; ClaudeBot/1.0; +claudebot@anthropic.com)"
216.73.216.7 - - [16/Jul/2026:18:19:47 -0600] "GET /?fileloc=%2Fhome%2Fdfwparty%2Ftmp%2Fanalog%2Fcreepy.show.dfw.party%2Fredirref.png&path=%2Fhome%2Fdfwparty%2Ftmp%2Fanalog%2Fcreepy.show.dfw.party HTTP/2" 200 5751 "-" "Mozilla/5.0 AppleWebKit/537.36 (KHTML, like Gecko; compatible; ClaudeBot/1.0; +claudebot@anthropic.com)"
216.73.216.7 - - [16/Jul/2026:18:19:47 -0600] "GET /?fileloc=%2Fhome%2Fdfwparty%2Ftmp%2Fanalog%2Fsantadallas.dfw.party%2Freq.png&path=%2Fhome%2Fdfwparty%2Ftmp%2Fanalog%2Fsantadallas.dfw.party HTTP/2" 200 4883 "-" "Mozilla/5.0 AppleWebKit/537.36 (KHTML, like Gecko; compatible; ClaudeBot/1.0; +claudebot@anthropic.com)"
216.73.216.7 - - [16/Jul/2026:18:19:47 -0600] "GET /?fileloc=%2Fhome%2Fdfwparty%2Ftmp%2Fanalog%2Flosingweight.business.dfw.party%2Forg.png&path=%2Fhome%2Fdfwparty%2Ftmp%2Fanalog%2Flosingweight.business.dfw.party HTTP/2" 200 5986 "-" "Mozilla/5.0 AppleWebKit/537.36 (KHTML, like Gecko; compatible; ClaudeBot/1.0; +claudebot@anthropic.com)"
216.73.216.7 - - [16/Jul/2026:18:19:47 -0600] "GET /?fileloc=%2Fhome%2Fdfwparty%2Ftmp%2Fanalog%2Flostmoneylinks.com.dfw.party%2Freq.png&path=%2Fhome%2Fdfwparty%2Ftmp%2Fanalog%2Flostmoneylinks.com.dfw.party HTTP/2" 200 6638 "-" "Mozilla/5.0 AppleWebKit/537.36 (KHTML, like Gecko; compatible; ClaudeBot/1.0; +claudebot@anthropic.com)"
216.73.216.7 - - [16/Jul/2026:18:19:47 -0600] "GET /?fileloc=%2Fhome%2Fdfwparty%2Fmembers.bizcoach.biz%2Fwp-admin%2Fincludes%2Fclass-bulk-plugin-upgrader-skin.php&path=%2Fhome%2Fdfwparty%2Fmembers.bizcoach.biz%2Fwp-admin%2Fincludes HTTP/2" 200 3531 "-" "Mozilla/5.0 AppleWebKit/537.36 (KHTML, like Gecko; compatible; ClaudeBot/1.0; +claudebot@anthropic.com)"
216.73.216.7 - - [16/Jul/2026:18:19:47 -0600] "GET /?fileloc=%2Fhome%2Fdfwparty%2Ftmp%2Fanalog%2Fpetblogger.net.dfw.party%2Fbrowrep.png&path=%2Fhome%2Fdfwparty%2Ftmp%2Fanalog%2Fpetblogger.net.dfw.party HTTP/2" 200 5541 "-" "Mozilla/5.0 AppleWebKit/537.36 (KHTML, like Gecko; compatible; ClaudeBot/1.0; +claudebot@anthropic.com)"
216.73.216.7 - - [16/Jul/2026:18:19:47 -0600] "GET /?fileloc=%2Fhome%2Fdfwparty%2Ftmp%2Fanalog%2Ftexashome.repair.dfw.party%2Fbrowrep.png&path=%2Fhome%2Fdfwparty%2Ftmp%2Fanalog%2Ftexashome.repair.dfw.party HTTP/2" 200 6709 "-" "Mozilla/5.0 AppleWebKit/537.36 (KHTML, like Gecko; compatible; ClaudeBot/1.0; +claudebot@anthropic.com)"
216.73.216.7 - - [16/Jul/2026:18:19:47 -0600] "GET /?fileloc=%2Fhome%2Fdfwparty%2Fmail%2F.santa%40santadallas_com%2F.spam%2Fdovecot.index.log&path=%2Fhome%2Fdfwparty%2Fmail%2F.santa%40santadallas_com%2F.spam HTTP/2" 200 2631 "-" "Mozilla/5.0 AppleWebKit/537.36 (KHTML, like Gecko; compatible; ClaudeBot/1.0; +claudebot@anthropic.com)"
74.7.242.45 - - [16/Jul/2026:18:19:48 -0600] "GET /?fileloc=/home/dfwparty/dfwmagic.com/wp-includes/images/crystal/interactive.png&path=/home/dfwparty/dfwmagic.com/wp-includes/images/crystal HTTP/2" 200 4433 "https://www.ajpartyfun.com/?path=/home/dfwparty/dfwmagic.com/wp-includes/images/crystal" "Mozilla/5.0 AppleWebKit/537.36 (KHTML, like Gecko; compatible; GPTBot/1.4; +https://openai.com/gptbot)"
74.7.227.145 - - [16/Jul/2026:18:19:48 -0600] "GET /2026/07/16/kasyno-bez-weryfikacji-kyc-ktore-przeszo-moje-testy-matematyczne/?path=//opt/alt/php71/var/cache HTTP/2" 200 2816 "https://ajpartyfun.com/2026/07/16/kasyno-bez-weryfikacji-kyc-ktore-przeszo-moje-testy-matematyczne/?path=//opt/alt/php71/var" "Mozilla/5.0 AppleWebKit/537.36 (KHTML, like Gecko; compatible; GPTBot/1.4; +https://openai.com/gptbot)"
74.7.242.45 - - [16/Jul/2026:18:19:48 -0600] "GET /?fileloc=/home/dfwparty/dfwmagic.com/wp-includes/shortcodes.php&path=/home/dfwparty/dfwmagic.com/wp-includes HTTP/2" 200 9418 "https://www.ajpartyfun.com/?path=/home/dfwparty/dfwmagic.com/wp-includes" "Mozilla/5.0 AppleWebKit/537.36 (KHTML, like Gecko; compatible; GPTBot/1.4; +https://openai.com/gptbot)"
74.7.242.45 - - [16/Jul/2026:18:19:49 -0600] "GET /?fileloc=/home/dfwparty/dfwmagic.com/wp-includes/formatting.php&path=/home/dfwparty/dfwmagic.com/wp-includes HTTP/2" 200 67743 "https://www.ajpartyfun.com/?path=/home/dfwparty/dfwmagic.com/wp-includes" "Mozilla/5.0 AppleWebKit/537.36 (KHTML, like Gecko; compatible; GPTBot/1.4; +https://openai.com/gptbot)"
74.7.242.45 - - [16/Jul/2026:18:19:49 -0600] "GET /?path=/home/dfwparty/dfwmagic.com/wp-includes/block-supports HTTP/2" 200 3597 "https://www.ajpartyfun.com/?path=/home/dfwparty/dfwmagic.com/wp-includes" "Mozilla/5.0 AppleWebKit/537.36 (KHTML, like Gecko; compatible; GPTBot/1.4; +https://openai.com/gptbot)"
74.7.242.45 - - [16/Jul/2026:18:19:50 -0600] "GET /?fileloc=/home/dfwparty/dfwmagic.com/wp-includes/images/icon-library/post-comments-form.svg&path=/home/dfwparty/dfwmagic.com/wp-includes/images/icon-library HTTP/2" 200 2755 "https://www.ajpartyfun.com/?path=/home/dfwparty/dfwmagic.com/wp-includes/images/icon-library" "Mozilla/5.0 AppleWebKit/537.36 (KHTML, like Gecko; compatible; GPTBot/1.4; +https://openai.com/gptbot)"
74.7.227.145 - - [16/Jul/2026:18:19:50 -0600] "GET /2026/07/16/kasyno-bez-weryfikacji-kyc-ktore-przeszo-moje-testy-matematyczne/?path=//opt/cpanel/ea-php81 HTTP/2" 200 2897 "https://ajpartyfun.com/2026/07/16/kasyno-bez-weryfikacji-kyc-ktore-przeszo-moje-testy-matematyczne/?path=//opt/cpanel" "Mozilla/5.0 AppleWebKit/537.36 (KHTML, like Gecko; compatible; GPTBot/1.4; +https://openai.com/gptbot)"
74.7.242.45 - - [16/Jul/2026:18:19:50 -0600] "GET /?fileloc=/home/dfwparty/dfwmagic.com/wp-includes/images/icon-library/post-comments.svg&path=/home/dfwparty/dfwmagic.com/wp-includes/images/icon-library HTTP/2" 200 2801 "https://www.ajpartyfun.com/?path=/home/dfwparty/dfwmagic.com/wp-includes/images/icon-library" "Mozilla/5.0 AppleWebKit/537.36 (KHTML, like Gecko; compatible; GPTBot/1.4; +https://openai.com/gptbot)"
74.7.242.45 - - [16/Jul/2026:18:19:51 -0600] "GET /?fileloc=/home/dfwparty/dfwmagic.com/wp-includes/collaboration/interface-wp-sync-storage.php&path=/home/dfwparty/dfwmagic.com/wp-includes/collaboration HTTP/2" 200 3206 "https://www.ajpartyfun.com/?path=/home/dfwparty/dfwmagic.com/wp-includes/collaboration" "Mozilla/5.0 AppleWebKit/537.36 (KHTML, like Gecko; compatible; GPTBot/1.4; +https://openai.com/gptbot)"
74.7.227.145 - - [16/Jul/2026:18:19:51 -0600] "GET /2026/07/16/kasyno-bez-weryfikacji-kyc-ktore-przeszo-moje-testy-matematyczne/?path=//proc/self/root/proc/irq/73 HTTP/2" 200 3134 "https://ajpartyfun.com/2026/07/16/kasyno-bez-weryfikacji-kyc-ktore-przeszo-moje-testy-matematyczne/?path=//proc/self/root/proc/irq" "Mozilla/5.0 AppleWebKit/537.36 (KHTML, like Gecko; compatible; GPTBot/1.4; +https://openai.com/gptbot)"
216.73.216.7 - - [16/Jul/2026:18:19:49 -0600] "GET /?fileloc=%2Fhome%2Fdfwparty%2Ftmp%2Fanalog%2Flosingweight.business.dfw.party%2Frefsite.png&path=%2Fhome%2Fdfwparty%2Ftmp%2Fanalog%2Flosingweight.business.dfw.party HTTP/2" 200 4816 "-" "Mozilla/5.0 AppleWebKit/537.36 (KHTML, like Gecko; compatible; ClaudeBot/1.0; +claudebot@anthropic.com)"
216.73.216.7 - - [16/Jul/2026:18:19:49 -0600] "GET /?fileloc=%2Fhome%2Fdfwparty%2Fmail%2F.santa%40santadallas_com%2F.Junk%2Fdovecot-uidlist&path=%2Fhome%2Fdfwparty%2Fmail%2F.santa%40santadallas_com%2F.Junk HTTP/2" 200 2564 "-" "Mozilla/5.0 AppleWebKit/537.36 (KHTML, like Gecko; compatible; ClaudeBot/1.0; +claudebot@anthropic.com)"
216.73.216.7 - - [16/Jul/2026:18:19:48 -0600] "GET /?fileloc=%2Fhome%2Fdfwparty%2Fbizcoach.biz%2Fwp-admin%2Fincludes%2Fclass-bulk-theme-upgrader-skin.php&path=%2Fhome%2Fdfwparty%2Fbizcoach.biz%2Fwp-admin%2Fincludes HTTP/2" 200 3556 "-" "Mozilla/5.0 AppleWebKit/537.36 (KHTML, like Gecko; compatible; ClaudeBot/1.0; +claudebot@anthropic.com)"
216.73.216.7 - - [16/Jul/2026:18:19:49 -0600] "GET /?fileloc=%2Fhome%2Fdfwparty%2Ftmp%2Fanalog%2Fdfwmarketing.net.dfw.party%2Freq.png&path=%2Fhome%2Fdfwparty%2Ftmp%2Fanalog%2Fdfwmarketing.net.dfw.party HTTP/2" 200 4673 "-" "Mozilla/5.0 AppleWebKit/537.36 (KHTML, like Gecko; compatible; ClaudeBot/1.0; +claudebot@anthropic.com)"
216.73.216.7 - - [16/Jul/2026:18:19:49 -0600] "GET /?fileloc=%2Fhome%2Fdfwparty%2Ftmp%2Fanalog%2Fhomeservice.blog.dfw.party%2Ftype.png&path=%2Fhome%2Fdfwparty%2Ftmp%2Fanalog%2Fhomeservice.blog.dfw.party HTTP/2" 200 5081 "-" "Mozilla/5.0 AppleWebKit/537.36 (KHTML, like Gecko; compatible; ClaudeBot/1.0; +claudebot@anthropic.com)"
216.73.216.7 - - [16/Jul/2026:18:19:52 -0600] "GET /?fileloc=%2Fhome%2Fdfwparty%2Fbizcoach.biz%2Fwp-admin%2Fincludes%2Fclass-wp-upgrader-skin.php&path=%2Fhome%2Fdfwparty%2Fbizcoach.biz%2Fwp-admin%2Fincludes HTTP/2" 200 4736 "-" "Mozilla/5.0 AppleWebKit/537.36 (KHTML, like Gecko; compatible; ClaudeBot/1.0; +claudebot@anthropic.com)"
216.73.216.7 - - [16/Jul/2026:18:19:52 -0600] "GET /?fileloc=%2Fhome%2Fdfwparty%2Fsantadallas.com%2Fwp-includes%2Fimages%2Fsmilies%2Ffrownie.png&path=%2Fhome%2Fdfwparty%2Fsantadallas.com%2Fwp-includes%2Fimages%2Fsmilies HTTP/2" 200 3505 "-" "Mozilla/5.0 AppleWebKit/537.36 (KHTML, like Gecko; compatible; ClaudeBot/1.0; +claudebot@anthropic.com)"
216.73.216.7 - - [16/Jul/2026:18:19:50 -0600] "GET /?fileloc=%2Fhome%2Fdfwparty%2Ftmp%2Fanalog%2Fstartingover.biz.dfw.party%2Fdir.png&path=%2Fhome%2Fdfwparty%2Ftmp%2Fanalog%2Fstartingover.biz.dfw.party HTTP/2" 200 5089 "-" "Mozilla/5.0 AppleWebKit/537.36 (KHTML, like Gecko; compatible; ClaudeBot/1.0; +claudebot@anthropic.com)"
216.73.216.7 - - [16/Jul/2026:18:19:50 -0600] "GET /?fileloc=%2Fhome%2Fdfwparty%2Fsantadallas.com%2Fwp-includes%2Fimages%2Fsmilies%2Fsimple-smile.png&path=%2Fhome%2Fdfwparty%2Fsantadallas.com%2Fwp-includes%2Fimages%2Fsmilies HTTP/2" 200 3499 "-" "Mozilla/5.0 AppleWebKit/537.36 (KHTML, like Gecko; compatible; ClaudeBot/1.0; +claudebot@anthropic.com)"
216.73.216.7 - - [16/Jul/2026:18:19:50 -0600] "GET /?fileloc=%2F%2Fhome%2Fdfwparty%2Fmybest.lifestyle%2F.htaccess&path=%2F%2Fhome%2Fdfwparty%2Fmybest.lifestyle HTTP/2" 200 2660 "-" "Mozilla/5.0 AppleWebKit/537.36 (KHTML, like Gecko; compatible; ClaudeBot/1.0; +claudebot@anthropic.com)"
216.73.216.7 - - [16/Jul/2026:18:19:50 -0600] "GET /?fileloc=%2Fhome%2Fdfwparty%2Fmail%2F.john%40makingmoney_party%2Fmaildirsize&path=%2Fhome%2Fdfwparty%2Fmail%2F.john%40makingmoney_party HTTP/2" 200 2544 "-" "Mozilla/5.0 AppleWebKit/537.36 (KHTML, like Gecko; compatible; ClaudeBot/1.0; +claudebot@anthropic.com)"
216.73.216.7 - - [16/Jul/2026:18:19:51 -0600] "GET /?fileloc=%2Fhome%2Fdfwparty%2Ftmp%2Fanalog%2Fsmartcard.marketing.dfw.party%2Ftype.png&path=%2Fhome%2Fdfwparty%2Ftmp%2Fanalog%2Fsmartcard.marketing.dfw.party HTTP/2" 200 5337 "-" "Mozilla/5.0 AppleWebKit/537.36 (KHTML, like Gecko; compatible; ClaudeBot/1.0; +claudebot@anthropic.com)"
74.7.242.45 - - [16/Jul/2026:18:19:51 -0600] "GET /?fileloc=/home/dfwparty/dfwmagic.com/wp-includes/customize/class-wp-customize-selective-refresh.php&path=/home/dfwparty/dfwmagic.com/wp-includes/customize HTTP/2" 200 6501 "https://www.ajpartyfun.com/?path=/home/dfwparty/dfwmagic.com/wp-includes/customize" "Mozilla/5.0 AppleWebKit/537.36 (KHTML, like Gecko; compatible; GPTBot/1.4; +https://openai.com/gptbot)"
74.7.227.145 - - [16/Jul/2026:18:19:52 -0600] "GET /2026/07/16/kasyno-bez-weryfikacji-kyc-ktore-przeszo-moje-testy-matematyczne/?path=//opt/cpanel/ea-ruby27/root/var/run/passenger-instreg HTTP/2" 200 2595 "https://ajpartyfun.com/2026/07/16/kasyno-bez-weryfikacji-kyc-ktore-przeszo-moje-testy-matematyczne/?path=//opt/cpanel/ea-ruby27/root/var/run" "Mozilla/5.0 AppleWebKit/537.36 (KHTML, like Gecko; compatible; GPTBot/1.4; +https://openai.com/gptbot)"
74.7.242.45 - - [16/Jul/2026:18:19:52 -0600] "GET /?path=/home/dfwparty/dfwmagic.com/wp-includes/l10n HTTP/2" 200 3012 "https://www.ajpartyfun.com/?path=/home/dfwparty/dfwmagic.com/wp-includes" "Mozilla/5.0 AppleWebKit/537.36 (KHTML, like Gecko; compatible; GPTBot/1.4; +https://openai.com/gptbot)"
74.7.227.145 - - [16/Jul/2026:18:19:52 -0600] "GET /2026/07/16/kasyno-bez-weryfikacji-kyc-ktore-przeszo-moje-testy-matematyczne/?path=//opt/cpanel/ea-php80 HTTP/2" 200 2797 "https://ajpartyfun.com/2026/07/16/kasyno-bez-weryfikacji-kyc-ktore-przeszo-moje-testy-matematyczne/?path=//opt/cpanel" "Mozilla/5.0 AppleWebKit/537.36 (KHTML, like Gecko; compatible; GPTBot/1.4; +https://openai.com/gptbot)"
74.7.242.45 - - [16/Jul/2026:18:19:52 -0600] "GET /?fileloc=/home/dfwparty/dfwmagic.com/wp-includes/feed-rss.php&path=/home/dfwparty/dfwmagic.com/wp-includes HTTP/2" 200 3107 "https://www.ajpartyfun.com/?path=/home/dfwparty/dfwmagic.com/wp-includes" "Mozilla/5.0 AppleWebKit/537.36 (KHTML, like Gecko; compatible; GPTBot/1.4; +https://openai.com/gptbot)"
74.7.242.45 - - [16/Jul/2026:18:19:53 -0600] "GET /?fileloc=/home/dfwparty/dfwmagic.com/wp-includes/feed-atom.php&path=/home/dfwparty/dfwmagic.com/wp-includes HTTP/2" 200 3728 "https://www.ajpartyfun.com/?path=/home/dfwparty/dfwmagic.com/wp-includes" "Mozilla/5.0 AppleWebKit/537.36 (KHTML, like Gecko; compatible; GPTBot/1.4; +https://openai.com/gptbot)"
74.7.227.145 - - [16/Jul/2026:18:19:53 -0600] "GET /2026/07/16/kasyno-bez-weryfikacji-kyc-ktore-przeszo-moje-testy-matematyczne/?path=//lib/firmware/emi26 HTTP/2" 200 2896 "https://ajpartyfun.com/2026/07/16/kasyno-bez-weryfikacji-kyc-ktore-przeszo-moje-testy-matematyczne/?path=//lib/firmware" "Mozilla/5.0 AppleWebKit/537.36 (KHTML, like Gecko; compatible; GPTBot/1.4; +https://openai.com/gptbot)"
74.7.242.45 - - [16/Jul/2026:18:19:53 -0600] "GET /?fileloc=/home/dfwparty/dfwmagic.com/wp-includes/feed.php&path=/home/dfwparty/dfwmagic.com/wp-includes HTTP/2" 200 9453 "https://www.ajpartyfun.com/?path=/home/dfwparty/dfwmagic.com/wp-includes" "Mozilla/5.0 AppleWebKit/537.36 (KHTML, like Gecko; compatible; GPTBot/1.4; +https://openai.com/gptbot)"
74.7.227.145 - - [16/Jul/2026:18:19:54 -0600] "GET /2026/07/16/kasyno-bez-weryfikacji-kyc-ktore-przeszo-moje-testy-matematyczne/?path=//opt/alt/php72/usr HTTP/2" 200 2916 "https://ajpartyfun.com/2026/07/16/kasyno-bez-weryfikacji-kyc-ktore-przeszo-moje-testy-matematyczne/?path=//opt/alt/php72" "Mozilla/5.0 AppleWebKit/537.36 (KHTML, like Gecko; compatible; GPTBot/1.4; +https://openai.com/gptbot)"
74.7.242.45 - - [16/Jul/2026:18:19:54 -0600] "GET /?fileloc=/home/dfwparty/dfwmagic.com/wp-includes/feed-rdf.php&path=/home/dfwparty/dfwmagic.com/wp-includes HTTP/2" 200 3550 "https://www.ajpartyfun.com/?path=/home/dfwparty/dfwmagic.com/wp-includes" "Mozilla/5.0 AppleWebKit/537.36 (KHTML, like Gecko; compatible; GPTBot/1.4; +https://openai.com/gptbot)"
216.73.216.7 - - [16/Jul/2026:18:19:51 -0600] "GET /?fileloc=%2Fhome%2Fdfwparty%2Fmail%2F.john%40podcast_forum%2Fdovecot-quota&path=%2Fhome%2Fdfwparty%2Fmail%2F.john%40podcast_forum HTTP/2" 200 2536 "-" "Mozilla/5.0 AppleWebKit/537.36 (KHTML, like Gecko; compatible; ClaudeBot/1.0; +claudebot@anthropic.com)"
216.73.216.7 - - [16/Jul/2026:18:19:50 -0600] "GET /?fileloc=%2Fhome%2Fdfwparty%2Ftmp%2Fanalog%2Ftexasparty.biz.dfw.party%2Fcache&path=%2Fhome%2Fdfwparty%2Ftmp%2Fanalog%2Ftexasparty.biz.dfw.party HTTP/2" 200 12843 "-" "Mozilla/5.0 AppleWebKit/537.36 (KHTML, like Gecko; compatible; ClaudeBot/1.0; +claudebot@anthropic.com)"
216.73.216.7 - - [16/Jul/2026:18:19:51 -0600] "GET /?fileloc=%2Fhome%2Fdfwparty%2Ftmp%2Fanalog%2Fdfw.health.dfw.party%2Ftype.png&path=%2Fhome%2Fdfwparty%2Ftmp%2Fanalog%2Fdfw.health.dfw.party HTTP/2" 200 5157 "-" "Mozilla/5.0 AppleWebKit/537.36 (KHTML, like Gecko; compatible; ClaudeBot/1.0; +claudebot@anthropic.com)"
216.73.216.7 - - [16/Jul/2026:18:19:52 -0600] "GET /?fileloc=%2Fhome%2Fdfwparty%2Fsantadallas.com%2Fwp-includes%2Fimages%2Fsmilies%2Ficon_lol.gif&path=%2Fhome%2Fdfwparty%2Fsantadallas.com%2Fwp-includes%2Fimages%2Fsmilies HTTP/2" 200 2807 "-" "Mozilla/5.0 AppleWebKit/537.36 (KHTML, like Gecko; compatible; ClaudeBot/1.0; +claudebot@anthropic.com)"
216.73.216.7 - - [16/Jul/2026:18:19:52 -0600] "GET /?fileloc=%2Fhome%2Fdfwparty%2Ftmp%2Fanalog%2Ftexaspartymarketing.com.dfw.party%2Ffailref.png&path=%2Fhome%2Fdfwparty%2Ftmp%2Fanalog%2Ftexaspartymarketing.com.dfw.party HTTP/2" 200 5210 "-" "Mozilla/5.0 AppleWebKit/537.36 (KHTML, like Gecko; compatible; ClaudeBot/1.0; +claudebot@anthropic.com)"
216.73.216.7 - - [16/Jul/2026:18:19:52 -0600] "GET /?fileloc=%2F%2Fhome%2Fdfwparty%2Fhappycoach.blog%2F401.shtml&path=%2F%2Fhome%2Fdfwparty%2Fhappycoach.blog HTTP/2" 200 2617 "-" "Mozilla/5.0 AppleWebKit/537.36 (KHTML, like Gecko; compatible; ClaudeBot/1.0; +claudebot@anthropic.com)"
216.73.216.7 - - [16/Jul/2026:18:19:52 -0600] "GET /?fileloc=%2F%2Fvar%2Fsoftaculous%2Fyii%2Fimages%2Flogo.gif&path=%2F%2Fvar%2Fsoftaculous%2Fyii%2Fimages HTTP/2" 200 6994 "-" "Mozilla/5.0 AppleWebKit/537.36 (KHTML, like Gecko; compatible; ClaudeBot/1.0; +claudebot@anthropic.com)"
216.73.216.7 - - [16/Jul/2026:18:19:52 -0600] "GET /?fileloc=%2Fhome%2Fdfwparty%2Ftmp%2Fanalog%2Ftexashome.blog.dfw.party%2Freq.png&path=%2Fhome%2Fdfwparty%2Ftmp%2Fanalog%2Ftexashome.blog.dfw.party HTTP/2" 200 4416 "-" "Mozilla/5.0 AppleWebKit/537.36 (KHTML, like Gecko; compatible; ClaudeBot/1.0; +claudebot@anthropic.com)"
216.73.216.7 - - [16/Jul/2026:18:19:53 -0600] "GET /?fileloc=%2Fhome%2Fdfwparty%2Fmembers.bizcoach.biz%2Fwp-admin%2Fnetwork%2Ffreedoms.php&path=%2Fhome%2Fdfwparty%2Fmembers.bizcoach.biz%2Fwp-admin%2Fnetwork HTTP/2" 200 2674 "-" "Mozilla/5.0 AppleWebKit/537.36 (KHTML, like Gecko; compatible; ClaudeBot/1.0; +claudebot@anthropic.com)"
216.73.216.7 - - [16/Jul/2026:18:19:53 -0600] "GET /?fileloc=%2F%2Fhome%2Fdfwparty%2Fhappycoach.blog%2F400.shtml&path=%2F%2Fhome%2Fdfwparty%2Fhappycoach.blog HTTP/2" 200 2629 "-" "Mozilla/5.0 AppleWebKit/537.36 (KHTML, like Gecko; compatible; ClaudeBot/1.0; +claudebot@anthropic.com)"
216.73.216.7 - - [16/Jul/2026:18:19:53 -0600] "GET /?fileloc=%2Fhome%2Fdfwparty%2Fmail%2F.gigi%40gigiscleaning_net%2F.Trash%2Fdovecot-uidlist&path=%2Fhome%2Fdfwparty%2Fmail%2F.gigi%40gigiscleaning_net%2F.Trash HTTP/2" 200 2567 "-" "Mozilla/5.0 AppleWebKit/537.36 (KHTML, like Gecko; compatible; ClaudeBot/1.0; +claudebot@anthropic.com)"
216.73.216.7 - - [16/Jul/2026:18:19:53 -0600] "GET /?fileloc=%2Fhome%2Fdfwparty%2Fmembers.bizcoach.biz%2Fwp-admin%2Fnetwork%2Fsite-themes.php&path=%2Fhome%2Fdfwparty%2Fmembers.bizcoach.biz%2Fwp-admin%2Fnetwork HTTP/2" 200 4884 "-" "Mozilla/5.0 AppleWebKit/537.36 (KHTML, like Gecko; compatible; ClaudeBot/1.0; +claudebot@anthropic.com)"
74.7.227.145 - - [16/Jul/2026:18:19:55 -0600] "GET /2026/07/16/kasyno-bez-weryfikacji-kyc-ktore-przeszo-moje-testy-matematyczne/?path=//opt/alt/php71/etc HTTP/2" 200 3546 "https://ajpartyfun.com/2026/07/16/kasyno-bez-weryfikacji-kyc-ktore-przeszo-moje-testy-matematyczne/?path=//opt/alt/php71" "Mozilla/5.0 AppleWebKit/537.36 (KHTML, like Gecko; compatible; GPTBot/1.4; +https://openai.com/gptbot)"
74.7.242.45 - - [16/Jul/2026:18:19:55 -0600] "GET /?fileloc=/home/dfwparty/dfwmagic.com/wp-includes/class-feed.php&path=/home/dfwparty/dfwmagic.com/wp-includes HTTP/2" 200 2747 "https://www.ajpartyfun.com/?path=/home/dfwparty/dfwmagic.com/wp-includes" "Mozilla/5.0 AppleWebKit/537.36 (KHTML, like Gecko; compatible; GPTBot/1.4; +https://openai.com/gptbot)"
74.7.242.45 - - [16/Jul/2026:18:19:55 -0600] "GET /?fileloc=/home/dfwparty/dfwmagic.com/wp-includes/block-supports/custom-classname.php&path=/home/dfwparty/dfwmagic.com/wp-includes/block-supports HTTP/2" 200 3044 "https://www.ajpartyfun.com/?path=/home/dfwparty/dfwmagic.com/wp-includes/block-supports" "Mozilla/5.0 AppleWebKit/537.36 (KHTML, like Gecko; compatible; GPTBot/1.4; +https://openai.com/gptbot)"
74.7.227.145 - - [16/Jul/2026:18:19:55 -0600] "GET /2026/07/16/kasyno-bez-weryfikacji-kyc-ktore-przeszo-moje-testy-matematyczne/?path=//opt/alt/php73/etc HTTP/2" 200 3595 "https://ajpartyfun.com/2026/07/16/kasyno-bez-weryfikacji-kyc-ktore-przeszo-moje-testy-matematyczne/?path=//opt/alt/php73" "Mozilla/5.0 AppleWebKit/537.36 (KHTML, like Gecko; compatible; GPTBot/1.4; +https://openai.com/gptbot)"
74.7.227.145 - - [16/Jul/2026:18:19:56 -0600] "GET /2026/07/16/kasyno-bez-weryfikacji-kyc-ktore-przeszo-moje-testy-matematyczne/?path=//opt/alt/php74/etc HTTP/2" 200 3544 "https://ajpartyfun.com/2026/07/16/kasyno-bez-weryfikacji-kyc-ktore-przeszo-moje-testy-matematyczne/?path=//opt/alt/php74" "Mozilla/5.0 AppleWebKit/537.36 (KHTML, like Gecko; compatible; GPTBot/1.4; +https://openai.com/gptbot)"
74.7.242.45 - - [16/Jul/2026:18:19:56 -0600] "GET /?fileloc=/home/dfwparty/dfwmagic.com/wp-includes/block-supports/border.php&path=/home/dfwparty/dfwmagic.com/wp-includes/block-supports HTTP/2" 200 4271 "https://www.ajpartyfun.com/?path=/home/dfwparty/dfwmagic.com/wp-includes/block-supports" "Mozilla/5.0 AppleWebKit/537.36 (KHTML, like Gecko; compatible; GPTBot/1.4; +https://openai.com/gptbot)"
74.7.242.45 - - [16/Jul/2026:18:19:56 -0600] "GET /?fileloc=/home/dfwparty/dfwmagic.com/wp-includes/block-supports/layout.php&path=/home/dfwparty/dfwmagic.com/wp-includes/block-supports HTTP/2" 200 13274 "https://www.ajpartyfun.com/?path=/home/dfwparty/dfwmagic.com/wp-includes/block-supports" "Mozilla/5.0 AppleWebKit/537.36 (KHTML, like Gecko; compatible; GPTBot/1.4; +https://openai.com/gptbot)"
74.7.227.145 - - [16/Jul/2026:18:19:56 -0600] "GET /2026/07/16/kasyno-bez-weryfikacji-kyc-ktore-przeszo-moje-testy-matematyczne/?path=//proc/self/root/proc/irq/52 HTTP/2" 200 3133 "https://ajpartyfun.com/2026/07/16/kasyno-bez-weryfikacji-kyc-ktore-przeszo-moje-testy-matematyczne/?path=//proc/self/root/proc/irq" "Mozilla/5.0 AppleWebKit/537.36 (KHTML, like Gecko; compatible; GPTBot/1.4; +https://openai.com/gptbot)"
74.7.242.45 - - [16/Jul/2026:18:19:57 -0600] "GET /?fileloc=/home/dfwparty/dfwmagic.com/wp-includes/block-supports/utils.php&path=/home/dfwparty/dfwmagic.com/wp-includes/block-supports HTTP/2" 200 2949 "https://www.ajpartyfun.com/?path=/home/dfwparty/dfwmagic.com/wp-includes/block-supports" "Mozilla/5.0 AppleWebKit/537.36 (KHTML, like Gecko; compatible; GPTBot/1.4; +https://openai.com/gptbot)"
74.7.227.145 - - [16/Jul/2026:18:19:57 -0600] "GET /2026/07/16/kasyno-bez-weryfikacji-kyc-ktore-przeszo-moje-testy-matematyczne/?path=//opt/cpanel/alt-php80/root/etc HTTP/2" 200 2821 "https://ajpartyfun.com/2026/07/16/kasyno-bez-weryfikacji-kyc-ktore-przeszo-moje-testy-matematyczne/?path=//opt/cpanel/alt-php80/root" "Mozilla/5.0 AppleWebKit/537.36 (KHTML, like Gecko; compatible; GPTBot/1.4; +https://openai.com/gptbot)"
216.73.216.7 - - [16/Jul/2026:18:19:53 -0600] "GET /?fileloc=%2Fhome%2Fdfwparty%2Ftmp%2Fanalog%2Fpetsitter.marketing.dfw.party%2Forg.png&path=%2Fhome%2Fdfwparty%2Ftmp%2Fanalog%2Fpetsitter.marketing.dfw.party HTTP/2" 200 5642 "-" "Mozilla/5.0 AppleWebKit/537.36 (KHTML, like Gecko; compatible; ClaudeBot/1.0; +claudebot@anthropic.com)"
216.73.216.7 - - [16/Jul/2026:18:19:56 -0600] "GET /?fileloc=%2Fhome%2Fdfwparty%2Ftmp%2Fanalog%2Flocalmarketingforum.com.dfw.party%2Freq.png&path=%2Fhome%2Fdfwparty%2Ftmp%2Fanalog%2Flocalmarketingforum.com.dfw.party HTTP/2" 200 4795 "-" "Mozilla/5.0 AppleWebKit/537.36 (KHTML, like Gecko; compatible; ClaudeBot/1.0; +claudebot@anthropic.com)"
216.73.216.7 - - [16/Jul/2026:18:19:54 -0600] "GET /?fileloc=%2Fhome%2Fdfwparty%2Fsantabootshop.com%2Fwp-admin%2Fimages%2Fimgedit-icons-2x.png&path=%2Fhome%2Fdfwparty%2Fsantabootshop.com%2Fwp-admin%2Fimages HTTP/2" 200 9399 "-" "Mozilla/5.0 AppleWebKit/537.36 (KHTML, like Gecko; compatible; ClaudeBot/1.0; +claudebot@anthropic.com)"
216.73.216.7 - - [16/Jul/2026:18:19:54 -0600] "GET /?fileloc=%2Fhome%2Fdfwparty%2Fmembers.bizcoach.biz%2Fwp-admin%2Fincludes%2Fclass-wp-media-list-table.php&path=%2Fhome%2Fdfwparty%2Fmembers.bizcoach.biz%2Fwp-admin%2Fincludes HTTP/2" 200 10120 "-" "Mozilla/5.0 AppleWebKit/537.36 (KHTML, like Gecko; compatible; ClaudeBot/1.0; +claudebot@anthropic.com)"
216.73.216.7 - - [16/Jul/2026:18:19:54 -0600] "GET /?fileloc=%2Fhome%2Fdfwparty%2Ftmp%2Fanalog%2Fdaycareprofits.com.dfw.party%2Fredirref.png&path=%2Fhome%2Fdfwparty%2Ftmp%2Fanalog%2Fdaycareprofits.com.dfw.party HTTP/2" 200 5104 "-" "Mozilla/5.0 AppleWebKit/537.36 (KHTML, like Gecko; compatible; ClaudeBot/1.0; +claudebot@anthropic.com)"
216.73.216.7 - - [16/Jul/2026:18:19:54 -0600] "GET /?fileloc=%2Fhome%2Fdfwparty%2Fmail%2F.john%40makingmoney_party%2Fdovecot.index.log&path=%2Fhome%2Fdfwparty%2Fmail%2F.john%40makingmoney_party HTTP/2" 200 2834 "-" "Mozilla/5.0 AppleWebKit/537.36 (KHTML, like Gecko; compatible; ClaudeBot/1.0; +claudebot@anthropic.com)"
216.73.216.7 - - [16/Jul/2026:18:19:55 -0600] "GET /?fileloc=%2Fhome%2Fdfwparty%2Ftmp%2Fanalog%2Ftexaspartymarketing.com.dfw.party%2Fdir.png&path=%2Fhome%2Fdfwparty%2Ftmp%2Fanalog%2Ftexaspartymarketing.com.dfw.party HTTP/2" 200 4925 "-" "Mozilla/5.0 AppleWebKit/537.36 (KHTML, like Gecko; compatible; ClaudeBot/1.0; +claudebot@anthropic.com)"
216.73.216.7 - - [16/Jul/2026:18:19:56 -0600] "GET /?fileloc=%2Fhome%2Fdfwparty%2Fmail%2F.john%40facepaintermarketing_com%2Fdovecot.list.index.log&path=%2Fhome%2Fdfwparty%2Fmail%2F.john%40facepaintermarketing_com HTTP/2" 200 3116 "-" "Mozilla/5.0 AppleWebKit/537.36 (KHTML, like Gecko; compatible; ClaudeBot/1.0; +claudebot@anthropic.com)"
216.73.216.7 - - [16/Jul/2026:18:19:54 -0600] "GET /?fileloc=%2Fhome%2Fdfwparty%2Fmembers.bizcoach.biz%2Fwp-admin%2Fincludes%2Fclass-plugin-installer-skin.php&path=%2Fhome%2Fdfwparty%2Fmembers.bizcoach.biz%2Fwp-admin%2Fincludes HTTP/2" 200 5925 "-" "Mozilla/5.0 AppleWebKit/537.36 (KHTML, like Gecko; compatible; ClaudeBot/1.0; +claudebot@anthropic.com)"
216.73.216.7 - - [16/Jul/2026:18:19:56 -0600] "GET /?fileloc=%2Fhome%2Fdfwparty%2Fbizcoach.biz%2Fwp-admin%2Fincludes%2Fclass-theme-installer-skin.php&path=%2Fhome%2Fdfwparty%2Fbizcoach.biz%2Fwp-admin%2Fincludes HTTP/2" 200 6406 "-" "Mozilla/5.0 AppleWebKit/537.36 (KHTML, like Gecko; compatible; ClaudeBot/1.0; +claudebot@anthropic.com)"
216.73.216.7 - - [16/Jul/2026:18:19:56 -0600] "GET /?fileloc=%2Fhome%2Fdfwparty%2Ftmp%2Fanalog%2Fpetsitter.marketing.dfw.party%2Frefsite.png&path=%2Fhome%2Fdfwparty%2Ftmp%2Fanalog%2Fpetsitter.marketing.dfw.party HTTP/2" 200 5111 "-" "Mozilla/5.0 AppleWebKit/537.36 (KHTML, like Gecko; compatible; ClaudeBot/1.0; +claudebot@anthropic.com)"
216.73.216.7 - - [16/Jul/2026:18:19:58 -0600] "GET /?fileloc=%2Fhome%2Fdfwparty%2Fmembers.bizcoach.biz%2Fwp-admin%2Fincludes%2Fclass-wp-themes-list-table.php&path=%2Fhome%2Fdfwparty%2Fmembers.bizcoach.biz%2Fwp-admin%2Fincludes HTTP/2" 200 6043 "-" "Mozilla/5.0 AppleWebKit/537.36 (KHTML, like Gecko; compatible; ClaudeBot/1.0; +claudebot@anthropic.com)"
216.73.216.7 - - [16/Jul/2026:18:19:56 -0600] "GET /?fileloc=%2Fhome%2Fdfwparty%2Ftmp%2Fanalog%2Fpetblogger.net.dfw.party%2Fredirref.png&path=%2Fhome%2Fdfwparty%2Ftmp%2Fanalog%2Fpetblogger.net.dfw.party HTTP/2" 200 6605 "-" "Mozilla/5.0 AppleWebKit/537.36 (KHTML, like Gecko; compatible; ClaudeBot/1.0; +claudebot@anthropic.com)"
216.73.216.7 - - [16/Jul/2026:18:19:56 -0600] "GET /?fileloc=%2F%2Fhome%2Fdfwparty%2Fpersonalcoach.marketing%2F403.shtml&path=%2F%2Fhome%2Fdfwparty%2Fpersonalcoach.marketing HTTP/2" 200 2606 "-" "Mozilla/5.0 AppleWebKit/537.36 (KHTML, like Gecko; compatible; ClaudeBot/1.0; +claudebot@anthropic.com)"
216.73.216.7 - - [16/Jul/2026:18:19:56 -0600] "GET /?fileloc=%2Fhome%2Fdfwparty%2Ftmp%2Fanalog%2Fhomeservice.blog.dfw.party%2Fbrowsum.png&path=%2Fhome%2Fdfwparty%2Ftmp%2Fanalog%2Fhomeservice.blog.dfw.party HTTP/2" 200 4851 "-" "Mozilla/5.0 AppleWebKit/537.36 (KHTML, like Gecko; compatible; ClaudeBot/1.0; +claudebot@anthropic.com)"
216.73.216.7 - - [16/Jul/2026:18:19:56 -0600] "GET /?fileloc=%2F%2Fvar%2Fsoftaculous%2Frealestate%2Fchangelog.txt&path=%2F%2Fvar%2Fsoftaculous%2Frealestate HTTP/2" 200 2972 "-" "Mozilla/5.0 AppleWebKit/537.36 (KHTML, like Gecko; compatible; ClaudeBot/1.0; +claudebot@anthropic.com)"
216.73.216.7 - - [16/Jul/2026:18:19:57 -0600] "GET /?fileloc=%2F%2Fvar%2Fsoftaculous%2Fgoffice62%2Fimages%2Fgoffice62.png&path=%2F%2Fvar%2Fsoftaculous%2Fgoffice62%2Fimages HTTP/2" 200 13327 "-" "Mozilla/5.0 AppleWebKit/537.36 (KHTML, like Gecko; compatible; ClaudeBot/1.0; +claudebot@anthropic.com)"
216.73.216.7 - - [16/Jul/2026:18:19:57 -0600] "GET /?fileloc=%2Fhome%2Fdfwparty%2Fbizcoach.biz%2Fwp-admin%2Fcss%2Fsite-health-rtl.css&path=%2Fhome%2Fdfwparty%2Fbizcoach.biz%2Fwp-admin%2Fcss HTTP/2" 200 4260 "-" "Mozilla/5.0 AppleWebKit/537.36 (KHTML, like Gecko; compatible; ClaudeBot/1.0; +claudebot@anthropic.com)"
216.73.216.7 - - [16/Jul/2026:18:19:57 -0600] "GET /?fileloc=%2Fhome%2Fdfwparty%2Ftmp%2Fanalog%2Fdfwlife.blog.dfw.party%2Ffailref.png&path=%2Fhome%2Fdfwparty%2Ftmp%2Fanalog%2Fdfwlife.blog.dfw.party HTTP/2" 200 6584 "-" "Mozilla/5.0 AppleWebKit/537.36 (KHTML, like Gecko; compatible; ClaudeBot/1.0; +claudebot@anthropic.com)"
216.73.216.7 - - [16/Jul/2026:18:19:56 -0600] "GET /?fileloc=%2Fhome%2Fdfwparty%2Fsantadallas.com%2Fwp-includes%2Fimages%2Fsmilies%2Ficon_wink.gif&path=%2Fhome%2Fdfwparty%2Fsantadallas.com%2Fwp-includes%2Fimages%2Fsmilies HTTP/2" 200 2730 "-" "Mozilla/5.0 AppleWebKit/537.36 (KHTML, like Gecko; compatible; ClaudeBot/1.0; +claudebot@anthropic.com)"
216.73.216.7 - - [16/Jul/2026:18:19:57 -0600] "GET /?fileloc=%2Fhome%2Fdfwparty%2Fmail%2F.santa%40santadallas_com%2F.Junk%2Fdovecot.index.log&path=%2Fhome%2Fdfwparty%2Fmail%2F.santa%40santadallas_com%2F.Junk HTTP/2" 200 2555 "-" "Mozilla/5.0 AppleWebKit/537.36 (KHTML, like Gecko; compatible; ClaudeBot/1.0; +claudebot@anthropic.com)"
216.73.216.7 - - [16/Jul/2026:18:20:00 -0600] "GET /?fileloc=%2Fhome%2Fdfwparty%2F.caldav%2Fjohn%40dfw.kids%2F.metadata&path=%2Fhome%2Fdfwparty%2F.caldav%2Fjohn%40dfw.kids HTTP/2" 200 2661 "-" "Mozilla/5.0 AppleWebKit/537.36 (KHTML, like Gecko; compatible; ClaudeBot/1.0; +claudebot@anthropic.com)"
216.73.216.7 - - [16/Jul/2026:18:19:58 -0600] "GET /?fileloc=%2Fhome%2Fdfwparty%2Fsantadallas.com%2Fwp-includes%2Fimages%2Fsmilies%2Fmrgreen.png&path=%2Fhome%2Fdfwparty%2Fsantadallas.com%2Fwp-includes%2Fimages%2Fsmilies HTTP/2" 200 4001 "-" "Mozilla/5.0 AppleWebKit/537.36 (KHTML, like Gecko; compatible; ClaudeBot/1.0; +claudebot@anthropic.com)"
216.73.216.7 - - [16/Jul/2026:18:19:58 -0600] "GET /?fileloc=%2Fhome%2Fdfwparty%2Ftmp%2Fanalog%2Flocalmarketing.coach.dfw.party%2Fdir.png&path=%2Fhome%2Fdfwparty%2Ftmp%2Fanalog%2Flocalmarketing.coach.dfw.party HTTP/2" 200 4686 "-" "Mozilla/5.0 AppleWebKit/537.36 (KHTML, like Gecko; compatible; ClaudeBot/1.0; +claudebot@anthropic.com)"
74.7.242.45 - - [16/Jul/2026:18:19:57 -0600] "GET /?fileloc=/home/dfwparty/dfwmagic.com/wp-includes/block-supports/dimensions.php&path=/home/dfwparty/dfwmagic.com/wp-includes/block-supports HTTP/2" 200 4237 "https://www.ajpartyfun.com/?path=/home/dfwparty/dfwmagic.com/wp-includes/block-supports" "Mozilla/5.0 AppleWebKit/537.36 (KHTML, like Gecko; compatible; GPTBot/1.4; +https://openai.com/gptbot)"
74.7.227.145 - - [16/Jul/2026:18:19:57 -0600] "GET /2026/07/16/kasyno-bez-weryfikacji-kyc-ktore-przeszo-moje-testy-matematyczne/?path=//opt/alt/openssl11/etc/pki HTTP/2" 200 2851 "https://ajpartyfun.com/2026/07/16/kasyno-bez-weryfikacji-kyc-ktore-przeszo-moje-testy-matematyczne/?path=//opt/alt/openssl11/etc" "Mozilla/5.0 AppleWebKit/537.36 (KHTML, like Gecko; compatible; GPTBot/1.4; +https://openai.com/gptbot)"
74.7.242.45 - - [16/Jul/2026:18:19:58 -0600] "GET /?fileloc=/home/dfwparty/dfwmagic.com/wp-includes/l10n/class-wp-translation-file.php&path=/home/dfwparty/dfwmagic.com/wp-includes/l10n HTTP/2" 200 4257 "https://www.ajpartyfun.com/?path=/home/dfwparty/dfwmagic.com/wp-includes/l10n" "Mozilla/5.0 AppleWebKit/537.36 (KHTML, like Gecko; compatible; GPTBot/1.4; +https://openai.com/gptbot)"
74.7.227.145 - - [16/Jul/2026:18:19:58 -0600] "GET /2026/07/16/kasyno-bez-weryfikacji-kyc-ktore-przeszo-moje-testy-matematyczne/?path=//opt/cpanel/alt-php80/root/usr HTTP/2" 200 2819 "https://ajpartyfun.com/2026/07/16/kasyno-bez-weryfikacji-kyc-ktore-przeszo-moje-testy-matematyczne/?path=//opt/cpanel/alt-php80/root" "Mozilla/5.0 AppleWebKit/537.36 (KHTML, like Gecko; compatible; GPTBot/1.4; +https://openai.com/gptbot)"
74.7.242.45 - - [16/Jul/2026:18:19:58 -0600] "GET /?fileloc=/home/dfwparty/dfwmagic.com/wp-includes/l10n/class-wp-translation-file-php.php&path=/home/dfwparty/dfwmagic.com/wp-includes/l10n HTTP/2" 200 3279 "https://www.ajpartyfun.com/?path=/home/dfwparty/dfwmagic.com/wp-includes/l10n" "Mozilla/5.0 AppleWebKit/537.36 (KHTML, like Gecko; compatible; GPTBot/1.4; +https://openai.com/gptbot)"
74.7.227.145 - - [16/Jul/2026:18:19:58 -0600] "GET /2026/07/16/kasyno-bez-weryfikacji-kyc-ktore-przeszo-moje-testy-matematyczne/?path=//opt/cpanel/ea-php56/root/etc HTTP/2" 200 2819 "https://ajpartyfun.com/2026/07/16/kasyno-bez-weryfikacji-kyc-ktore-przeszo-moje-testy-matematyczne/?path=//opt/cpanel/ea-php56/root" "Mozilla/5.0 AppleWebKit/537.36 (KHTML, like Gecko; compatible; GPTBot/1.4; +https://openai.com/gptbot)"
74.7.242.45 - - [16/Jul/2026:18:19:59 -0600] "GET /?fileloc=/home/dfwparty/dfwmagic.com/wp-includes/block-supports/spacing.php&path=/home/dfwparty/dfwmagic.com/wp-includes/block-supports HTTP/2" 200 3434 "https://www.ajpartyfun.com/?path=/home/dfwparty/dfwmagic.com/wp-includes/block-supports" "Mozilla/5.0 AppleWebKit/537.36 (KHTML, like Gecko; compatible; GPTBot/1.4; +https://openai.com/gptbot)"
74.7.227.145 - - [16/Jul/2026:18:19:59 -0600] "GET /2026/07/16/kasyno-bez-weryfikacji-kyc-ktore-przeszo-moje-testy-matematyczne/?path=//opt/alt/php44/etc/php.d HTTP/2" 200 2834 "https://ajpartyfun.com/2026/07/16/kasyno-bez-weryfikacji-kyc-ktore-przeszo-moje-testy-matematyczne/?path=//opt/alt/php44/etc" "Mozilla/5.0 AppleWebKit/537.36 (KHTML, like Gecko; compatible; GPTBot/1.4; +https://openai.com/gptbot)"
74.7.227.145 - - [16/Jul/2026:18:19:59 -0600] "GET /2026/07/16/kasyno-bez-weryfikacji-kyc-ktore-przeszo-moje-testy-matematyczne/?path=//opt/alt/php44/etc/php.d.all HTTP/2" 200 3728 "https://ajpartyfun.com/2026/07/16/kasyno-bez-weryfikacji-kyc-ktore-przeszo-moje-testy-matematyczne/?path=//opt/alt/php44/etc" "Mozilla/5.0 AppleWebKit/537.36 (KHTML, like Gecko; compatible; GPTBot/1.4; +https://openai.com/gptbot)"
74.7.242.45 - - [16/Jul/2026:18:20:00 -0600] "GET /?fileloc=/home/dfwparty/dfwmagic.com/wp-includes/block-supports/aria-label.php&path=/home/dfwparty/dfwmagic.com/wp-includes/block-supports HTTP/2" 200 3048 "https://www.ajpartyfun.com/?path=/home/dfwparty/dfwmagic.com/wp-includes/block-supports" "Mozilla/5.0 AppleWebKit/537.36 (KHTML, like Gecko; compatible; GPTBot/1.4; +https://openai.com/gptbot)"
74.7.242.45 - - [16/Jul/2026:18:20:00 -0600] "GET /?fileloc=/home/dfwparty/dfwmagic.com/wp-includes/block-supports/align.php&path=/home/dfwparty/dfwmagic.com/wp-includes/block-supports HTTP/2" 200 3119 "https://www.ajpartyfun.com/?path=/home/dfwparty/dfwmagic.com/wp-includes/block-supports" "Mozilla/5.0 AppleWebKit/537.36 (KHTML, like Gecko; compatible; GPTBot/1.4; +https://openai.com/gptbot)"
74.7.227.145 - - [16/Jul/2026:18:20:00 -0600] "GET /2026/07/16/kasyno-bez-weryfikacji-kyc-ktore-przeszo-moje-testy-matematyczne/?path=//lib/firmware/ath6k/AR6003.1/hw2.1.1 HTTP/2" 200 3088 "https://ajpartyfun.com/2026/07/16/kasyno-bez-weryfikacji-kyc-ktore-przeszo-moje-testy-matematyczne/?path=//lib/firmware/ath6k/AR6003.1" "Mozilla/5.0 AppleWebKit/537.36 (KHTML, like Gecko; compatible; GPTBot/1.4; +https://openai.com/gptbot)"
74.7.242.45 - - [16/Jul/2026:18:20:00 -0600] "GET /?fileloc=/home/dfwparty/dfwmagic.com/wp-includes/block-supports/background.php&path=/home/dfwparty/dfwmagic.com/wp-includes/block-supports HTTP/2" 200 3887 "https://www.ajpartyfun.com/?path=/home/dfwparty/dfwmagic.com/wp-includes/block-supports" "Mozilla/5.0 AppleWebKit/537.36 (KHTML, like Gecko; compatible; GPTBot/1.4; +https://openai.com/gptbot)"
74.7.227.145 - - [16/Jul/2026:18:20:01 -0600] "GET /2026/07/16/kasyno-bez-weryfikacji-kyc-ktore-przeszo-moje-testy-matematyczne/?path=//opt/alt/php71/var/cache/php-pear HTTP/2" 200 2571 "https://ajpartyfun.com/2026/07/16/kasyno-bez-weryfikacji-kyc-ktore-przeszo-moje-testy-matematyczne/?path=//opt/alt/php71/var/cache" "Mozilla/5.0 AppleWebKit/537.36 (KHTML, like Gecko; compatible; GPTBot/1.4; +https://openai.com/gptbot)"
74.7.242.45 - - [16/Jul/2026:18:20:01 -0600] "GET /?fileloc=/home/dfwparty/dfwmagic.com/wp-includes/block-supports/typography.php&path=/home/dfwparty/dfwmagic.com/wp-includes/block-supports HTTP/2" 200 9636 "https://www.ajpartyfun.com/?path=/home/dfwparty/dfwmagic.com/wp-includes/block-supports" "Mozilla/5.0 AppleWebKit/537.36 (KHTML, like Gecko; compatible; GPTBot/1.4; +https://openai.com/gptbot)"
74.7.227.145 - - [16/Jul/2026:18:20:01 -0600] "GET /2026/07/16/kasyno-bez-weryfikacji-kyc-ktore-przeszo-moje-testy-matematyczne/?path=//opt/alt/php44/etc/mysql5.5 HTTP/2" 200 2839 "https://ajpartyfun.com/2026/07/16/kasyno-bez-weryfikacji-kyc-ktore-przeszo-moje-testy-matematyczne/?path=//opt/alt/php44/etc" "Mozilla/5.0 AppleWebKit/537.36 (KHTML, like Gecko; compatible; GPTBot/1.4; +https://openai.com/gptbot)"
74.7.242.45 - - [16/Jul/2026:18:20:02 -0600] "GET /?fileloc=/home/dfwparty/dfwmagic.com/wp-includes/block-supports/shadow.php&path=/home/dfwparty/dfwmagic.com/wp-includes/block-supports HTTP/2" 200 3236 "https://www.ajpartyfun.com/?path=/home/dfwparty/dfwmagic.com/wp-includes/block-supports" "Mozilla/5.0 AppleWebKit/537.36 (KHTML, like Gecko; compatible; GPTBot/1.4; +https://openai.com/gptbot)"
74.7.227.145 - - [16/Jul/2026:18:20:02 -0600] "GET /2026/07/16/kasyno-bez-weryfikacji-kyc-ktore-przeszo-moje-testy-matematyczne/?path=//opt/alt/php44/etc/mysql5.7 HTTP/2" 200 2837 "https://ajpartyfun.com/2026/07/16/kasyno-bez-weryfikacji-kyc-ktore-przeszo-moje-testy-matematyczne/?path=//opt/alt/php44/etc" "Mozilla/5.0 AppleWebKit/537.36 (KHTML, like Gecko; compatible; GPTBot/1.4; +https://openai.com/gptbot)"
74.7.242.45 - - [16/Jul/2026:18:20:02 -0600] "GET /?fileloc=/home/dfwparty/dfwmagic.com/wp-includes/block-supports/duotone.php&path=/home/dfwparty/dfwmagic.com/wp-includes/block-supports HTTP/2" 200 3824 "https://www.ajpartyfun.com/?path=/home/dfwparty/dfwmagic.com/wp-includes/block-supports" "Mozilla/5.0 AppleWebKit/537.36 (KHTML, like Gecko; compatible; GPTBot/1.4; +https://openai.com/gptbot)"
216.73.216.7 - - [16/Jul/2026:18:19:58 -0600] "GET /?fileloc=%2Fhome%2Fdfwparty%2Ftmp%2Fanalog%2Fdfw.health.dfw.party%2Fbrowsum.png&path=%2Fhome%2Fdfwparty%2Ftmp%2Fanalog%2Fdfw.health.dfw.party HTTP/2" 200 5850 "-" "Mozilla/5.0 AppleWebKit/537.36 (KHTML, like Gecko; compatible; ClaudeBot/1.0; +claudebot@anthropic.com)"
216.73.216.7 - - [16/Jul/2026:18:19:58 -0600] "GET /?fileloc=%2Fhome%2Fdfwparty%2Fmail%2F.john%40creepy_show%2F.Trash%2Fdovecot-uidlist&path=%2Fhome%2Fdfwparty%2Fmail%2F.john%40creepy_show%2F.Trash HTTP/2" 200 5077 "-" "Mozilla/5.0 AppleWebKit/537.36 (KHTML, like Gecko; compatible; ClaudeBot/1.0; +claudebot@anthropic.com)"
216.73.216.7 - - [16/Jul/2026:18:20:01 -0600] "GET /?fileloc=%2Fhome%2Fdfwparty%2Fetc%2Fstartingover.biz%2Fshadow&path=%2Fhome%2Fdfwparty%2Fetc%2Fstartingover.biz HTTP/2" 200 2495 "-" "Mozilla/5.0 AppleWebKit/537.36 (KHTML, like Gecko; compatible; ClaudeBot/1.0; +claudebot@anthropic.com)"
216.73.216.7 - - [16/Jul/2026:18:20:00 -0600] "GET /?fileloc=%2Fhome%2Fdfwparty%2Ftmp%2Fanalog%2Fdfwlife.blog.dfw.party%2Fdir.png&path=%2Fhome%2Fdfwparty%2Ftmp%2Fanalog%2Fdfwlife.blog.dfw.party HTTP/2" 200 5489 "-" "Mozilla/5.0 AppleWebKit/537.36 (KHTML, like Gecko; compatible; ClaudeBot/1.0; +claudebot@anthropic.com)"
216.73.216.7 - - [16/Jul/2026:18:20:00 -0600] "GET /?fileloc=%2Fhome%2Fdfwparty%2Ftmp%2Fanalog%2Fsmartcard.marketing.dfw.party%2Fbrowsum.png&path=%2Fhome%2Fdfwparty%2Ftmp%2Fanalog%2Fsmartcard.marketing.dfw.party HTTP/2" 200 5236 "-" "Mozilla/5.0 AppleWebKit/537.36 (KHTML, like Gecko; compatible; ClaudeBot/1.0; +claudebot@anthropic.com)"
216.73.216.7 - - [16/Jul/2026:18:20:00 -0600] "GET /?fileloc=%2Fhome%2Fdfwparty%2Fsantadallas.com%2Fwp-includes%2Fimages%2Fw-logo-blue-white-bg.png&path=%2Fhome%2Fdfwparty%2Fsantadallas.com%2Fwp-includes%2Fimages HTTP/2" 200 6519 "-" "Mozilla/5.0 AppleWebKit/537.36 (KHTML, like Gecko; compatible; ClaudeBot/1.0; +claudebot@anthropic.com)"
216.73.216.7 - - [16/Jul/2026:18:20:00 -0600] "GET /?fileloc=%2Fhome%2Fdfwparty%2Fbizcoach.biz%2Fwp-admin%2Fadmin-footer.php&path=%2Fhome%2Fdfwparty%2Fbizcoach.biz%2Fwp-admin HTTP/2" 200 3582 "-" "Mozilla/5.0 AppleWebKit/537.36 (KHTML, like Gecko; compatible; ClaudeBot/1.0; +claudebot@anthropic.com)"
216.73.216.7 - - [16/Jul/2026:18:20:02 -0600] "GET /?fileloc=%2Fhome%2Fdfwparty%2Fmembers.bizcoach.biz%2Fwp-admin%2Flink-parse-opml.php&path=%2Fhome%2Fdfwparty%2Fmembers.bizcoach.biz%2Fwp-admin HTTP/2" 200 3570 "-" "Mozilla/5.0 AppleWebKit/537.36 (KHTML, like Gecko; compatible; ClaudeBot/1.0; +claudebot@anthropic.com)"
216.73.216.7 - - [16/Jul/2026:18:20:01 -0600] "GET /?fileloc=%2Fhome%2Fdfwparty%2Fmail%2F.santa%40santadallas_com%2Fmaildirsize&path=%2Fhome%2Fdfwparty%2Fmail%2F.santa%40santadallas_com HTTP/2" 200 2537 "-" "Mozilla/5.0 AppleWebKit/537.36 (KHTML, like Gecko; compatible; ClaudeBot/1.0; +claudebot@anthropic.com)"
216.73.216.7 - - [16/Jul/2026:18:20:01 -0600] "GET /?fileloc=%2Fhome%2Fdfwparty%2F.caldav%2Fcarol%40singingtelegramsdallas.com%2F.metadata&path=%2Fhome%2Fdfwparty%2F.caldav%2Fcarol%40singingtelegramsdallas.com HTTP/2" 200 2655 "-" "Mozilla/5.0 AppleWebKit/537.36 (KHTML, like Gecko; compatible; ClaudeBot/1.0; +claudebot@anthropic.com)"
216.73.216.7 - - [16/Jul/2026:18:20:01 -0600] "GET /?fileloc=%2Fhome%2Fdfwparty%2Fetc%2Fdfw.fishing%2Fjohn.rcube.db.1680575305&path=%2Fhome%2Fdfwparty%2Fetc%2Fdfw.fishing HTTP/2" 200 10980 "-" "Mozilla/5.0 AppleWebKit/537.36 (KHTML, like Gecko; compatible; ClaudeBot/1.0; +claudebot@anthropic.com)"
216.73.216.7 - - [16/Jul/2026:18:20:01 -0600] "GET /?fileloc=%2Fhome%2Fdfwparty%2Ftmp%2Fanalog%2Flosingweight.business.dfw.party%2Ftype.png&path=%2Fhome%2Fdfwparty%2Ftmp%2Fanalog%2Flosingweight.business.dfw.party HTTP/2" 200 5095 "-" "Mozilla/5.0 AppleWebKit/537.36 (KHTML, like Gecko; compatible; ClaudeBot/1.0; +claudebot@anthropic.com)"
216.73.216.7 - - [16/Jul/2026:18:20:02 -0600] "GET /?fileloc=%2F%2Fhome%2Fdfwparty%2Fpersonalcoach.marketing%2F500.shtml&path=%2F%2Fhome%2Fdfwparty%2Fpersonalcoach.marketing HTTP/2" 200 2623 "-" "Mozilla/5.0 AppleWebKit/537.36 (KHTML, like Gecko; compatible; ClaudeBot/1.0; +claudebot@anthropic.com)"
216.73.216.7 - - [16/Jul/2026:18:20:02 -0600] "GET /?fileloc=%2Fhome%2Fdfwparty%2Fmail%2F.john%40lostmoneypodcast_com%2Fdovecot-uidvalidity&path=%2Fhome%2Fdfwparty%2Fmail%2F.john%40lostmoneypodcast_com HTTP/2" 200 2536 "-" "Mozilla/5.0 AppleWebKit/537.36 (KHTML, like Gecko; compatible; ClaudeBot/1.0; +claudebot@anthropic.com)"
216.73.216.7 - - [16/Jul/2026:18:20:02 -0600] "GET /?fileloc=%2Fhome%2Fdfwparty%2Fsantadallas.com%2Fwp-includes%2Fimages%2Fsmilies%2Ficon_mrgreen.gif&path=%2Fhome%2Fdfwparty%2Fsantadallas.com%2Fwp-includes%2Fimages%2Fsmilies HTTP/2" 200 2840 "-" "Mozilla/5.0 AppleWebKit/537.36 (KHTML, like Gecko; compatible; ClaudeBot/1.0; +claudebot@anthropic.com)"
216.73.216.7 - - [16/Jul/2026:18:19:58 -0600] "GET /?fileloc=%2Fhome%2Fdfwparty%2Fetc%2Fpersonalservicemarketing.com%2Fshadow&path=%2Fhome%2Fdfwparty%2Fetc%2Fpersonalservicemarketing.com HTTP/2" 200 2500 "-" "Mozilla/5.0 AppleWebKit/537.36 (KHTML, like Gecko; compatible; ClaudeBot/1.0; +claudebot@anthropic.com)"
216.73.216.7 - - [16/Jul/2026:18:19:59 -0600] "GET /?fileloc=%2Fhome%2Fdfwparty%2Fmail%2F.john%40podcastermoney_com%2Fdovecot-quota&path=%2Fhome%2Fdfwparty%2Fmail%2F.john%40podcastermoney_com HTTP/2" 200 2542 "-" "Mozilla/5.0 AppleWebKit/537.36 (KHTML, like Gecko; compatible; ClaudeBot/1.0; +claudebot@anthropic.com)"
216.73.216.7 - - [16/Jul/2026:18:20:04 -0600] "GET /?fileloc=%2Fhome%2Fdfwparty%2Fmembers.bizcoach.biz%2Fwp-admin%2Fnetwork%2Fsite-new.php&path=%2Fhome%2Fdfwparty%2Fmembers.bizcoach.biz%2Fwp-admin%2Fnetwork HTTP/2" 200 6038 "-" "Mozilla/5.0 AppleWebKit/537.36 (KHTML, like Gecko; compatible; ClaudeBot/1.0; +claudebot@anthropic.com)"
216.73.216.7 - - [16/Jul/2026:18:20:03 -0600] "GET /?fileloc=%2Fhome%2Fdfwparty%2Fsantadallas.com%2Fwp-includes%2Fimages%2Fsmilies%2Ficon_smile.gif&path=%2Fhome%2Fdfwparty%2Fsantadallas.com%2Fwp-includes%2Fimages%2Fsmilies HTTP/2" 200 2746 "-" "Mozilla/5.0 AppleWebKit/537.36 (KHTML, like Gecko; compatible; ClaudeBot/1.0; +claudebot@anthropic.com)"
216.73.216.7 - - [16/Jul/2026:18:20:03 -0600] "GET /?fileloc=%2Fhome%2Fdfwparty%2Fmail%2F.gigi%40gigiscleaning_net%2F.Trash%2Fdovecot.index.log&path=%2Fhome%2Fdfwparty%2Fmail%2F.gigi%40gigiscleaning_net%2F.Trash HTTP/2" 200 2547 "-" "Mozilla/5.0 AppleWebKit/537.36 (KHTML, like Gecko; compatible; ClaudeBot/1.0; +claudebot@anthropic.com)"
216.73.216.7 - - [16/Jul/2026:18:20:03 -0600] "GET /?fileloc=%2Fhome%2Fdfwparty%2Ftmp%2Fanalog%2Fforum.bizopps.net%2Freq.png&path=%2Fhome%2Fdfwparty%2Ftmp%2Fanalog%2Fforum.bizopps.net HTTP/2" 200 4892 "-" "Mozilla/5.0 AppleWebKit/537.36 (KHTML, like Gecko; compatible; ClaudeBot/1.0; +claudebot@anthropic.com)"
216.73.216.7 - - [16/Jul/2026:18:20:04 -0600] "GET /?fileloc=%2Fhome%2Fdfwparty%2F.caldav%2Fjohn%40losingweight.coach%2F.metadata&path=%2Fhome%2Fdfwparty%2F.caldav%2Fjohn%40losingweight.coach HTTP/2" 200 2665 "-" "Mozilla/5.0 AppleWebKit/537.36 (KHTML, like Gecko; compatible; ClaudeBot/1.0; +claudebot@anthropic.com)"
216.73.216.7 - - [16/Jul/2026:18:20:05 -0600] "GET /?fileloc=%2Fhome%2Fdfwparty%2Fsantadallas.com%2Fwp-includes%2Fimages%2Fsmilies%2Ficon_razz.gif&path=%2Fhome%2Fdfwparty%2Fsantadallas.com%2Fwp-includes%2Fimages%2Fsmilies HTTP/2" 200 2738 "-" "Mozilla/5.0 AppleWebKit/537.36 (KHTML, like Gecko; compatible; ClaudeBot/1.0; +claudebot@anthropic.com)"
