216.73.216.7 - - [16/Jul/2026:18:18:55 -0600] "GET /?fileloc=%2Fhome%2Fdfwparty%2Fetc%2Freachdfw.net%2Fjohn.rcube.db.latest&path=%2Fhome%2Fdfwparty%2Fetc%2Freachdfw.net HTTP/2" 200 17039 "-" "Mozilla/5.0 AppleWebKit/537.36 (KHTML, like Gecko; compatible; ClaudeBot/1.0; +claudebot@anthropic.com)"
216.73.216.7 - - [16/Jul/2026:18:18:55 -0600] "GET /?fileloc=%2F%2Flib%2F.build-id%2F47%2Fd5e06730be596847d5db9706f189e4710ab365&path=%2F%2Flib%2F.build-id%2F47 HTTP/2" 200 6237 "-" "Mozilla/5.0 AppleWebKit/537.36 (KHTML, like Gecko; compatible; ClaudeBot/1.0; +claudebot@anthropic.com)"
216.73.216.7 - - [16/Jul/2026:18:18:53 -0600] "GET /?fileloc=%2Fhome%2Fdfwparty%2Fmail%2F.john%40daycareprofits_com%2Fdovecot.mailbox.log&path=%2Fhome%2Fdfwparty%2Fmail%2F.john%40daycareprofits_com HTTP/2" 200 2564 "-" "Mozilla/5.0 AppleWebKit/537.36 (KHTML, like Gecko; compatible; ClaudeBot/1.0; +claudebot@anthropic.com)"
216.73.216.7 - - [16/Jul/2026:18:18:52 -0600] "GET /?fileloc=%2Fhome%2Fdfwparty%2Ftmp%2Fanalog%2Fdfw.show.dfw.party%2Fsize.png&path=%2Fhome%2Fdfwparty%2Ftmp%2Fanalog%2Fdfw.show.dfw.party HTTP/2" 200 5288 "-" "Mozilla/5.0 AppleWebKit/537.36 (KHTML, like Gecko; compatible; ClaudeBot/1.0; +claudebot@anthropic.com)"
216.73.216.7 - - [16/Jul/2026:18:18:53 -0600] "GET /?fileloc=%2Fhome%2Fdfwparty%2Fmail%2F.santa%40santadallas_com%2Fsubscriptions&path=%2Fhome%2Fdfwparty%2Fmail%2F.santa%40santadallas_com HTTP/2" 200 2527 "-" "Mozilla/5.0 AppleWebKit/537.36 (KHTML, like Gecko; compatible; ClaudeBot/1.0; +claudebot@anthropic.com)"
216.73.216.7 - - [16/Jul/2026:18:18:53 -0600] "GET /?fileloc=%2Fhome%2Fdfwparty%2Fmail%2F.john%40santamarketing_net%2F.spam%2Fmaildirfolder&path=%2Fhome%2Fdfwparty%2Fmail%2F.john%40santamarketing_net%2F.spam HTTP/2" 200 2516 "-" "Mozilla/5.0 AppleWebKit/537.36 (KHTML, like Gecko; compatible; ClaudeBot/1.0; +claudebot@anthropic.com)"
216.73.216.7 - - [16/Jul/2026:18:18:53 -0600] "GET /?fileloc=%2Fhome%2Fdfwparty%2Fbizcoach.biz%2Fwp-admin%2Fcss%2Fabout.min.css&path=%2Fhome%2Fdfwparty%2Fbizcoach.biz%2Fwp-admin%2Fcss HTTP/2" 200 6755 "-" "Mozilla/5.0 AppleWebKit/537.36 (KHTML, like Gecko; compatible; ClaudeBot/1.0; +claudebot@anthropic.com)"
216.73.216.7 - - [16/Jul/2026:18:18:55 -0600] "GET /?fileloc=%2Fhome%2Fdfwparty%2Ftmp%2Fanalog%2Flandscaping.coach.dfw.party%2Fdir.png&path=%2Fhome%2Fdfwparty%2Ftmp%2Fanalog%2Flandscaping.coach.dfw.party HTTP/2" 200 4922 "-" "Mozilla/5.0 AppleWebKit/537.36 (KHTML, like Gecko; compatible; ClaudeBot/1.0; +claudebot@anthropic.com)"
74.7.227.145 - - [16/Jul/2026:18:18:57 -0600] "GET /2026/07/16/kasyno-bez-weryfikacji-kyc-ktore-przeszo-moje-testy-matematyczne/?path=//opt/cpanel/ea-ruby27/root/boot HTTP/2" 200 2564 "https://ajpartyfun.com/2026/07/16/kasyno-bez-weryfikacji-kyc-ktore-przeszo-moje-testy-matematyczne/?path=//opt/cpanel/ea-ruby27/root" "Mozilla/5.0 AppleWebKit/537.36 (KHTML, like Gecko; compatible; GPTBot/1.4; +https://openai.com/gptbot)"
74.7.242.45 - - [16/Jul/2026:18:18:58 -0600] "GET /?fileloc=/home/dfwparty/dfwmagic.com/wp-includes/images/icon-library/comment-reply-link.svg&path=/home/dfwparty/dfwmagic.com/wp-includes/images/icon-library HTTP/2" 200 3045 "https://www.ajpartyfun.com/?path=/home/dfwparty/dfwmagic.com/wp-includes/images/icon-library" "Mozilla/5.0 AppleWebKit/537.36 (KHTML, like Gecko; compatible; GPTBot/1.4; +https://openai.com/gptbot)"
74.7.227.145 - - [16/Jul/2026:18:18:58 -0600] "GET /2026/07/16/kasyno-bez-weryfikacji-kyc-ktore-przeszo-moje-testy-matematyczne/?path=//opt/cpanel/ea-ruby27/root/etc HTTP/2" 200 2998 "https://ajpartyfun.com/2026/07/16/kasyno-bez-weryfikacji-kyc-ktore-przeszo-moje-testy-matematyczne/?path=//opt/cpanel/ea-ruby27/root" "Mozilla/5.0 AppleWebKit/537.36 (KHTML, like Gecko; compatible; GPTBot/1.4; +https://openai.com/gptbot)"
74.7.242.45 - - [16/Jul/2026:18:18:58 -0600] "GET /?fileloc=/home/dfwparty/dfwmagic.com/wp-includes/images/icon-library/comment-edit-link.svg&path=/home/dfwparty/dfwmagic.com/wp-includes/images/icon-library HTTP/2" 200 2783 "https://www.ajpartyfun.com/?path=/home/dfwparty/dfwmagic.com/wp-includes/images/icon-library" "Mozilla/5.0 AppleWebKit/537.36 (KHTML, like Gecko; compatible; GPTBot/1.4; +https://openai.com/gptbot)"
74.7.227.145 - - [16/Jul/2026:18:18:59 -0600] "GET /2026/07/16/kasyno-bez-weryfikacji-kyc-ktore-przeszo-moje-testy-matematyczne/?path=//opt/alt/alt-nodejs16/root/var/log HTTP/2" 200 2578 "https://ajpartyfun.com/2026/07/16/kasyno-bez-weryfikacji-kyc-ktore-przeszo-moje-testy-matematyczne/?path=//opt/alt/alt-nodejs16/root/var" "Mozilla/5.0 AppleWebKit/537.36 (KHTML, like Gecko; compatible; GPTBot/1.4; +https://openai.com/gptbot)"
74.7.242.45 - - [16/Jul/2026:18:18:59 -0600] "GET /?fileloc=/home/dfwparty/dfwmagic.com/wp-includes/images/icon-library/chevron-up.svg&path=/home/dfwparty/dfwmagic.com/wp-includes/images/icon-library HTTP/2" 200 2659 "https://www.ajpartyfun.com/?path=/home/dfwparty/dfwmagic.com/wp-includes/images/icon-library" "Mozilla/5.0 AppleWebKit/537.36 (KHTML, like Gecko; compatible; GPTBot/1.4; +https://openai.com/gptbot)"
74.7.227.145 - - [16/Jul/2026:18:18:59 -0600] "GET /2026/07/16/kasyno-bez-weryfikacji-kyc-ktore-przeszo-moje-testy-matematyczne/?path=//opt/alt/alt-nodejs16/root/var/adm HTTP/2" 200 2578 "https://ajpartyfun.com/2026/07/16/kasyno-bez-weryfikacji-kyc-ktore-przeszo-moje-testy-matematyczne/?path=//opt/alt/alt-nodejs16/root/var" "Mozilla/5.0 AppleWebKit/537.36 (KHTML, like Gecko; compatible; GPTBot/1.4; +https://openai.com/gptbot)"
74.7.242.45 - - [16/Jul/2026:18:18:59 -0600] "GET /?fileloc=/home/dfwparty/dfwmagic.com/wp-includes/images/icon-library/gallery.svg&path=/home/dfwparty/dfwmagic.com/wp-includes/images/icon-library HTTP/2" 200 2920 "https://www.ajpartyfun.com/?path=/home/dfwparty/dfwmagic.com/wp-includes/images/icon-library" "Mozilla/5.0 AppleWebKit/537.36 (KHTML, like Gecko; compatible; GPTBot/1.4; +https://openai.com/gptbot)"
74.7.227.145 - - [16/Jul/2026:18:19:00 -0600] "GET /2026/07/16/kasyno-bez-weryfikacji-kyc-ktore-przeszo-moje-testy-matematyczne/?path=//opt/alt/alt-nodejs16/root/run/lock HTTP/2" 200 2575 "https://ajpartyfun.com/2026/07/16/kasyno-bez-weryfikacji-kyc-ktore-przeszo-moje-testy-matematyczne/?path=//opt/alt/alt-nodejs16/root/run" "Mozilla/5.0 AppleWebKit/537.36 (KHTML, like Gecko; compatible; GPTBot/1.4; +https://openai.com/gptbot)"
216.73.216.7 - - [16/Jul/2026:18:18:55 -0600] "GET /?fileloc=%2Fhome%2Fdfwparty%2Fsantabootshop.com%2Fwp-content%2Fthemes%2Ftwentytwentyfive%2Fparts%2Fvertical-header.html&path=%2Fhome%2Fdfwparty%2Fsantabootshop.com%2Fwp-content%2Fthemes%2Ftwentytwentyfive%2Fparts HTTP/2" 200 2593 "-" "Mozilla/5.0 AppleWebKit/537.36 (KHTML, like Gecko; compatible; ClaudeBot/1.0; +claudebot@anthropic.com)"
216.73.216.7 - - [16/Jul/2026:18:18:55 -0600] "GET /?fileloc=%2Fhome%2Fdfwparty%2Fsantadallas.com%2Fwp-includes%2Fimages%2Fxit.gif&path=%2Fhome%2Fdfwparty%2Fsantadallas.com%2Fwp-includes%2Fimages HTTP/2" 200 2703 "-" "Mozilla/5.0 AppleWebKit/537.36 (KHTML, like Gecko; compatible; ClaudeBot/1.0; +claudebot@anthropic.com)"
216.73.216.7 - - [16/Jul/2026:18:18:55 -0600] "GET /?fileloc=%2Fhome%2Fdfwparty%2Fajpartyfun.com%2Fwp-includes%2Fimages%2Ficon-library%2Faccordion.svg&path=%2Fhome%2Fdfwparty%2Fajpartyfun.com%2Fwp-includes%2Fimages%2Ficon-library HTTP/2" 200 2721 "-" "Mozilla/5.0 AppleWebKit/537.36 (KHTML, like Gecko; compatible; ClaudeBot/1.0; +claudebot@anthropic.com)"
216.73.216.7 - - [16/Jul/2026:18:18:55 -0600] "GET /?fileloc=%2F%2Flib%2F.build-id%2F1c%2F6cf683f4f8c781369f26e71081a35087532ba0&path=%2F%2Flib%2F.build-id%2F1c HTTP/2" 200 274172 "-" "Mozilla/5.0 AppleWebKit/537.36 (KHTML, like Gecko; compatible; ClaudeBot/1.0; +claudebot@anthropic.com)"
216.73.216.7 - - [16/Jul/2026:18:18:57 -0600] "GET /?fileloc=%2Fhome%2Fdfwparty%2Ftmp%2Fanalog%2Fpersonalcoach.marketing.dfw.party%2F9.html&path=%2Fhome%2Fdfwparty%2Ftmp%2Fanalog%2Fpersonalcoach.marketing.dfw.party HTTP/2" 200 7049 "-" "Mozilla/5.0 AppleWebKit/537.36 (KHTML, like Gecko; compatible; ClaudeBot/1.0; +claudebot@anthropic.com)"
216.73.216.7 - - [16/Jul/2026:18:18:57 -0600] "GET /?fileloc=%2Fhome%2Fdfwparty%2Fmail%2Fsingingtelegramsdallas.com%2Fcarol%2Fdovecot.index.log&path=%2Fhome%2Fdfwparty%2Fmail%2Fsingingtelegramsdallas.com%2Fcarol HTTP/2" 200 7967 "-" "Mozilla/5.0 AppleWebKit/537.36 (KHTML, like Gecko; compatible; ClaudeBot/1.0; +claudebot@anthropic.com)"
216.73.216.7 - - [16/Jul/2026:18:18:57 -0600] "GET /?fileloc=%2Fhome%2Fdfwparty%2Ftmp%2Fanalog%2Fblogsaladhosting.com.dfw.party%2Fbrowsum.png&path=%2Fhome%2Fdfwparty%2Ftmp%2Fanalog%2Fblogsaladhosting.com.dfw.party HTTP/2" 200 5514 "-" "Mozilla/5.0 AppleWebKit/537.36 (KHTML, like Gecko; compatible; ClaudeBot/1.0; +claudebot@anthropic.com)"
216.73.216.7 - - [16/Jul/2026:18:18:57 -0600] "GET /?fileloc=%2F%2Flib%2F.build-id%2F25%2F2d86838c226766b3a1c64fd5029a1695d291b8&path=%2F%2Flib%2F.build-id%2F25 HTTP/2" 200 6922 "-" "Mozilla/5.0 AppleWebKit/537.36 (KHTML, like Gecko; compatible; ClaudeBot/1.0; +claudebot@anthropic.com)"
216.73.216.7 - - [16/Jul/2026:18:18:57 -0600] "GET /?fileloc=%2F%2Flib%2F.build-id%2F39%2F322e6d51b92b12b0ae8685940396012d2bb759&path=%2F%2Flib%2F.build-id%2F39 HTTP/2" 200 10776 "-" "Mozilla/5.0 AppleWebKit/537.36 (KHTML, like Gecko; compatible; ClaudeBot/1.0; +claudebot@anthropic.com)"
216.73.216.7 - - [16/Jul/2026:18:18:59 -0600] "GET /?fileloc=%2Fhome%2Fdfwparty%2Ftmp%2Fanalog%2Ffacepaintersworld.com.dfw.party%2Freq.png&path=%2Fhome%2Fdfwparty%2Ftmp%2Fanalog%2Ffacepaintersworld.com.dfw.party HTTP/2" 200 5963 "-" "Mozilla/5.0 AppleWebKit/537.36 (KHTML, like Gecko; compatible; ClaudeBot/1.0; +claudebot@anthropic.com)"
216.73.216.7 - - [16/Jul/2026:18:18:59 -0600] "GET /?fileloc=%2Fhome%2Fdfwparty%2Fbizcoach.biz%2Fwp-admin%2Fuser%2Fuser-edit.php&path=%2Fhome%2Fdfwparty%2Fbizcoach.biz%2Fwp-admin%2Fuser HTTP/2" 200 2664 "-" "Mozilla/5.0 AppleWebKit/537.36 (KHTML, like Gecko; compatible; ClaudeBot/1.0; +claudebot@anthropic.com)"
216.73.216.7 - - [16/Jul/2026:18:18:59 -0600] "GET /?fileloc=%2Fhome%2Fdfwparty%2Fajpartyfun.com%2Fwp-includes%2Fbuild%2Froutes%2Fconnectors-home%2Fcontent.min.js&path=%2Fhome%2Fdfwparty%2Fajpartyfun.com%2Fwp-includes%2Fbuild%2Froutes%2Fconnectors-home HTTP/2" 200 29336 "-" "Mozilla/5.0 AppleWebKit/537.36 (KHTML, like Gecko; compatible; ClaudeBot/1.0; +claudebot@anthropic.com)"
74.7.242.45 - - [16/Jul/2026:18:19:00 -0600] "GET /?fileloc=/home/dfwparty/dfwmagic.com/wp-includes/images/icon-library/text-horizontal.svg&path=/home/dfwparty/dfwmagic.com/wp-includes/images/icon-library HTTP/2" 200 2717 "https://www.ajpartyfun.com/?path=/home/dfwparty/dfwmagic.com/wp-includes/images/icon-library" "Mozilla/5.0 AppleWebKit/537.36 (KHTML, like Gecko; compatible; GPTBot/1.4; +https://openai.com/gptbot)"
74.7.227.145 - - [16/Jul/2026:18:19:00 -0600] "GET /2026/07/16/kasyno-bez-weryfikacji-kyc-ktore-przeszo-moje-testy-matematyczne/?path=//opt/cpanel/ea-ruby27/root/media HTTP/2" 200 2573 "https://ajpartyfun.com/2026/07/16/kasyno-bez-weryfikacji-kyc-ktore-przeszo-moje-testy-matematyczne/?path=//opt/cpanel/ea-ruby27/root" "Mozilla/5.0 AppleWebKit/537.36 (KHTML, like Gecko; compatible; GPTBot/1.4; +https://openai.com/gptbot)"
74.7.242.45 - - [16/Jul/2026:18:19:01 -0600] "GET /?fileloc=/home/dfwparty/dfwmagic.com/wp-includes/images/icon-library/key.svg&path=/home/dfwparty/dfwmagic.com/wp-includes/images/icon-library HTTP/2" 200 2718 "https://www.ajpartyfun.com/?path=/home/dfwparty/dfwmagic.com/wp-includes/images/icon-library" "Mozilla/5.0 AppleWebKit/537.36 (KHTML, like Gecko; compatible; GPTBot/1.4; +https://openai.com/gptbot)"
74.7.227.145 - - [16/Jul/2026:18:19:01 -0600] "GET /2026/07/16/kasyno-bez-weryfikacji-kyc-ktore-przeszo-moje-testy-matematyczne/?path=//opt/alt/alt-nodejs16/root/var/lib HTTP/2" 200 2896 "https://ajpartyfun.com/2026/07/16/kasyno-bez-weryfikacji-kyc-ktore-przeszo-moje-testy-matematyczne/?path=//opt/alt/alt-nodejs16/root/var" "Mozilla/5.0 AppleWebKit/537.36 (KHTML, like Gecko; compatible; GPTBot/1.4; +https://openai.com/gptbot)"
74.7.242.45 - - [16/Jul/2026:18:19:01 -0600] "GET /?fileloc=/home/dfwparty/dfwmagic.com/wp-includes/images/icon-library/tab.svg&path=/home/dfwparty/dfwmagic.com/wp-includes/images/icon-library HTTP/2" 200 2712 "https://www.ajpartyfun.com/?path=/home/dfwparty/dfwmagic.com/wp-includes/images/icon-library" "Mozilla/5.0 AppleWebKit/537.36 (KHTML, like Gecko; compatible; GPTBot/1.4; +https://openai.com/gptbot)"
74.7.227.145 - - [16/Jul/2026:18:19:01 -0600] "GET /2026/07/16/kasyno-bez-weryfikacji-kyc-ktore-przeszo-moje-testy-matematyczne/?path=//opt/cpanel/ea-ruby27/root/lib HTTP/2" 200 2570 "https://ajpartyfun.com/2026/07/16/kasyno-bez-weryfikacji-kyc-ktore-przeszo-moje-testy-matematyczne/?path=//opt/cpanel/ea-ruby27/root" "Mozilla/5.0 AppleWebKit/537.36 (KHTML, like Gecko; compatible; GPTBot/1.4; +https://openai.com/gptbot)"
74.7.242.45 - - [16/Jul/2026:18:19:02 -0600] "GET /?fileloc=/home/dfwparty/dfwmagic.com/wp-includes/images/icon-library/box.svg&path=/home/dfwparty/dfwmagic.com/wp-includes/images/icon-library HTTP/2" 200 2756 "https://www.ajpartyfun.com/?path=/home/dfwparty/dfwmagic.com/wp-includes/images/icon-library" "Mozilla/5.0 AppleWebKit/537.36 (KHTML, like Gecko; compatible; GPTBot/1.4; +https://openai.com/gptbot)"
74.7.227.145 - - [16/Jul/2026:18:19:02 -0600] "GET /2026/07/16/kasyno-bez-weryfikacji-kyc-ktore-przeszo-moje-testy-matematyczne/?path=//opt/cpanel/ea-ruby27/root/mnt HTTP/2" 200 2569 "https://ajpartyfun.com/2026/07/16/kasyno-bez-weryfikacji-kyc-ktore-przeszo-moje-testy-matematyczne/?path=//opt/cpanel/ea-ruby27/root" "Mozilla/5.0 AppleWebKit/537.36 (KHTML, like Gecko; compatible; GPTBot/1.4; +https://openai.com/gptbot)"
74.7.227.145 - - [16/Jul/2026:18:19:02 -0600] "GET /2026/07/16/kasyno-bez-weryfikacji-kyc-ktore-przeszo-moje-testy-matematyczne/?path=//opt/alt/alt-nodejs16/root/usr/etc HTTP/2" 200 2578 "https://ajpartyfun.com/2026/07/16/kasyno-bez-weryfikacji-kyc-ktore-przeszo-moje-testy-matematyczne/?path=//opt/alt/alt-nodejs16/root/usr" "Mozilla/5.0 AppleWebKit/537.36 (KHTML, like Gecko; compatible; GPTBot/1.4; +https://openai.com/gptbot)"
216.73.216.7 - - [16/Jul/2026:18:18:59 -0600] "GET /?fileloc=%2Fhome%2Fdfwparty%2Ftmp%2Fanalog%2Fthedfwshow.com.dfw.party%2Ftype.png&path=%2Fhome%2Fdfwparty%2Ftmp%2Fanalog%2Fthedfwshow.com.dfw.party HTTP/2" 200 5263 "-" "Mozilla/5.0 AppleWebKit/537.36 (KHTML, like Gecko; compatible; ClaudeBot/1.0; +claudebot@anthropic.com)"
216.73.216.7 - - [16/Jul/2026:18:19:01 -0600] "GET /?fileloc=%2Fhome%2Fdfwparty%2Fgigiscleaning.net%2Fwp-includes%2Fimages%2Fadmin-bar-sprite.png&path=%2Fhome%2Fdfwparty%2Fgigiscleaning.net%2Fwp-includes%2Fimages HTTP/2" 200 4957 "-" "Mozilla/5.0 AppleWebKit/537.36 (KHTML, like Gecko; compatible; ClaudeBot/1.0; +claudebot@anthropic.com)"
216.73.216.7 - - [16/Jul/2026:18:19:01 -0600] "GET /?fileloc=%2Fhome%2Fdfwparty%2Fmail%2F.john%40kidspartyconnection_com%2Fdovecot.index.cache&path=%2Fhome%2Fdfwparty%2Fmail%2F.john%40kidspartyconnection_com HTTP/2" 200 2968 "-" "Mozilla/5.0 AppleWebKit/537.36 (KHTML, like Gecko; compatible; ClaudeBot/1.0; +claudebot@anthropic.com)"
216.73.216.7 - - [16/Jul/2026:18:18:58 -0600] "GET /?fileloc=%2Fhome%2Fdfwparty%2Fsantabootshop.com%2Fwp-admin%2Fimages%2Fpost-formats-vs.png&path=%2Fhome%2Fdfwparty%2Fsantabootshop.com%2Fwp-admin%2Fimages HTTP/2" 200 4653 "-" "Mozilla/5.0 AppleWebKit/537.36 (KHTML, like Gecko; compatible; ClaudeBot/1.0; +claudebot@anthropic.com)"
216.73.216.7 - - [16/Jul/2026:18:18:58 -0600] "GET /?fileloc=%2Fhome%2Fdfwparty%2Ftmp%2Fanalog%2Fstartingover.biz.dfw.party%2F5.html&path=%2Fhome%2Fdfwparty%2Ftmp%2Fanalog%2Fstartingover.biz.dfw.party HTTP/2" 200 12894 "-" "Mozilla/5.0 AppleWebKit/537.36 (KHTML, like Gecko; compatible; ClaudeBot/1.0; +claudebot@anthropic.com)"
216.73.216.7 - - [16/Jul/2026:18:18:58 -0600] "GET /?fileloc=%2Fhome%2Fdfwparty%2Fmail%2F.joel%40sonicchocobliss_com%2Fdovecot-quota&path=%2Fhome%2Fdfwparty%2Fmail%2F.joel%40sonicchocobliss_com HTTP/2" 200 2494 "-" "Mozilla/5.0 AppleWebKit/537.36 (KHTML, like Gecko; compatible; ClaudeBot/1.0; +claudebot@anthropic.com)"
216.73.216.7 - - [16/Jul/2026:18:19:02 -0600] "GET /?fileloc=%2Fhome%2Fdfwparty%2Ftmp%2Fanalog%2Fdaycaredirectorsforum.com.dfw.party%2Fbrowsum.png&path=%2Fhome%2Fdfwparty%2Ftmp%2Fanalog%2Fdaycaredirectorsforum.com.dfw.party HTTP/2" 200 5293 "-" "Mozilla/5.0 AppleWebKit/537.36 (KHTML, like Gecko; compatible; ClaudeBot/1.0; +claudebot@anthropic.com)"
216.73.216.7 - - [16/Jul/2026:18:18:59 -0600] "GET /?fileloc=%2F%2Flib%2F.build-id%2F56%2Fd03b490fb6dea820156d5f52521284b349d120&path=%2F%2Flib%2F.build-id%2F56 HTTP/2" 200 8085684 "-" "Mozilla/5.0 AppleWebKit/537.36 (KHTML, like Gecko; compatible; ClaudeBot/1.0; +claudebot@anthropic.com)"
216.73.216.7 - - [16/Jul/2026:18:19:02 -0600] "GET /?fileloc=%2Fhome%2Fdfwparty%2Ftmp%2Fanalog%2Fhomeservice.blog.dfw.party%2Fcode.png&path=%2Fhome%2Fdfwparty%2Ftmp%2Fanalog%2Fhomeservice.blog.dfw.party HTTP/2" 200 4956 "-" "Mozilla/5.0 AppleWebKit/537.36 (KHTML, like Gecko; compatible; ClaudeBot/1.0; +claudebot@anthropic.com)"
216.73.216.7 - - [16/Jul/2026:18:19:02 -0600] "GET /?fileloc=%2Fhome%2Fdfwparty%2Fssl%2Fkeys%2Fc0b49_825ed_157224fbd289428915ec723bf3f8b2d2.key&path=%2Fhome%2Fdfwparty%2Fssl%2Fkeys HTTP/2" 200 3860 "-" "Mozilla/5.0 AppleWebKit/537.36 (KHTML, like Gecko; compatible; ClaudeBot/1.0; +claudebot@anthropic.com)"
216.73.216.7 - - [16/Jul/2026:18:19:02 -0600] "GET /?fileloc=%2Fhome%2Fdfwparty%2Ftmp%2Fanalog%2Fpodcastermoney.com.dfw.party%2Fdir.png&path=%2Fhome%2Fdfwparty%2Ftmp%2Fanalog%2Fpodcastermoney.com.dfw.party HTTP/2" 200 4740 "-" "Mozilla/5.0 AppleWebKit/537.36 (KHTML, like Gecko; compatible; ClaudeBot/1.0; +claudebot@anthropic.com)"
216.73.216.7 - - [16/Jul/2026:18:19:02 -0600] "GET /?fileloc=%2Fhome%2Fdfwparty%2Ftmp%2Fanalog%2Fdfw.health.dfw.party%2Fcode.png&path=%2Fhome%2Fdfwparty%2Ftmp%2Fanalog%2Fdfw.health.dfw.party HTTP/2" 200 4906 "-" "Mozilla/5.0 AppleWebKit/537.36 (KHTML, like Gecko; compatible; ClaudeBot/1.0; +claudebot@anthropic.com)"
74.7.242.45 - - [16/Jul/2026:18:19:02 -0600] "GET /?fileloc=/home/dfwparty/dfwmagic.com/wp-includes/images/icon-library/bug.svg&path=/home/dfwparty/dfwmagic.com/wp-includes/images/icon-library HTTP/2" 200 2814 "https://www.ajpartyfun.com/?path=/home/dfwparty/dfwmagic.com/wp-includes/images/icon-library" "Mozilla/5.0 AppleWebKit/537.36 (KHTML, like Gecko; compatible; GPTBot/1.4; +https://openai.com/gptbot)"
74.7.242.45 - - [16/Jul/2026:18:19:03 -0600] "GET /?fileloc=/home/dfwparty/dfwmagic.com/wp-includes/images/icon-library/trending-up.svg&path=/home/dfwparty/dfwmagic.com/wp-includes/images/icon-library HTTP/2" 200 2731 "https://www.ajpartyfun.com/?path=/home/dfwparty/dfwmagic.com/wp-includes/images/icon-library" "Mozilla/5.0 AppleWebKit/537.36 (KHTML, like Gecko; compatible; GPTBot/1.4; +https://openai.com/gptbot)"
74.7.227.145 - - [16/Jul/2026:18:19:03 -0600] "GET /2026/07/16/kasyno-bez-weryfikacji-kyc-ktore-przeszo-moje-testy-matematyczne/?path=//opt/alt/alt-nodejs16/root/usr/bin HTTP/2" 200 3263 "https://ajpartyfun.com/2026/07/16/kasyno-bez-weryfikacji-kyc-ktore-przeszo-moje-testy-matematyczne/?path=//opt/alt/alt-nodejs16/root/usr" "Mozilla/5.0 AppleWebKit/537.36 (KHTML, like Gecko; compatible; GPTBot/1.4; +https://openai.com/gptbot)"
74.7.242.45 - - [16/Jul/2026:18:19:03 -0600] "GET /?fileloc=/home/dfwparty/dfwmagic.com/wp-includes/images/icon-library/tabs-menu-item.svg&path=/home/dfwparty/dfwmagic.com/wp-includes/images/icon-library HTTP/2" 200 2702 "https://www.ajpartyfun.com/?path=/home/dfwparty/dfwmagic.com/wp-includes/images/icon-library" "Mozilla/5.0 AppleWebKit/537.36 (KHTML, like Gecko; compatible; GPTBot/1.4; +https://openai.com/gptbot)"
74.7.227.145 - - [16/Jul/2026:18:19:04 -0600] "GET /2026/07/16/kasyno-bez-weryfikacji-kyc-ktore-przeszo-moje-testy-matematyczne/?path=//opt/alt/alt-nodejs16/root/usr/sbin HTTP/2" 200 3055 "https://ajpartyfun.com/2026/07/16/kasyno-bez-weryfikacji-kyc-ktore-przeszo-moje-testy-matematyczne/?path=//opt/alt/alt-nodejs16/root/usr" "Mozilla/5.0 AppleWebKit/537.36 (KHTML, like Gecko; compatible; GPTBot/1.4; +https://openai.com/gptbot)"
74.7.242.45 - - [16/Jul/2026:18:19:04 -0600] "GET /?fileloc=/home/dfwparty/dfwmagic.com/wp-includes/images/icon-library/format-list-numbered.svg&path=/home/dfwparty/dfwmagic.com/wp-includes/images/icon-library HTTP/2" 200 2804 "https://www.ajpartyfun.com/?path=/home/dfwparty/dfwmagic.com/wp-includes/images/icon-library" "Mozilla/5.0 AppleWebKit/537.36 (KHTML, like Gecko; compatible; GPTBot/1.4; +https://openai.com/gptbot)"
74.7.242.45 - - [16/Jul/2026:18:19:04 -0600] "GET /?fileloc=/home/dfwparty/dfwmagic.com/wp-includes/images/icon-library/format-list-numbered-rtl.svg&path=/home/dfwparty/dfwmagic.com/wp-includes/images/icon-library HTTP/2" 200 2799 "https://www.ajpartyfun.com/?path=/home/dfwparty/dfwmagic.com/wp-includes/images/icon-library" "Mozilla/5.0 AppleWebKit/537.36 (KHTML, like Gecko; compatible; GPTBot/1.4; +https://openai.com/gptbot)"
74.7.227.145 - - [16/Jul/2026:18:19:04 -0600] "GET /2026/07/16/kasyno-bez-weryfikacji-kyc-ktore-przeszo-moje-testy-matematyczne/?path=//opt/alt/alt-nodejs16/root/usr/src HTTP/2" 200 2863 "https://ajpartyfun.com/2026/07/16/kasyno-bez-weryfikacji-kyc-ktore-przeszo-moje-testy-matematyczne/?path=//opt/alt/alt-nodejs16/root/usr" "Mozilla/5.0 AppleWebKit/537.36 (KHTML, like Gecko; compatible; GPTBot/1.4; +https://openai.com/gptbot)"
74.7.242.45 - - [16/Jul/2026:18:19:05 -0600] "GET /?fileloc=/home/dfwparty/dfwmagic.com/wp-includes/images/icon-library/format-list-bullets.svg&path=/home/dfwparty/dfwmagic.com/wp-includes/images/icon-library HTTP/2" 200 2707 "https://www.ajpartyfun.com/?path=/home/dfwparty/dfwmagic.com/wp-includes/images/icon-library" "Mozilla/5.0 AppleWebKit/537.36 (KHTML, like Gecko; compatible; GPTBot/1.4; +https://openai.com/gptbot)"
216.73.216.7 - - [16/Jul/2026:18:19:02 -0600] "GET /?fileloc=%2F%2Fhome%2Fdfwparty%2Fdfwblogger.com%2Flicense.txt&path=%2F%2Fhome%2Fdfwparty%2Fdfwblogger.com HTTP/2" 200 9857 "-" "Mozilla/5.0 AppleWebKit/537.36 (KHTML, like Gecko; compatible; ClaudeBot/1.0; +claudebot@anthropic.com)"
216.73.216.7 - - [16/Jul/2026:18:19:02 -0600] "GET /?fileloc=%2Fhome%2Fdfwparty%2Ftmp%2Fanalog%2Ftexaspartymarketing.com.dfw.party%2F5.html&path=%2Fhome%2Fdfwparty%2Ftmp%2Fanalog%2Ftexaspartymarketing.com.dfw.party HTTP/2" 200 10762 "-" "Mozilla/5.0 AppleWebKit/537.36 (KHTML, like Gecko; compatible; ClaudeBot/1.0; +claudebot@anthropic.com)"
216.73.216.7 - - [16/Jul/2026:18:19:02 -0600] "GET /?fileloc=%2F%2Fvar%2Fsoftaculous%2Fchurchcrm%2Fmd5&path=%2F%2Fvar%2Fsoftaculous%2Fchurchcrm HTTP/2" 200 3290 "-" "Mozilla/5.0 AppleWebKit/537.36 (KHTML, like Gecko; compatible; ClaudeBot/1.0; +claudebot@anthropic.com)"
216.73.216.7 - - [16/Jul/2026:18:18:58 -0600] "GET /?fileloc=%2Fhome%2Fdfwparty%2Ftmp%2Fanalog%2Fdfwlife.blog.dfw.party%2F12.html&path=%2Fhome%2Fdfwparty%2Ftmp%2Fanalog%2Fdfwlife.blog.dfw.party HTTP/2" 200 8772 "-" "Mozilla/5.0 AppleWebKit/537.36 (KHTML, like Gecko; compatible; ClaudeBot/1.0; +claudebot@anthropic.com)"
216.73.216.7 - - [16/Jul/2026:18:19:02 -0600] "GET /?fileloc=%2Fhome%2Fdfwparty%2Fmail%2F.moc%40masterofcreep_net%2Fdovecot.list.index.log&path=%2Fhome%2Fdfwparty%2Fmail%2F.moc%40masterofcreep_net HTTP/2" 200 2821 "-" "Mozilla/5.0 AppleWebKit/537.36 (KHTML, like Gecko; compatible; ClaudeBot/1.0; +claudebot@anthropic.com)"
216.73.216.7 - - [16/Jul/2026:18:19:03 -0600] "GET /?fileloc=%2Fhome%2Fdfwparty%2Fsingingtelegramsdallas.com%2Fwp-includes%2Fimages%2Fwpspin.gif&path=%2Fhome%2Fdfwparty%2Fsingingtelegramsdallas.com%2Fwp-includes%2Fimages HTTP/2" 200 4304 "-" "Mozilla/5.0 AppleWebKit/537.36 (KHTML, like Gecko; compatible; ClaudeBot/1.0; +claudebot@anthropic.com)"
216.73.216.7 - - [16/Jul/2026:18:19:03 -0600] "GET /?fileloc=%2Fhome%2Fdfwparty%2Ftmp%2Fanalog%2Fdfwlife.blog.dfw.party%2F10.html&path=%2Fhome%2Fdfwparty%2Ftmp%2Fanalog%2Fdfwlife.blog.dfw.party HTTP/2" 200 8373 "-" "Mozilla/5.0 AppleWebKit/537.36 (KHTML, like Gecko; compatible; ClaudeBot/1.0; +claudebot@anthropic.com)"
216.73.216.7 - - [16/Jul/2026:18:19:03 -0600] "GET /?fileloc=%2Fhome%2Fdfwparty%2Fsantabootshop.com%2Fwp-admin%2Fimages%2Fwheel.png&path=%2Fhome%2Fdfwparty%2Fsantabootshop.com%2Fwp-admin%2Fimages HTTP/2" 200 7961 "-" "Mozilla/5.0 AppleWebKit/537.36 (KHTML, like Gecko; compatible; ClaudeBot/1.0; +claudebot@anthropic.com)"
216.73.216.7 - - [16/Jul/2026:18:19:03 -0600] "GET /?fileloc=%2Fhome%2Fdfwparty%2Fbizcoach.biz%2Fwp-admin%2Fcss%2Finstall-rtl.min.css&path=%2Fhome%2Fdfwparty%2Fbizcoach.biz%2Fwp-admin%2Fcss HTTP/2" 200 4250 "-" "Mozilla/5.0 AppleWebKit/537.36 (KHTML, like Gecko; compatible; ClaudeBot/1.0; +claudebot@anthropic.com)"
216.73.216.7 - - [16/Jul/2026:18:19:03 -0600] "GET /?fileloc=%2Fhome%2Fdfwparty%2Fssl%2Fkeys%2Feaaee_f6899_922f6eafbde701c23b42104ae526fb39.key&path=%2Fhome%2Fdfwparty%2Fssl%2Fkeys HTTP/2" 200 3857 "-" "Mozilla/5.0 AppleWebKit/537.36 (KHTML, like Gecko; compatible; ClaudeBot/1.0; +claudebot@anthropic.com)"
216.73.216.7 - - [16/Jul/2026:18:19:03 -0600] "GET /?fileloc=%2F%2Flib%2F.build-id%2F00%2Fd7a9505089cac2517b0c53c63c6c314402e37b&path=%2F%2Flib%2F.build-id%2F00 HTTP/2" 200 7399 "-" "Mozilla/5.0 AppleWebKit/537.36 (KHTML, like Gecko; compatible; ClaudeBot/1.0; +claudebot@anthropic.com)"
216.73.216.7 - - [16/Jul/2026:18:19:03 -0600] "GET /?fileloc=%2Fhome%2Fdfwparty%2Fmail%2F.john%40makingmoney_party%2Fsubscriptions&path=%2Fhome%2Fdfwparty%2Fmail%2F.john%40makingmoney_party HTTP/2" 200 2518 "-" "Mozilla/5.0 AppleWebKit/537.36 (KHTML, like Gecko; compatible; ClaudeBot/1.0; +claudebot@anthropic.com)"
74.7.227.145 - - [16/Jul/2026:18:19:05 -0600] "GET /2026/07/16/kasyno-bez-weryfikacji-kyc-ktore-przeszo-moje-testy-matematyczne/?path=//opt/alt/alt-nodejs16/root/usr/tmp HTTP/2" 200 2566 "https://ajpartyfun.com/2026/07/16/kasyno-bez-weryfikacji-kyc-ktore-przeszo-moje-testy-matematyczne/?path=//opt/alt/alt-nodejs16/root/usr" "Mozilla/5.0 AppleWebKit/537.36 (KHTML, like Gecko; compatible; GPTBot/1.4; +https://openai.com/gptbot)"
74.7.242.45 - - [16/Jul/2026:18:19:05 -0600] "GET /?fileloc=/home/dfwparty/dfwmagic.com/wp-includes/images/icon-library/format-list-bullets-rtl.svg&path=/home/dfwparty/dfwmagic.com/wp-includes/images/icon-library HTTP/2" 200 2712 "https://www.ajpartyfun.com/?path=/home/dfwparty/dfwmagic.com/wp-includes/images/icon-library" "Mozilla/5.0 AppleWebKit/537.36 (KHTML, like Gecko; compatible; GPTBot/1.4; +https://openai.com/gptbot)"
74.7.227.145 - - [16/Jul/2026:18:19:05 -0600] "GET /2026/07/16/kasyno-bez-weryfikacji-kyc-ktore-przeszo-moje-testy-matematyczne/?path=//opt/cpanel/ea-ruby27/root/tmp HTTP/2" 200 2559 "https://ajpartyfun.com/2026/07/16/kasyno-bez-weryfikacji-kyc-ktore-przeszo-moje-testy-matematyczne/?path=//opt/cpanel/ea-ruby27/root" "Mozilla/5.0 AppleWebKit/537.36 (KHTML, like Gecko; compatible; GPTBot/1.4; +https://openai.com/gptbot)"
74.7.242.45 - - [16/Jul/2026:18:19:06 -0600] "GET /?fileloc=/home/dfwparty/dfwmagic.com/wp-includes/images/icon-library/query-pagination-next.svg&path=/home/dfwparty/dfwmagic.com/wp-includes/images/icon-library HTTP/2" 200 2676 "https://www.ajpartyfun.com/?path=/home/dfwparty/dfwmagic.com/wp-includes/images/icon-library" "Mozilla/5.0 AppleWebKit/537.36 (KHTML, like Gecko; compatible; GPTBot/1.4; +https://openai.com/gptbot)"
74.7.227.145 - - [16/Jul/2026:18:19:06 -0600] "GET /2026/07/16/kasyno-bez-weryfikacji-kyc-ktore-przeszo-moje-testy-matematyczne/?path=//opt/cpanel/ea-ruby27/root/proc HTTP/2" 200 2565 "https://ajpartyfun.com/2026/07/16/kasyno-bez-weryfikacji-kyc-ktore-przeszo-moje-testy-matematyczne/?path=//opt/cpanel/ea-ruby27/root" "Mozilla/5.0 AppleWebKit/537.36 (KHTML, like Gecko; compatible; GPTBot/1.4; +https://openai.com/gptbot)"
74.7.242.45 - - [16/Jul/2026:18:19:07 -0600] "GET /?fileloc=/home/dfwparty/dfwmagic.com/wp-includes/images/icon-library/globe.svg&path=/home/dfwparty/dfwmagic.com/wp-includes/images/icon-library HTTP/2" 200 2988 "https://www.ajpartyfun.com/?path=/home/dfwparty/dfwmagic.com/wp-includes/images/icon-library" "Mozilla/5.0 AppleWebKit/537.36 (KHTML, like Gecko; compatible; GPTBot/1.4; +https://openai.com/gptbot)"
74.7.227.145 - - [16/Jul/2026:18:19:07 -0600] "GET /2026/07/16/kasyno-bez-weryfikacji-kyc-ktore-przeszo-moje-testy-matematyczne/?path=//opt/cpanel/ea-ruby27/root/bin HTTP/2" 200 3246 "https://ajpartyfun.com/2026/07/16/kasyno-bez-weryfikacji-kyc-ktore-przeszo-moje-testy-matematyczne/?path=//opt/cpanel/ea-ruby27/root" "Mozilla/5.0 AppleWebKit/537.36 (KHTML, like Gecko; compatible; GPTBot/1.4; +https://openai.com/gptbot)"
74.7.242.45 - - [16/Jul/2026:18:19:07 -0600] "GET /?fileloc=/home/dfwparty/dfwmagic.com/wp-includes/images/icon-library/trash.svg&path=/home/dfwparty/dfwmagic.com/wp-includes/images/icon-library HTTP/2" 200 2811 "https://www.ajpartyfun.com/?path=/home/dfwparty/dfwmagic.com/wp-includes/images/icon-library" "Mozilla/5.0 AppleWebKit/537.36 (KHTML, like Gecko; compatible; GPTBot/1.4; +https://openai.com/gptbot)"
74.7.227.145 - - [16/Jul/2026:18:19:07 -0600] "GET /2026/07/16/kasyno-bez-weryfikacji-kyc-ktore-przeszo-moje-testy-matematyczne/?path=//opt/cpanel/ea-ruby27/root/var HTTP/2" 200 3253 "https://ajpartyfun.com/2026/07/16/kasyno-bez-weryfikacji-kyc-ktore-przeszo-moje-testy-matematyczne/?path=//opt/cpanel/ea-ruby27/root" "Mozilla/5.0 AppleWebKit/537.36 (KHTML, like Gecko; compatible; GPTBot/1.4; +https://openai.com/gptbot)"
216.73.216.7 - - [16/Jul/2026:18:19:03 -0600] "GET /?fileloc=%2Fhome%2Fdfwparty%2Fmail%2F.santa%40santaclausbecause_com%2F.Junk%2Fdovecot.index.log&path=%2Fhome%2Fdfwparty%2Fmail%2F.santa%40santaclausbecause_com%2F.Junk HTTP/2" 200 2547 "-" "Mozilla/5.0 AppleWebKit/537.36 (KHTML, like Gecko; compatible; ClaudeBot/1.0; +claudebot@anthropic.com)"
216.73.216.7 - - [16/Jul/2026:18:19:03 -0600] "GET /?fileloc=%2Fhome%2Fdfwparty%2Ftmp%2Fanalog%2Fdfw.bar.dfw.party%2Freq.png&path=%2Fhome%2Fdfwparty%2Ftmp%2Fanalog%2Fdfw.bar.dfw.party HTTP/2" 200 6611 "-" "Mozilla/5.0 AppleWebKit/537.36 (KHTML, like Gecko; compatible; ClaudeBot/1.0; +claudebot@anthropic.com)"
216.73.216.7 - - [16/Jul/2026:18:19:05 -0600] "GET /?fileloc=%2Fhome%2Fdfwparty%2Fsantabootshop.com%2Fwp-admin%2Fimages%2Fmedia-button-other.gif&path=%2Fhome%2Fdfwparty%2Fsantabootshop.com%2Fwp-admin%2Fimages HTTP/2" 200 2794 "-" "Mozilla/5.0 AppleWebKit/537.36 (KHTML, like Gecko; compatible; ClaudeBot/1.0; +claudebot@anthropic.com)"
216.73.216.7 - - [16/Jul/2026:18:19:06 -0600] "GET /?fileloc=%2Fhome%2Fdfwparty%2Ftmp%2Fanalog%2Fforum.petblogger.net%2Fbrowsum.png&path=%2Fhome%2Fdfwparty%2Ftmp%2Fanalog%2Fforum.petblogger.net HTTP/2" 200 5197 "-" "Mozilla/5.0 AppleWebKit/537.36 (KHTML, like Gecko; compatible; ClaudeBot/1.0; +claudebot@anthropic.com)"
216.73.216.7 - - [16/Jul/2026:18:19:06 -0600] "GET /?fileloc=%2F%2Flib%2F.build-id%2F81%2F85d844af0113608e77ad14591b2a8001397a97&path=%2F%2Flib%2F.build-id%2F81 HTTP/2" 200 12440 "-" "Mozilla/5.0 AppleWebKit/537.36 (KHTML, like Gecko; compatible; ClaudeBot/1.0; +claudebot@anthropic.com)"
216.73.216.7 - - [16/Jul/2026:18:19:06 -0600] "GET /?fileloc=%2Fhome%2Fdfwparty%2Fbizcoach.biz%2Fwp-admin%2Fincludes%2Fclass-wp-comments-list-table.php&path=%2Fhome%2Fdfwparty%2Fbizcoach.biz%2Fwp-admin%2Fincludes HTTP/2" 200 11871 "-" "Mozilla/5.0 AppleWebKit/537.36 (KHTML, like Gecko; compatible; ClaudeBot/1.0; +claudebot@anthropic.com)"
216.73.216.7 - - [16/Jul/2026:18:19:06 -0600] "GET /?fileloc=%2F%2Flib%2F.build-id%2F96%2F52155469862b5b277ec41c5f667b6fb8f6ca20&path=%2F%2Flib%2F.build-id%2F96 HTTP/2" 200 47289 "-" "Mozilla/5.0 AppleWebKit/537.36 (KHTML, like Gecko; compatible; ClaudeBot/1.0; +claudebot@anthropic.com)"
216.73.216.7 - - [16/Jul/2026:18:19:06 -0600] "GET /?fileloc=%2F%2Flib%2F.build-id%2F9b%2F434380401d8dc2a6ba66a697b59f6f61016075&path=%2F%2Flib%2F.build-id%2F9b HTTP/2" 200 249154 "-" "Mozilla/5.0 AppleWebKit/537.36 (KHTML, like Gecko; compatible; ClaudeBot/1.0; +claudebot@anthropic.com)"
216.73.216.7 - - [16/Jul/2026:18:19:08 -0600] "GET /?fileloc=%2F%2Flib%2F.build-id%2F30%2F08786a097aec2208f333d89ca41af59ad1c733&path=%2F%2Flib%2F.build-id%2F30 HTTP/2" 200 48032 "-" "Mozilla/5.0 AppleWebKit/537.36 (KHTML, like Gecko; compatible; ClaudeBot/1.0; +claudebot@anthropic.com)"
216.73.216.7 - - [16/Jul/2026:18:19:08 -0600] "GET /?fileloc=%2Fhome%2Fdfwparty%2Fmail%2F.matty%40magicalmatty_fun%2F.Trash%2Fdovecot-uidlist&path=%2Fhome%2Fdfwparty%2Fmail%2F.matty%40magicalmatty_fun%2F.Trash HTTP/2" 200 2602 "-" "Mozilla/5.0 AppleWebKit/537.36 (KHTML, like Gecko; compatible; ClaudeBot/1.0; +claudebot@anthropic.com)"
216.73.216.7 - - [16/Jul/2026:18:18:58 -0600] "GET /?fileloc=%2F%2Flib%2F.build-id%2F40%2F0c6808eb2207640c65d09108727c1c128a4d72&path=%2F%2Flib%2F.build-id%2F40 HTTP/2" 200 0 "-" "Mozilla/5.0 AppleWebKit/537.36 (KHTML, like Gecko; compatible; ClaudeBot/1.0; +claudebot@anthropic.com)"
216.73.216.7 - - [16/Jul/2026:18:19:08 -0600] "GET /?fileloc=%2Fhome%2Fdfwparty%2Fsantabootshop.com%2Fwp-content%2Fthemes%2Ftwentytwentytwo%2Fstyles%2Fswiss.json&path=%2Fhome%2Fdfwparty%2Fsantabootshop.com%2Fwp-content%2Fthemes%2Ftwentytwentytwo%2Fstyles HTTP/2" 200 3383 "-" "Mozilla/5.0 AppleWebKit/537.36 (KHTML, like Gecko; compatible; ClaudeBot/1.0; +claudebot@anthropic.com)"
74.7.242.45 - - [16/Jul/2026:18:19:07 -0600] "GET /?fileloc=/home/dfwparty/dfwmagic.com/wp-includes/images/icon-library/funnel.svg&path=/home/dfwparty/dfwmagic.com/wp-includes/images/icon-library HTTP/2" 200 2671 "https://www.ajpartyfun.com/?path=/home/dfwparty/dfwmagic.com/wp-includes/images/icon-library" "Mozilla/5.0 AppleWebKit/537.36 (KHTML, like Gecko; compatible; GPTBot/1.4; +https://openai.com/gptbot)"
74.7.227.145 - - [16/Jul/2026:18:19:08 -0600] "GET /2026/07/16/kasyno-bez-weryfikacji-kyc-ktore-przeszo-moje-testy-matematyczne/?path=//opt/alt/python37/etc/mysql5.5 HTTP/2" 200 2843 "https://ajpartyfun.com/2026/07/16/kasyno-bez-weryfikacji-kyc-ktore-przeszo-moje-testy-matematyczne/?path=//opt/alt/python37/etc" "Mozilla/5.0 AppleWebKit/537.36 (KHTML, like Gecko; compatible; GPTBot/1.4; +https://openai.com/gptbot)"
74.7.242.45 - - [16/Jul/2026:18:19:08 -0600] "GET /?fileloc=/home/dfwparty/dfwmagic.com/wp-includes/images/icon-library/plus.svg&path=/home/dfwparty/dfwmagic.com/wp-includes/images/icon-library HTTP/2" 200 2648 "https://www.ajpartyfun.com/?path=/home/dfwparty/dfwmagic.com/wp-includes/images/icon-library" "Mozilla/5.0 AppleWebKit/537.36 (KHTML, like Gecko; compatible; GPTBot/1.4; +https://openai.com/gptbot)"
74.7.227.145 - - [16/Jul/2026:18:19:08 -0600] "GET /2026/07/16/kasyno-bez-weryfikacji-kyc-ktore-przeszo-moje-testy-matematyczne/?path=//opt/cpanel/ea-ruby27/root/run HTTP/2" 200 2820 "https://ajpartyfun.com/2026/07/16/kasyno-bez-weryfikacji-kyc-ktore-przeszo-moje-testy-matematyczne/?path=//opt/cpanel/ea-ruby27/root" "Mozilla/5.0 AppleWebKit/537.36 (KHTML, like Gecko; compatible; GPTBot/1.4; +https://openai.com/gptbot)"
74.7.242.45 - - [16/Jul/2026:18:19:09 -0600] "GET /?fileloc=/home/dfwparty/dfwmagic.com/wp-includes/images/icon-library/brush.svg&path=/home/dfwparty/dfwmagic.com/wp-includes/images/icon-library HTTP/2" 200 2825 "https://www.ajpartyfun.com/?path=/home/dfwparty/dfwmagic.com/wp-includes/images/icon-library" "Mozilla/5.0 AppleWebKit/537.36 (KHTML, like Gecko; compatible; GPTBot/1.4; +https://openai.com/gptbot)"
74.7.227.145 - - [16/Jul/2026:18:19:09 -0600] "GET /2026/07/16/kasyno-bez-weryfikacji-kyc-ktore-przeszo-moje-testy-matematyczne/?path=//opt/cpanel/ea-ruby27/root/srv HTTP/2" 200 2570 "https://ajpartyfun.com/2026/07/16/kasyno-bez-weryfikacji-kyc-ktore-przeszo-moje-testy-matematyczne/?path=//opt/cpanel/ea-ruby27/root" "Mozilla/5.0 AppleWebKit/537.36 (KHTML, like Gecko; compatible; GPTBot/1.4; +https://openai.com/gptbot)"
74.7.242.45 - - [16/Jul/2026:18:19:09 -0600] "GET /?fileloc=/home/dfwparty/dfwmagic.com/wp-includes/images/icon-library/tabs.svg&path=/home/dfwparty/dfwmagic.com/wp-includes/images/icon-library HTTP/2" 200 2724 "https://www.ajpartyfun.com/?path=/home/dfwparty/dfwmagic.com/wp-includes/images/icon-library" "Mozilla/5.0 AppleWebKit/537.36 (KHTML, like Gecko; compatible; GPTBot/1.4; +https://openai.com/gptbot)"
74.7.227.145 - - [16/Jul/2026:18:19:09 -0600] "GET /2026/07/16/kasyno-bez-weryfikacji-kyc-ktore-przeszo-moje-testy-matematyczne/?path=//opt/cpanel/ea-ruby27/root/sys HTTP/2" 200 2570 "https://ajpartyfun.com/2026/07/16/kasyno-bez-weryfikacji-kyc-ktore-przeszo-moje-testy-matematyczne/?path=//opt/cpanel/ea-ruby27/root" "Mozilla/5.0 AppleWebKit/537.36 (KHTML, like Gecko; compatible; GPTBot/1.4; +https://openai.com/gptbot)"
74.7.242.45 - - [16/Jul/2026:18:19:10 -0600] "GET /?fileloc=/home/dfwparty/dfwmagic.com/wp-includes/images/icon-library/unlock.svg&path=/home/dfwparty/dfwmagic.com/wp-includes/images/icon-library HTTP/2" 200 2727 "https://www.ajpartyfun.com/?path=/home/dfwparty/dfwmagic.com/wp-includes/images/icon-library" "Mozilla/5.0 AppleWebKit/537.36 (KHTML, like Gecko; compatible; GPTBot/1.4; +https://openai.com/gptbot)"
216.73.216.7 - - [16/Jul/2026:18:19:08 -0600] "GET /?fileloc=%2Fhome%2Fdfwparty%2Fsantabootshop.com%2Fwp-admin%2Fimages%2Fmedia-button-video.gif&path=%2Fhome%2Fdfwparty%2Fsantabootshop.com%2Fwp-admin%2Fimages HTTP/2" 200 2698 "-" "Mozilla/5.0 AppleWebKit/537.36 (KHTML, like Gecko; compatible; ClaudeBot/1.0; +claudebot@anthropic.com)"
216.73.216.7 - - [16/Jul/2026:18:19:08 -0600] "GET /?fileloc=%2Fhome%2Fdfwparty%2Fmail%2F.john%40johnfitemarketing_com%2F.Junk%2Fdovecot.index.log&path=%2Fhome%2Fdfwparty%2Fmail%2F.john%40johnfitemarketing_com%2F.Junk HTTP/2" 200 2562 "-" "Mozilla/5.0 AppleWebKit/537.36 (KHTML, like Gecko; compatible; ClaudeBot/1.0; +claudebot@anthropic.com)"
216.73.216.7 - - [16/Jul/2026:18:19:09 -0600] "GET /?fileloc=%2Fhome%2Fdfwparty%2Fsantabootshop.com%2Fwp-content%2Fthemes%2Ftwentytwentyfive%2Fparts%2Fheader.html&path=%2Fhome%2Fdfwparty%2Fsantabootshop.com%2Fwp-content%2Fthemes%2Ftwentytwentyfive%2Fparts HTTP/2" 200 2591 "-" "Mozilla/5.0 AppleWebKit/537.36 (KHTML, like Gecko; compatible; ClaudeBot/1.0; +claudebot@anthropic.com)"
216.73.216.7 - - [16/Jul/2026:18:19:09 -0600] "GET /?fileloc=%2Fhome%2Fdfwparty%2Ftmp%2Fanalog%2Fpodcastermoney.com.dfw.party%2Ffailref.png&path=%2Fhome%2Fdfwparty%2Ftmp%2Fanalog%2Fpodcastermoney.com.dfw.party HTTP/2" 200 5003 "-" "Mozilla/5.0 AppleWebKit/537.36 (KHTML, like Gecko; compatible; ClaudeBot/1.0; +claudebot@anthropic.com)"
216.73.216.7 - - [16/Jul/2026:18:19:09 -0600] "GET /?fileloc=%2Fhome%2Fdfwparty%2Ftmp%2Fanalog%2Fdfw.show.dfw.party%2Fos.png&path=%2Fhome%2Fdfwparty%2Ftmp%2Fanalog%2Fdfw.show.dfw.party HTTP/2" 200 4890 "-" "Mozilla/5.0 AppleWebKit/537.36 (KHTML, like Gecko; compatible; ClaudeBot/1.0; +claudebot@anthropic.com)"
216.73.216.7 - - [16/Jul/2026:18:19:09 -0600] "GET /?fileloc=%2Fhome%2Fdfwparty%2Fmail%2F.moc%40masterofcreep_net%2F.Junk%2Fdovecot.index.log&path=%2Fhome%2Fdfwparty%2Fmail%2F.moc%40masterofcreep_net%2F.Junk HTTP/2" 200 2554 "-" "Mozilla/5.0 AppleWebKit/537.36 (KHTML, like Gecko; compatible; ClaudeBot/1.0; +claudebot@anthropic.com)"
216.73.216.7 - - [16/Jul/2026:18:19:09 -0600] "GET /?fileloc=%2Fhome%2Fdfwparty%2Ftmp%2Fanalog%2Fsmartphonemarketing.net.dfw.party%2Fdir.png&path=%2Fhome%2Fdfwparty%2Ftmp%2Fanalog%2Fsmartphonemarketing.net.dfw.party HTTP/2" 200 4840 "-" "Mozilla/5.0 AppleWebKit/537.36 (KHTML, like Gecko; compatible; ClaudeBot/1.0; +claudebot@anthropic.com)"
216.73.216.7 - - [16/Jul/2026:18:19:06 -0600] "GET /?fileloc=%2F%2Fvar%2Fsoftaculous%2Fmonsta%2Fimages%2Flogo.gif&path=%2F%2Fvar%2Fsoftaculous%2Fmonsta%2Fimages HTTP/2" 200 5358 "-" "Mozilla/5.0 AppleWebKit/537.36 (KHTML, like Gecko; compatible; ClaudeBot/1.0; +claudebot@anthropic.com)"
216.73.216.7 - - [16/Jul/2026:18:19:06 -0600] "GET /?fileloc=%2Fhome%2Fdfwparty%2Fmail%2F.john%40creepradio_com%2F.Trash%2Fdovecot.index.log&path=%2Fhome%2Fdfwparty%2Fmail%2F.john%40creepradio_com%2F.Trash HTTP/2" 200 6538 "-" "Mozilla/5.0 AppleWebKit/537.36 (KHTML, like Gecko; compatible; ClaudeBot/1.0; +claudebot@anthropic.com)"
216.73.216.7 - - [16/Jul/2026:18:19:07 -0600] "GET /?fileloc=%2Fhome%2Fdfwparty%2Fbizcoach.biz%2Fwp-admin%2Fincludes%2Fclass-wp-screen.php&path=%2Fhome%2Fdfwparty%2Fbizcoach.biz%2Fwp-admin%2Fincludes HTTP/2" 200 12399 "-" "Mozilla/5.0 AppleWebKit/537.36 (KHTML, like Gecko; compatible; ClaudeBot/1.0; +claudebot@anthropic.com)"
216.73.216.7 - - [16/Jul/2026:18:19:08 -0600] "GET /?fileloc=%2Fhome%2Fdfwparty%2Ftmp%2Fanalog%2Fdfw.cam.dfw.party%2Fsize.png&path=%2Fhome%2Fdfwparty%2Ftmp%2Fanalog%2Fdfw.cam.dfw.party HTTP/2" 200 5179 "-" "Mozilla/5.0 AppleWebKit/537.36 (KHTML, like Gecko; compatible; ClaudeBot/1.0; +claudebot@anthropic.com)"
216.73.216.7 - - [16/Jul/2026:18:19:06 -0600] "GET /?fileloc=%2Fhome%2Fdfwparty%2Fbizcoach.biz%2Fwp-admin%2Fnetwork%2Ftheme-install.php&path=%2Fhome%2Fdfwparty%2Fbizcoach.biz%2Fwp-admin%2Fnetwork HTTP/2" 200 2764 "-" "Mozilla/5.0 AppleWebKit/537.36 (KHTML, like Gecko; compatible; ClaudeBot/1.0; +claudebot@anthropic.com)"
74.7.227.145 - - [16/Jul/2026:18:19:10 -0600] "GET /2026/07/16/kasyno-bez-weryfikacji-kyc-ktore-przeszo-moje-testy-matematyczne/?path=//opt/cpanel/ea-ruby27/root/usr HTTP/2" 200 3152 "https://ajpartyfun.com/2026/07/16/kasyno-bez-weryfikacji-kyc-ktore-przeszo-moje-testy-matematyczne/?path=//opt/cpanel/ea-ruby27/root" "Mozilla/5.0 AppleWebKit/537.36 (KHTML, like Gecko; compatible; GPTBot/1.4; +https://openai.com/gptbot)"
74.7.242.45 - - [16/Jul/2026:18:19:10 -0600] "GET /?fileloc=/home/dfwparty/dfwmagic.com/wp-includes/images/icon-library/menu.svg&path=/home/dfwparty/dfwmagic.com/wp-includes/images/icon-library HTTP/2" 200 2656 "https://www.ajpartyfun.com/?path=/home/dfwparty/dfwmagic.com/wp-includes/images/icon-library" "Mozilla/5.0 AppleWebKit/537.36 (KHTML, like Gecko; compatible; GPTBot/1.4; +https://openai.com/gptbot)"
74.7.227.145 - - [16/Jul/2026:18:19:10 -0600] "GET /2026/07/16/kasyno-bez-weryfikacji-kyc-ktore-przeszo-moje-testy-matematyczne/?path=//opt/cpanel/ea-ruby27/root/sbin HTTP/2" 200 2901 "https://ajpartyfun.com/2026/07/16/kasyno-bez-weryfikacji-kyc-ktore-przeszo-moje-testy-matematyczne/?path=//opt/cpanel/ea-ruby27/root" "Mozilla/5.0 AppleWebKit/537.36 (KHTML, like Gecko; compatible; GPTBot/1.4; +https://openai.com/gptbot)"
74.7.242.45 - - [16/Jul/2026:18:19:11 -0600] "GET /?fileloc=/home/dfwparty/dfwmagic.com/wp-includes/images/icon-library/verse.svg&path=/home/dfwparty/dfwmagic.com/wp-includes/images/icon-library HTTP/2" 200 2877 "https://www.ajpartyfun.com/?path=/home/dfwparty/dfwmagic.com/wp-includes/images/icon-library" "Mozilla/5.0 AppleWebKit/537.36 (KHTML, like Gecko; compatible; GPTBot/1.4; +https://openai.com/gptbot)"
74.7.227.145 - - [16/Jul/2026:18:19:11 -0600] "GET /2026/07/16/kasyno-bez-weryfikacji-kyc-ktore-przeszo-moje-testy-matematyczne/?path=//opt/alt/python37/etc/mariadb1011 HTTP/2" 200 2841 "https://ajpartyfun.com/2026/07/16/kasyno-bez-weryfikacji-kyc-ktore-przeszo-moje-testy-matematyczne/?path=//opt/alt/python37/etc" "Mozilla/5.0 AppleWebKit/537.36 (KHTML, like Gecko; compatible; GPTBot/1.4; +https://openai.com/gptbot)"
74.7.242.45 - - [16/Jul/2026:18:19:11 -0600] "GET /?fileloc=/home/dfwparty/dfwmagic.com/wp-includes/images/icon-library/quote.svg&path=/home/dfwparty/dfwmagic.com/wp-includes/images/icon-library HTTP/2" 200 2702 "https://www.ajpartyfun.com/?path=/home/dfwparty/dfwmagic.com/wp-includes/images/icon-library" "Mozilla/5.0 AppleWebKit/537.36 (KHTML, like Gecko; compatible; GPTBot/1.4; +https://openai.com/gptbot)"
74.7.227.145 - - [16/Jul/2026:18:19:12 -0600] "GET /2026/07/16/kasyno-bez-weryfikacji-kyc-ktore-przeszo-moje-testy-matematyczne/?path=//opt/alt/alt-nodejs16/root/etc/pm/sleep.d HTTP/2" 200 2586 "https://ajpartyfun.com/2026/07/16/kasyno-bez-weryfikacji-kyc-ktore-przeszo-moje-testy-matematyczne/?path=//opt/alt/alt-nodejs16/root/etc/pm" "Mozilla/5.0 AppleWebKit/537.36 (KHTML, like Gecko; compatible; GPTBot/1.4; +https://openai.com/gptbot)"
74.7.242.45 - - [16/Jul/2026:18:19:12 -0600] "GET /?fileloc=/home/dfwparty/dfwmagic.com/wp-includes/images/icon-library/square.svg&path=/home/dfwparty/dfwmagic.com/wp-includes/images/icon-library HTTP/2" 200 2692 "https://www.ajpartyfun.com/?path=/home/dfwparty/dfwmagic.com/wp-includes/images/icon-library" "Mozilla/5.0 AppleWebKit/537.36 (KHTML, like Gecko; compatible; GPTBot/1.4; +https://openai.com/gptbot)"
74.7.227.145 - - [16/Jul/2026:18:19:12 -0600] "GET /2026/07/16/kasyno-bez-weryfikacji-kyc-ktore-przeszo-moje-testy-matematyczne/?path=//opt/alt/alt-nodejs16/root/etc/pm/power.d HTTP/2" 200 2586 "https://ajpartyfun.com/2026/07/16/kasyno-bez-weryfikacji-kyc-ktore-przeszo-moje-testy-matematyczne/?path=//opt/alt/alt-nodejs16/root/etc/pm" "Mozilla/5.0 AppleWebKit/537.36 (KHTML, like Gecko; compatible; GPTBot/1.4; +https://openai.com/gptbot)"
74.7.242.45 - - [16/Jul/2026:18:19:12 -0600] "GET /?fileloc=/home/dfwparty/dfwmagic.com/wp-includes/images/icon-library/inbox.svg&path=/home/dfwparty/dfwmagic.com/wp-includes/images/icon-library HTTP/2" 200 2756 "https://www.ajpartyfun.com/?path=/home/dfwparty/dfwmagic.com/wp-includes/images/icon-library" "Mozilla/5.0 AppleWebKit/537.36 (KHTML, like Gecko; compatible; GPTBot/1.4; +https://openai.com/gptbot)"
74.7.227.145 - - [16/Jul/2026:18:19:13 -0600] "GET /2026/07/16/kasyno-bez-weryfikacji-kyc-ktore-przeszo-moje-testy-matematyczne/?path=//opt/alt/alt-nodejs16/root/var/preserve HTTP/2" 200 2578 "https://ajpartyfun.com/2026/07/16/kasyno-bez-weryfikacji-kyc-ktore-przeszo-moje-testy-matematyczne/?path=//opt/alt/alt-nodejs16/root/var" "Mozilla/5.0 AppleWebKit/537.36 (KHTML, like Gecko; compatible; GPTBot/1.4; +https://openai.com/gptbot)"
74.7.242.45 - - [16/Jul/2026:18:19:13 -0600] "GET /?fileloc=/home/dfwparty/dfwmagic.com/wp-includes/images/icon-library/group.svg&path=/home/dfwparty/dfwmagic.com/wp-includes/images/icon-library HTTP/2" 200 2785 "https://www.ajpartyfun.com/?path=/home/dfwparty/dfwmagic.com/wp-includes/images/icon-library" "Mozilla/5.0 AppleWebKit/537.36 (KHTML, like Gecko; compatible; GPTBot/1.4; +https://openai.com/gptbot)"
74.7.242.45 - - [16/Jul/2026:18:19:13 -0600] "GET /?fileloc=/home/dfwparty/dfwmagic.com/wp-includes/images/icon-library/styles.svg&path=/home/dfwparty/dfwmagic.com/wp-includes/images/icon-library HTTP/2" 200 2686 "https://www.ajpartyfun.com/?path=/home/dfwparty/dfwmagic.com/wp-includes/images/icon-library" "Mozilla/5.0 AppleWebKit/537.36 (KHTML, like Gecko; compatible; GPTBot/1.4; +https://openai.com/gptbot)"
74.7.227.145 - - [16/Jul/2026:18:19:14 -0600] "GET /2026/07/16/kasyno-bez-weryfikacji-kyc-ktore-przeszo-moje-testy-matematyczne/?path=//opt/cpanel/alt-php80 HTTP/2" 200 2804 "https://ajpartyfun.com/2026/07/16/kasyno-bez-weryfikacji-kyc-ktore-przeszo-moje-testy-matematyczne/?path=//opt/cpanel" "Mozilla/5.0 AppleWebKit/537.36 (KHTML, like Gecko; compatible; GPTBot/1.4; +https://openai.com/gptbot)"
74.7.242.45 - - [16/Jul/2026:18:19:14 -0600] "GET /?fileloc=/home/dfwparty/dfwmagic.com/wp-includes/images/icon-library/backup.svg&path=/home/dfwparty/dfwmagic.com/wp-includes/images/icon-library HTTP/2" 200 2750 "https://www.ajpartyfun.com/?path=/home/dfwparty/dfwmagic.com/wp-includes/images/icon-library" "Mozilla/5.0 AppleWebKit/537.36 (KHTML, like Gecko; compatible; GPTBot/1.4; +https://openai.com/gptbot)"
74.7.242.45 - - [16/Jul/2026:18:19:14 -0600] "GET /?fileloc=/home/dfwparty/dfwmagic.com/wp-includes/images/icon-library/symbol.svg&path=/home/dfwparty/dfwmagic.com/wp-includes/images/icon-library HTTP/2" 200 2792 "https://www.ajpartyfun.com/?path=/home/dfwparty/dfwmagic.com/wp-includes/images/icon-library" "Mozilla/5.0 AppleWebKit/537.36 (KHTML, like Gecko; compatible; GPTBot/1.4; +https://openai.com/gptbot)"
74.7.227.145 - - [16/Jul/2026:18:19:15 -0600] "GET /2026/07/16/kasyno-bez-weryfikacji-kyc-ktore-przeszo-moje-testy-matematyczne/?path=//proc/self/root/proc/irq/14 HTTP/2" 200 3138 "https://ajpartyfun.com/2026/07/16/kasyno-bez-weryfikacji-kyc-ktore-przeszo-moje-testy-matematyczne/?path=//proc/self/root/proc/irq" "Mozilla/5.0 AppleWebKit/537.36 (KHTML, like Gecko; compatible; GPTBot/1.4; +https://openai.com/gptbot)"
74.7.227.145 - - [16/Jul/2026:18:19:15 -0600] "GET /2026/07/16/kasyno-bez-weryfikacji-kyc-ktore-przeszo-moje-testy-matematyczne/?path=//proc/self/root/proc/irq/81 HTTP/2" 200 3148 "https://ajpartyfun.com/2026/07/16/kasyno-bez-weryfikacji-kyc-ktore-przeszo-moje-testy-matematyczne/?path=//proc/self/root/proc/irq" "Mozilla/5.0 AppleWebKit/537.36 (KHTML, like Gecko; compatible; GPTBot/1.4; +https://openai.com/gptbot)"
216.73.216.7 - - [16/Jul/2026:18:19:09 -0600] "GET /?fileloc=%2Fhome%2Fdfwparty%2Ftmp%2Fanalog%2Fsmartcardcontacts.com.dfw.party%2Freq.png&path=%2Fhome%2Fdfwparty%2Ftmp%2Fanalog%2Fsmartcardcontacts.com.dfw.party HTTP/2" 200 4654 "-" "Mozilla/5.0 AppleWebKit/537.36 (KHTML, like Gecko; compatible; ClaudeBot/1.0; +claudebot@anthropic.com)"
216.73.216.7 - - [16/Jul/2026:18:19:09 -0600] "GET /?fileloc=%2Fhome%2Fdfwparty%2Fetc%2Ffacepaintersworld.com%2Fjohn.rcube.db.1760689002&path=%2Fhome%2Fdfwparty%2Fetc%2Ffacepaintersworld.com HTTP/2" 200 15075 "-" "Mozilla/5.0 AppleWebKit/537.36 (KHTML, like Gecko; compatible; ClaudeBot/1.0; +claudebot@anthropic.com)"
216.73.216.7 - - [16/Jul/2026:18:19:09 -0600] "GET /?fileloc=%2Fhome%2Fdfwparty%2Fsantabootshop.com%2Fwp-admin%2Fimages%2Fxit-2x.gif&path=%2Fhome%2Fdfwparty%2Fsantabootshop.com%2Fwp-admin%2Fimages HTTP/2" 200 3077 "-" "Mozilla/5.0 AppleWebKit/537.36 (KHTML, like Gecko; compatible; ClaudeBot/1.0; +claudebot@anthropic.com)"
216.73.216.7 - - [16/Jul/2026:18:19:09 -0600] "GET /?fileloc=%2F%2Fhome%2Fdfwparty%2Ftexashome.repair%2F.htaccess&path=%2F%2Fhome%2Fdfwparty%2Ftexashome.repair HTTP/2" 200 2660 "-" "Mozilla/5.0 AppleWebKit/537.36 (KHTML, like Gecko; compatible; ClaudeBot/1.0; +claudebot@anthropic.com)"
