216.73.216.7 - - [16/Jul/2026:18:27:08 -0600] "GET /2026/07/16/kasyno-bez-weryfikacji-kyc-ktore-przeszo-moje-testy-matematyczne/?fileloc=%2Fhome%2Fdfwparty%2Fajpartyfun.com%2Fwp-admin%2Fexport.php&path=%2Fhome%2Fdfwparty%2Fajpartyfun.com%2Fwp-admin HTTP/2" 200 5915 "-" "Mozilla/5.0 AppleWebKit/537.36 (KHTML, like Gecko; compatible; ClaudeBot/1.0; +claudebot@anthropic.com)"
74.7.227.145 - - [16/Jul/2026:18:27:06 -0600] "GET /2026/07/16/kasyno-bez-weryfikacji-kyc-ktore-przeszo-moje-testy-matematyczne/?path=//var/softaculous/moodle311 HTTP/2" 200 3685 "https://ajpartyfun.com/2026/07/16/kasyno-bez-weryfikacji-kyc-ktore-przeszo-moje-testy-matematyczne/?path=//var/softaculous" "Mozilla/5.0 AppleWebKit/537.36 (KHTML, like Gecko; compatible; GPTBot/1.4; +https://openai.com/gptbot)"
74.7.242.45 - - [16/Jul/2026:18:27:07 -0600] "GET /?path=//home/dfwparty/bizcoach.biz/wp-includes/sodium_compat/lib HTTP/2" 200 3184 "https://www.ajpartyfun.com/?path=//home/dfwparty/bizcoach.biz/wp-includes/sodium_compat" "Mozilla/5.0 AppleWebKit/537.36 (KHTML, like Gecko; compatible; GPTBot/1.4; +https://openai.com/gptbot)"
74.7.227.145 - - [16/Jul/2026:18:27:07 -0600] "GET /2026/07/16/kasyno-bez-weryfikacji-kyc-ktore-przeszo-moje-testy-matematyczne/?path=//var/softaculous/moodle310 HTTP/2" 200 3595 "https://ajpartyfun.com/2026/07/16/kasyno-bez-weryfikacji-kyc-ktore-przeszo-moje-testy-matematyczne/?path=//var/softaculous" "Mozilla/5.0 AppleWebKit/537.36 (KHTML, like Gecko; compatible; GPTBot/1.4; +https://openai.com/gptbot)"
74.7.242.45 - - [16/Jul/2026:18:27:07 -0600] "GET /?path=//home/dfwparty/bizcoach.biz/wp-includes/sodium_compat/src HTTP/2" 200 3178 "https://www.ajpartyfun.com/?path=//home/dfwparty/bizcoach.biz/wp-includes/sodium_compat" "Mozilla/5.0 AppleWebKit/537.36 (KHTML, like Gecko; compatible; GPTBot/1.4; +https://openai.com/gptbot)"
74.7.242.45 - - [16/Jul/2026:18:27:08 -0600] "GET /?fileloc=/home/dfwparty/www/wp-admin/images/resize.gif&path=/home/dfwparty/www/wp-admin/images HTTP/2" 200 2597 "https://www.ajpartyfun.com/?path=/home/dfwparty/www/wp-admin/images" "Mozilla/5.0 AppleWebKit/537.36 (KHTML, like Gecko; compatible; GPTBot/1.4; +https://openai.com/gptbot)"
74.7.227.145 - - [16/Jul/2026:18:27:08 -0600] "GET /2026/07/16/kasyno-bez-weryfikacji-kyc-ktore-przeszo-moje-testy-matematyczne/?path=//var/softaculous/magento247 HTTP/2" 200 3580 "https://ajpartyfun.com/2026/07/16/kasyno-bez-weryfikacji-kyc-ktore-przeszo-moje-testy-matematyczne/?path=//var/softaculous" "Mozilla/5.0 AppleWebKit/537.36 (KHTML, like Gecko; compatible; GPTBot/1.4; +https://openai.com/gptbot)"
74.7.242.45 - - [16/Jul/2026:18:27:08 -0600] "GET /?fileloc=/home/dfwparty/santabootshop.com/wp-includes/post.php&path=/home/dfwparty/santabootshop.com/wp-includes HTTP/2" 200 69570 "https://www.ajpartyfun.com/?path=/home/dfwparty/santabootshop.com/wp-includes" "Mozilla/5.0 AppleWebKit/537.36 (KHTML, like Gecko; compatible; GPTBot/1.4; +https://openai.com/gptbot)"
74.7.242.45 - - [16/Jul/2026:18:27:09 -0600] "GET /?fileloc=//lib64/python3.12/curses/has_key.py&path=//lib64/python3.12/curses HTTP/2" 200 3958 "https://www.ajpartyfun.com/?path=//lib64/python3.12/curses" "Mozilla/5.0 AppleWebKit/537.36 (KHTML, like Gecko; compatible; GPTBot/1.4; +https://openai.com/gptbot)"
74.7.227.145 - - [16/Jul/2026:18:27:09 -0600] "GET /2026/07/16/kasyno-bez-weryfikacji-kyc-ktore-przeszo-moje-testy-matematyczne/?path=//var/softaculous/qdpm/images HTTP/2" 200 2876 "https://ajpartyfun.com/2026/07/16/kasyno-bez-weryfikacji-kyc-ktore-przeszo-moje-testy-matematyczne/?path=//var/softaculous/qdpm" "Mozilla/5.0 AppleWebKit/537.36 (KHTML, like Gecko; compatible; GPTBot/1.4; +https://openai.com/gptbot)"
74.7.242.45 - - [16/Jul/2026:18:27:10 -0600] "GET /?fileloc=//lib64/python3.6/email/errors.py&path=//lib64/python3.6/email HTTP/2" 200 3790 "https://www.ajpartyfun.com/?path=//lib64/python3.6/email" "Mozilla/5.0 AppleWebKit/537.36 (KHTML, like Gecko; compatible; GPTBot/1.4; +https://openai.com/gptbot)"
74.7.227.145 - - [16/Jul/2026:18:27:10 -0600] "GET /2026/07/16/kasyno-bez-weryfikacji-kyc-ktore-przeszo-moje-testy-matematyczne/?path=//var/softaculous/qdpm/php82 HTTP/2" 200 3038 "https://ajpartyfun.com/2026/07/16/kasyno-bez-weryfikacji-kyc-ktore-przeszo-moje-testy-matematyczne/?path=//var/softaculous/qdpm" "Mozilla/5.0 AppleWebKit/537.36 (KHTML, like Gecko; compatible; GPTBot/1.4; +https://openai.com/gptbot)"
216.73.216.7 - - [16/Jul/2026:18:27:00 -0600] "GET /2026/07/16/kasyno-bez-weryfikacji-kyc-ktore-przeszo-moje-testy-matematyczne/?path=%2Fhome%2Fdfwparty%2Fajpartyfun.com%2Fwp-includes%2Fjs HTTP/2" 200 6340 "-" "Mozilla/5.0 AppleWebKit/537.36 (KHTML, like Gecko; compatible; ClaudeBot/1.0; +claudebot@anthropic.com)"
216.73.216.7 - - [16/Jul/2026:18:27:00 -0600] "GET /2026/07/16/kasyno-bez-weryfikacji-kyc-ktore-przeszo-moje-testy-matematyczne/?fileloc=%2Fhome%2Fdfwparty%2Fajpartyfun.com%2Fwp-includes%2Fclass-wp-http.php&path=%2Fhome%2Fdfwparty%2Fajpartyfun.com%2Fwp-includes HTTP/2" 200 14586 "-" "Mozilla/5.0 AppleWebKit/537.36 (KHTML, like Gecko; compatible; ClaudeBot/1.0; +claudebot@anthropic.com)"
216.73.216.7 - - [16/Jul/2026:18:27:00 -0600] "GET /2026/07/16/kasyno-bez-weryfikacji-kyc-ktore-przeszo-moje-testy-matematyczne/?fileloc=%2Fhome%2Fdfwparty%2Fajpartyfun.com%2Fwp-includes%2Fdeprecated.php&path=%2Fhome%2Fdfwparty%2Fajpartyfun.com%2Fwp-includes HTTP/2" 200 48284 "-" "Mozilla/5.0 AppleWebKit/537.36 (KHTML, like Gecko; compatible; ClaudeBot/1.0; +claudebot@anthropic.com)"
216.73.216.7 - - [16/Jul/2026:18:27:00 -0600] "GET /2026/07/16/kasyno-bez-weryfikacji-kyc-ktore-przeszo-moje-testy-matematyczne/?fileloc=%2Fhome%2Fdfwparty%2Fajpartyfun.com%2Fwp-includes%2Fclass-pop3.php&path=%2Fhome%2Fdfwparty%2Fajpartyfun.com%2Fwp-includes HTTP/2" 200 7722 "-" "Mozilla/5.0 AppleWebKit/537.36 (KHTML, like Gecko; compatible; ClaudeBot/1.0; +claudebot@anthropic.com)"
216.73.216.7 - - [16/Jul/2026:18:26:56 -0600] "GET /2026/07/16/kasyno-bez-weryfikacji-kyc-ktore-przeszo-moje-testy-matematyczne/?fileloc=%2Fhome%2Fdfwparty%2Fajpartyfun.com%2Fwp-includes%2Fms-blogs.php&path=%2Fhome%2Fdfwparty%2Fajpartyfun.com%2Fwp-includes HTTP/2" 200 9487 "-" "Mozilla/5.0 AppleWebKit/537.36 (KHTML, like Gecko; compatible; ClaudeBot/1.0; +claudebot@anthropic.com)"
216.73.216.7 - - [16/Jul/2026:18:26:58 -0600] "GET /2026/07/16/kasyno-bez-weryfikacji-kyc-ktore-przeszo-moje-testy-matematyczne/?fileloc=%2Fhome%2Fdfwparty%2Fajpartyfun.com%2Fwp-includes%2Fnav-menu.php&path=%2Fhome%2Fdfwparty%2Fajpartyfun.com%2Fwp-includes HTTP/2" 200 13091 "-" "Mozilla/5.0 AppleWebKit/537.36 (KHTML, like Gecko; compatible; ClaudeBot/1.0; +claudebot@anthropic.com)"
216.73.216.7 - - [16/Jul/2026:18:26:56 -0600] "GET /2026/07/16/kasyno-bez-weryfikacji-kyc-ktore-przeszo-moje-testy-matematyczne/?fileloc=%2Fhome%2Fdfwparty%2Fajpartyfun.com%2Fwp-admin%2Fupdate-core.php&path=%2Fhome%2Fdfwparty%2Fajpartyfun.com%2Fwp-admin HTTP/2" 200 14188 "-" "Mozilla/5.0 AppleWebKit/537.36 (KHTML, like Gecko; compatible; ClaudeBot/1.0; +claudebot@anthropic.com)"
216.73.216.7 - - [16/Jul/2026:18:26:58 -0600] "GET /2026/07/16/kasyno-bez-weryfikacji-kyc-ktore-przeszo-moje-testy-matematyczne/?fileloc=%2Fhome%2Fdfwparty%2Fajpartyfun.com%2Fwp-admin%2Ftools.php&path=%2Fhome%2Fdfwparty%2Fajpartyfun.com%2Fwp-admin HTTP/2" 200 3945 "-" "Mozilla/5.0 AppleWebKit/537.36 (KHTML, like Gecko; compatible; ClaudeBot/1.0; +claudebot@anthropic.com)"
216.73.216.7 - - [16/Jul/2026:18:26:56 -0600] "GET /2026/07/16/kasyno-bez-weryfikacji-kyc-ktore-przeszo-moje-testy-matematyczne/?fileloc=%2Fhome%2Fdfwparty%2Fajpartyfun.com%2Fwp-includes%2Fclass-wp-http-cookie.php&path=%2Fhome%2Fdfwparty%2Fajpartyfun.com%2Fwp-includes HTTP/2" 200 5089 "-" "Mozilla/5.0 AppleWebKit/537.36 (KHTML, like Gecko; compatible; ClaudeBot/1.0; +claudebot@anthropic.com)"
216.73.216.7 - - [16/Jul/2026:18:27:12 -0600] "GET /2026/07/16/kasyno-bez-weryfikacji-kyc-ktore-przeszo-moje-testy-matematyczne/?fileloc=%2Fhome%2Fdfwparty%2Fajpartyfun.com%2Fwp-includes%2Ftheme-templates.php&path=%2Fhome%2Fdfwparty%2Fajpartyfun.com%2Fwp-includes HTTP/2" 200 4092 "-" "Mozilla/5.0 AppleWebKit/537.36 (KHTML, like Gecko; compatible; ClaudeBot/1.0; +claudebot@anthropic.com)"
74.7.242.45 - - [16/Jul/2026:18:27:10 -0600] "GET /?fileloc=//lib64/python3.6/email/parser.py&path=//lib64/python3.6/email HTTP/2" 200 3829 "https://www.ajpartyfun.com/?path=//lib64/python3.6/email" "Mozilla/5.0 AppleWebKit/537.36 (KHTML, like Gecko; compatible; GPTBot/1.4; +https://openai.com/gptbot)"
74.7.227.145 - - [16/Jul/2026:18:27:10 -0600] "GET /2026/07/16/kasyno-bez-weryfikacji-kyc-ktore-przeszo-moje-testy-matematyczne/?path=//var/softaculous/qdpm/php81 HTTP/2" 200 3001 "https://ajpartyfun.com/2026/07/16/kasyno-bez-weryfikacji-kyc-ktore-przeszo-moje-testy-matematyczne/?path=//var/softaculous/qdpm" "Mozilla/5.0 AppleWebKit/537.36 (KHTML, like Gecko; compatible; GPTBot/1.4; +https://openai.com/gptbot)"
74.7.242.45 - - [16/Jul/2026:18:27:11 -0600] "GET /?fileloc=//lib64/python3.6/email/generator.py&path=//lib64/python3.6/email HTTP/2" 200 9095 "https://www.ajpartyfun.com/?path=//lib64/python3.6/email" "Mozilla/5.0 AppleWebKit/537.36 (KHTML, like Gecko; compatible; GPTBot/1.4; +https://openai.com/gptbot)"
74.7.227.145 - - [16/Jul/2026:18:27:11 -0600] "GET /2026/07/16/kasyno-bez-weryfikacji-kyc-ktore-przeszo-moje-testy-matematyczne/?path=//var/softaculous/glpi/php82 HTTP/2" 200 3012 "https://ajpartyfun.com/2026/07/16/kasyno-bez-weryfikacji-kyc-ktore-przeszo-moje-testy-matematyczne/?path=//var/softaculous/glpi" "Mozilla/5.0 AppleWebKit/537.36 (KHTML, like Gecko; compatible; GPTBot/1.4; +https://openai.com/gptbot)"
74.7.242.45 - - [16/Jul/2026:18:27:11 -0600] "GET /?fileloc=//lib64/python2.7/bsddb/dbtables.pyc&path=//lib64/python2.7/bsddb HTTP/2" 200 11344 "https://www.ajpartyfun.com/?path=//lib64/python2.7/bsddb" "Mozilla/5.0 AppleWebKit/537.36 (KHTML, like Gecko; compatible; GPTBot/1.4; +https://openai.com/gptbot)"
74.7.227.145 - - [16/Jul/2026:18:27:12 -0600] "GET /2026/07/16/kasyno-bez-weryfikacji-kyc-ktore-przeszo-moje-testy-matematyczne/?path=//var/softaculous/glpi/php81 HTTP/2" 200 3012 "https://ajpartyfun.com/2026/07/16/kasyno-bez-weryfikacji-kyc-ktore-przeszo-moje-testy-matematyczne/?path=//var/softaculous/glpi" "Mozilla/5.0 AppleWebKit/537.36 (KHTML, like Gecko; compatible; GPTBot/1.4; +https://openai.com/gptbot)"
74.7.242.45 - - [16/Jul/2026:18:27:12 -0600] "GET /?fileloc=//home/dfwparty/mail/mattymcfun.com/matty/new/1772038718.M286550P244175.node612.namehero.net,S=12229,W=12410&path=//home/dfwparty/mail/mattymcfun.com/matty/new HTTP/2" 200 5461 "https://www.ajpartyfun.com/?path=//home/dfwparty/mail/mattymcfun.com/matty/new" "Mozilla/5.0 AppleWebKit/537.36 (KHTML, like Gecko; compatible; GPTBot/1.4; +https://openai.com/gptbot)"
74.7.227.145 - - [16/Jul/2026:18:27:12 -0600] "GET /2026/07/16/kasyno-bez-weryfikacji-kyc-ktore-przeszo-moje-testy-matematyczne/?path=//var/softaculous/qdpm/php53 HTTP/2" 200 3037 "https://ajpartyfun.com/2026/07/16/kasyno-bez-weryfikacji-kyc-ktore-przeszo-moje-testy-matematyczne/?path=//var/softaculous/qdpm" "Mozilla/5.0 AppleWebKit/537.36 (KHTML, like Gecko; compatible; GPTBot/1.4; +https://openai.com/gptbot)"
74.7.242.45 - - [16/Jul/2026:18:27:12 -0600] "GET /?fileloc=//home/dfwparty/mail/mattymcfun.com/matty/new/1752697296.M367199P3574711.node612.namehero.net,S=1441,W=1477&path=//home/dfwparty/mail/mattymcfun.com/matty/new HTTP/2" 200 3221 "https://www.ajpartyfun.com/?path=//home/dfwparty/mail/mattymcfun.com/matty/new" "Mozilla/5.0 AppleWebKit/537.36 (KHTML, like Gecko; compatible; GPTBot/1.4; +https://openai.com/gptbot)"
74.7.227.145 - - [16/Jul/2026:18:27:13 -0600] "GET /2026/07/16/kasyno-bez-weryfikacji-kyc-ktore-przeszo-moje-testy-matematyczne/?path=//var/softaculous/myadmin49/php81 HTTP/2" 200 2974 "https://ajpartyfun.com/2026/07/16/kasyno-bez-weryfikacji-kyc-ktore-przeszo-moje-testy-matematyczne/?path=//var/softaculous/myadmin49" "Mozilla/5.0 AppleWebKit/537.36 (KHTML, like Gecko; compatible; GPTBot/1.4; +https://openai.com/gptbot)"
216.73.216.7 - - [16/Jul/2026:18:27:12 -0600] "GET /2026/07/16/kasyno-bez-weryfikacji-kyc-ktore-przeszo-moje-testy-matematyczne/?path=%2Fhome%2Fdfwparty%2Fajpartyfun.com%2Fwp-admin%2Fjs HTTP/2" 200 6254 "-" "Mozilla/5.0 AppleWebKit/537.36 (KHTML, like Gecko; compatible; ClaudeBot/1.0; +claudebot@anthropic.com)"
216.73.216.7 - - [16/Jul/2026:18:27:12 -0600] "GET /2026/07/16/kasyno-bez-weryfikacji-kyc-ktore-przeszo-moje-testy-matematyczne/?fileloc=%2Fhome%2Fdfwparty%2Fajpartyfun.com%2Fwp-admin%2Flink-parse-opml.php&path=%2Fhome%2Fdfwparty%2Fajpartyfun.com%2Fwp-admin HTTP/2" 200 3562 "-" "Mozilla/5.0 AppleWebKit/537.36 (KHTML, like Gecko; compatible; ClaudeBot/1.0; +claudebot@anthropic.com)"
216.73.216.7 - - [16/Jul/2026:18:27:12 -0600] "GET /2026/07/16/kasyno-bez-weryfikacji-kyc-ktore-przeszo-moje-testy-matematyczne/?path=%2F%2Fvar HTTP/2" 200 3153 "-" "Mozilla/5.0 AppleWebKit/537.36 (KHTML, like Gecko; compatible; ClaudeBot/1.0; +claudebot@anthropic.com)"
216.73.216.7 - - [16/Jul/2026:18:27:12 -0600] "GET /2026/07/16/kasyno-bez-weryfikacji-kyc-ktore-przeszo-moje-testy-matematyczne/?fileloc=%2Fhome%2Fdfwparty%2Fajpartyfun.com%2Fwp-admin%2Fms-edit.php&path=%2Fhome%2Fdfwparty%2Fajpartyfun.com%2Fwp-admin HTTP/2" 200 2647 "-" "Mozilla/5.0 AppleWebKit/537.36 (KHTML, like Gecko; compatible; ClaudeBot/1.0; +claudebot@anthropic.com)"
216.73.216.7 - - [16/Jul/2026:18:27:12 -0600] "GET /2026/07/16/kasyno-bez-weryfikacji-kyc-ktore-przeszo-moje-testy-matematyczne/?fileloc=%2Fhome%2Fdfwparty%2Fajpartyfun.com%2Fwp-includes%2Fclass-wp-connector-registry.php&path=%2Fhome%2Fdfwparty%2Fajpartyfun.com%2Fwp-includes HTTP/2" 200 5906 "-" "Mozilla/5.0 AppleWebKit/537.36 (KHTML, like Gecko; compatible; ClaudeBot/1.0; +claudebot@anthropic.com)"
216.73.216.7 - - [16/Jul/2026:18:27:12 -0600] "GET /2026/07/16/kasyno-bez-weryfikacji-kyc-ktore-przeszo-moje-testy-matematyczne/?fileloc=%2Fhome%2Fdfwparty%2Fajpartyfun.com%2Fwp-admin%2Fmenu.php&path=%2Fhome%2Fdfwparty%2Fajpartyfun.com%2Fwp-admin HTTP/2" 200 7598 "-" "Mozilla/5.0 AppleWebKit/537.36 (KHTML, like Gecko; compatible; ClaudeBot/1.0; +claudebot@anthropic.com)"
216.73.216.7 - - [16/Jul/2026:18:27:12 -0600] "GET /2026/07/16/kasyno-bez-weryfikacji-kyc-ktore-przeszo-moje-testy-matematyczne/?path=%2Fhome%2Fdfwparty%2Fajpartyfun.com%2Fwp-includes%2FID3 HTTP/2" 200 3468 "-" "Mozilla/5.0 AppleWebKit/537.36 (KHTML, like Gecko; compatible; ClaudeBot/1.0; +claudebot@anthropic.com)"
216.73.216.7 - - [16/Jul/2026:18:27:12 -0600] "GET /2026/07/16/kasyno-bez-weryfikacji-kyc-ktore-przeszo-moje-testy-matematyczne/?fileloc=%2Fhome%2Fdfwparty%2Fajpartyfun.com%2Fwp-includes%2Frewrite.php&path=%2Fhome%2Fdfwparty%2Fajpartyfun.com%2Fwp-includes HTTP/2" 200 8724 "-" "Mozilla/5.0 AppleWebKit/537.36 (KHTML, like Gecko; compatible; ClaudeBot/1.0; +claudebot@anthropic.com)"
216.73.216.7 - - [16/Jul/2026:18:27:12 -0600] "GET /2026/07/16/kasyno-bez-weryfikacji-kyc-ktore-przeszo-moje-testy-matematyczne/?fileloc=%2Fhome%2Fdfwparty%2Fajpartyfun.com%2Fwp-includes%2Fview-transitions.php&path=%2Fhome%2Fdfwparty%2Fajpartyfun.com%2Fwp-includes HTTP/2" 200 2806 "-" "Mozilla/5.0 AppleWebKit/537.36 (KHTML, like Gecko; compatible; ClaudeBot/1.0; +claudebot@anthropic.com)"
216.73.216.7 - - [16/Jul/2026:18:27:12 -0600] "GET /2026/07/16/kasyno-bez-weryfikacji-kyc-ktore-przeszo-moje-testy-matematyczne/?fileloc=%2Fhome%2Fdfwparty%2Fajpartyfun.com%2Fwp-includes%2Fpost-thumbnail-template.php&path=%2Fhome%2Fdfwparty%2Fajpartyfun.com%2Fwp-includes HTTP/2" 200 4940 "-" "Mozilla/5.0 AppleWebKit/537.36 (KHTML, like Gecko; compatible; ClaudeBot/1.0; +claudebot@anthropic.com)"
216.73.216.7 - - [16/Jul/2026:18:27:12 -0600] "GET /2026/07/16/kasyno-bez-weryfikacji-kyc-ktore-przeszo-moje-testy-matematyczne/?fileloc=%2Fhome%2Fdfwparty%2Fajpartyfun.com%2Fwp-includes%2Fclass-avif-info.php&path=%2Fhome%2Fdfwparty%2Fajpartyfun.com%2Fwp-includes HTTP/2" 200 9073 "-" "Mozilla/5.0 AppleWebKit/537.36 (KHTML, like Gecko; compatible; ClaudeBot/1.0; +claudebot@anthropic.com)"
74.7.242.45 - - [16/Jul/2026:18:27:13 -0600] "GET /?fileloc=//home/dfwparty/bizcoach.biz/wp-includes/sodium_compat/lib/namespaced.php&path=//home/dfwparty/bizcoach.biz/wp-includes/sodium_compat/lib HTTP/2" 200 3125 "https://www.ajpartyfun.com/?path=//home/dfwparty/bizcoach.biz/wp-includes/sodium_compat/lib" "Mozilla/5.0 AppleWebKit/537.36 (KHTML, like Gecko; compatible; GPTBot/1.4; +https://openai.com/gptbot)"
74.7.242.45 - - [16/Jul/2026:18:27:13 -0600] "GET /?fileloc=//home/dfwparty/bizcoach.biz/wp-includes/sodium_compat/lib/sodium_compat.php&path=//home/dfwparty/bizcoach.biz/wp-includes/sodium_compat/lib HTTP/2" 200 5199 "https://www.ajpartyfun.com/?path=//home/dfwparty/bizcoach.biz/wp-includes/sodium_compat/lib" "Mozilla/5.0 AppleWebKit/537.36 (KHTML, like Gecko; compatible; GPTBot/1.4; +https://openai.com/gptbot)"
74.7.227.145 - - [16/Jul/2026:18:27:13 -0600] "GET /2026/07/16/kasyno-bez-weryfikacji-kyc-ktore-przeszo-moje-testy-matematyczne/?path=//var/softaculous/myadmin49/php82 HTTP/2" 200 2969 "https://ajpartyfun.com/2026/07/16/kasyno-bez-weryfikacji-kyc-ktore-przeszo-moje-testy-matematyczne/?path=//var/softaculous/myadmin49" "Mozilla/5.0 AppleWebKit/537.36 (KHTML, like Gecko; compatible; GPTBot/1.4; +https://openai.com/gptbot)"
74.7.227.145 - - [16/Jul/2026:18:27:14 -0600] "GET /2026/07/16/kasyno-bez-weryfikacji-kyc-ktore-przeszo-moje-testy-matematyczne/?path=//var/softaculous/myadmin49/php53 HTTP/2" 200 2976 "https://ajpartyfun.com/2026/07/16/kasyno-bez-weryfikacji-kyc-ktore-przeszo-moje-testy-matematyczne/?path=//var/softaculous/myadmin49" "Mozilla/5.0 AppleWebKit/537.36 (KHTML, like Gecko; compatible; GPTBot/1.4; +https://openai.com/gptbot)"
74.7.242.45 - - [16/Jul/2026:18:27:14 -0600] "GET /?fileloc=//home/dfwparty/bizcoach.biz/wp-includes/sodium_compat/lib/constants.php&path=//home/dfwparty/bizcoach.biz/wp-includes/sodium_compat/lib HTTP/2" 200 3060 "https://www.ajpartyfun.com/?path=//home/dfwparty/bizcoach.biz/wp-includes/sodium_compat/lib" "Mozilla/5.0 AppleWebKit/537.36 (KHTML, like Gecko; compatible; GPTBot/1.4; +https://openai.com/gptbot)"
74.7.242.45 - - [16/Jul/2026:18:27:14 -0600] "GET /?fileloc=//home/dfwparty/mail/mattymcfun.com/matty/new/1749154218.M883767P3579092.node612.namehero.net,S=1439,W=1475&path=//home/dfwparty/mail/mattymcfun.com/matty/new HTTP/2" 200 3226 "https://www.ajpartyfun.com/?path=//home/dfwparty/mail/mattymcfun.com/matty/new" "Mozilla/5.0 AppleWebKit/537.36 (KHTML, like Gecko; compatible; GPTBot/1.4; +https://openai.com/gptbot)"
74.7.227.145 - - [16/Jul/2026:18:27:14 -0600] "GET /2026/07/16/kasyno-bez-weryfikacji-kyc-ktore-przeszo-moje-testy-matematyczne/?path=//var/softaculous/myadmin49/php56 HTTP/2" 200 2976 "https://ajpartyfun.com/2026/07/16/kasyno-bez-weryfikacji-kyc-ktore-przeszo-moje-testy-matematyczne/?path=//var/softaculous/myadmin49" "Mozilla/5.0 AppleWebKit/537.36 (KHTML, like Gecko; compatible; GPTBot/1.4; +https://openai.com/gptbot)"
74.7.227.145 - - [16/Jul/2026:18:27:15 -0600] "GET /2026/07/16/kasyno-bez-weryfikacji-kyc-ktore-przeszo-moje-testy-matematyczne/?path=//var/softaculous/vxgb/php53 HTTP/2" 200 2974 "https://ajpartyfun.com/2026/07/16/kasyno-bez-weryfikacji-kyc-ktore-przeszo-moje-testy-matematyczne/?path=//var/softaculous/vxgb" "Mozilla/5.0 AppleWebKit/537.36 (KHTML, like Gecko; compatible; GPTBot/1.4; +https://openai.com/gptbot)"
74.7.242.45 - - [16/Jul/2026:18:27:15 -0600] "GET /?fileloc=//home/dfwparty/mail/mattymcfun.com/matty/new/1752435046.M481922P837830.node612.namehero.net,S=14701,W=14917&path=//home/dfwparty/mail/mattymcfun.com/matty/new HTTP/2" 200 8988 "https://www.ajpartyfun.com/?path=//home/dfwparty/mail/mattymcfun.com/matty/new" "Mozilla/5.0 AppleWebKit/537.36 (KHTML, like Gecko; compatible; GPTBot/1.4; +https://openai.com/gptbot)"
216.73.216.7 - - [16/Jul/2026:18:27:12 -0600] "GET /2026/07/16/kasyno-bez-weryfikacji-kyc-ktore-przeszo-moje-testy-matematyczne/?fileloc=%2Fhome%2Fdfwparty%2Fajpartyfun.com%2Fwp-admin%2Fupload.php&path=%2Fhome%2Fdfwparty%2Fajpartyfun.com%2Fwp-admin HTTP/2" 200 6927 "-" "Mozilla/5.0 AppleWebKit/537.36 (KHTML, like Gecko; compatible; ClaudeBot/1.0; +claudebot@anthropic.com)"
216.73.216.7 - - [16/Jul/2026:18:27:12 -0600] "GET /2026/07/16/kasyno-bez-weryfikacji-kyc-ktore-przeszo-moje-testy-matematyczne/?fileloc=%2Fhome%2Fdfwparty%2Fajpartyfun.com%2Fwp-includes%2Fclass-wp-recovery-mode.php&path=%2Fhome%2Fdfwparty%2Fajpartyfun.com%2Fwp-includes HTTP/2" 200 5822 "-" "Mozilla/5.0 AppleWebKit/537.36 (KHTML, like Gecko; compatible; ClaudeBot/1.0; +claudebot@anthropic.com)"
216.73.216.7 - - [16/Jul/2026:18:27:13 -0600] "GET /2026/07/16/kasyno-bez-weryfikacji-kyc-ktore-przeszo-moje-testy-matematyczne/?fileloc=%2Fhome%2Fdfwparty%2Fajpartyfun.com%2Fwp-admin%2Fupdate.php&path=%2Fhome%2Fdfwparty%2Fajpartyfun.com%2Fwp-admin HTTP/2" 200 5399 "-" "Mozilla/5.0 AppleWebKit/537.36 (KHTML, like Gecko; compatible; ClaudeBot/1.0; +claudebot@anthropic.com)"
216.73.216.7 - - [16/Jul/2026:18:27:13 -0600] "GET /2026/07/16/kasyno-bez-weryfikacji-kyc-ktore-przeszo-moje-testy-matematyczne/?path=%2Fhome%2Fdfwparty%2Fajpartyfun.com%2Fwp-includes%2Fcollaboration HTTP/2" 200 2996 "-" "Mozilla/5.0 AppleWebKit/537.36 (KHTML, like Gecko; compatible; ClaudeBot/1.0; +claudebot@anthropic.com)"
216.73.216.7 - - [16/Jul/2026:18:27:13 -0600] "GET /2026/07/16/kasyno-bez-weryfikacji-kyc-ktore-przeszo-moje-testy-matematyczne/?fileloc=%2Fhome%2Fdfwparty%2Fajpartyfun.com%2Fwp-includes%2Fclass-wp-taxonomy.php&path=%2Fhome%2Fdfwparty%2Fajpartyfun.com%2Fwp-includes HTTP/2" 200 7266 "-" "Mozilla/5.0 AppleWebKit/537.36 (KHTML, like Gecko; compatible; ClaudeBot/1.0; +claudebot@anthropic.com)"
216.73.216.7 - - [16/Jul/2026:18:27:13 -0600] "GET /2026/07/16/kasyno-bez-weryfikacji-kyc-ktore-przeszo-moje-testy-matematyczne/?path=%2Fhome%2Fdfwparty%2Fajpartyfun.com%2Fwp-includes%2Fsitemaps HTTP/2" 200 3132 "-" "Mozilla/5.0 AppleWebKit/537.36 (KHTML, like Gecko; compatible; ClaudeBot/1.0; +claudebot@anthropic.com)"
216.73.216.7 - - [16/Jul/2026:18:27:13 -0600] "GET /2026/07/16/kasyno-bez-weryfikacji-kyc-ktore-przeszo-moje-testy-matematyczne/?fileloc=%2Fhome%2Fdfwparty%2Fajpartyfun.com%2Fwp-includes%2Fcategory-template.php&path=%2Fhome%2Fdfwparty%2Fajpartyfun.com%2Fwp-includes HTTP/2" 200 16601 "-" "Mozilla/5.0 AppleWebKit/537.36 (KHTML, like Gecko; compatible; ClaudeBot/1.0; +claudebot@anthropic.com)"
216.73.216.7 - - [16/Jul/2026:18:27:13 -0600] "GET /2026/07/16/kasyno-bez-weryfikacji-kyc-ktore-przeszo-moje-testy-matematyczne/?fileloc=%2Fhome%2Fdfwparty%2Fajpartyfun.com%2Fwp-admin%2Fwidgets-form-blocks.php&path=%2Fhome%2Fdfwparty%2Fajpartyfun.com%2Fwp-admin HTTP/2" 200 4426 "-" "Mozilla/5.0 AppleWebKit/537.36 (KHTML, like Gecko; compatible; ClaudeBot/1.0; +claudebot@anthropic.com)"
216.73.216.7 - - [16/Jul/2026:18:27:14 -0600] "GET /2026/07/16/kasyno-bez-weryfikacji-kyc-ktore-przeszo-moje-testy-matematyczne/?fileloc=%2Fhome%2Fdfwparty%2Fajpartyfun.com%2Fwp-includes%2Ftemplate-canvas.php&path=%2Fhome%2Fdfwparty%2Fajpartyfun.com%2Fwp-includes HTTP/2" 200 2816 "-" "Mozilla/5.0 AppleWebKit/537.36 (KHTML, like Gecko; compatible; ClaudeBot/1.0; +claudebot@anthropic.com)"
216.73.216.7 - - [16/Jul/2026:18:27:14 -0600] "GET /2026/07/16/kasyno-bez-weryfikacji-kyc-ktore-przeszo-moje-testy-matematyczne/?fileloc=%2Fhome%2Fdfwparty%2Fajpartyfun.com%2Fwp-includes%2Fclass-wp-widget-factory.php&path=%2Fhome%2Fdfwparty%2Fajpartyfun.com%2Fwp-includes HTTP/2" 200 3520 "-" "Mozilla/5.0 AppleWebKit/537.36 (KHTML, like Gecko; compatible; ClaudeBot/1.0; +claudebot@anthropic.com)"
74.7.227.145 - - [16/Jul/2026:18:27:15 -0600] "GET /2026/07/16/kasyno-bez-weryfikacji-kyc-ktore-przeszo-moje-testy-matematyczne/?path=//var/softaculous/vxgb/php81 HTTP/2" 200 2967 "https://ajpartyfun.com/2026/07/16/kasyno-bez-weryfikacji-kyc-ktore-przeszo-moje-testy-matematyczne/?path=//var/softaculous/vxgb" "Mozilla/5.0 AppleWebKit/537.36 (KHTML, like Gecko; compatible; GPTBot/1.4; +https://openai.com/gptbot)"
74.7.242.45 - - [16/Jul/2026:18:27:15 -0600] "GET /?fileloc=//home/dfwparty/mail/mattymcfun.com/matty/new/1782841823.M903476P1397242.node612.namehero.net,S=1440,W=1477&path=//home/dfwparty/mail/mattymcfun.com/matty/new HTTP/2" 200 3220 "https://www.ajpartyfun.com/?path=//home/dfwparty/mail/mattymcfun.com/matty/new" "Mozilla/5.0 AppleWebKit/537.36 (KHTML, like Gecko; compatible; GPTBot/1.4; +https://openai.com/gptbot)"
74.7.227.145 - - [16/Jul/2026:18:27:16 -0600] "GET /2026/07/16/kasyno-bez-weryfikacji-kyc-ktore-przeszo-moje-testy-matematyczne/?path=//var/softaculous/myadmin49/images HTTP/2" 200 2881 "https://ajpartyfun.com/2026/07/16/kasyno-bez-weryfikacji-kyc-ktore-przeszo-moje-testy-matematyczne/?path=//var/softaculous/myadmin49" "Mozilla/5.0 AppleWebKit/537.36 (KHTML, like Gecko; compatible; GPTBot/1.4; +https://openai.com/gptbot)"
74.7.242.45 - - [16/Jul/2026:18:27:16 -0600] "GET /?fileloc=//home/dfwparty/mail/mattymcfun.com/matty/new/1752732803.M938725P3113852.node612.namehero.net,S=13133,W=13323&path=//home/dfwparty/mail/mattymcfun.com/matty/new HTTP/2" 200 5448 "https://www.ajpartyfun.com/?path=//home/dfwparty/mail/mattymcfun.com/matty/new" "Mozilla/5.0 AppleWebKit/537.36 (KHTML, like Gecko; compatible; GPTBot/1.4; +https://openai.com/gptbot)"
74.7.227.145 - - [16/Jul/2026:18:27:16 -0600] "GET /2026/07/16/kasyno-bez-weryfikacji-kyc-ktore-przeszo-moje-testy-matematyczne/?path=//var/softaculous/myadmin49/php71 HTTP/2" 200 2975 "https://ajpartyfun.com/2026/07/16/kasyno-bez-weryfikacji-kyc-ktore-przeszo-moje-testy-matematyczne/?path=//var/softaculous/myadmin49" "Mozilla/5.0 AppleWebKit/537.36 (KHTML, like Gecko; compatible; GPTBot/1.4; +https://openai.com/gptbot)"
74.7.242.45 - - [16/Jul/2026:18:27:16 -0600] "GET /?fileloc=//home/dfwparty/mail/mattymcfun.com/matty/new/1748062826.M723785P3527870.node612.namehero.net,S=12168,W=12349&path=//home/dfwparty/mail/mattymcfun.com/matty/new HTTP/2" 200 5428 "https://www.ajpartyfun.com/?path=//home/dfwparty/mail/mattymcfun.com/matty/new" "Mozilla/5.0 AppleWebKit/537.36 (KHTML, like Gecko; compatible; GPTBot/1.4; +https://openai.com/gptbot)"
74.7.242.45 - - [16/Jul/2026:18:27:17 -0600] "GET /?fileloc=//home/dfwparty/mail/mattymcfun.com/matty/new/1748742991.M941879P1495338.node612.namehero.net,S=27979,W=28374&path=//home/dfwparty/mail/mattymcfun.com/matty/new HTTP/2" 200 9374 "https://www.ajpartyfun.com/?path=//home/dfwparty/mail/mattymcfun.com/matty/new" "Mozilla/5.0 AppleWebKit/537.36 (KHTML, like Gecko; compatible; GPTBot/1.4; +https://openai.com/gptbot)"
74.7.227.145 - - [16/Jul/2026:18:27:17 -0600] "GET /2026/07/16/kasyno-bez-weryfikacji-kyc-ktore-przeszo-moje-testy-matematyczne/?path=//var/softaculous/modx/images HTTP/2" 200 2870 "https://ajpartyfun.com/2026/07/16/kasyno-bez-weryfikacji-kyc-ktore-przeszo-moje-testy-matematyczne/?path=//var/softaculous/modx" "Mozilla/5.0 AppleWebKit/537.36 (KHTML, like Gecko; compatible; GPTBot/1.4; +https://openai.com/gptbot)"
74.7.242.45 - - [16/Jul/2026:18:27:17 -0600] "GET /?fileloc=//home/dfwparty/mail/mattymcfun.com/matty/new/1754932442.M585106P3317504.node612.namehero.net,S=16861,W=17126&path=//home/dfwparty/mail/mattymcfun.com/matty/new HTTP/2" 200 9693 "https://www.ajpartyfun.com/?path=//home/dfwparty/mail/mattymcfun.com/matty/new" "Mozilla/5.0 AppleWebKit/537.36 (KHTML, like Gecko; compatible; GPTBot/1.4; +https://openai.com/gptbot)"
74.7.227.145 - - [16/Jul/2026:18:27:18 -0600] "GET /2026/07/16/kasyno-bez-weryfikacji-kyc-ktore-przeszo-moje-testy-matematyczne/?path=//var/softaculous/vxgb/images HTTP/2" 200 2878 "https://ajpartyfun.com/2026/07/16/kasyno-bez-weryfikacji-kyc-ktore-przeszo-moje-testy-matematyczne/?path=//var/softaculous/vxgb" "Mozilla/5.0 AppleWebKit/537.36 (KHTML, like Gecko; compatible; GPTBot/1.4; +https://openai.com/gptbot)"
74.7.242.45 - - [16/Jul/2026:18:27:18 -0600] "GET /?fileloc=//home/dfwparty/mail/mattymcfun.com/matty/new/1755721372.M530998P3408077.node612.namehero.net,S=1442,W=1478&path=//home/dfwparty/mail/mattymcfun.com/matty/new HTTP/2" 200 3220 "https://www.ajpartyfun.com/?path=//home/dfwparty/mail/mattymcfun.com/matty/new" "Mozilla/5.0 AppleWebKit/537.36 (KHTML, like Gecko; compatible; GPTBot/1.4; +https://openai.com/gptbot)"
74.7.227.145 - - [16/Jul/2026:18:27:18 -0600] "GET /2026/07/16/kasyno-bez-weryfikacji-kyc-ktore-przeszo-moje-testy-matematyczne/?path=//var/softaculous/vxgb/php82 HTTP/2" 200 2967 "https://ajpartyfun.com/2026/07/16/kasyno-bez-weryfikacji-kyc-ktore-przeszo-moje-testy-matematyczne/?path=//var/softaculous/vxgb" "Mozilla/5.0 AppleWebKit/537.36 (KHTML, like Gecko; compatible; GPTBot/1.4; +https://openai.com/gptbot)"
74.7.242.45 - - [16/Jul/2026:18:27:18 -0600] "GET /?fileloc=//home/dfwparty/mail/mattymcfun.com/matty/new/1782902320.M635560P1191672.node612.namehero.net,S=1439,W=1476&path=//home/dfwparty/mail/mattymcfun.com/matty/new HTTP/2" 200 3224 "https://www.ajpartyfun.com/?path=//home/dfwparty/mail/mattymcfun.com/matty/new" "Mozilla/5.0 AppleWebKit/537.36 (KHTML, like Gecko; compatible; GPTBot/1.4; +https://openai.com/gptbot)"
74.7.242.45 - - [16/Jul/2026:18:27:19 -0600] "GET /?fileloc=//home/dfwparty/mail/mattymcfun.com/matty/new/1758014917.M216806P3073361.node612.namehero.net,S=1442,W=1478&path=//home/dfwparty/mail/mattymcfun.com/matty/new HTTP/2" 200 3223 "https://www.ajpartyfun.com/?path=//home/dfwparty/mail/mattymcfun.com/matty/new" "Mozilla/5.0 AppleWebKit/537.36 (KHTML, like Gecko; compatible; GPTBot/1.4; +https://openai.com/gptbot)"
74.7.227.145 - - [16/Jul/2026:18:27:19 -0600] "GET /2026/07/16/kasyno-bez-weryfikacji-kyc-ktore-przeszo-moje-testy-matematyczne/?path=//var/softaculous/modx/php71 HTTP/2" 200 3045 "https://ajpartyfun.com/2026/07/16/kasyno-bez-weryfikacji-kyc-ktore-przeszo-moje-testy-matematyczne/?path=//var/softaculous/modx" "Mozilla/5.0 AppleWebKit/537.36 (KHTML, like Gecko; compatible; GPTBot/1.4; +https://openai.com/gptbot)"
74.7.242.45 - - [16/Jul/2026:18:27:19 -0600] "GET /?fileloc=//home/dfwparty/mail/mattymcfun.com/matty/new/1744794981.M940463P1802658.node612.namehero.net,S=1556,W=1593&path=//home/dfwparty/mail/mattymcfun.com/matty/new HTTP/2" 200 3258 "https://www.ajpartyfun.com/?path=//home/dfwparty/mail/mattymcfun.com/matty/new" "Mozilla/5.0 AppleWebKit/537.36 (KHTML, like Gecko; compatible; GPTBot/1.4; +https://openai.com/gptbot)"
74.7.227.145 - - [16/Jul/2026:18:27:20 -0600] "GET /2026/07/16/kasyno-bez-weryfikacji-kyc-ktore-przeszo-moje-testy-matematyczne/?path=//var/softaculous/modx/php56 HTTP/2" 200 3041 "https://ajpartyfun.com/2026/07/16/kasyno-bez-weryfikacji-kyc-ktore-przeszo-moje-testy-matematyczne/?path=//var/softaculous/modx" "Mozilla/5.0 AppleWebKit/537.36 (KHTML, like Gecko; compatible; GPTBot/1.4; +https://openai.com/gptbot)"
74.7.242.45 - - [16/Jul/2026:18:27:20 -0600] "GET /?fileloc=//home/dfwparty/mail/mattymcfun.com/matty/new/1759262985.M658847P1743580.node612.namehero.net,S=1561,W=1598&path=//home/dfwparty/mail/mattymcfun.com/matty/new HTTP/2" 200 3262 "https://www.ajpartyfun.com/?path=//home/dfwparty/mail/mattymcfun.com/matty/new" "Mozilla/5.0 AppleWebKit/537.36 (KHTML, like Gecko; compatible; GPTBot/1.4; +https://openai.com/gptbot)"
74.7.227.145 - - [16/Jul/2026:18:27:20 -0600] "GET /2026/07/16/kasyno-bez-weryfikacji-kyc-ktore-przeszo-moje-testy-matematyczne/?path=//var/softaculous/vxgb/php71 HTTP/2" 200 2970 "https://ajpartyfun.com/2026/07/16/kasyno-bez-weryfikacji-kyc-ktore-przeszo-moje-testy-matematyczne/?path=//var/softaculous/vxgb" "Mozilla/5.0 AppleWebKit/537.36 (KHTML, like Gecko; compatible; GPTBot/1.4; +https://openai.com/gptbot)"
74.7.242.45 - - [16/Jul/2026:18:27:21 -0600] "GET /?fileloc=//home/dfwparty/mail/mattymcfun.com/matty/new/1781819009.M531789P3208947.node612.namehero.net,S=14457,W=14671&path=//home/dfwparty/mail/mattymcfun.com/matty/new HTTP/2" 200 9089 "https://www.ajpartyfun.com/?path=//home/dfwparty/mail/mattymcfun.com/matty/new" "Mozilla/5.0 AppleWebKit/537.36 (KHTML, like Gecko; compatible; GPTBot/1.4; +https://openai.com/gptbot)"
74.7.227.145 - - [16/Jul/2026:18:27:21 -0600] "GET /2026/07/16/kasyno-bez-weryfikacji-kyc-ktore-przeszo-moje-testy-matematyczne/?path=//var/softaculous/modx/php53 HTTP/2" 200 3041 "https://ajpartyfun.com/2026/07/16/kasyno-bez-weryfikacji-kyc-ktore-przeszo-moje-testy-matematyczne/?path=//var/softaculous/modx" "Mozilla/5.0 AppleWebKit/537.36 (KHTML, like Gecko; compatible; GPTBot/1.4; +https://openai.com/gptbot)"
74.7.242.45 - - [16/Jul/2026:18:27:21 -0600] "GET /?fileloc=//home/dfwparty/mail/mattymcfun.com/matty/new/1752610540.M791468P2565328.node612.namehero.net,S=1561,W=1598&path=//home/dfwparty/mail/mattymcfun.com/matty/new HTTP/2" 200 3258 "https://www.ajpartyfun.com/?path=//home/dfwparty/mail/mattymcfun.com/matty/new" "Mozilla/5.0 AppleWebKit/537.36 (KHTML, like Gecko; compatible; GPTBot/1.4; +https://openai.com/gptbot)"
74.7.227.145 - - [16/Jul/2026:18:27:21 -0600] "GET /2026/07/16/kasyno-bez-weryfikacji-kyc-ktore-przeszo-moje-testy-matematyczne/?path=//var/softaculous/glpi/php53 HTTP/2" 200 3012 "https://ajpartyfun.com/2026/07/16/kasyno-bez-weryfikacji-kyc-ktore-przeszo-moje-testy-matematyczne/?path=//var/softaculous/glpi" "Mozilla/5.0 AppleWebKit/537.36 (KHTML, like Gecko; compatible; GPTBot/1.4; +https://openai.com/gptbot)"
74.7.242.45 - - [16/Jul/2026:18:27:22 -0600] "GET /?fileloc=//home/dfwparty/mail/mattymcfun.com/matty/new/1748469448.M520382P1252546.node612.namehero.net,S=6255,W=6369&path=//home/dfwparty/mail/mattymcfun.com/matty/new HTTP/2" 200 5387 "https://www.ajpartyfun.com/?path=//home/dfwparty/mail/mattymcfun.com/matty/new" "Mozilla/5.0 AppleWebKit/537.36 (KHTML, like Gecko; compatible; GPTBot/1.4; +https://openai.com/gptbot)"
74.7.227.145 - - [16/Jul/2026:18:27:22 -0600] "GET /2026/07/16/kasyno-bez-weryfikacji-kyc-ktore-przeszo-moje-testy-matematyczne/?path=//var/softaculous/vxgb/php56 HTTP/2" 200 2970 "https://ajpartyfun.com/2026/07/16/kasyno-bez-weryfikacji-kyc-ktore-przeszo-moje-testy-matematyczne/?path=//var/softaculous/vxgb" "Mozilla/5.0 AppleWebKit/537.36 (KHTML, like Gecko; compatible; GPTBot/1.4; +https://openai.com/gptbot)"
74.7.242.45 - - [16/Jul/2026:18:27:22 -0600] "GET /?fileloc=//home/dfwparty/mail/mattymcfun.com/matty/new/1780538305.M322425P522838.node612.namehero.net,S=10761,W=10928&path=//home/dfwparty/mail/mattymcfun.com/matty/new HTTP/2" 200 7562 "https://www.ajpartyfun.com/?path=//home/dfwparty/mail/mattymcfun.com/matty/new" "Mozilla/5.0 AppleWebKit/537.36 (KHTML, like Gecko; compatible; GPTBot/1.4; +https://openai.com/gptbot)"
74.7.227.145 - - [16/Jul/2026:18:27:22 -0600] "GET /2026/07/16/kasyno-bez-weryfikacji-kyc-ktore-przeszo-moje-testy-matematyczne/?path=//var/softaculous/modx/php81 HTTP/2" 200 3046 "https://ajpartyfun.com/2026/07/16/kasyno-bez-weryfikacji-kyc-ktore-przeszo-moje-testy-matematyczne/?path=//var/softaculous/modx" "Mozilla/5.0 AppleWebKit/537.36 (KHTML, like Gecko; compatible; GPTBot/1.4; +https://openai.com/gptbot)"
74.7.242.45 - - [16/Jul/2026:18:27:23 -0600] "GET /?fileloc=//home/dfwparty/mail/mattymcfun.com/matty/new/1754384527.M605658P15905.node612.namehero.net,S=47141,W=47906&path=//home/dfwparty/mail/mattymcfun.com/matty/new HTTP/2" 200 27177 "https://www.ajpartyfun.com/?path=//home/dfwparty/mail/mattymcfun.com/matty/new" "Mozilla/5.0 AppleWebKit/537.36 (KHTML, like Gecko; compatible; GPTBot/1.4; +https://openai.com/gptbot)"
74.7.227.145 - - [16/Jul/2026:18:27:23 -0600] "GET /2026/07/16/kasyno-bez-weryfikacji-kyc-ktore-przeszo-moje-testy-matematyczne/?path=//var/softaculous/glpi/php56 HTTP/2" 200 3013 "https://ajpartyfun.com/2026/07/16/kasyno-bez-weryfikacji-kyc-ktore-przeszo-moje-testy-matematyczne/?path=//var/softaculous/glpi" "Mozilla/5.0 AppleWebKit/537.36 (KHTML, like Gecko; compatible; GPTBot/1.4; +https://openai.com/gptbot)"
74.7.242.45 - - [16/Jul/2026:18:27:23 -0600] "GET /?fileloc=//home/dfwparty/mail/mattymcfun.com/matty/new/1783421097.M316675P3917798.node612.namehero.net,S=1447,W=1484&path=//home/dfwparty/mail/mattymcfun.com/matty/new HTTP/2" 200 3234 "https://www.ajpartyfun.com/?path=//home/dfwparty/mail/mattymcfun.com/matty/new" "Mozilla/5.0 AppleWebKit/537.36 (KHTML, like Gecko; compatible; GPTBot/1.4; +https://openai.com/gptbot)"
74.7.227.145 - - [16/Jul/2026:18:27:23 -0600] "GET /2026/07/16/kasyno-bez-weryfikacji-kyc-ktore-przeszo-moje-testy-matematyczne/?path=//var/softaculous/modx/php82 HTTP/2" 200 3040 "https://ajpartyfun.com/2026/07/16/kasyno-bez-weryfikacji-kyc-ktore-przeszo-moje-testy-matematyczne/?path=//var/softaculous/modx" "Mozilla/5.0 AppleWebKit/537.36 (KHTML, like Gecko; compatible; GPTBot/1.4; +https://openai.com/gptbot)"
74.7.242.45 - - [16/Jul/2026:18:27:24 -0600] "GET /?fileloc=//home/dfwparty/mail/mattymcfun.com/matty/new/1783638977.M811387P1562815.node612.namehero.net,S=1578,W=1616&path=//home/dfwparty/mail/mattymcfun.com/matty/new HTTP/2" 200 3276 "https://www.ajpartyfun.com/?path=//home/dfwparty/mail/mattymcfun.com/matty/new" "Mozilla/5.0 AppleWebKit/537.36 (KHTML, like Gecko; compatible; GPTBot/1.4; +https://openai.com/gptbot)"
74.7.227.145 - - [16/Jul/2026:18:27:24 -0600] "GET /2026/07/16/kasyno-bez-weryfikacji-kyc-ktore-przeszo-moje-testy-matematyczne/?path=//var/softaculous/qdpm/php71 HTTP/2" 200 3033 "https://ajpartyfun.com/2026/07/16/kasyno-bez-weryfikacji-kyc-ktore-przeszo-moje-testy-matematyczne/?path=//var/softaculous/qdpm" "Mozilla/5.0 AppleWebKit/537.36 (KHTML, like Gecko; compatible; GPTBot/1.4; +https://openai.com/gptbot)"
74.7.242.45 - - [16/Jul/2026:18:27:24 -0600] "GET /?fileloc=//home/dfwparty/mail/mattymcfun.com/matty/new/1746606640.M961934P2330371.node612.namehero.net,S=1439,W=1475&path=//home/dfwparty/mail/mattymcfun.com/matty/new HTTP/2" 200 3223 "https://www.ajpartyfun.com/?path=//home/dfwparty/mail/mattymcfun.com/matty/new" "Mozilla/5.0 AppleWebKit/537.36 (KHTML, like Gecko; compatible; GPTBot/1.4; +https://openai.com/gptbot)"
74.7.227.145 - - [16/Jul/2026:18:27:24 -0600] "GET /2026/07/16/kasyno-bez-weryfikacji-kyc-ktore-przeszo-moje-testy-matematyczne/?path=//var/softaculous/joomla310/php53 HTTP/2" 200 3080 "https://ajpartyfun.com/2026/07/16/kasyno-bez-weryfikacji-kyc-ktore-przeszo-moje-testy-matematyczne/?path=//var/softaculous/joomla310" "Mozilla/5.0 AppleWebKit/537.36 (KHTML, like Gecko; compatible; GPTBot/1.4; +https://openai.com/gptbot)"
74.7.242.45 - - [16/Jul/2026:18:27:25 -0600] "GET /?fileloc=//home/dfwparty/mail/mattymcfun.com/matty/new/1759868460.M611730P3241793.node612.namehero.net,S=1440,W=1476&path=//home/dfwparty/mail/mattymcfun.com/matty/new HTTP/2" 200 3220 "https://www.ajpartyfun.com/?path=//home/dfwparty/mail/mattymcfun.com/matty/new" "Mozilla/5.0 AppleWebKit/537.36 (KHTML, like Gecko; compatible; GPTBot/1.4; +https://openai.com/gptbot)"
74.7.227.145 - - [16/Jul/2026:18:27:25 -0600] "GET /2026/07/16/kasyno-bez-weryfikacji-kyc-ktore-przeszo-moje-testy-matematyczne/?path=//var/softaculous/joomla310/php82 HTTP/2" 200 3079 "https://ajpartyfun.com/2026/07/16/kasyno-bez-weryfikacji-kyc-ktore-przeszo-moje-testy-matematyczne/?path=//var/softaculous/joomla310" "Mozilla/5.0 AppleWebKit/537.36 (KHTML, like Gecko; compatible; GPTBot/1.4; +https://openai.com/gptbot)"
74.7.242.45 - - [16/Jul/2026:18:27:25 -0600] "GET /?fileloc=//home/dfwparty/mail/mattymcfun.com/matty/new/1780538387.M141271P530350.node612.namehero.net,S=13590,W=13792&path=//home/dfwparty/mail/mattymcfun.com/matty/new HTTP/2" 200 8703 "https://www.ajpartyfun.com/?path=//home/dfwparty/mail/mattymcfun.com/matty/new" "Mozilla/5.0 AppleWebKit/537.36 (KHTML, like Gecko; compatible; GPTBot/1.4; +https://openai.com/gptbot)"
74.7.227.145 - - [16/Jul/2026:18:27:26 -0600] "GET /2026/07/16/kasyno-bez-weryfikacji-kyc-ktore-przeszo-moje-testy-matematyczne/?path=//var/softaculous/joomla310/php81 HTTP/2" 200 3073 "https://ajpartyfun.com/2026/07/16/kasyno-bez-weryfikacji-kyc-ktore-przeszo-moje-testy-matematyczne/?path=//var/softaculous/joomla310" "Mozilla/5.0 AppleWebKit/537.36 (KHTML, like Gecko; compatible; GPTBot/1.4; +https://openai.com/gptbot)"
74.7.242.45 - - [16/Jul/2026:18:27:26 -0600] "GET /?fileloc=//home/dfwparty/mail/mattymcfun.com/matty/new/1782841100.M910612P1295761.node612.namehero.net,S=14319,W=14531&path=//home/dfwparty/mail/mattymcfun.com/matty/new HTTP/2" 200 8977 "https://www.ajpartyfun.com/?path=//home/dfwparty/mail/mattymcfun.com/matty/new" "Mozilla/5.0 AppleWebKit/537.36 (KHTML, like Gecko; compatible; GPTBot/1.4; +https://openai.com/gptbot)"
74.7.227.145 - - [16/Jul/2026:18:27:26 -0600] "GET /2026/07/16/kasyno-bez-weryfikacji-kyc-ktore-przeszo-moje-testy-matematyczne/?path=//var/softaculous/joomla310/php56 HTTP/2" 200 3072 "https://ajpartyfun.com/2026/07/16/kasyno-bez-weryfikacji-kyc-ktore-przeszo-moje-testy-matematyczne/?path=//var/softaculous/joomla310" "Mozilla/5.0 AppleWebKit/537.36 (KHTML, like Gecko; compatible; GPTBot/1.4; +https://openai.com/gptbot)"
74.7.242.45 - - [16/Jul/2026:18:27:26 -0600] "GET /?fileloc=//home/dfwparty/mail/mattymcfun.com/matty/new/1750147867.M137311P2103379.node612.namehero.net,S=1440,W=1476&path=//home/dfwparty/mail/mattymcfun.com/matty/new HTTP/2" 200 3222 "https://www.ajpartyfun.com/?path=//home/dfwparty/mail/mattymcfun.com/matty/new" "Mozilla/5.0 AppleWebKit/537.36 (KHTML, like Gecko; compatible; GPTBot/1.4; +https://openai.com/gptbot)"
74.7.227.145 - - [16/Jul/2026:18:27:26 -0600] "GET /2026/07/16/kasyno-bez-weryfikacji-kyc-ktore-przeszo-moje-testy-matematyczne/?path=//var/softaculous/joomla310/php71 HTTP/2" 200 3078 "https://ajpartyfun.com/2026/07/16/kasyno-bez-weryfikacji-kyc-ktore-przeszo-moje-testy-matematyczne/?path=//var/softaculous/joomla310" "Mozilla/5.0 AppleWebKit/537.36 (KHTML, like Gecko; compatible; GPTBot/1.4; +https://openai.com/gptbot)"
74.7.242.45 - - [16/Jul/2026:18:27:27 -0600] "GET /?fileloc=//home/dfwparty/mail/mattymcfun.com/matty/new/1747855466.M778973P1834548.node612.namehero.net,S=14920,W=15138&path=//home/dfwparty/mail/mattymcfun.com/matty/new HTTP/2" 200 9159 "https://www.ajpartyfun.com/?path=//home/dfwparty/mail/mattymcfun.com/matty/new" "Mozilla/5.0 AppleWebKit/537.36 (KHTML, like Gecko; compatible; GPTBot/1.4; +https://openai.com/gptbot)"
74.7.227.145 - - [16/Jul/2026:18:27:27 -0600] "GET /2026/07/16/kasyno-bez-weryfikacji-kyc-ktore-przeszo-moje-testy-matematyczne/?path=//var/softaculous/qdpm/php56 HTTP/2" 200 3038 "https://ajpartyfun.com/2026/07/16/kasyno-bez-weryfikacji-kyc-ktore-przeszo-moje-testy-matematyczne/?path=//var/softaculous/qdpm" "Mozilla/5.0 AppleWebKit/537.36 (KHTML, like Gecko; compatible; GPTBot/1.4; +https://openai.com/gptbot)"
216.73.216.7 - - [16/Jul/2026:18:27:14 -0600] "GET /2026/07/16/kasyno-bez-weryfikacji-kyc-ktore-przeszo-moje-testy-matematyczne/?fileloc=%2Fhome%2Fdfwparty%2Fajpartyfun.com%2Fwp-admin%2Fcomment.php&path=%2Fhome%2Fdfwparty%2Fajpartyfun.com%2Fwp-admin HTTP/2" 200 6074 "-" "Mozilla/5.0 AppleWebKit/537.36 (KHTML, like Gecko; compatible; ClaudeBot/1.0; +claudebot@anthropic.com)"
216.73.216.7 - - [16/Jul/2026:18:27:14 -0600] "GET /2026/07/16/kasyno-bez-weryfikacji-kyc-ktore-przeszo-moje-testy-matematyczne/?path=%2Fhome%2Fdfwparty%2Fajpartyfun.com%2Fwp-includes%2Fai-client HTTP/2" 200 2993 "-" "Mozilla/5.0 AppleWebKit/537.36 (KHTML, like Gecko; compatible; ClaudeBot/1.0; +claudebot@anthropic.com)"
216.73.216.7 - - [16/Jul/2026:18:27:14 -0600] "GET /2026/07/16/kasyno-bez-weryfikacji-kyc-ktore-przeszo-moje-testy-matematyczne/?fileloc=%2Fhome%2Fdfwparty%2Fajpartyfun.com%2Fwp-includes%2Fpost-template.php&path=%2Fhome%2Fdfwparty%2Fajpartyfun.com%2Fwp-includes HTTP/2" 200 20226 "-" "Mozilla/5.0 AppleWebKit/537.36 (KHTML, like Gecko; compatible; ClaudeBot/1.0; +claudebot@anthropic.com)"
216.73.216.7 - - [16/Jul/2026:18:27:15 -0600] "GET /2026/07/16/kasyno-bez-weryfikacji-kyc-ktore-przeszo-moje-testy-matematyczne/?fileloc=%2Fhome%2Fdfwparty%2Fajpartyfun.com%2Fwp-includes%2Fblock-bindings.php&path=%2Fhome%2Fdfwparty%2Fajpartyfun.com%2Fwp-includes HTTP/2" 200 4687 "-" "Mozilla/5.0 AppleWebKit/537.36 (KHTML, like Gecko; compatible; ClaudeBot/1.0; +claudebot@anthropic.com)"
216.73.216.7 - - [16/Jul/2026:18:27:15 -0600] "GET /2026/07/16/kasyno-bez-weryfikacji-kyc-ktore-przeszo-moje-testy-matematyczne/?fileloc=%2Fhome%2Fdfwparty%2Fajpartyfun.com%2Fwp-includes%2Fdate.php&path=%2Fhome%2Fdfwparty%2Fajpartyfun.com%2Fwp-includes HTTP/2" 200 2735 "-" "Mozilla/5.0 AppleWebKit/537.36 (KHTML, like Gecko; compatible; ClaudeBot/1.0; +claudebot@anthropic.com)"
216.73.216.7 - - [16/Jul/2026:18:27:15 -0600] "GET /2026/07/16/kasyno-bez-weryfikacji-kyc-ktore-przeszo-moje-testy-matematyczne/?fileloc=%2Fhome%2Fdfwparty%2Fajpartyfun.com%2Fwp-includes%2Fmeta.php&path=%2Fhome%2Fdfwparty%2Fajpartyfun.com%2Fwp-includes HTTP/2" 200 14432 "-" "Mozilla/5.0 AppleWebKit/537.36 (KHTML, like Gecko; compatible; ClaudeBot/1.0; +claudebot@anthropic.com)"
216.73.216.7 - - [16/Jul/2026:18:27:15 -0600] "GET /2026/07/16/kasyno-bez-weryfikacji-kyc-ktore-przeszo-moje-testy-matematyczne/?fileloc=%2Fhome%2Fdfwparty%2Fajpartyfun.com%2Fwp-includes%2Fai-client.php&path=%2Fhome%2Fdfwparty%2Fajpartyfun.com%2Fwp-includes HTTP/2" 200 3372 "-" "Mozilla/5.0 AppleWebKit/537.36 (KHTML, like Gecko; compatible; ClaudeBot/1.0; +claudebot@anthropic.com)"
216.73.216.7 - - [16/Jul/2026:18:27:28 -0600] "GET /2026/07/16/kasyno-bez-weryfikacji-kyc-ktore-przeszo-moje-testy-matematyczne/?fileloc=%2Fhome%2Fdfwparty%2Fajpartyfun.com%2Fwp-includes%2Fkses.php&path=%2Fhome%2Fdfwparty%2Fajpartyfun.com%2Fwp-includes HTTP/2" 200 25323 "-" "Mozilla/5.0 AppleWebKit/537.36 (KHTML, like Gecko; compatible; ClaudeBot/1.0; +claudebot@anthropic.com)"
216.73.216.7 - - [16/Jul/2026:18:27:28 -0600] "GET /2026/07/16/kasyno-bez-weryfikacji-kyc-ktore-przeszo-moje-testy-matematyczne/?fileloc=%2Fhome%2Fdfwparty%2Fajpartyfun.com%2Fwp-admin%2Fload-styles.php&path=%2Fhome%2Fdfwparty%2Fajpartyfun.com%2Fwp-admin HTTP/2" 200 3827 "-" "Mozilla/5.0 AppleWebKit/537.36 (KHTML, like Gecko; compatible; ClaudeBot/1.0; +claudebot@anthropic.com)"
216.73.216.7 - - [16/Jul/2026:18:27:28 -0600] "GET /2026/07/16/kasyno-bez-weryfikacji-kyc-ktore-przeszo-moje-testy-matematyczne/?fileloc=%2Fhome%2Fdfwparty%2Fajpartyfun.com%2Fwp-includes%2Flocale.php&path=%2Fhome%2Fdfwparty%2Fajpartyfun.com%2Fwp-includes HTTP/2" 200 2622 "-" "Mozilla/5.0 AppleWebKit/537.36 (KHTML, like Gecko; compatible; ClaudeBot/1.0; +claudebot@anthropic.com)"
74.7.242.45 - - [16/Jul/2026:18:27:27 -0600] "GET /?fileloc=//home/dfwparty/mail/mattymcfun.com/matty/new/1757095619.M379759P4079663.node612.namehero.net,S=14778,W=14995&path=//home/dfwparty/mail/mattymcfun.com/matty/new HTTP/2" 200 9028 "https://www.ajpartyfun.com/?path=//home/dfwparty/mail/mattymcfun.com/matty/new" "Mozilla/5.0 AppleWebKit/537.36 (KHTML, like Gecko; compatible; GPTBot/1.4; +https://openai.com/gptbot)"
74.7.227.145 - - [16/Jul/2026:18:27:28 -0600] "GET /2026/07/16/kasyno-bez-weryfikacji-kyc-ktore-przeszo-moje-testy-matematyczne/?path=//var/softaculous/moodle310/php82 HTTP/2" 200 3043 "https://ajpartyfun.com/2026/07/16/kasyno-bez-weryfikacji-kyc-ktore-przeszo-moje-testy-matematyczne/?path=//var/softaculous/moodle310" "Mozilla/5.0 AppleWebKit/537.36 (KHTML, like Gecko; compatible; GPTBot/1.4; +https://openai.com/gptbot)"
74.7.242.45 - - [16/Jul/2026:18:27:28 -0600] "GET /?fileloc=//home/dfwparty/mail/mattymcfun.com/matty/new/1784147230.M285548P2628351.node612.namehero.net,S=1399,W=1437&path=//home/dfwparty/mail/mattymcfun.com/matty/new HTTP/2" 200 3213 "https://www.ajpartyfun.com/?path=//home/dfwparty/mail/mattymcfun.com/matty/new" "Mozilla/5.0 AppleWebKit/537.36 (KHTML, like Gecko; compatible; GPTBot/1.4; +https://openai.com/gptbot)"
74.7.227.145 - - [16/Jul/2026:18:27:28 -0600] "GET /2026/07/16/kasyno-bez-weryfikacji-kyc-ktore-przeszo-moje-testy-matematyczne/?path=//var/softaculous/moodle310/php53 HTTP/2" 200 3043 "https://ajpartyfun.com/2026/07/16/kasyno-bez-weryfikacji-kyc-ktore-przeszo-moje-testy-matematyczne/?path=//var/softaculous/moodle310" "Mozilla/5.0 AppleWebKit/537.36 (KHTML, like Gecko; compatible; GPTBot/1.4; +https://openai.com/gptbot)"
74.7.242.45 - - [16/Jul/2026:18:27:28 -0600] "GET /?fileloc=//home/dfwparty/mail/mattymcfun.com/matty/new/1780538316.M641373P523247.node612.namehero.net,S=10816,W=10984&path=//home/dfwparty/mail/mattymcfun.com/matty/new HTTP/2" 200 7580 "https://www.ajpartyfun.com/?path=//home/dfwparty/mail/mattymcfun.com/matty/new" "Mozilla/5.0 AppleWebKit/537.36 (KHTML, like Gecko; compatible; GPTBot/1.4; +https://openai.com/gptbot)"
74.7.227.145 - - [16/Jul/2026:18:27:29 -0600] "GET /2026/07/16/kasyno-bez-weryfikacji-kyc-ktore-przeszo-moje-testy-matematyczne/?path=//var/softaculous/magento247/php71 HTTP/2" 200 3005 "https://ajpartyfun.com/2026/07/16/kasyno-bez-weryfikacji-kyc-ktore-przeszo-moje-testy-matematyczne/?path=//var/softaculous/magento247" "Mozilla/5.0 AppleWebKit/537.36 (KHTML, like Gecko; compatible; GPTBot/1.4; +https://openai.com/gptbot)"
74.7.242.45 - - [16/Jul/2026:18:27:29 -0600] "GET /?fileloc=//home/dfwparty/mail/mattymcfun.com/matty/new/1744099886.M944275P1785054.node612.namehero.net,S=1434,W=1470&path=//home/dfwparty/mail/mattymcfun.com/matty/new HTTP/2" 200 3216 "https://www.ajpartyfun.com/?path=//home/dfwparty/mail/mattymcfun.com/matty/new" "Mozilla/5.0 AppleWebKit/537.36 (KHTML, like Gecko; compatible; GPTBot/1.4; +https://openai.com/gptbot)"
74.7.227.145 - - [16/Jul/2026:18:27:29 -0600] "GET /2026/07/16/kasyno-bez-weryfikacji-kyc-ktore-przeszo-moje-testy-matematyczne/?path=//var/softaculous/moodle311/php82 HTTP/2" 200 3045 "https://ajpartyfun.com/2026/07/16/kasyno-bez-weryfikacji-kyc-ktore-przeszo-moje-testy-matematyczne/?path=//var/softaculous/moodle311" "Mozilla/5.0 AppleWebKit/537.36 (KHTML, like Gecko; compatible; GPTBot/1.4; +https://openai.com/gptbot)"
