74.7.242.45 - - [16/Jul/2026:18:30:52 -0600] "GET /?fileloc=/home/dfwparty/santabootshop.com/wp-content/plugins/woocommerce-paypal-payments/modules/ppcp-saved-payment-checker/services.php&path=/home/dfwparty/santabootshop.com/wp-content/plugins/woocommerce-paypal-payments/modules/ppcp-saved-payment-checker HTTP/2" 200 2875 "https://www.ajpartyfun.com/?path=/home/dfwparty/santabootshop.com/wp-content/plugins/woocommerce-paypal-payments/modules/ppcp-saved-payment-checker" "Mozilla/5.0 AppleWebKit/537.36 (KHTML, like Gecko; compatible; GPTBot/1.4; +https://openai.com/gptbot)"
74.7.227.145 - - [16/Jul/2026:18:30:52 -0600] "GET /2026/07/16/kasyno-bez-weryfikacji-kyc-ktore-przeszo-moje-testy-matematyczne/?path=//var/softaculous/wp69/php82 HTTP/2" 200 3084 "https://ajpartyfun.com/2026/07/16/kasyno-bez-weryfikacji-kyc-ktore-przeszo-moje-testy-matematyczne/?path=//var/softaculous/wp69" "Mozilla/5.0 AppleWebKit/537.36 (KHTML, like Gecko; compatible; GPTBot/1.4; +https://openai.com/gptbot)"
74.7.242.45 - - [16/Jul/2026:18:30:53 -0600] "GET /?fileloc=/home/dfwparty/smartcardcontacts.com/wp-content/plugins/unlimited-elements-for-elementor-premium/inc_php/framework/functions.php&path=/home/dfwparty/smartcardcontacts.com/wp-content/plugins/unlimited-elements-for-elementor-premium/inc_php/framework HTTP/2" 200 3243 "https://www.ajpartyfun.com/?path=/home/dfwparty/smartcardcontacts.com/wp-content/plugins/unlimited-elements-for-elementor-premium/inc_php/framework" "Mozilla/5.0 AppleWebKit/537.36 (KHTML, like Gecko; compatible; GPTBot/1.4; +https://openai.com/gptbot)"
74.7.227.145 - - [16/Jul/2026:18:30:53 -0600] "GET /2026/07/16/kasyno-bez-weryfikacji-kyc-ktore-przeszo-moje-testy-matematyczne/?fileloc=//var/softaculous/wp64/php53/install.php&path=//var/softaculous/wp64/php53 HTTP/2" 200 26991 "https://ajpartyfun.com/2026/07/16/kasyno-bez-weryfikacji-kyc-ktore-przeszo-moje-testy-matematyczne/?path=//var/softaculous/wp64/php53" "Mozilla/5.0 AppleWebKit/537.36 (KHTML, like Gecko; compatible; GPTBot/1.4; +https://openai.com/gptbot)"
74.7.227.145 - - [16/Jul/2026:18:30:53 -0600] "GET /2026/07/16/kasyno-bez-weryfikacji-kyc-ktore-przeszo-moje-testy-matematyczne/?fileloc=//var/softaculous/wp51/php82/backup.php&path=//var/softaculous/wp51/php82 HTTP/2" 200 4909 "https://ajpartyfun.com/2026/07/16/kasyno-bez-weryfikacji-kyc-ktore-przeszo-moje-testy-matematyczne/?path=//var/softaculous/wp51/php82" "Mozilla/5.0 AppleWebKit/537.36 (KHTML, like Gecko; compatible; GPTBot/1.4; +https://openai.com/gptbot)"
74.7.242.45 - - [16/Jul/2026:18:30:54 -0600] "GET /?fileloc=/home/dfwparty/smartcardcontacts.com/wp-content/plugins/unlimited-elements-for-elementor-premium/inc_php/unitecreator_filters_process.class.php&path=/home/dfwparty/smartcardcontacts.com/wp-content/plugins/unlimited-elements-for-elementor-premium/inc_php HTTP/2" 200 23981 "https://www.ajpartyfun.com/?path=/home/dfwparty/smartcardcontacts.com/wp-content/plugins/unlimited-elements-for-elementor-premium/inc_php" "Mozilla/5.0 AppleWebKit/537.36 (KHTML, like Gecko; compatible; GPTBot/1.4; +https://openai.com/gptbot)"
74.7.242.45 - - [16/Jul/2026:18:30:54 -0600] "GET /?fileloc=/home/dfwparty/dfwblogger.com/wp-content/plugins/elementor/modules/atomic-widgets/props-resolver/transformers/svg-src-transformer.php&path=/home/dfwparty/dfwblogger.com/wp-content/plugins/elementor/modules/atomic-widgets/props-resolver/transformers HTTP/2" 200 3563 "https://www.ajpartyfun.com/?path=/home/dfwparty/dfwblogger.com/wp-content/plugins/elementor/modules/atomic-widgets/props-resolver/transformers" "Mozilla/5.0 AppleWebKit/537.36 (KHTML, like Gecko; compatible; GPTBot/1.4; +https://openai.com/gptbot)"
74.7.227.145 - - [16/Jul/2026:18:30:54 -0600] "GET /2026/07/16/kasyno-bez-weryfikacji-kyc-ktore-przeszo-moje-testy-matematyczne/?fileloc=//var/softaculous/wp53/php71/extend.php&path=//var/softaculous/wp53/php71 HTTP/2" 200 74470 "https://ajpartyfun.com/2026/07/16/kasyno-bez-weryfikacji-kyc-ktore-przeszo-moje-testy-matematyczne/?path=//var/softaculous/wp53/php71" "Mozilla/5.0 AppleWebKit/537.36 (KHTML, like Gecko; compatible; GPTBot/1.4; +https://openai.com/gptbot)"
74.7.242.45 - - [16/Jul/2026:18:30:54 -0600] "GET /?fileloc=/home/dfwparty/smartcardcontacts.com/wp-content/plugins/unlimited-elements-for-elementor-premium/views/system/video_dialog.php&path=/home/dfwparty/smartcardcontacts.com/wp-content/plugins/unlimited-elements-for-elementor-premium/views/system HTTP/2" 200 4478 "https://www.ajpartyfun.com/?path=/home/dfwparty/smartcardcontacts.com/wp-content/plugins/unlimited-elements-for-elementor-premium/views/system" "Mozilla/5.0 AppleWebKit/537.36 (KHTML, like Gecko; compatible; GPTBot/1.4; +https://openai.com/gptbot)"
74.7.227.145 - - [16/Jul/2026:18:30:55 -0600] "GET /2026/07/16/kasyno-bez-weryfikacji-kyc-ktore-przeszo-moje-testy-matematyczne/?path=//var/softaculous/wp58/php81 HTTP/2" 200 3076 "https://ajpartyfun.com/2026/07/16/kasyno-bez-weryfikacji-kyc-ktore-przeszo-moje-testy-matematyczne/?path=//var/softaculous/wp58" "Mozilla/5.0 AppleWebKit/537.36 (KHTML, like Gecko; compatible; GPTBot/1.4; +https://openai.com/gptbot)"
74.7.242.45 - - [16/Jul/2026:18:30:55 -0600] "GET /?fileloc=/home/dfwparty/smartcardcontacts.com/wp-content/plugins/unlimited-elements-for-elementor-premium/inc_php/framework/google/sheets/sheets_service.class.php&path=/home/dfwparty/smartcardcontacts.com/wp-content/plugins/unlimited-elements-for-elementor-premium/inc_php/framework/google/sheets HTTP/2" 200 3979 "https://www.ajpartyfun.com/?path=/home/dfwparty/smartcardcontacts.com/wp-content/plugins/unlimited-elements-for-elementor-premium/inc_php/framework/google/sheets" "Mozilla/5.0 AppleWebKit/537.36 (KHTML, like Gecko; compatible; GPTBot/1.4; +https://openai.com/gptbot)"
74.7.227.145 - - [16/Jul/2026:18:30:55 -0600] "GET /2026/07/16/kasyno-bez-weryfikacji-kyc-ktore-przeszo-moje-testy-matematyczne/?path=//var/softaculous/wp69/php81 HTTP/2" 200 3043 "https://ajpartyfun.com/2026/07/16/kasyno-bez-weryfikacji-kyc-ktore-przeszo-moje-testy-matematyczne/?path=//var/softaculous/wp69" "Mozilla/5.0 AppleWebKit/537.36 (KHTML, like Gecko; compatible; GPTBot/1.4; +https://openai.com/gptbot)"
74.7.242.45 - - [16/Jul/2026:18:30:56 -0600] "GET /?fileloc=/home/dfwparty/smartcardcontacts.com/wp-content/plugins/unlimited-elements-for-elementor-premium/inc_php/framework/include_framework.php&path=/home/dfwparty/smartcardcontacts.com/wp-content/plugins/unlimited-elements-for-elementor-premium/inc_php/framework HTTP/2" 200 3142 "https://www.ajpartyfun.com/?path=/home/dfwparty/smartcardcontacts.com/wp-content/plugins/unlimited-elements-for-elementor-premium/inc_php/framework" "Mozilla/5.0 AppleWebKit/537.36 (KHTML, like Gecko; compatible; GPTBot/1.4; +https://openai.com/gptbot)"
74.7.227.145 - - [16/Jul/2026:18:30:56 -0600] "GET /2026/07/16/kasyno-bez-weryfikacji-kyc-ktore-przeszo-moje-testy-matematyczne/?path=//var/softaculous/wp49/php81 HTTP/2" 200 3083 "https://ajpartyfun.com/2026/07/16/kasyno-bez-weryfikacji-kyc-ktore-przeszo-moje-testy-matematyczne/?path=//var/softaculous/wp49" "Mozilla/5.0 AppleWebKit/537.36 (KHTML, like Gecko; compatible; GPTBot/1.4; +https://openai.com/gptbot)"
74.7.242.45 - - [16/Jul/2026:18:30:56 -0600] "GET /?fileloc=/home/dfwparty/smartcardcontacts.com/wp-content/plugins/unlimited-elements-for-elementor-premium/inc_php/framework/google/helper.class.php&path=/home/dfwparty/smartcardcontacts.com/wp-content/plugins/unlimited-elements-for-elementor-premium/inc_php/framework/google HTTP/2" 200 4775 "https://www.ajpartyfun.com/?path=/home/dfwparty/smartcardcontacts.com/wp-content/plugins/unlimited-elements-for-elementor-premium/inc_php/framework/google" "Mozilla/5.0 AppleWebKit/537.36 (KHTML, like Gecko; compatible; GPTBot/1.4; +https://openai.com/gptbot)"
74.7.242.45 - - [16/Jul/2026:18:30:57 -0600] "GET /?fileloc=/home/dfwparty/smartcardcontacts.com/wp-content/plugins/unlimited-elements-for-elementor-premium/inc_php/framework/image_proccess.class.php&path=/home/dfwparty/smartcardcontacts.com/wp-content/plugins/unlimited-elements-for-elementor-premium/inc_php/framework HTTP/2" 200 7245 "https://www.ajpartyfun.com/?path=/home/dfwparty/smartcardcontacts.com/wp-content/plugins/unlimited-elements-for-elementor-premium/inc_php/framework" "Mozilla/5.0 AppleWebKit/537.36 (KHTML, like Gecko; compatible; GPTBot/1.4; +https://openai.com/gptbot)"
74.7.242.45 - - [16/Jul/2026:18:30:57 -0600] "GET /?fileloc=/home/dfwparty/smartcardcontacts.com/wp-content/plugins/unlimited-elements-for-elementor-premium/inc_php/framework/settings_output_inline.class.php&path=/home/dfwparty/smartcardcontacts.com/wp-content/plugins/unlimited-elements-for-elementor-premium/inc_php/framework HTTP/2" 200 3476 "https://www.ajpartyfun.com/?path=/home/dfwparty/smartcardcontacts.com/wp-content/plugins/unlimited-elements-for-elementor-premium/inc_php/framework" "Mozilla/5.0 AppleWebKit/537.36 (KHTML, like Gecko; compatible; GPTBot/1.4; +https://openai.com/gptbot)"
74.7.227.145 - - [16/Jul/2026:18:30:58 -0600] "GET /2026/07/16/kasyno-bez-weryfikacji-kyc-ktore-przeszo-moje-testy-matematyczne/?path=//var/softaculous/mw35/php82 HTTP/2" 200 3016 "https://ajpartyfun.com/2026/07/16/kasyno-bez-weryfikacji-kyc-ktore-przeszo-moje-testy-matematyczne/?path=//var/softaculous/mw35" "Mozilla/5.0 AppleWebKit/537.36 (KHTML, like Gecko; compatible; GPTBot/1.4; +https://openai.com/gptbot)"
74.7.242.45 - - [16/Jul/2026:18:30:58 -0600] "GET /?fileloc=/home/dfwparty/smartcardcontacts.com/wp-content/plugins/unlimited-elements-for-elementor-premium/inc_php/plugins/unitecreator_plugin_filters.class.php&path=/home/dfwparty/smartcardcontacts.com/wp-content/plugins/unlimited-elements-for-elementor-premium/inc_php/plugins HTTP/2" 200 3931 "https://www.ajpartyfun.com/?path=/home/dfwparty/smartcardcontacts.com/wp-content/plugins/unlimited-elements-for-elementor-premium/inc_php/plugins" "Mozilla/5.0 AppleWebKit/537.36 (KHTML, like Gecko; compatible; GPTBot/1.4; +https://openai.com/gptbot)"
74.7.242.45 - - [16/Jul/2026:18:30:58 -0600] "GET /?fileloc=/home/dfwparty/smartcardcontacts.com/wp-content/plugins/unlimited-elements-for-elementor-premium/inc_php/framework/params_manager.class.php&path=/home/dfwparty/smartcardcontacts.com/wp-content/plugins/unlimited-elements-for-elementor-premium/inc_php/framework HTTP/2" 200 3420 "https://www.ajpartyfun.com/?path=/home/dfwparty/smartcardcontacts.com/wp-content/plugins/unlimited-elements-for-elementor-premium/inc_php/framework" "Mozilla/5.0 AppleWebKit/537.36 (KHTML, like Gecko; compatible; GPTBot/1.4; +https://openai.com/gptbot)"
74.7.242.45 - - [16/Jul/2026:18:30:59 -0600] "GET /?fileloc=/home/dfwparty/smartcardcontacts.com/wp-content/plugins/unlimited-elements-for-elementor-premium/inc_php/framework/http/includes.php&path=/home/dfwparty/smartcardcontacts.com/wp-content/plugins/unlimited-elements-for-elementor-premium/inc_php/framework/http HTTP/2" 200 2666 "https://www.ajpartyfun.com/?path=/home/dfwparty/smartcardcontacts.com/wp-content/plugins/unlimited-elements-for-elementor-premium/inc_php/framework/http" "Mozilla/5.0 AppleWebKit/537.36 (KHTML, like Gecko; compatible; GPTBot/1.4; +https://openai.com/gptbot)"
74.7.242.45 - - [16/Jul/2026:18:30:59 -0600] "GET /?fileloc=/home/dfwparty/smartcardcontacts.com/wp-content/plugins/unlimited-elements-for-elementor-premium/inc_php/framework/http/client.class.php&path=/home/dfwparty/smartcardcontacts.com/wp-content/plugins/unlimited-elements-for-elementor-premium/inc_php/framework/http HTTP/2" 200 2703 "https://www.ajpartyfun.com/?path=/home/dfwparty/smartcardcontacts.com/wp-content/plugins/unlimited-elements-for-elementor-premium/inc_php/framework/http" "Mozilla/5.0 AppleWebKit/537.36 (KHTML, like Gecko; compatible; GPTBot/1.4; +https://openai.com/gptbot)"
74.7.242.45 - - [16/Jul/2026:18:31:00 -0600] "GET /?fileloc=/home/dfwparty/smartcardcontacts.com/wp-content/plugins/unlimited-elements-for-elementor-premium/inc_php/framework/google/sheets/sheet.class.php&path=/home/dfwparty/smartcardcontacts.com/wp-content/plugins/unlimited-elements-for-elementor-premium/inc_php/framework/google/sheets HTTP/2" 200 2891 "https://www.ajpartyfun.com/?path=/home/dfwparty/smartcardcontacts.com/wp-content/plugins/unlimited-elements-for-elementor-premium/inc_php/framework/google/sheets" "Mozilla/5.0 AppleWebKit/537.36 (KHTML, like Gecko; compatible; GPTBot/1.4; +https://openai.com/gptbot)"
74.7.242.45 - - [16/Jul/2026:18:31:00 -0600] "GET /?fileloc=/home/dfwparty/smartcardcontacts.com/wp-content/plugins/unlimited-elements-for-elementor-premium/inc_php/framework/instagram/include_insta_api.php&path=/home/dfwparty/smartcardcontacts.com/wp-content/plugins/unlimited-elements-for-elementor-premium/inc_php/framework/instagram HTTP/2" 200 2719 "https://www.ajpartyfun.com/?path=/home/dfwparty/smartcardcontacts.com/wp-content/plugins/unlimited-elements-for-elementor-premium/inc_php/framework/instagram" "Mozilla/5.0 AppleWebKit/537.36 (KHTML, like Gecko; compatible; GPTBot/1.4; +https://openai.com/gptbot)"
74.7.242.45 - - [16/Jul/2026:18:31:01 -0600] "GET /?fileloc=/home/dfwparty/smartcardcontacts.com/wp-content/plugins/unlimited-elements-for-elementor-premium/inc_php/framework/elements_base.class.php&path=/home/dfwparty/smartcardcontacts.com/wp-content/plugins/unlimited-elements-for-elementor-premium/inc_php/framework HTTP/2" 200 2868 "https://www.ajpartyfun.com/?path=/home/dfwparty/smartcardcontacts.com/wp-content/plugins/unlimited-elements-for-elementor-premium/inc_php/framework" "Mozilla/5.0 AppleWebKit/537.36 (KHTML, like Gecko; compatible; GPTBot/1.4; +https://openai.com/gptbot)"
74.7.242.45 - - [16/Jul/2026:18:31:02 -0600] "GET /?fileloc=/home/dfwparty/santabootshop.com/wp-content/plugins/woocommerce-paypal-payments/modules/ppcp-saved-payment-checker/module.php&path=/home/dfwparty/santabootshop.com/wp-content/plugins/woocommerce-paypal-payments/modules/ppcp-saved-payment-checker HTTP/2" 200 2712 "https://www.ajpartyfun.com/?path=/home/dfwparty/santabootshop.com/wp-content/plugins/woocommerce-paypal-payments/modules/ppcp-saved-payment-checker" "Mozilla/5.0 AppleWebKit/537.36 (KHTML, like Gecko; compatible; GPTBot/1.4; +https://openai.com/gptbot)"
74.7.242.45 - - [16/Jul/2026:18:31:02 -0600] "GET /?fileloc=//home/dfwparty/dfwblogger.com/wp-content/plugins/elementor-pro/modules/woocommerce/import-export-customization/woocommerce-settings-revert.php&path=//home/dfwparty/dfwblogger.com/wp-content/plugins/elementor-pro/modules/woocommerce/import-export-customization HTTP/2" 200 2927 "https://www.ajpartyfun.com/?path=//home/dfwparty/dfwblogger.com/wp-content/plugins/elementor-pro/modules/woocommerce/import-export-customization" "Mozilla/5.0 AppleWebKit/537.36 (KHTML, like Gecko; compatible; GPTBot/1.4; +https://openai.com/gptbot)"
74.7.242.45 - - [16/Jul/2026:18:31:03 -0600] "GET /?fileloc=/home/dfwparty/smartcardcontacts.com/wp-content/plugins/unlimited-elements-for-elementor-premium/inc_php/framework/google/includes.php&path=/home/dfwparty/smartcardcontacts.com/wp-content/plugins/unlimited-elements-for-elementor-premium/inc_php/framework/google HTTP/2" 200 2746 "https://www.ajpartyfun.com/?path=/home/dfwparty/smartcardcontacts.com/wp-content/plugins/unlimited-elements-for-elementor-premium/inc_php/framework/google" "Mozilla/5.0 AppleWebKit/537.36 (KHTML, like Gecko; compatible; GPTBot/1.4; +https://openai.com/gptbot)"
74.7.242.45 - - [16/Jul/2026:18:31:03 -0600] "GET /?fileloc=/home/dfwparty/smartcardcontacts.com/wp-content/plugins/unlimited-elements-for-elementor-premium/inc_php/framework/translate.class.php&path=/home/dfwparty/smartcardcontacts.com/wp-content/plugins/unlimited-elements-for-elementor-premium/inc_php/framework HTTP/2" 200 3517 "https://www.ajpartyfun.com/?path=/home/dfwparty/smartcardcontacts.com/wp-content/plugins/unlimited-elements-for-elementor-premium/inc_php/framework" "Mozilla/5.0 AppleWebKit/537.36 (KHTML, like Gecko; compatible; GPTBot/1.4; +https://openai.com/gptbot)"
74.7.227.145 - - [16/Jul/2026:18:31:04 -0600] "GET /2026/07/16/kasyno-bez-weryfikacji-kyc-ktore-przeszo-moje-testy-matematyczne/?path=//var/softaculous/wp64/plugins HTTP/2" 200 2920 "https://ajpartyfun.com/2026/07/16/kasyno-bez-weryfikacji-kyc-ktore-przeszo-moje-testy-matematyczne/?path=//var/softaculous/wp64" "Mozilla/5.0 AppleWebKit/537.36 (KHTML, like Gecko; compatible; GPTBot/1.4; +https://openai.com/gptbot)"
74.7.242.45 - - [16/Jul/2026:18:31:04 -0600] "GET /?fileloc=/home/dfwparty/smartcardcontacts.com/wp-content/plugins/unlimited-elements-for-elementor-premium/inc_php/layouts/unitecreator_layouts.class.php&path=/home/dfwparty/smartcardcontacts.com/wp-content/plugins/unlimited-elements-for-elementor-premium/inc_php/layouts HTTP/2" 200 7266 "https://www.ajpartyfun.com/?path=/home/dfwparty/smartcardcontacts.com/wp-content/plugins/unlimited-elements-for-elementor-premium/inc_php/layouts" "Mozilla/5.0 AppleWebKit/537.36 (KHTML, like Gecko; compatible; GPTBot/1.4; +https://openai.com/gptbot)"
74.7.242.45 - - [16/Jul/2026:18:31:04 -0600] "GET /?fileloc=/home/dfwparty/dfwblogger.com/wp-content/plugins/elementor-pro/modules/display-conditions/conditions/base/title-condition-base.php&path=/home/dfwparty/dfwblogger.com/wp-content/plugins/elementor-pro/modules/display-conditions/conditions/base HTTP/2" 200 3178 "https://www.ajpartyfun.com/?path=/home/dfwparty/dfwblogger.com/wp-content/plugins/elementor-pro/modules/display-conditions/conditions/base" "Mozilla/5.0 AppleWebKit/537.36 (KHTML, like Gecko; compatible; GPTBot/1.4; +https://openai.com/gptbot)"
74.7.242.45 - - [16/Jul/2026:18:31:05 -0600] "GET /?fileloc=/home/dfwparty/smartcardcontacts.com/wp-content/plugins/unlimited-elements-for-elementor-premium/inc_php/framework/http/response.class.php&path=/home/dfwparty/smartcardcontacts.com/wp-content/plugins/unlimited-elements-for-elementor-premium/inc_php/framework/http HTTP/2" 200 4139 "https://www.ajpartyfun.com/?path=/home/dfwparty/smartcardcontacts.com/wp-content/plugins/unlimited-elements-for-elementor-premium/inc_php/framework/http" "Mozilla/5.0 AppleWebKit/537.36 (KHTML, like Gecko; compatible; GPTBot/1.4; +https://openai.com/gptbot)"
74.7.242.45 - - [16/Jul/2026:18:31:05 -0600] "GET /?fileloc=/home/dfwparty/smartcardcontacts.com/wp-content/plugins/unlimited-elements-for-elementor-premium/inc_php/framework/google/places/places_services.class.php&path=/home/dfwparty/smartcardcontacts.com/wp-content/plugins/unlimited-elements-for-elementor-premium/inc_php/framework/google/places HTTP/2" 200 7447 "https://www.ajpartyfun.com/?path=/home/dfwparty/smartcardcontacts.com/wp-content/plugins/unlimited-elements-for-elementor-premium/inc_php/framework/google/places" "Mozilla/5.0 AppleWebKit/537.36 (KHTML, like Gecko; compatible; GPTBot/1.4; +https://openai.com/gptbot)"
74.7.242.45 - - [16/Jul/2026:18:31:06 -0600] "GET /?fileloc=/home/dfwparty/dfwblogger.com/wp-content/plugins/elementor-pro/modules/display-conditions/conditions/base/date-condition-base.php&path=/home/dfwparty/dfwblogger.com/wp-content/plugins/elementor-pro/modules/display-conditions/conditions/base HTTP/2" 200 3454 "https://www.ajpartyfun.com/?path=/home/dfwparty/dfwblogger.com/wp-content/plugins/elementor-pro/modules/display-conditions/conditions/base" "Mozilla/5.0 AppleWebKit/537.36 (KHTML, like Gecko; compatible; GPTBot/1.4; +https://openai.com/gptbot)"
74.7.242.45 - - [16/Jul/2026:18:31:06 -0600] "GET /?fileloc=/home/dfwparty/smartcardcontacts.com/wp-content/plugins/unlimited-elements-for-elementor-premium/inc_php/framework/http/request.class.php&path=/home/dfwparty/smartcardcontacts.com/wp-content/plugins/unlimited-elements-for-elementor-premium/inc_php/framework/http HTTP/2" 200 5192 "https://www.ajpartyfun.com/?path=/home/dfwparty/smartcardcontacts.com/wp-content/plugins/unlimited-elements-for-elementor-premium/inc_php/framework/http" "Mozilla/5.0 AppleWebKit/537.36 (KHTML, like Gecko; compatible; GPTBot/1.4; +https://openai.com/gptbot)"
74.7.242.45 - - [16/Jul/2026:18:31:07 -0600] "GET /?fileloc=/home/dfwparty/smartcardcontacts.com/wp-content/plugins/unlimited-elements-for-elementor-premium/inc_php/plugins/unitecreator_plugins.class.php&path=/home/dfwparty/smartcardcontacts.com/wp-content/plugins/unlimited-elements-for-elementor-premium/inc_php/plugins HTTP/2" 200 3263 "https://www.ajpartyfun.com/?path=/home/dfwparty/smartcardcontacts.com/wp-content/plugins/unlimited-elements-for-elementor-premium/inc_php/plugins" "Mozilla/5.0 AppleWebKit/537.36 (KHTML, like Gecko; compatible; GPTBot/1.4; +https://openai.com/gptbot)"
74.7.242.45 - - [16/Jul/2026:18:31:07 -0600] "GET /?fileloc=/home/dfwparty/smartcardcontacts.com/wp-content/plugins/unlimited-elements-for-elementor-premium/inc_php/framework/google/sheets/spreadsheet.class.php&path=/home/dfwparty/smartcardcontacts.com/wp-content/plugins/unlimited-elements-for-elementor-premium/inc_php/framework/google/sheets HTTP/2" 200 2810 "https://www.ajpartyfun.com/?path=/home/dfwparty/smartcardcontacts.com/wp-content/plugins/unlimited-elements-for-elementor-premium/inc_php/framework/google/sheets" "Mozilla/5.0 AppleWebKit/537.36 (KHTML, like Gecko; compatible; GPTBot/1.4; +https://openai.com/gptbot)"
74.7.227.145 - - [16/Jul/2026:18:31:07 -0600] "GET /2026/07/16/kasyno-bez-weryfikacji-kyc-ktore-przeszo-moje-testy-matematyczne/?path=//var/softaculous/wp63/plugins HTTP/2" 200 2920 "https://ajpartyfun.com/2026/07/16/kasyno-bez-weryfikacji-kyc-ktore-przeszo-moje-testy-matematyczne/?path=//var/softaculous/wp63" "Mozilla/5.0 AppleWebKit/537.36 (KHTML, like Gecko; compatible; GPTBot/1.4; +https://openai.com/gptbot)"
74.7.242.45 - - [16/Jul/2026:18:31:08 -0600] "GET /?fileloc=/home/dfwparty/smartcardcontacts.com/wp-content/plugins/unlimited-elements-for-elementor-premium/inc_php/framework/google/client.class.php&path=/home/dfwparty/smartcardcontacts.com/wp-content/plugins/unlimited-elements-for-elementor-premium/inc_php/framework/google HTTP/2" 200 4155 "https://www.ajpartyfun.com/?path=/home/dfwparty/smartcardcontacts.com/wp-content/plugins/unlimited-elements-for-elementor-premium/inc_php/framework/google" "Mozilla/5.0 AppleWebKit/537.36 (KHTML, like Gecko; compatible; GPTBot/1.4; +https://openai.com/gptbot)"
74.7.227.145 - - [16/Jul/2026:18:31:08 -0600] "GET /2026/07/16/kasyno-bez-weryfikacji-kyc-ktore-przeszo-moje-testy-matematyczne/?path=//var/softaculous/wp49/plugins HTTP/2" 200 2562 "https://ajpartyfun.com/2026/07/16/kasyno-bez-weryfikacji-kyc-ktore-przeszo-moje-testy-matematyczne/?path=//var/softaculous/wp49" "Mozilla/5.0 AppleWebKit/537.36 (KHTML, like Gecko; compatible; GPTBot/1.4; +https://openai.com/gptbot)"
74.7.227.145 - - [16/Jul/2026:18:31:08 -0600] "GET /2026/07/16/kasyno-bez-weryfikacji-kyc-ktore-przeszo-moje-testy-matematyczne/?path=//var/softaculous/wp68/plugins HTTP/2" 200 2919 "https://ajpartyfun.com/2026/07/16/kasyno-bez-weryfikacji-kyc-ktore-przeszo-moje-testy-matematyczne/?path=//var/softaculous/wp68" "Mozilla/5.0 AppleWebKit/537.36 (KHTML, like Gecko; compatible; GPTBot/1.4; +https://openai.com/gptbot)"
74.7.242.45 - - [16/Jul/2026:18:31:08 -0600] "GET /?fileloc=/home/dfwparty/smartcardcontacts.com/wp-content/plugins/unlimited-elements-for-elementor-premium/inc_php/framework/google/places/place.class.php&path=/home/dfwparty/smartcardcontacts.com/wp-content/plugins/unlimited-elements-for-elementor-premium/inc_php/framework/google/places HTTP/2" 200 3232 "https://www.ajpartyfun.com/?path=/home/dfwparty/smartcardcontacts.com/wp-content/plugins/unlimited-elements-for-elementor-premium/inc_php/framework/google/places" "Mozilla/5.0 AppleWebKit/537.36 (KHTML, like Gecko; compatible; GPTBot/1.4; +https://openai.com/gptbot)"
74.7.227.145 - - [16/Jul/2026:18:31:09 -0600] "GET /2026/07/16/kasyno-bez-weryfikacji-kyc-ktore-przeszo-moje-testy-matematyczne/?path=//var/softaculous/wp57/plugins HTTP/2" 200 2564 "https://ajpartyfun.com/2026/07/16/kasyno-bez-weryfikacji-kyc-ktore-przeszo-moje-testy-matematyczne/?path=//var/softaculous/wp57" "Mozilla/5.0 AppleWebKit/537.36 (KHTML, like Gecko; compatible; GPTBot/1.4; +https://openai.com/gptbot)"
74.7.242.45 - - [16/Jul/2026:18:31:09 -0600] "GET /?fileloc=/home/dfwparty/dfwblogger.com/wp-content/plugins/elementor/modules/atomic-widgets/props-resolver/transformers/export/svg-src-export-transformer.php&path=/home/dfwparty/dfwblogger.com/wp-content/plugins/elementor/modules/atomic-widgets/props-resolver/transformers/export HTTP/2" 200 3016 "https://www.ajpartyfun.com/?path=/home/dfwparty/dfwblogger.com/wp-content/plugins/elementor/modules/atomic-widgets/props-resolver/transformers/export" "Mozilla/5.0 AppleWebKit/537.36 (KHTML, like Gecko; compatible; GPTBot/1.4; +https://openai.com/gptbot)"
74.7.227.145 - - [16/Jul/2026:18:31:09 -0600] "GET /2026/07/16/kasyno-bez-weryfikacji-kyc-ktore-przeszo-moje-testy-matematyczne/?path=//var/softaculous/wp69/plugins HTTP/2" 200 2919 "https://ajpartyfun.com/2026/07/16/kasyno-bez-weryfikacji-kyc-ktore-przeszo-moje-testy-matematyczne/?path=//var/softaculous/wp69" "Mozilla/5.0 AppleWebKit/537.36 (KHTML, like Gecko; compatible; GPTBot/1.4; +https://openai.com/gptbot)"
74.7.242.45 - - [16/Jul/2026:18:31:10 -0600] "GET /?fileloc=/home/dfwparty/smartcardcontacts.com/wp-content/plugins/unlimited-elements-for-elementor-premium/inc_php/manager/unitecreator_manager_pages.class.php&path=/home/dfwparty/smartcardcontacts.com/wp-content/plugins/unlimited-elements-for-elementor-premium/inc_php/manager HTTP/2" 200 2866 "https://www.ajpartyfun.com/?path=/home/dfwparty/smartcardcontacts.com/wp-content/plugins/unlimited-elements-for-elementor-premium/inc_php/manager" "Mozilla/5.0 AppleWebKit/537.36 (KHTML, like Gecko; compatible; GPTBot/1.4; +https://openai.com/gptbot)"
74.7.227.145 - - [16/Jul/2026:18:31:10 -0600] "GET /2026/07/16/kasyno-bez-weryfikacji-kyc-ktore-przeszo-moje-testy-matematyczne/?path=//var/softaculous/wp51/plugins HTTP/2" 200 2563 "https://ajpartyfun.com/2026/07/16/kasyno-bez-weryfikacji-kyc-ktore-przeszo-moje-testy-matematyczne/?path=//var/softaculous/wp51" "Mozilla/5.0 AppleWebKit/537.36 (KHTML, like Gecko; compatible; GPTBot/1.4; +https://openai.com/gptbot)"
74.7.242.45 - - [16/Jul/2026:18:31:10 -0600] "GET /?fileloc=/home/dfwparty/smartcardcontacts.com/wp-content/plugins/unlimited-elements-for-elementor-premium/inc_php/plugins/unitecreator_plugin_base.class.php&path=/home/dfwparty/smartcardcontacts.com/wp-content/plugins/unlimited-elements-for-elementor-premium/inc_php/plugins HTTP/2" 200 3852 "https://www.ajpartyfun.com/?path=/home/dfwparty/smartcardcontacts.com/wp-content/plugins/unlimited-elements-for-elementor-premium/inc_php/plugins" "Mozilla/5.0 AppleWebKit/537.36 (KHTML, like Gecko; compatible; GPTBot/1.4; +https://openai.com/gptbot)"
74.7.227.145 - - [16/Jul/2026:18:31:10 -0600] "GET /2026/07/16/kasyno-bez-weryfikacji-kyc-ktore-przeszo-moje-testy-matematyczne/?path=//var/softaculous/wp58/plugins HTTP/2" 200 2919 "https://ajpartyfun.com/2026/07/16/kasyno-bez-weryfikacji-kyc-ktore-przeszo-moje-testy-matematyczne/?path=//var/softaculous/wp58" "Mozilla/5.0 AppleWebKit/537.36 (KHTML, like Gecko; compatible; GPTBot/1.4; +https://openai.com/gptbot)"
74.7.242.45 - - [16/Jul/2026:18:31:10 -0600] "GET /?fileloc=//home/dfwparty/smartcardcontacts.com/wp-includes/blocks/html/block.json&path=//home/dfwparty/smartcardcontacts.com/wp-includes/blocks/html HTTP/2" 200 2853 "https://www.ajpartyfun.com/?path=//home/dfwparty/smartcardcontacts.com/wp-includes/blocks/html" "Mozilla/5.0 AppleWebKit/537.36 (KHTML, like Gecko; compatible; GPTBot/1.4; +https://openai.com/gptbot)"
74.7.227.145 - - [16/Jul/2026:18:31:11 -0600] "GET /2026/07/16/kasyno-bez-weryfikacji-kyc-ktore-przeszo-moje-testy-matematyczne/?path=//var/softaculous/wp53/plugins HTTP/2" 200 2564 "https://ajpartyfun.com/2026/07/16/kasyno-bez-weryfikacji-kyc-ktore-przeszo-moje-testy-matematyczne/?path=//var/softaculous/wp53" "Mozilla/5.0 AppleWebKit/537.36 (KHTML, like Gecko; compatible; GPTBot/1.4; +https://openai.com/gptbot)"
74.7.242.45 - - [16/Jul/2026:18:31:11 -0600] "GET /?path=/home/dfwparty/magicalmatty.fun/wp-includes/blocks/read-more HTTP/2" 200 3010 "https://www.ajpartyfun.com/?path=/home/dfwparty/magicalmatty.fun/wp-includes/blocks" "Mozilla/5.0 AppleWebKit/537.36 (KHTML, like Gecko; compatible; GPTBot/1.4; +https://openai.com/gptbot)"
74.7.242.45 - - [16/Jul/2026:18:31:11 -0600] "GET /?fileloc=/home/dfwparty/etc/singingtelegramsdallas.com/carol.rcube.db&path=/home/dfwparty/etc/singingtelegramsdallas.com HTTP/2" 200 14542 "https://www.ajpartyfun.com/?path=/home/dfwparty/etc/singingtelegramsdallas.com" "Mozilla/5.0 AppleWebKit/537.36 (KHTML, like Gecko; compatible; GPTBot/1.4; +https://openai.com/gptbot)"
74.7.227.145 - - [16/Jul/2026:18:31:12 -0600] "GET /2026/07/16/kasyno-bez-weryfikacji-kyc-ktore-przeszo-moje-testy-matematyczne/?path=//var/softaculous/magento18/php81 HTTP/2" 200 3017 "https://ajpartyfun.com/2026/07/16/kasyno-bez-weryfikacji-kyc-ktore-przeszo-moje-testy-matematyczne/?path=//var/softaculous/magento18" "Mozilla/5.0 AppleWebKit/537.36 (KHTML, like Gecko; compatible; GPTBot/1.4; +https://openai.com/gptbot)"
74.7.242.45 - - [16/Jul/2026:18:31:12 -0600] "GET /?fileloc=//lib64/python2.7/SocketServer.pyc&path=//lib64/python2.7 HTTP/2" 200 10437 "https://www.ajpartyfun.com/?path=//lib64/python2.7" "Mozilla/5.0 AppleWebKit/537.36 (KHTML, like Gecko; compatible; GPTBot/1.4; +https://openai.com/gptbot)"
74.7.227.145 - - [16/Jul/2026:18:31:12 -0600] "GET /2026/07/16/kasyno-bez-weryfikacji-kyc-ktore-przeszo-moje-testy-matematyczne/?fileloc=//var/softaculous/wp63/php56/upgrade.php&path=//var/softaculous/wp63/php56 HTTP/2" 200 13078 "https://ajpartyfun.com/2026/07/16/kasyno-bez-weryfikacji-kyc-ktore-przeszo-moje-testy-matematyczne/?path=//var/softaculous/wp63/php56" "Mozilla/5.0 AppleWebKit/537.36 (KHTML, like Gecko; compatible; GPTBot/1.4; +https://openai.com/gptbot)"
74.7.242.45 - - [16/Jul/2026:18:31:12 -0600] "GET /?fileloc=//lib64/python2.7/SocketServer.py&path=//lib64/python2.7 HTTP/2" 200 9494 "https://www.ajpartyfun.com/?path=//lib64/python2.7" "Mozilla/5.0 AppleWebKit/537.36 (KHTML, like Gecko; compatible; GPTBot/1.4; +https://openai.com/gptbot)"
74.7.227.145 - - [16/Jul/2026:18:31:13 -0600] "GET /2026/07/16/kasyno-bez-weryfikacji-kyc-ktore-przeszo-moje-testy-matematyczne/?fileloc=//var/softaculous/wp69/php82/clone.php&path=//var/softaculous/wp69/php82 HTTP/2" 200 28779 "https://ajpartyfun.com/2026/07/16/kasyno-bez-weryfikacji-kyc-ktore-przeszo-moje-testy-matematyczne/?path=//var/softaculous/wp69/php82" "Mozilla/5.0 AppleWebKit/537.36 (KHTML, like Gecko; compatible; GPTBot/1.4; +https://openai.com/gptbot)"
74.7.227.145 - - [16/Jul/2026:18:31:13 -0600] "GET /2026/07/16/kasyno-bez-weryfikacji-kyc-ktore-przeszo-moje-testy-matematyczne/?path=//var/softaculous/moodle28/php82 HTTP/2" 200 3013 "https://ajpartyfun.com/2026/07/16/kasyno-bez-weryfikacji-kyc-ktore-przeszo-moje-testy-matematyczne/?path=//var/softaculous/moodle28" "Mozilla/5.0 AppleWebKit/537.36 (KHTML, like Gecko; compatible; GPTBot/1.4; +https://openai.com/gptbot)"
74.7.242.45 - - [16/Jul/2026:18:31:13 -0600] "GET /?fileloc=//lib64/python2.7/SocketServer.pyo&path=//lib64/python2.7 HTTP/2" 200 10436 "https://www.ajpartyfun.com/?path=//lib64/python2.7" "Mozilla/5.0 AppleWebKit/537.36 (KHTML, like Gecko; compatible; GPTBot/1.4; +https://openai.com/gptbot)"
74.7.227.145 - - [16/Jul/2026:18:31:14 -0600] "GET /2026/07/16/kasyno-bez-weryfikacji-kyc-ktore-przeszo-moje-testy-matematyczne/?path=//var/softaculous/goffice67/php71 HTTP/2" 200 3044 "https://ajpartyfun.com/2026/07/16/kasyno-bez-weryfikacji-kyc-ktore-przeszo-moje-testy-matematyczne/?path=//var/softaculous/goffice67" "Mozilla/5.0 AppleWebKit/537.36 (KHTML, like Gecko; compatible; GPTBot/1.4; +https://openai.com/gptbot)"
74.7.242.45 - - [16/Jul/2026:18:31:14 -0600] "GET /?fileloc=//home/dfwparty/mail/.john@assetrecoveryinvestigator_com/dovecot.mailbox.log&path=//home/dfwparty/mail/.john@assetrecoveryinvestigator_com HTTP/2" 200 2570 "https://www.ajpartyfun.com/?path=//home/dfwparty/mail/.john@assetrecoveryinvestigator_com" "Mozilla/5.0 AppleWebKit/537.36 (KHTML, like Gecko; compatible; GPTBot/1.4; +https://openai.com/gptbot)"
74.7.227.145 - - [16/Jul/2026:18:31:14 -0600] "GET /2026/07/16/kasyno-bez-weryfikacji-kyc-ktore-przeszo-moje-testy-matematyczne/?path=//var/softaculous/magento18/php71 HTTP/2" 200 3018 "https://ajpartyfun.com/2026/07/16/kasyno-bez-weryfikacji-kyc-ktore-przeszo-moje-testy-matematyczne/?path=//var/softaculous/magento18" "Mozilla/5.0 AppleWebKit/537.36 (KHTML, like Gecko; compatible; GPTBot/1.4; +https://openai.com/gptbot)"
74.7.242.45 - - [16/Jul/2026:18:31:14 -0600] "GET /?fileloc=//home/dfwparty/mail/.john@bizcoach_biz/dovecot.list.index.log&path=//home/dfwparty/mail/.john@bizcoach_biz HTTP/2" 200 2756 "https://www.ajpartyfun.com/?path=//home/dfwparty/mail/.john@bizcoach_biz" "Mozilla/5.0 AppleWebKit/537.36 (KHTML, like Gecko; compatible; GPTBot/1.4; +https://openai.com/gptbot)"
74.7.227.145 - - [16/Jul/2026:18:31:15 -0600] "GET /2026/07/16/kasyno-bez-weryfikacji-kyc-ktore-przeszo-moje-testy-matematyczne/?path=//var/softaculous/magento18/php82 HTTP/2" 200 3018 "https://ajpartyfun.com/2026/07/16/kasyno-bez-weryfikacji-kyc-ktore-przeszo-moje-testy-matematyczne/?path=//var/softaculous/magento18" "Mozilla/5.0 AppleWebKit/537.36 (KHTML, like Gecko; compatible; GPTBot/1.4; +https://openai.com/gptbot)"
74.7.242.45 - - [16/Jul/2026:18:31:15 -0600] "GET /?fileloc=//lib64/python3.6/wsgiref/__pycache__/validate.cpython-36.pyc&path=//lib64/python3.6/wsgiref/__pycache__ HTTP/2" 200 8930 "https://www.ajpartyfun.com/?path=//lib64/python3.6/wsgiref/__pycache__" "Mozilla/5.0 AppleWebKit/537.36 (KHTML, like Gecko; compatible; GPTBot/1.4; +https://openai.com/gptbot)"
74.7.227.145 - - [16/Jul/2026:18:31:15 -0600] "GET /2026/07/16/kasyno-bez-weryfikacji-kyc-ktore-przeszo-moje-testy-matematyczne/?path=//var/softaculous/moodle29/images HTTP/2" 200 2879 "https://ajpartyfun.com/2026/07/16/kasyno-bez-weryfikacji-kyc-ktore-przeszo-moje-testy-matematyczne/?path=//var/softaculous/moodle29" "Mozilla/5.0 AppleWebKit/537.36 (KHTML, like Gecko; compatible; GPTBot/1.4; +https://openai.com/gptbot)"
74.7.242.45 - - [16/Jul/2026:18:31:15 -0600] "GET /?fileloc=//home/dfwparty/bizcoach.biz/wp-includes/js/customize-preview.min.js&path=//home/dfwparty/bizcoach.biz/wp-includes/js HTTP/2" 200 5972 "https://www.ajpartyfun.com/?path=//home/dfwparty/bizcoach.biz/wp-includes/js" "Mozilla/5.0 AppleWebKit/537.36 (KHTML, like Gecko; compatible; GPTBot/1.4; +https://openai.com/gptbot)"
74.7.227.145 - - [16/Jul/2026:18:31:16 -0600] "GET /2026/07/16/kasyno-bez-weryfikacji-kyc-ktore-przeszo-moje-testy-matematyczne/?path=//var/softaculous/moodle28/languages HTTP/2" 200 2563 "https://ajpartyfun.com/2026/07/16/kasyno-bez-weryfikacji-kyc-ktore-przeszo-moje-testy-matematyczne/?path=//var/softaculous/moodle28" "Mozilla/5.0 AppleWebKit/537.36 (KHTML, like Gecko; compatible; GPTBot/1.4; +https://openai.com/gptbot)"
74.7.242.45 - - [16/Jul/2026:18:31:16 -0600] "GET /?path=//home/dfwparty/mail/blogsalad.net/john/tmp HTTP/2" 200 2575 "https://www.ajpartyfun.com/?path=//home/dfwparty/mail/blogsalad.net/john" "Mozilla/5.0 AppleWebKit/537.36 (KHTML, like Gecko; compatible; GPTBot/1.4; +https://openai.com/gptbot)"
74.7.227.145 - - [16/Jul/2026:18:31:16 -0600] "GET /2026/07/16/kasyno-bez-weryfikacji-kyc-ktore-przeszo-moje-testy-matematyczne/?path=//var/softaculous/wp68/languages HTTP/2" 200 3903 "https://ajpartyfun.com/2026/07/16/kasyno-bez-weryfikacji-kyc-ktore-przeszo-moje-testy-matematyczne/?path=//var/softaculous/wp68" "Mozilla/5.0 AppleWebKit/537.36 (KHTML, like Gecko; compatible; GPTBot/1.4; +https://openai.com/gptbot)"
74.7.242.45 - - [16/Jul/2026:18:31:17 -0600] "GET /?path=/home/dfwparty/homeservice.blog HTTP/2" 200 2930 "https://www.ajpartyfun.com/?path=/home/dfwparty" "Mozilla/5.0 AppleWebKit/537.36 (KHTML, like Gecko; compatible; GPTBot/1.4; +https://openai.com/gptbot)"
74.7.227.145 - - [16/Jul/2026:18:31:17 -0600] "GET /2026/07/16/kasyno-bez-weryfikacji-kyc-ktore-przeszo-moje-testy-matematyczne/?path=//var/softaculous/moodle29/languages HTTP/2" 200 2563 "https://ajpartyfun.com/2026/07/16/kasyno-bez-weryfikacji-kyc-ktore-przeszo-moje-testy-matematyczne/?path=//var/softaculous/moodle29" "Mozilla/5.0 AppleWebKit/537.36 (KHTML, like Gecko; compatible; GPTBot/1.4; +https://openai.com/gptbot)"
74.7.242.45 - - [16/Jul/2026:18:31:17 -0600] "GET /?fileloc=/home/dfwparty/magicalmatty.fun/wp-includes/blocks/read-more/block.json&path=/home/dfwparty/magicalmatty.fun/wp-includes/blocks/read-more HTTP/2" 200 3046 "https://www.ajpartyfun.com/?path=/home/dfwparty/magicalmatty.fun/wp-includes/blocks/read-more" "Mozilla/5.0 AppleWebKit/537.36 (KHTML, like Gecko; compatible; GPTBot/1.4; +https://openai.com/gptbot)"
74.7.227.145 - - [16/Jul/2026:18:31:17 -0600] "GET /2026/07/16/kasyno-bez-weryfikacji-kyc-ktore-przeszo-moje-testy-matematyczne/?path=//var/softaculous/moodle50/images HTTP/2" 200 2879 "https://ajpartyfun.com/2026/07/16/kasyno-bez-weryfikacji-kyc-ktore-przeszo-moje-testy-matematyczne/?path=//var/softaculous/moodle50" "Mozilla/5.0 AppleWebKit/537.36 (KHTML, like Gecko; compatible; GPTBot/1.4; +https://openai.com/gptbot)"
74.7.242.45 - - [16/Jul/2026:18:31:18 -0600] "GET /?fileloc=/home/dfwparty/magicalmatty.fun/wp-includes/blocks/read-more/style-rtl.css&path=/home/dfwparty/magicalmatty.fun/wp-includes/blocks/read-more HTTP/2" 200 2614 "https://www.ajpartyfun.com/?path=/home/dfwparty/magicalmatty.fun/wp-includes/blocks/read-more" "Mozilla/5.0 AppleWebKit/537.36 (KHTML, like Gecko; compatible; GPTBot/1.4; +https://openai.com/gptbot)"
74.7.227.145 - - [16/Jul/2026:18:31:18 -0600] "GET /2026/07/16/kasyno-bez-weryfikacji-kyc-ktore-przeszo-moje-testy-matematyczne/?path=//var/softaculous/moodle28/images HTTP/2" 200 2879 "https://ajpartyfun.com/2026/07/16/kasyno-bez-weryfikacji-kyc-ktore-przeszo-moje-testy-matematyczne/?path=//var/softaculous/moodle28" "Mozilla/5.0 AppleWebKit/537.36 (KHTML, like Gecko; compatible; GPTBot/1.4; +https://openai.com/gptbot)"
74.7.242.45 - - [16/Jul/2026:18:31:18 -0600] "GET /?fileloc=/home/dfwparty/magicalmatty.fun/wp-includes/blocks/read-more/style.css&path=/home/dfwparty/magicalmatty.fun/wp-includes/blocks/read-more HTTP/2" 200 2612 "https://www.ajpartyfun.com/?path=/home/dfwparty/magicalmatty.fun/wp-includes/blocks/read-more" "Mozilla/5.0 AppleWebKit/537.36 (KHTML, like Gecko; compatible; GPTBot/1.4; +https://openai.com/gptbot)"
74.7.227.145 - - [16/Jul/2026:18:31:18 -0600] "GET /2026/07/16/kasyno-bez-weryfikacji-kyc-ktore-przeszo-moje-testy-matematyczne/?path=//var/softaculous/joomla54/languages HTTP/2" 200 3858 "https://ajpartyfun.com/2026/07/16/kasyno-bez-weryfikacji-kyc-ktore-przeszo-moje-testy-matematyczne/?path=//var/softaculous/joomla54" "Mozilla/5.0 AppleWebKit/537.36 (KHTML, like Gecko; compatible; GPTBot/1.4; +https://openai.com/gptbot)"
74.7.227.145 - - [16/Jul/2026:18:31:19 -0600] "GET /2026/07/16/kasyno-bez-weryfikacji-kyc-ktore-przeszo-moje-testy-matematyczne/?path=//var/softaculous/wp63/languages HTTP/2" 200 3953 "https://ajpartyfun.com/2026/07/16/kasyno-bez-weryfikacji-kyc-ktore-przeszo-moje-testy-matematyczne/?path=//var/softaculous/wp63" "Mozilla/5.0 AppleWebKit/537.36 (KHTML, like Gecko; compatible; GPTBot/1.4; +https://openai.com/gptbot)"
74.7.227.145 - - [16/Jul/2026:18:31:19 -0600] "GET /2026/07/16/kasyno-bez-weryfikacji-kyc-ktore-przeszo-moje-testy-matematyczne/?path=//var/softaculous/wp64/languages HTTP/2" 200 3889 "https://ajpartyfun.com/2026/07/16/kasyno-bez-weryfikacji-kyc-ktore-przeszo-moje-testy-matematyczne/?path=//var/softaculous/wp64" "Mozilla/5.0 AppleWebKit/537.36 (KHTML, like Gecko; compatible; GPTBot/1.4; +https://openai.com/gptbot)"
216.73.216.7 - - [16/Jul/2026:18:30:25 -0600] "GET /2026/07/16/kasyno-bez-weryfikacji-kyc-ktore-przeszo-moje-testy-matematyczne/?path=%2Fhome%2Fdfwparty%2Fgigiscleaning.net HTTP/2" 200 3665 "-" "Mozilla/5.0 AppleWebKit/537.36 (KHTML, like Gecko; compatible; ClaudeBot/1.0; +claudebot@anthropic.com)"
216.73.216.7 - - [16/Jul/2026:18:30:25 -0600] "GET /2026/07/16/kasyno-bez-weryfikacji-kyc-ktore-przeszo-moje-testy-matematyczne/?path=%2Fhome%2Fdfwparty%2F.spamassassin HTTP/2" 200 2912 "-" "Mozilla/5.0 AppleWebKit/537.36 (KHTML, like Gecko; compatible; ClaudeBot/1.0; +claudebot@anthropic.com)"
216.73.216.7 - - [16/Jul/2026:18:30:25 -0600] "GET /2026/07/16/kasyno-bez-weryfikacji-kyc-ktore-przeszo-moje-testy-matematyczne/?path=%2Fhome%2Fdfwparty%2Fdfwblogger.com HTTP/2" 200 3865 "-" "Mozilla/5.0 AppleWebKit/537.36 (KHTML, like Gecko; compatible; ClaudeBot/1.0; +claudebot@anthropic.com)"
216.73.216.7 - - [16/Jul/2026:18:30:25 -0600] "GET /2026/07/16/kasyno-bez-weryfikacji-kyc-ktore-przeszo-moje-testy-matematyczne/?path=%2Fhome%2Fdfwparty%2F.cphorde HTTP/2" 200 2910 "-" "Mozilla/5.0 AppleWebKit/537.36 (KHTML, like Gecko; compatible; ClaudeBot/1.0; +claudebot@anthropic.com)"
216.73.216.7 - - [16/Jul/2026:18:30:25 -0600] "GET /2026/07/16/kasyno-bez-weryfikacji-kyc-ktore-przeszo-moje-testy-matematyczne/?path=%2Fhome%2Fdfwparty%2F.razor HTTP/2" 200 3053 "-" "Mozilla/5.0 AppleWebKit/537.36 (KHTML, like Gecko; compatible; ClaudeBot/1.0; +claudebot@anthropic.com)"
216.73.216.7 - - [16/Jul/2026:18:30:25 -0600] "GET /2026/07/16/kasyno-bez-weryfikacji-kyc-ktore-przeszo-moje-testy-matematyczne/?path=%2Fhome%2Fdfwparty%2Fsingingtelegramsdallas.com HTTP/2" 200 3915 "-" "Mozilla/5.0 AppleWebKit/537.36 (KHTML, like Gecko; compatible; ClaudeBot/1.0; +claudebot@anthropic.com)"
216.73.216.7 - - [16/Jul/2026:18:30:25 -0600] "GET /2026/07/16/kasyno-bez-weryfikacji-kyc-ktore-przeszo-moje-testy-matematyczne/?path=%2Fhome%2Fdfwparty%2F.caldav HTTP/2" 200 4522 "-" "Mozilla/5.0 AppleWebKit/537.36 (KHTML, like Gecko; compatible; ClaudeBot/1.0; +claudebot@anthropic.com)"
216.73.216.7 - - [16/Jul/2026:18:31:20 -0600] "GET /2026/07/16/kasyno-bez-weryfikacji-kyc-ktore-przeszo-moje-testy-matematyczne/?path=%2Fhome%2Fdfwparty%2Fpartycoach.net HTTP/2" 200 2838 "-" "Mozilla/5.0 AppleWebKit/537.36 (KHTML, like Gecko; compatible; ClaudeBot/1.0; +claudebot@anthropic.com)"
216.73.216.7 - - [16/Jul/2026:18:31:20 -0600] "GET /2026/07/16/kasyno-bez-weryfikacji-kyc-ktore-przeszo-moje-testy-matematyczne/?path=%2Fhome%2Fdfwparty%2F.softaculous HTTP/2" 200 3107 "-" "Mozilla/5.0 AppleWebKit/537.36 (KHTML, like Gecko; compatible; ClaudeBot/1.0; +claudebot@anthropic.com)"
216.73.216.7 - - [16/Jul/2026:18:31:20 -0600] "GET /2026/07/16/kasyno-bez-weryfikacji-kyc-ktore-przeszo-moje-testy-matematyczne/?path=%2Fhome%2Fdfwparty%2Fschoolshows.directory HTTP/2" 200 2939 "-" "Mozilla/5.0 AppleWebKit/537.36 (KHTML, like Gecko; compatible; ClaudeBot/1.0; +claudebot@anthropic.com)"
216.73.216.7 - - [16/Jul/2026:18:31:21 -0600] "GET /2026/07/16/kasyno-bez-weryfikacji-kyc-ktore-przeszo-moje-testy-matematyczne/?path=%2Fhome%2Fdfwparty%2Flandscaping.forum HTTP/2" 200 2940 "-" "Mozilla/5.0 AppleWebKit/537.36 (KHTML, like Gecko; compatible; ClaudeBot/1.0; +claudebot@anthropic.com)"
216.73.216.7 - - [16/Jul/2026:18:31:21 -0600] "GET /2026/07/16/kasyno-bez-weryfikacji-kyc-ktore-przeszo-moje-testy-matematyczne/?path=%2Fhome%2Fdfwparty%2Fsmartphonemarketing.net HTTP/2" 200 2934 "-" "Mozilla/5.0 AppleWebKit/537.36 (KHTML, like Gecko; compatible; ClaudeBot/1.0; +claudebot@anthropic.com)"
216.73.216.7 - - [16/Jul/2026:18:31:21 -0600] "GET /2026/07/16/kasyno-bez-weryfikacji-kyc-ktore-przeszo-moje-testy-matematyczne/?path=%2Fhome%2Fdfwparty%2Fcreepydirectory.com HTTP/2" 200 2946 "-" "Mozilla/5.0 AppleWebKit/537.36 (KHTML, like Gecko; compatible; ClaudeBot/1.0; +claudebot@anthropic.com)"
74.7.227.145 - - [16/Jul/2026:18:31:20 -0600] "GET /2026/07/16/kasyno-bez-weryfikacji-kyc-ktore-przeszo-moje-testy-matematyczne/?path=//var/softaculous/joomla54/images HTTP/2" 200 2886 "https://ajpartyfun.com/2026/07/16/kasyno-bez-weryfikacji-kyc-ktore-przeszo-moje-testy-matematyczne/?path=//var/softaculous/joomla54" "Mozilla/5.0 AppleWebKit/537.36 (KHTML, like Gecko; compatible; GPTBot/1.4; +https://openai.com/gptbot)"
74.7.227.145 - - [16/Jul/2026:18:31:21 -0600] "GET /2026/07/16/kasyno-bez-weryfikacji-kyc-ktore-przeszo-moje-testy-matematyczne/?path=//var/softaculous/moodle30/languages HTTP/2" 200 3584 "https://ajpartyfun.com/2026/07/16/kasyno-bez-weryfikacji-kyc-ktore-przeszo-moje-testy-matematyczne/?path=//var/softaculous/moodle30" "Mozilla/5.0 AppleWebKit/537.36 (KHTML, like Gecko; compatible; GPTBot/1.4; +https://openai.com/gptbot)"
74.7.242.45 - - [16/Jul/2026:18:31:21 -0600] "GET /?fileloc=/home/dfwparty/magicalmatty.fun/wp-includes/blocks/read-more/style.min.css&path=/home/dfwparty/magicalmatty.fun/wp-includes/blocks/read-more HTTP/2" 200 2612 "https://www.ajpartyfun.com/?path=/home/dfwparty/magicalmatty.fun/wp-includes/blocks/read-more" "Mozilla/5.0 AppleWebKit/537.36 (KHTML, like Gecko; compatible; GPTBot/1.4; +https://openai.com/gptbot)"
74.7.227.145 - - [16/Jul/2026:18:31:21 -0600] "GET /2026/07/16/kasyno-bez-weryfikacji-kyc-ktore-przeszo-moje-testy-matematyczne/?path=//var/softaculous/moodle44/images HTTP/2" 200 2879 "https://ajpartyfun.com/2026/07/16/kasyno-bez-weryfikacji-kyc-ktore-przeszo-moje-testy-matematyczne/?path=//var/softaculous/moodle44" "Mozilla/5.0 AppleWebKit/537.36 (KHTML, like Gecko; compatible; GPTBot/1.4; +https://openai.com/gptbot)"
74.7.242.45 - - [16/Jul/2026:18:31:21 -0600] "GET /?fileloc=/home/dfwparty/magicalmatty.fun/wp-includes/blocks/read-more/style-rtl.min.css&path=/home/dfwparty/magicalmatty.fun/wp-includes/blocks/read-more HTTP/2" 200 2619 "https://www.ajpartyfun.com/?path=/home/dfwparty/magicalmatty.fun/wp-includes/blocks/read-more" "Mozilla/5.0 AppleWebKit/537.36 (KHTML, like Gecko; compatible; GPTBot/1.4; +https://openai.com/gptbot)"
74.7.227.145 - - [16/Jul/2026:18:31:22 -0600] "GET /2026/07/16/kasyno-bez-weryfikacji-kyc-ktore-przeszo-moje-testy-matematyczne/?path=//var/softaculous/moodle40/languages HTTP/2" 200 2563 "https://ajpartyfun.com/2026/07/16/kasyno-bez-weryfikacji-kyc-ktore-przeszo-moje-testy-matematyczne/?path=//var/softaculous/moodle40" "Mozilla/5.0 AppleWebKit/537.36 (KHTML, like Gecko; compatible; GPTBot/1.4; +https://openai.com/gptbot)"
74.7.242.45 - - [16/Jul/2026:18:31:22 -0600] "GET /?fileloc=//home/dfwparty/www/wp-includes/images/icon-library/filter.svg&path=//home/dfwparty/www/wp-includes/images/icon-library HTTP/2" 200 2646 "https://www.ajpartyfun.com/?path=//home/dfwparty/www/wp-includes/images/icon-library" "Mozilla/5.0 AppleWebKit/537.36 (KHTML, like Gecko; compatible; GPTBot/1.4; +https://openai.com/gptbot)"
74.7.227.145 - - [16/Jul/2026:18:31:22 -0600] "GET /2026/07/16/kasyno-bez-weryfikacji-kyc-ktore-przeszo-moje-testy-matematyczne/?path=//var/softaculous/moodle30/images HTTP/2" 200 2879 "https://ajpartyfun.com/2026/07/16/kasyno-bez-weryfikacji-kyc-ktore-przeszo-moje-testy-matematyczne/?path=//var/softaculous/moodle30" "Mozilla/5.0 AppleWebKit/537.36 (KHTML, like Gecko; compatible; GPTBot/1.4; +https://openai.com/gptbot)"
74.7.242.45 - - [16/Jul/2026:18:31:22 -0600] "GET /?path=//home/dfwparty/smartcardcontacts.com/wp-includes/blocks/comments-pagination-numbers HTTP/2" 200 3026 "https://www.ajpartyfun.com/?path=//home/dfwparty/smartcardcontacts.com/wp-includes/blocks" "Mozilla/5.0 AppleWebKit/537.36 (KHTML, like Gecko; compatible; GPTBot/1.4; +https://openai.com/gptbot)"
74.7.242.45 - - [16/Jul/2026:18:31:23 -0600] "GET /?path=//home/dfwparty/www/wp-includes/Requests/src/Exception/Http HTTP/2" 200 3395 "https://www.ajpartyfun.com/?path=//home/dfwparty/www/wp-includes/Requests/src/Exception" "Mozilla/5.0 AppleWebKit/537.36 (KHTML, like Gecko; compatible; GPTBot/1.4; +https://openai.com/gptbot)"
74.7.227.145 - - [16/Jul/2026:18:31:23 -0600] "GET /2026/07/16/kasyno-bez-weryfikacji-kyc-ktore-przeszo-moje-testy-matematyczne/?path=//var/softaculous/drupal10/images HTTP/2" 200 2882 "https://ajpartyfun.com/2026/07/16/kasyno-bez-weryfikacji-kyc-ktore-przeszo-moje-testy-matematyczne/?path=//var/softaculous/drupal10" "Mozilla/5.0 AppleWebKit/537.36 (KHTML, like Gecko; compatible; GPTBot/1.4; +https://openai.com/gptbot)"
74.7.227.145 - - [16/Jul/2026:18:31:23 -0600] "GET /2026/07/16/kasyno-bez-weryfikacji-kyc-ktore-przeszo-moje-testy-matematyczne/?path=//var/softaculous/moodle42/images HTTP/2" 200 2879 "https://ajpartyfun.com/2026/07/16/kasyno-bez-weryfikacji-kyc-ktore-przeszo-moje-testy-matematyczne/?path=//var/softaculous/moodle42" "Mozilla/5.0 AppleWebKit/537.36 (KHTML, like Gecko; compatible; GPTBot/1.4; +https://openai.com/gptbot)"
74.7.227.145 - - [16/Jul/2026:18:31:24 -0600] "GET /2026/07/16/kasyno-bez-weryfikacji-kyc-ktore-przeszo-moje-testy-matematyczne/?path=//var/softaculous/moodle51/images HTTP/2" 200 2879 "https://ajpartyfun.com/2026/07/16/kasyno-bez-weryfikacji-kyc-ktore-przeszo-moje-testy-matematyczne/?path=//var/softaculous/moodle51" "Mozilla/5.0 AppleWebKit/537.36 (KHTML, like Gecko; compatible; GPTBot/1.4; +https://openai.com/gptbot)"
74.7.242.45 - - [16/Jul/2026:18:31:24 -0600] "GET /?fileloc=//home/dfwparty/dfwsingingtelegrams.com/wp-admin/index.php&path=//home/dfwparty/dfwsingingtelegrams.com/wp-admin HTTP/2" 200 5635 "https://www.ajpartyfun.com/?path=//home/dfwparty/dfwsingingtelegrams.com/wp-admin" "Mozilla/5.0 AppleWebKit/537.36 (KHTML, like Gecko; compatible; GPTBot/1.4; +https://openai.com/gptbot)"
74.7.242.45 - - [16/Jul/2026:18:31:24 -0600] "GET /?fileloc=//home/dfwparty/dfwblogger.com/wp-content/plugins/astra-addon/addons/woocommerce/classes/sections/class-astra-woocommerce-shop-single-configs.php&path=//home/dfwparty/dfwblogger.com/wp-content/plugins/astra-addon/addons/woocommerce/classes/sections HTTP/2" 200 7363 "https://www.ajpartyfun.com/?path=//home/dfwparty/dfwblogger.com/wp-content/plugins/astra-addon/addons/woocommerce/classes/sections" "Mozilla/5.0 AppleWebKit/537.36 (KHTML, like Gecko; compatible; GPTBot/1.4; +https://openai.com/gptbot)"
