74.7.242.45 - - [16/Jul/2026:18:32:26 -0600] "GET /?fileloc=/home/dfwparty/ajpartyfun.com/wp-includes/images/xit.gif&path=/home/dfwparty/ajpartyfun.com/wp-includes/images HTTP/2" 200 2697 "https://www.ajpartyfun.com/?path=/home/dfwparty/ajpartyfun.com/wp-includes/images" "Mozilla/5.0 AppleWebKit/537.36 (KHTML, like Gecko; compatible; GPTBot/1.4; +https://openai.com/gptbot)"
74.7.227.145 - - [16/Jul/2026:18:32:26 -0600] "GET /2026/07/16/kasyno-bez-weryfikacji-kyc-ktore-przeszo-moje-testy-matematyczne/?path=//var/softaculous/sentrifugo/php71 HTTP/2" 200 2969 "https://ajpartyfun.com/2026/07/16/kasyno-bez-weryfikacji-kyc-ktore-przeszo-moje-testy-matematyczne/?path=//var/softaculous/sentrifugo" "Mozilla/5.0 AppleWebKit/537.36 (KHTML, like Gecko; compatible; GPTBot/1.4; +https://openai.com/gptbot)"
74.7.242.45 - - [16/Jul/2026:18:32:26 -0600] "GET /?fileloc=/home/dfwparty/ajpartyfun.com/wp-includes/images/down_arrow.gif&path=/home/dfwparty/ajpartyfun.com/wp-includes/images HTTP/2" 200 2607 "https://www.ajpartyfun.com/?path=/home/dfwparty/ajpartyfun.com/wp-includes/images" "Mozilla/5.0 AppleWebKit/537.36 (KHTML, like Gecko; compatible; GPTBot/1.4; +https://openai.com/gptbot)"
74.7.227.145 - - [16/Jul/2026:18:32:27 -0600] "GET /2026/07/16/kasyno-bez-weryfikacji-kyc-ktore-przeszo-moje-testy-matematyczne/?path=//var/softaculous/churchcrm/php82 HTTP/2" 200 2970 "https://ajpartyfun.com/2026/07/16/kasyno-bez-weryfikacji-kyc-ktore-przeszo-moje-testy-matematyczne/?path=//var/softaculous/churchcrm" "Mozilla/5.0 AppleWebKit/537.36 (KHTML, like Gecko; compatible; GPTBot/1.4; +https://openai.com/gptbot)"
74.7.242.45 - - [16/Jul/2026:18:32:27 -0600] "GET /?path=/home/dfwparty/smartcardcontacts.com/wp-content/plugins/unlimited-elements-for-elementor-premium/provider/admin_notices/notices HTTP/2" 200 3112 "https://www.ajpartyfun.com/?path=/home/dfwparty/smartcardcontacts.com/wp-content/plugins/unlimited-elements-for-elementor-premium/provider/admin_notices" "Mozilla/5.0 AppleWebKit/537.36 (KHTML, like Gecko; compatible; GPTBot/1.4; +https://openai.com/gptbot)"
74.7.227.145 - - [16/Jul/2026:18:32:27 -0600] "GET /2026/07/16/kasyno-bez-weryfikacji-kyc-ktore-przeszo-moje-testy-matematyczne/?path=//var/softaculous/sofawiki/php56 HTTP/2" 200 2973 "https://ajpartyfun.com/2026/07/16/kasyno-bez-weryfikacji-kyc-ktore-przeszo-moje-testy-matematyczne/?path=//var/softaculous/sofawiki" "Mozilla/5.0 AppleWebKit/537.36 (KHTML, like Gecko; compatible; GPTBot/1.4; +https://openai.com/gptbot)"
74.7.242.45 - - [16/Jul/2026:18:32:27 -0600] "GET /?path=/home/dfwparty/smartcardcontacts.com/wp-content/plugins/unlimited-elements-for-elementor-premium/assets_libraries/smooth-scroll HTTP/2" 200 2956 "https://www.ajpartyfun.com/?path=/home/dfwparty/smartcardcontacts.com/wp-content/plugins/unlimited-elements-for-elementor-premium/assets_libraries" "Mozilla/5.0 AppleWebKit/537.36 (KHTML, like Gecko; compatible; GPTBot/1.4; +https://openai.com/gptbot)"
74.7.227.145 - - [16/Jul/2026:18:32:28 -0600] "GET /2026/07/16/kasyno-bez-weryfikacji-kyc-ktore-przeszo-moje-testy-matematyczne/?path=//var/softaculous/paintbrushjs/php81 HTTP/2" 200 2842 "https://ajpartyfun.com/2026/07/16/kasyno-bez-weryfikacji-kyc-ktore-przeszo-moje-testy-matematyczne/?path=//var/softaculous/paintbrushjs" "Mozilla/5.0 AppleWebKit/537.36 (KHTML, like Gecko; compatible; GPTBot/1.4; +https://openai.com/gptbot)"
74.7.242.45 - - [16/Jul/2026:18:32:28 -0600] "GET /?fileloc=/home/dfwparty/smartcardpayme.com/wp-admin/includes/class-wp-privacy-data-removal-requests-list-table.php&path=/home/dfwparty/smartcardpayme.com/wp-admin/includes HTTP/2" 200 4239 "https://www.ajpartyfun.com/?path=/home/dfwparty/smartcardpayme.com/wp-admin/includes" "Mozilla/5.0 AppleWebKit/537.36 (KHTML, like Gecko; compatible; GPTBot/1.4; +https://openai.com/gptbot)"
74.7.227.145 - - [16/Jul/2026:18:32:28 -0600] "GET /2026/07/16/kasyno-bez-weryfikacji-kyc-ktore-przeszo-moje-testy-matematyczne/?path=//var/softaculous/sentrifugo/php81 HTTP/2" 200 2969 "https://ajpartyfun.com/2026/07/16/kasyno-bez-weryfikacji-kyc-ktore-przeszo-moje-testy-matematyczne/?path=//var/softaculous/sentrifugo" "Mozilla/5.0 AppleWebKit/537.36 (KHTML, like Gecko; compatible; GPTBot/1.4; +https://openai.com/gptbot)"
74.7.242.45 - - [16/Jul/2026:18:32:28 -0600] "GET /?fileloc=//usr/local/share/perl5/Expect.pm&path=//usr/local/share/perl5 HTTP/2" 200 35214 "https://www.ajpartyfun.com/?path=//usr/local/share/perl5" "Mozilla/5.0 AppleWebKit/537.36 (KHTML, like Gecko; compatible; GPTBot/1.4; +https://openai.com/gptbot)"
74.7.227.145 - - [16/Jul/2026:18:32:29 -0600] "GET /2026/07/16/kasyno-bez-weryfikacji-kyc-ktore-przeszo-moje-testy-matematyczne/?path=//var/softaculous/backdrop/php71 HTTP/2" 200 3014 "https://ajpartyfun.com/2026/07/16/kasyno-bez-weryfikacji-kyc-ktore-przeszo-moje-testy-matematyczne/?path=//var/softaculous/backdrop" "Mozilla/5.0 AppleWebKit/537.36 (KHTML, like Gecko; compatible; GPTBot/1.4; +https://openai.com/gptbot)"
74.7.242.45 - - [16/Jul/2026:18:32:29 -0600] "GET /?fileloc=/home/dfwparty/smartcardpayme.com/wp-admin/includes/class-wp-privacy-requests-table.php&path=/home/dfwparty/smartcardpayme.com/wp-admin/includes HTTP/2" 200 6630 "https://www.ajpartyfun.com/?path=/home/dfwparty/smartcardpayme.com/wp-admin/includes" "Mozilla/5.0 AppleWebKit/537.36 (KHTML, like Gecko; compatible; GPTBot/1.4; +https://openai.com/gptbot)"
74.7.242.45 - - [16/Jul/2026:18:32:29 -0600] "GET /?fileloc=/home/dfwparty/smartcardpayme.com/wp-admin/includes/class-wp-plugins-list-table.php&path=/home/dfwparty/smartcardpayme.com/wp-admin/includes HTTP/2" 200 14978 "https://www.ajpartyfun.com/?path=/home/dfwparty/smartcardpayme.com/wp-admin/includes" "Mozilla/5.0 AppleWebKit/537.36 (KHTML, like Gecko; compatible; GPTBot/1.4; +https://openai.com/gptbot)"
74.7.227.145 - - [16/Jul/2026:18:32:30 -0600] "GET /2026/07/16/kasyno-bez-weryfikacji-kyc-ktore-przeszo-moje-testy-matematyczne/?path=//var/softaculous/backdrop/php81 HTTP/2" 200 3020 "https://ajpartyfun.com/2026/07/16/kasyno-bez-weryfikacji-kyc-ktore-przeszo-moje-testy-matematyczne/?path=//var/softaculous/backdrop" "Mozilla/5.0 AppleWebKit/537.36 (KHTML, like Gecko; compatible; GPTBot/1.4; +https://openai.com/gptbot)"
74.7.227.145 - - [16/Jul/2026:18:32:30 -0600] "GET /2026/07/16/kasyno-bez-weryfikacji-kyc-ktore-przeszo-moje-testy-matematyczne/?path=//var/softaculous/wp56/languages HTTP/2" 200 2564 "https://ajpartyfun.com/2026/07/16/kasyno-bez-weryfikacji-kyc-ktore-przeszo-moje-testy-matematyczne/?path=//var/softaculous/wp56" "Mozilla/5.0 AppleWebKit/537.36 (KHTML, like Gecko; compatible; GPTBot/1.4; +https://openai.com/gptbot)"
74.7.242.45 - - [16/Jul/2026:18:32:30 -0600] "GET /?fileloc=/home/dfwparty/smartcardpayme.com/wp-admin/includes/class-wp-links-list-table.php&path=/home/dfwparty/smartcardpayme.com/wp-admin/includes HTTP/2" 200 5399 "https://www.ajpartyfun.com/?path=/home/dfwparty/smartcardpayme.com/wp-admin/includes" "Mozilla/5.0 AppleWebKit/537.36 (KHTML, like Gecko; compatible; GPTBot/1.4; +https://openai.com/gptbot)"
74.7.242.45 - - [16/Jul/2026:18:32:31 -0600] "GET /?fileloc=/home/dfwparty/smartcardpayme.com/wp-admin/includes/theme-install.php&path=/home/dfwparty/smartcardpayme.com/wp-admin/includes HTTP/2" 200 4716 "https://www.ajpartyfun.com/?path=/home/dfwparty/smartcardpayme.com/wp-admin/includes" "Mozilla/5.0 AppleWebKit/537.36 (KHTML, like Gecko; compatible; GPTBot/1.4; +https://openai.com/gptbot)"
74.7.227.145 - - [16/Jul/2026:18:32:31 -0600] "GET /2026/07/16/kasyno-bez-weryfikacji-kyc-ktore-przeszo-moje-testy-matematyczne/?path=//var/softaculous/sofawiki/php71 HTTP/2" 200 2975 "https://ajpartyfun.com/2026/07/16/kasyno-bez-weryfikacji-kyc-ktore-przeszo-moje-testy-matematyczne/?path=//var/softaculous/sofawiki" "Mozilla/5.0 AppleWebKit/537.36 (KHTML, like Gecko; compatible; GPTBot/1.4; +https://openai.com/gptbot)"
74.7.242.45 - - [16/Jul/2026:18:32:31 -0600] "GET /?fileloc=/home/dfwparty/smartcardpayme.com/wp-admin/includes/plugin-install.php&path=/home/dfwparty/smartcardpayme.com/wp-admin/includes HTTP/2" 200 13547 "https://www.ajpartyfun.com/?path=/home/dfwparty/smartcardpayme.com/wp-admin/includes" "Mozilla/5.0 AppleWebKit/537.36 (KHTML, like Gecko; compatible; GPTBot/1.4; +https://openai.com/gptbot)"
74.7.242.45 - - [16/Jul/2026:18:32:32 -0600] "GET /?fileloc=/home/dfwparty/smartcardpayme.com/wp-admin/includes/class-custom-image-header.php&path=/home/dfwparty/smartcardpayme.com/wp-admin/includes HTTP/2" 200 14749 "https://www.ajpartyfun.com/?path=/home/dfwparty/smartcardpayme.com/wp-admin/includes" "Mozilla/5.0 AppleWebKit/537.36 (KHTML, like Gecko; compatible; GPTBot/1.4; +https://openai.com/gptbot)"
74.7.242.45 - - [16/Jul/2026:18:32:32 -0600] "GET /?path=//usr/local/share/perl5/Try HTTP/2" 200 2841 "https://www.ajpartyfun.com/?path=//usr/local/share/perl5" "Mozilla/5.0 AppleWebKit/537.36 (KHTML, like Gecko; compatible; GPTBot/1.4; +https://openai.com/gptbot)"
74.7.242.45 - - [16/Jul/2026:18:32:33 -0600] "GET /?path=//usr/local/share/perl5/FFI HTTP/2" 200 2844 "https://www.ajpartyfun.com/?path=//usr/local/share/perl5" "Mozilla/5.0 AppleWebKit/537.36 (KHTML, like Gecko; compatible; GPTBot/1.4; +https://openai.com/gptbot)"
74.7.242.45 - - [16/Jul/2026:18:32:33 -0600] "GET /?path=//usr/local/share/perl5/XML HTTP/2" 200 3068 "https://www.ajpartyfun.com/?path=//usr/local/share/perl5" "Mozilla/5.0 AppleWebKit/537.36 (KHTML, like Gecko; compatible; GPTBot/1.4; +https://openai.com/gptbot)"
74.7.242.45 - - [16/Jul/2026:18:32:34 -0600] "GET /?path=//usr/local/share/perl5/Canary HTTP/2" 200 2840 "https://www.ajpartyfun.com/?path=//usr/local/share/perl5" "Mozilla/5.0 AppleWebKit/537.36 (KHTML, like Gecko; compatible; GPTBot/1.4; +https://openai.com/gptbot)"
74.7.242.45 - - [16/Jul/2026:18:32:34 -0600] "GET /?fileloc=/home/dfwparty/smartcardpayme.com/wp-admin/includes/class-wp-site-health.php&path=/home/dfwparty/smartcardpayme.com/wp-admin/includes HTTP/2" 200 30654 "https://www.ajpartyfun.com/?path=/home/dfwparty/smartcardpayme.com/wp-admin/includes" "Mozilla/5.0 AppleWebKit/537.36 (KHTML, like Gecko; compatible; GPTBot/1.4; +https://openai.com/gptbot)"
74.7.242.45 - - [16/Jul/2026:18:32:35 -0600] "GET /?fileloc=/home/dfwparty/smartcardcontacts.com/wp-content/plugins/unlimited-elements-for-elementor-premium/assets_libraries/smooth-scroll/smooth-scroll.js&path=/home/dfwparty/smartcardcontacts.com/wp-content/plugins/unlimited-elements-for-elementor-premium/assets_libraries/smooth-scroll HTTP/2" 200 7757 "https://www.ajpartyfun.com/?path=/home/dfwparty/smartcardcontacts.com/wp-content/plugins/unlimited-elements-for-elementor-premium/assets_libraries/smooth-scroll" "Mozilla/5.0 AppleWebKit/537.36 (KHTML, like Gecko; compatible; GPTBot/1.4; +https://openai.com/gptbot)"
74.7.242.45 - - [16/Jul/2026:18:32:35 -0600] "GET /?fileloc=/home/dfwparty/smartcardcontacts.com/wp-content/plugins/unlimited-elements-for-elementor-premium/assets_libraries/smooth-scroll/smooth-scroll.min.js&path=/home/dfwparty/smartcardcontacts.com/wp-content/plugins/unlimited-elements-for-elementor-premium/assets_libraries/smooth-scroll HTTP/2" 200 4573 "https://www.ajpartyfun.com/?path=/home/dfwparty/smartcardcontacts.com/wp-content/plugins/unlimited-elements-for-elementor-premium/assets_libraries/smooth-scroll" "Mozilla/5.0 AppleWebKit/537.36 (KHTML, like Gecko; compatible; GPTBot/1.4; +https://openai.com/gptbot)"
74.7.242.45 - - [16/Jul/2026:18:32:36 -0600] "GET /?fileloc=/home/dfwparty/smartcardpayme.com/wp-admin/includes/class-wp-comments-list-table.php&path=/home/dfwparty/smartcardpayme.com/wp-admin/includes HTTP/2" 200 11347 "https://www.ajpartyfun.com/?path=/home/dfwparty/smartcardpayme.com/wp-admin/includes" "Mozilla/5.0 AppleWebKit/537.36 (KHTML, like Gecko; compatible; GPTBot/1.4; +https://openai.com/gptbot)"
74.7.242.45 - - [16/Jul/2026:18:32:36 -0600] "GET /?fileloc=/home/dfwparty/smartcardpayme.com/wp-admin/includes/deprecated.php&path=/home/dfwparty/smartcardpayme.com/wp-admin/includes HTTP/2" 200 12538 "https://www.ajpartyfun.com/?path=/home/dfwparty/smartcardpayme.com/wp-admin/includes" "Mozilla/5.0 AppleWebKit/537.36 (KHTML, like Gecko; compatible; GPTBot/1.4; +https://openai.com/gptbot)"
74.7.242.45 - - [16/Jul/2026:18:32:37 -0600] "GET /?fileloc=/home/dfwparty/smartcardpayme.com/wp-admin/includes/update-core.php&path=/home/dfwparty/smartcardpayme.com/wp-admin/includes HTTP/2" 200 17337 "https://www.ajpartyfun.com/?path=/home/dfwparty/smartcardpayme.com/wp-admin/includes" "Mozilla/5.0 AppleWebKit/537.36 (KHTML, like Gecko; compatible; GPTBot/1.4; +https://openai.com/gptbot)"
74.7.242.45 - - [16/Jul/2026:18:32:38 -0600] "GET /?fileloc=/home/dfwparty/smartcardpayme.com/wp-admin/includes/list-table.php&path=/home/dfwparty/smartcardpayme.com/wp-admin/includes HTTP/2" 200 3790 "https://www.ajpartyfun.com/?path=/home/dfwparty/smartcardpayme.com/wp-admin/includes" "Mozilla/5.0 AppleWebKit/537.36 (KHTML, like Gecko; compatible; GPTBot/1.4; +https://openai.com/gptbot)"
74.7.242.45 - - [16/Jul/2026:18:32:38 -0600] "GET /?fileloc=//usr/local/share/perl5/Try/Tiny.pm&path=//usr/local/share/perl5/Try HTTP/2" 200 11390 "https://www.ajpartyfun.com/?path=//usr/local/share/perl5/Try" "Mozilla/5.0 AppleWebKit/537.36 (KHTML, like Gecko; compatible; GPTBot/1.4; +https://openai.com/gptbot)"
74.7.227.145 - - [16/Jul/2026:18:32:38 -0600] "GET /2026/07/16/kasyno-bez-weryfikacji-kyc-ktore-przeszo-moje-testy-matematyczne/?path=//var/softaculous/sofawiki/php53 HTTP/2" 200 2972 "https://ajpartyfun.com/2026/07/16/kasyno-bez-weryfikacji-kyc-ktore-przeszo-moje-testy-matematyczne/?path=//var/softaculous/sofawiki" "Mozilla/5.0 AppleWebKit/537.36 (KHTML, like Gecko; compatible; GPTBot/1.4; +https://openai.com/gptbot)"
74.7.242.45 - - [16/Jul/2026:18:32:39 -0600] "GET /?fileloc=//usr/local/share/perl5/FFI/CheckLib.pm&path=//usr/local/share/perl5/FFI HTTP/2" 200 9048 "https://www.ajpartyfun.com/?path=//usr/local/share/perl5/FFI" "Mozilla/5.0 AppleWebKit/537.36 (KHTML, like Gecko; compatible; GPTBot/1.4; +https://openai.com/gptbot)"
74.7.242.45 - - [16/Jul/2026:18:32:39 -0600] "GET /?fileloc=//usr/local/share/perl5/XML/Simple.pm&path=//usr/local/share/perl5/XML HTTP/2" 200 33789 "https://www.ajpartyfun.com/?path=//usr/local/share/perl5/XML" "Mozilla/5.0 AppleWebKit/537.36 (KHTML, like Gecko; compatible; GPTBot/1.4; +https://openai.com/gptbot)"
74.7.242.45 - - [16/Jul/2026:18:32:40 -0600] "GET /?fileloc=//usr/local/share/perl5/XML/SAX.pm&path=//usr/local/share/perl5/XML HTTP/2" 200 6201 "https://www.ajpartyfun.com/?path=//usr/local/share/perl5/XML" "Mozilla/5.0 AppleWebKit/537.36 (KHTML, like Gecko; compatible; GPTBot/1.4; +https://openai.com/gptbot)"
74.7.242.45 - - [16/Jul/2026:18:32:40 -0600] "GET /?fileloc=//usr/local/share/perl5/Canary/Stability.pm&path=//usr/local/share/perl5/Canary HTTP/2" 200 5485 "https://www.ajpartyfun.com/?path=//usr/local/share/perl5/Canary" "Mozilla/5.0 AppleWebKit/537.36 (KHTML, like Gecko; compatible; GPTBot/1.4; +https://openai.com/gptbot)"
74.7.242.45 - - [16/Jul/2026:18:32:41 -0600] "GET /?path=//usr/local/share/perl5/Alien HTTP/2" 200 3074 "https://www.ajpartyfun.com/?path=//usr/local/share/perl5" "Mozilla/5.0 AppleWebKit/537.36 (KHTML, like Gecko; compatible; GPTBot/1.4; +https://openai.com/gptbot)"
74.7.242.45 - - [16/Jul/2026:18:32:41 -0600] "GET /?path=//usr/local/share/perl5/Types HTTP/2" 200 2915 "https://www.ajpartyfun.com/?path=//usr/local/share/perl5" "Mozilla/5.0 AppleWebKit/537.36 (KHTML, like Gecko; compatible; GPTBot/1.4; +https://openai.com/gptbot)"
74.7.242.45 - - [16/Jul/2026:18:32:42 -0600] "GET /?fileloc=/home/dfwparty/smartcardpayme.com/wp-admin/includes/class-language-pack-upgrader.php&path=/home/dfwparty/smartcardpayme.com/wp-admin/includes HTTP/2" 200 6920 "https://www.ajpartyfun.com/?path=/home/dfwparty/smartcardpayme.com/wp-admin/includes" "Mozilla/5.0 AppleWebKit/537.36 (KHTML, like Gecko; compatible; GPTBot/1.4; +https://openai.com/gptbot)"
74.7.242.45 - - [16/Jul/2026:18:32:42 -0600] "GET /?fileloc=/home/dfwparty/smartcardpayme.com/wp-admin/includes/class-automatic-upgrader-skin.php&path=/home/dfwparty/smartcardpayme.com/wp-admin/includes HTTP/2" 200 3900 "https://www.ajpartyfun.com/?path=/home/dfwparty/smartcardpayme.com/wp-admin/includes" "Mozilla/5.0 AppleWebKit/537.36 (KHTML, like Gecko; compatible; GPTBot/1.4; +https://openai.com/gptbot)"
74.7.242.45 - - [16/Jul/2026:18:32:43 -0600] "GET /?fileloc=/home/dfwparty/smartcardpayme.com/wp-admin/includes/class-custom-background.php&path=/home/dfwparty/smartcardpayme.com/wp-admin/includes HTTP/2" 200 8276 "https://www.ajpartyfun.com/?path=/home/dfwparty/smartcardpayme.com/wp-admin/includes" "Mozilla/5.0 AppleWebKit/537.36 (KHTML, like Gecko; compatible; GPTBot/1.4; +https://openai.com/gptbot)"
74.7.242.45 - - [16/Jul/2026:18:32:43 -0600] "GET /?path=//usr/local/share/perl5/XML/SAX HTTP/2" 200 3270 "https://www.ajpartyfun.com/?path=//usr/local/share/perl5/XML" "Mozilla/5.0 AppleWebKit/537.36 (KHTML, like Gecko; compatible; GPTBot/1.4; +https://openai.com/gptbot)"
74.7.242.45 - - [16/Jul/2026:18:32:44 -0600] "GET /?fileloc=/home/dfwparty/smartcardpayme.com/wp-admin/includes/class-pclzip.php&path=/home/dfwparty/smartcardpayme.com/wp-admin/includes HTTP/2" 200 33297 "https://www.ajpartyfun.com/?path=/home/dfwparty/smartcardpayme.com/wp-admin/includes" "Mozilla/5.0 AppleWebKit/537.36 (KHTML, like Gecko; compatible; GPTBot/1.4; +https://openai.com/gptbot)"
74.7.242.45 - - [16/Jul/2026:18:32:44 -0600] "GET /?fileloc=/home/dfwparty/smartcardpayme.com/wp-admin/includes/ajax-actions.php&path=/home/dfwparty/smartcardpayme.com/wp-admin/includes HTTP/2" 200 36781 "https://www.ajpartyfun.com/?path=/home/dfwparty/smartcardpayme.com/wp-admin/includes" "Mozilla/5.0 AppleWebKit/537.36 (KHTML, like Gecko; compatible; GPTBot/1.4; +https://openai.com/gptbot)"
74.7.242.45 - - [16/Jul/2026:18:32:45 -0600] "GET /?fileloc=/home/dfwparty/smartcardpayme.com/wp-admin/includes/class-wp-terms-list-table.php&path=/home/dfwparty/smartcardpayme.com/wp-admin/includes HTTP/2" 200 8692 "https://www.ajpartyfun.com/?path=/home/dfwparty/smartcardpayme.com/wp-admin/includes" "Mozilla/5.0 AppleWebKit/537.36 (KHTML, like Gecko; compatible; GPTBot/1.4; +https://openai.com/gptbot)"
74.7.242.45 - - [16/Jul/2026:18:32:45 -0600] "GET /?fileloc=/home/dfwparty/smartcardpayme.com/wp-admin/includes/class-wp-filesystem-ssh2.php&path=/home/dfwparty/smartcardpayme.com/wp-admin/includes HTTP/2" 200 8158 "https://www.ajpartyfun.com/?path=/home/dfwparty/smartcardpayme.com/wp-admin/includes" "Mozilla/5.0 AppleWebKit/537.36 (KHTML, like Gecko; compatible; GPTBot/1.4; +https://openai.com/gptbot)"
74.7.242.45 - - [16/Jul/2026:18:32:46 -0600] "GET /?path=//usr/local/share/perl5/HTTP HTTP/2" 200 2836 "https://www.ajpartyfun.com/?path=//usr/local/share/perl5" "Mozilla/5.0 AppleWebKit/537.36 (KHTML, like Gecko; compatible; GPTBot/1.4; +https://openai.com/gptbot)"
74.7.242.45 - - [16/Jul/2026:18:32:46 -0600] "GET /?fileloc=//usr/local/share/perl5/Alien/Role.pm&path=//usr/local/share/perl5/Alien HTTP/2" 200 3908 "https://www.ajpartyfun.com/?path=//usr/local/share/perl5/Alien" "Mozilla/5.0 AppleWebKit/537.36 (KHTML, like Gecko; compatible; GPTBot/1.4; +https://openai.com/gptbot)"
74.7.242.45 - - [16/Jul/2026:18:32:47 -0600] "GET /?fileloc=//usr/local/share/perl5/Alien/Util.pm&path=//usr/local/share/perl5/Alien HTTP/2" 200 4197 "https://www.ajpartyfun.com/?path=//usr/local/share/perl5/Alien" "Mozilla/5.0 AppleWebKit/537.36 (KHTML, like Gecko; compatible; GPTBot/1.4; +https://openai.com/gptbot)"
74.7.242.45 - - [16/Jul/2026:18:32:48 -0600] "GET /?path=//usr/local/share/perl5/File HTTP/2" 200 2833 "https://www.ajpartyfun.com/?path=//usr/local/share/perl5" "Mozilla/5.0 AppleWebKit/537.36 (KHTML, like Gecko; compatible; GPTBot/1.4; +https://openai.com/gptbot)"
74.7.242.45 - - [16/Jul/2026:18:32:48 -0600] "GET /?fileloc=/home/dfwparty/smartcardpayme.com/wp-admin/includes/class-wp-filesystem-ftpext.php&path=/home/dfwparty/smartcardpayme.com/wp-admin/includes HTTP/2" 200 8239 "https://www.ajpartyfun.com/?path=/home/dfwparty/smartcardpayme.com/wp-admin/includes" "Mozilla/5.0 AppleWebKit/537.36 (KHTML, like Gecko; compatible; GPTBot/1.4; +https://openai.com/gptbot)"
74.7.242.45 - - [16/Jul/2026:18:32:48 -0600] "GET /?fileloc=/home/dfwparty/smartcardpayme.com/wp-admin/includes/class-core-upgrader.php&path=/home/dfwparty/smartcardpayme.com/wp-admin/includes HTTP/2" 200 7285 "https://www.ajpartyfun.com/?path=/home/dfwparty/smartcardpayme.com/wp-admin/includes" "Mozilla/5.0 AppleWebKit/537.36 (KHTML, like Gecko; compatible; GPTBot/1.4; +https://openai.com/gptbot)"
74.7.242.45 - - [16/Jul/2026:18:32:49 -0600] "GET /?fileloc=//usr/local/share/perl5/XML/SAX/Exception.pm&path=//usr/local/share/perl5/XML/SAX HTTP/2" 200 3856 "https://www.ajpartyfun.com/?path=//usr/local/share/perl5/XML/SAX" "Mozilla/5.0 AppleWebKit/537.36 (KHTML, like Gecko; compatible; GPTBot/1.4; +https://openai.com/gptbot)"
74.7.242.45 - - [16/Jul/2026:18:32:50 -0600] "GET /?path=//usr/local/share/perl5/XML/SAX/PurePerl HTTP/2" 200 3323 "https://www.ajpartyfun.com/?path=//usr/local/share/perl5/XML/SAX" "Mozilla/5.0 AppleWebKit/537.36 (KHTML, like Gecko; compatible; GPTBot/1.4; +https://openai.com/gptbot)"
74.7.242.45 - - [16/Jul/2026:18:32:50 -0600] "GET /?fileloc=//usr/local/share/perl5/XML/SAX/ParserDetails.ini&path=//usr/local/share/perl5/XML/SAX HTTP/2" 200 2637 "https://www.ajpartyfun.com/?path=//usr/local/share/perl5/XML/SAX" "Mozilla/5.0 AppleWebKit/537.36 (KHTML, like Gecko; compatible; GPTBot/1.4; +https://openai.com/gptbot)"
74.7.242.45 - - [16/Jul/2026:18:32:51 -0600] "GET /?fileloc=/home/dfwparty/smartcardpayme.com/wp-admin/includes/class-wp-internal-pointers.php&path=/home/dfwparty/smartcardpayme.com/wp-admin/includes HTTP/2" 200 4146 "https://www.ajpartyfun.com/?path=/home/dfwparty/smartcardpayme.com/wp-admin/includes" "Mozilla/5.0 AppleWebKit/537.36 (KHTML, like Gecko; compatible; GPTBot/1.4; +https://openai.com/gptbot)"
74.7.242.45 - - [16/Jul/2026:18:32:51 -0600] "GET /?fileloc=/home/dfwparty/smartcardpayme.com/wp-admin/includes/class-file-upload-upgrader.php&path=/home/dfwparty/smartcardpayme.com/wp-admin/includes HTTP/2" 200 4120 "https://www.ajpartyfun.com/?path=/home/dfwparty/smartcardpayme.com/wp-admin/includes" "Mozilla/5.0 AppleWebKit/537.36 (KHTML, like Gecko; compatible; GPTBot/1.4; +https://openai.com/gptbot)"
74.7.242.45 - - [16/Jul/2026:18:32:52 -0600] "GET /?fileloc=//usr/local/share/perl5/HTTP/Tiny.pm&path=//usr/local/share/perl5/HTTP HTTP/2" 200 26145 "https://www.ajpartyfun.com/?path=//usr/local/share/perl5/HTTP" "Mozilla/5.0 AppleWebKit/537.36 (KHTML, like Gecko; compatible; GPTBot/1.4; +https://openai.com/gptbot)"
74.7.242.45 - - [16/Jul/2026:18:32:52 -0600] "GET /?fileloc=/home/dfwparty/smartcardpayme.com/wp-admin/includes/class-wp-filesystem-direct.php&path=/home/dfwparty/smartcardpayme.com/wp-admin/includes HTTP/2" 200 6622 "https://www.ajpartyfun.com/?path=/home/dfwparty/smartcardpayme.com/wp-admin/includes" "Mozilla/5.0 AppleWebKit/537.36 (KHTML, like Gecko; compatible; GPTBot/1.4; +https://openai.com/gptbot)"
74.7.242.45 - - [16/Jul/2026:18:32:53 -0600] "GET /?fileloc=/home/dfwparty/smartcardpayme.com/wp-admin/includes/class-theme-upgrader.php&path=/home/dfwparty/smartcardpayme.com/wp-admin/includes HTTP/2" 200 8867 "https://www.ajpartyfun.com/?path=/home/dfwparty/smartcardpayme.com/wp-admin/includes" "Mozilla/5.0 AppleWebKit/537.36 (KHTML, like Gecko; compatible; GPTBot/1.4; +https://openai.com/gptbot)"
74.7.242.45 - - [16/Jul/2026:18:32:53 -0600] "GET /?fileloc=/home/dfwparty/smartcardpayme.com/wp-admin/includes/class-theme-installer-skin.php&path=/home/dfwparty/smartcardpayme.com/wp-admin/includes HTTP/2" 200 6373 "https://www.ajpartyfun.com/?path=/home/dfwparty/smartcardpayme.com/wp-admin/includes" "Mozilla/5.0 AppleWebKit/537.36 (KHTML, like Gecko; compatible; GPTBot/1.4; +https://openai.com/gptbot)"
74.7.242.45 - - [16/Jul/2026:18:32:54 -0600] "GET /?fileloc=/home/dfwparty/smartcardpayme.com/wp-admin/includes/taxonomy.php&path=/home/dfwparty/smartcardpayme.com/wp-admin/includes HTTP/2" 200 5002 "https://www.ajpartyfun.com/?path=/home/dfwparty/smartcardpayme.com/wp-admin/includes" "Mozilla/5.0 AppleWebKit/537.36 (KHTML, like Gecko; compatible; GPTBot/1.4; +https://openai.com/gptbot)"
74.7.242.45 - - [16/Jul/2026:18:32:54 -0600] "GET /?fileloc=/home/dfwparty/smartcardpayme.com/wp-admin/includes/dashboard.php&path=/home/dfwparty/smartcardpayme.com/wp-admin/includes HTTP/2" 200 22257 "https://www.ajpartyfun.com/?path=/home/dfwparty/smartcardpayme.com/wp-admin/includes" "Mozilla/5.0 AppleWebKit/537.36 (KHTML, like Gecko; compatible; GPTBot/1.4; +https://openai.com/gptbot)"
74.7.242.45 - - [16/Jul/2026:18:32:55 -0600] "GET /?fileloc=/home/dfwparty/smartcardpayme.com/wp-admin/includes/revision.php&path=/home/dfwparty/smartcardpayme.com/wp-admin/includes HTTP/2" 200 7364 "https://www.ajpartyfun.com/?path=/home/dfwparty/smartcardpayme.com/wp-admin/includes" "Mozilla/5.0 AppleWebKit/537.36 (KHTML, like Gecko; compatible; GPTBot/1.4; +https://openai.com/gptbot)"
216.73.216.7 - - [16/Jul/2026:18:32:12 -0600] "GET /2026/07/16/kasyno-bez-weryfikacji-kyc-ktore-przeszo-moje-testy-matematyczne/?fileloc=%2Fhome%2Fdfwparty%2F.bashrc&path=%2Fhome%2Fdfwparty HTTP/2" 200 2624 "-" "Mozilla/5.0 AppleWebKit/537.36 (KHTML, like Gecko; compatible; ClaudeBot/1.0; +claudebot@anthropic.com)"
216.73.216.7 - - [16/Jul/2026:18:32:12 -0600] "GET /2026/07/16/kasyno-bez-weryfikacji-kyc-ktore-przeszo-moje-testy-matematyczne/?path=%2Fhome%2Fdfwparty%2Ftexaspartyblog.com HTTP/2" 200 2941 "-" "Mozilla/5.0 AppleWebKit/537.36 (KHTML, like Gecko; compatible; ClaudeBot/1.0; +claudebot@anthropic.com)"
216.73.216.7 - - [16/Jul/2026:18:32:12 -0600] "GET /2026/07/16/kasyno-bez-weryfikacji-kyc-ktore-przeszo-moje-testy-matematyczne/?path=%2Fhome%2Fdfwparty%2Ftexashome.sale HTTP/2" 200 2941 "-" "Mozilla/5.0 AppleWebKit/537.36 (KHTML, like Gecko; compatible; ClaudeBot/1.0; +claudebot@anthropic.com)"
216.73.216.7 - - [16/Jul/2026:18:32:13 -0600] "GET /2026/07/16/kasyno-bez-weryfikacji-kyc-ktore-przeszo-moje-testy-matematyczne/?path=%2Fhome%2Fdfwparty%2Fweightloss.forum HTTP/2" 200 2931 "-" "Mozilla/5.0 AppleWebKit/537.36 (KHTML, like Gecko; compatible; ClaudeBot/1.0; +claudebot@anthropic.com)"
216.73.216.7 - - [16/Jul/2026:18:32:13 -0600] "GET /2026/07/16/kasyno-bez-weryfikacji-kyc-ktore-przeszo-moje-testy-matematyczne/?path=%2Fhome%2Fdfwparty%2Fmybackyard.blog HTTP/2" 200 2935 "-" "Mozilla/5.0 AppleWebKit/537.36 (KHTML, like Gecko; compatible; ClaudeBot/1.0; +claudebot@anthropic.com)"
216.73.216.7 - - [16/Jul/2026:18:32:12 -0600] "GET /2026/07/16/kasyno-bez-weryfikacji-kyc-ktore-przeszo-moje-testy-matematyczne/?fileloc=%2Fhome%2Fdfwparty%2F.bash_profile&path=%2Fhome%2Fdfwparty HTTP/2" 200 2593 "-" "Mozilla/5.0 AppleWebKit/537.36 (KHTML, like Gecko; compatible; ClaudeBot/1.0; +claudebot@anthropic.com)"
216.73.216.7 - - [16/Jul/2026:18:32:12 -0600] "GET /2026/07/16/kasyno-bez-weryfikacji-kyc-ktore-przeszo-moje-testy-matematyczne/?path=%2Fhome%2Fdfwparty%2Flifestylementors.net HTTP/2" 200 3187 "-" "Mozilla/5.0 AppleWebKit/537.36 (KHTML, like Gecko; compatible; ClaudeBot/1.0; +claudebot@anthropic.com)"
216.73.216.7 - - [16/Jul/2026:18:32:12 -0600] "GET /2026/07/16/kasyno-bez-weryfikacji-kyc-ktore-przeszo-moje-testy-matematyczne/?path=%2Fhome%2Fdfwparty%2Ftexashome.repair HTTP/2" 200 2932 "-" "Mozilla/5.0 AppleWebKit/537.36 (KHTML, like Gecko; compatible; ClaudeBot/1.0; +claudebot@anthropic.com)"
216.73.216.7 - - [16/Jul/2026:18:32:55 -0600] "GET /2026/07/16/kasyno-bez-weryfikacji-kyc-ktore-przeszo-moje-testy-matematyczne/?fileloc=%2Fhome%2Fdfwparty%2F.spamassassinboxenable&path=%2Fhome%2Fdfwparty HTTP/2" 200 2476 "-" "Mozilla/5.0 AppleWebKit/537.36 (KHTML, like Gecko; compatible; ClaudeBot/1.0; +claudebot@anthropic.com)"
216.73.216.7 - - [16/Jul/2026:18:32:55 -0600] "GET /2026/07/16/kasyno-bez-weryfikacji-kyc-ktore-przeszo-moje-testy-matematyczne/?path=%2Fhome%2Fdfwparty%2Fajpartyfun.com%2F.well-known%2Facme-challenge HTTP/2" 200 2572 "-" "Mozilla/5.0 AppleWebKit/537.36 (KHTML, like Gecko; compatible; ClaudeBot/1.0; +claudebot@anthropic.com)"
216.73.216.7 - - [16/Jul/2026:18:32:55 -0600] "GET /2026/07/16/kasyno-bez-weryfikacji-kyc-ktore-przeszo-moje-testy-matematyczne/?path=%2Fhome%2Fdfwparty%2Fdfwhome.repair HTTP/2" 200 2898 "-" "Mozilla/5.0 AppleWebKit/537.36 (KHTML, like Gecko; compatible; ClaudeBot/1.0; +claudebot@anthropic.com)"
216.73.216.7 - - [16/Jul/2026:18:32:55 -0600] "GET /2026/07/16/kasyno-bez-weryfikacji-kyc-ktore-przeszo-moje-testy-matematyczne/?path=%2Fhome%2Fdfwparty%2Fcreepy.show HTTP/2" 200 2929 "-" "Mozilla/5.0 AppleWebKit/537.36 (KHTML, like Gecko; compatible; ClaudeBot/1.0; +claudebot@anthropic.com)"
216.73.216.7 - - [16/Jul/2026:18:32:55 -0600] "GET /2026/07/16/kasyno-bez-weryfikacji-kyc-ktore-przeszo-moje-testy-matematyczne/?fileloc=%2Fhome%2Fdfwparty%2F.wp-toolkit-identifier&path=%2Fhome%2Fdfwparty HTTP/2" 200 3049 "-" "Mozilla/5.0 AppleWebKit/537.36 (KHTML, like Gecko; compatible; ClaudeBot/1.0; +claudebot@anthropic.com)"
74.7.242.45 - - [16/Jul/2026:18:32:55 -0600] "GET /?fileloc=//usr/local/share/perl5/XML/SAX/PurePerl/DTDDecls.pm&path=//usr/local/share/perl5/XML/SAX/PurePerl HTTP/2" 200 6143 "https://www.ajpartyfun.com/?path=//usr/local/share/perl5/XML/SAX/PurePerl" "Mozilla/5.0 AppleWebKit/537.36 (KHTML, like Gecko; compatible; GPTBot/1.4; +https://openai.com/gptbot)"
74.7.242.45 - - [16/Jul/2026:18:32:56 -0600] "GET /?fileloc=/home/dfwparty/smartcardpayme.com/wp-admin/includes/admin-filters.php&path=/home/dfwparty/smartcardpayme.com/wp-admin/includes HTTP/2" 200 4683 "https://www.ajpartyfun.com/?path=/home/dfwparty/smartcardpayme.com/wp-admin/includes" "Mozilla/5.0 AppleWebKit/537.36 (KHTML, like Gecko; compatible; GPTBot/1.4; +https://openai.com/gptbot)"
74.7.242.45 - - [16/Jul/2026:18:32:56 -0600] "GET /?fileloc=/home/dfwparty/smartcardcontacts.com/wp-content/plugins/unlimited-elements-for-elementor-premium/provider/admin_notices/notices/doubly.class.php&path=/home/dfwparty/smartcardcontacts.com/wp-content/plugins/unlimited-elements-for-elementor-premium/provider/admin_notices/notices HTTP/2" 200 3379 "https://www.ajpartyfun.com/?path=/home/dfwparty/smartcardcontacts.com/wp-content/plugins/unlimited-elements-for-elementor-premium/provider/admin_notices/notices" "Mozilla/5.0 AppleWebKit/537.36 (KHTML, like Gecko; compatible; GPTBot/1.4; +https://openai.com/gptbot)"
74.7.242.45 - - [16/Jul/2026:18:32:57 -0600] "GET /?fileloc=/home/dfwparty/smartcardcontacts.com/wp-content/plugins/unlimited-elements-for-elementor-premium/provider/admin_notices/notices/bf_banner.class.php&path=/home/dfwparty/smartcardcontacts.com/wp-content/plugins/unlimited-elements-for-elementor-premium/provider/admin_notices/notices HTTP/2" 200 4390 "https://www.ajpartyfun.com/?path=/home/dfwparty/smartcardcontacts.com/wp-content/plugins/unlimited-elements-for-elementor-premium/provider/admin_notices/notices" "Mozilla/5.0 AppleWebKit/537.36 (KHTML, like Gecko; compatible; GPTBot/1.4; +https://openai.com/gptbot)"
74.7.242.45 - - [16/Jul/2026:18:32:57 -0600] "GET /?fileloc=//usr/local/share/perl5/XML/SAX/PurePerl/NoUnicodeExt.pm&path=//usr/local/share/perl5/XML/SAX/PurePerl HTTP/2" 200 2762 "https://www.ajpartyfun.com/?path=//usr/local/share/perl5/XML/SAX/PurePerl" "Mozilla/5.0 AppleWebKit/537.36 (KHTML, like Gecko; compatible; GPTBot/1.4; +https://openai.com/gptbot)"
74.7.242.45 - - [16/Jul/2026:18:32:58 -0600] "GET /?fileloc=/home/dfwparty/smartcardpayme.com/wp-admin/includes/class-wp-debug-data.php&path=/home/dfwparty/smartcardpayme.com/wp-admin/includes HTTP/2" 200 16437 "https://www.ajpartyfun.com/?path=/home/dfwparty/smartcardpayme.com/wp-admin/includes" "Mozilla/5.0 AppleWebKit/537.36 (KHTML, like Gecko; compatible; GPTBot/1.4; +https://openai.com/gptbot)"
74.7.227.145 - - [16/Jul/2026:18:32:58 -0600] "GET /2026/07/16/kasyno-bez-weryfikacji-kyc-ktore-przeszo-moje-testy-matematyczne/?path=//var/softaculous/paintbrushjs/php82 HTTP/2" 200 2843 "https://ajpartyfun.com/2026/07/16/kasyno-bez-weryfikacji-kyc-ktore-przeszo-moje-testy-matematyczne/?path=//var/softaculous/paintbrushjs" "Mozilla/5.0 AppleWebKit/537.36 (KHTML, like Gecko; compatible; GPTBot/1.4; +https://openai.com/gptbot)"
74.7.242.45 - - [16/Jul/2026:18:32:58 -0600] "GET /?fileloc=/home/dfwparty/smartcardpayme.com/wp-admin/includes/class-wp-ajax-upgrader-skin.php&path=/home/dfwparty/smartcardpayme.com/wp-admin/includes HTTP/2" 200 3774 "https://www.ajpartyfun.com/?path=/home/dfwparty/smartcardpayme.com/wp-admin/includes" "Mozilla/5.0 AppleWebKit/537.36 (KHTML, like Gecko; compatible; GPTBot/1.4; +https://openai.com/gptbot)"
74.7.242.45 - - [16/Jul/2026:18:32:59 -0600] "GET /?fileloc=/home/dfwparty/smartcardpayme.com/wp-admin/includes/class-wp-upgrader-skins.php&path=/home/dfwparty/smartcardpayme.com/wp-admin/includes HTTP/2" 200 2847 "https://www.ajpartyfun.com/?path=/home/dfwparty/smartcardpayme.com/wp-admin/includes" "Mozilla/5.0 AppleWebKit/537.36 (KHTML, like Gecko; compatible; GPTBot/1.4; +https://openai.com/gptbot)"
74.7.242.45 - - [16/Jul/2026:18:33:00 -0600] "GET /?fileloc=/home/dfwparty/smartcardpayme.com/wp-admin/includes/class-walker-nav-menu-edit.php&path=/home/dfwparty/smartcardpayme.com/wp-admin/includes HTTP/2" 200 5921 "https://www.ajpartyfun.com/?path=/home/dfwparty/smartcardpayme.com/wp-admin/includes" "Mozilla/5.0 AppleWebKit/537.36 (KHTML, like Gecko; compatible; GPTBot/1.4; +https://openai.com/gptbot)"
74.7.227.145 - - [16/Jul/2026:18:33:00 -0600] "GET /2026/07/16/kasyno-bez-weryfikacji-kyc-ktore-przeszo-moje-testy-matematyczne/?path=//var/softaculous/churchcrm/php53 HTTP/2" 200 2971 "https://ajpartyfun.com/2026/07/16/kasyno-bez-weryfikacji-kyc-ktore-przeszo-moje-testy-matematyczne/?path=//var/softaculous/churchcrm" "Mozilla/5.0 AppleWebKit/537.36 (KHTML, like Gecko; compatible; GPTBot/1.4; +https://openai.com/gptbot)"
74.7.242.45 - - [16/Jul/2026:18:33:00 -0600] "GET /?fileloc=/home/dfwparty/smartcardpayme.com/wp-admin/includes/class-wp-upgrader-skin.php&path=/home/dfwparty/smartcardpayme.com/wp-admin/includes HTTP/2" 200 4753 "https://www.ajpartyfun.com/?path=/home/dfwparty/smartcardpayme.com/wp-admin/includes" "Mozilla/5.0 AppleWebKit/537.36 (KHTML, like Gecko; compatible; GPTBot/1.4; +https://openai.com/gptbot)"
74.7.227.145 - - [16/Jul/2026:18:33:00 -0600] "GET /2026/07/16/kasyno-bez-weryfikacji-kyc-ktore-przeszo-moje-testy-matematyczne/?path=//var/softaculous/paintbrushjs/php56 HTTP/2" 200 2842 "https://ajpartyfun.com/2026/07/16/kasyno-bez-weryfikacji-kyc-ktore-przeszo-moje-testy-matematyczne/?path=//var/softaculous/paintbrushjs" "Mozilla/5.0 AppleWebKit/537.36 (KHTML, like Gecko; compatible; GPTBot/1.4; +https://openai.com/gptbot)"
74.7.242.45 - - [16/Jul/2026:18:33:01 -0600] "GET /?fileloc=//usr/local/share/perl5/XML/SAX/ParserFactory.pm&path=//usr/local/share/perl5/XML/SAX HTTP/2" 200 5066 "https://www.ajpartyfun.com/?path=//usr/local/share/perl5/XML/SAX" "Mozilla/5.0 AppleWebKit/537.36 (KHTML, like Gecko; compatible; GPTBot/1.4; +https://openai.com/gptbot)"
74.7.227.145 - - [16/Jul/2026:18:33:01 -0600] "GET /2026/07/16/kasyno-bez-weryfikacji-kyc-ktore-przeszo-moje-testy-matematyczne/?path=//var/softaculous/impresspage/php81 HTTP/2" 200 2979 "https://ajpartyfun.com/2026/07/16/kasyno-bez-weryfikacji-kyc-ktore-przeszo-moje-testy-matematyczne/?path=//var/softaculous/impresspage" "Mozilla/5.0 AppleWebKit/537.36 (KHTML, like Gecko; compatible; GPTBot/1.4; +https://openai.com/gptbot)"
74.7.242.45 - - [16/Jul/2026:18:33:01 -0600] "GET /?fileloc=/home/dfwparty/smartcardcontacts.com/wp-content/plugins/unlimited-elements-for-elementor-premium/provider/admin_notices/notices/simple_example.class.php&path=/home/dfwparty/smartcardcontacts.com/wp-content/plugins/unlimited-elements-for-elementor-premium/provider/admin_notices/notices HTTP/2" 200 3189 "https://www.ajpartyfun.com/?path=/home/dfwparty/smartcardcontacts.com/wp-content/plugins/unlimited-elements-for-elementor-premium/provider/admin_notices/notices" "Mozilla/5.0 AppleWebKit/537.36 (KHTML, like Gecko; compatible; GPTBot/1.4; +https://openai.com/gptbot)"
74.7.227.145 - - [16/Jul/2026:18:33:01 -0600] "GET /2026/07/16/kasyno-bez-weryfikacji-kyc-ktore-przeszo-moje-testy-matematyczne/?path=//var/softaculous/backdrop/php82 HTTP/2" 200 3019 "https://ajpartyfun.com/2026/07/16/kasyno-bez-weryfikacji-kyc-ktore-przeszo-moje-testy-matematyczne/?path=//var/softaculous/backdrop" "Mozilla/5.0 AppleWebKit/537.36 (KHTML, like Gecko; compatible; GPTBot/1.4; +https://openai.com/gptbot)"
74.7.242.45 - - [16/Jul/2026:18:33:02 -0600] "GET /?fileloc=/home/dfwparty/smartcardpayme.com/wp-admin/includes/continents-cities.php&path=/home/dfwparty/smartcardpayme.com/wp-admin/includes HTTP/2" 200 6061 "https://www.ajpartyfun.com/?path=/home/dfwparty/smartcardpayme.com/wp-admin/includes" "Mozilla/5.0 AppleWebKit/537.36 (KHTML, like Gecko; compatible; GPTBot/1.4; +https://openai.com/gptbot)"
74.7.242.45 - - [16/Jul/2026:18:33:02 -0600] "GET /?fileloc=//usr/local/share/perl5/XML/SAX/PurePerl.pm&path=//usr/local/share/perl5/XML/SAX HTTP/2" 200 8087 "https://www.ajpartyfun.com/?path=//usr/local/share/perl5/XML/SAX" "Mozilla/5.0 AppleWebKit/537.36 (KHTML, like Gecko; compatible; GPTBot/1.4; +https://openai.com/gptbot)"
74.7.227.145 - - [16/Jul/2026:18:33:02 -0600] "GET /2026/07/16/kasyno-bez-weryfikacji-kyc-ktore-przeszo-moje-testy-matematyczne/?path=//var/softaculous/impresspage/php56 HTTP/2" 200 3021 "https://ajpartyfun.com/2026/07/16/kasyno-bez-weryfikacji-kyc-ktore-przeszo-moje-testy-matematyczne/?path=//var/softaculous/impresspage" "Mozilla/5.0 AppleWebKit/537.36 (KHTML, like Gecko; compatible; GPTBot/1.4; +https://openai.com/gptbot)"
74.7.242.45 - - [16/Jul/2026:18:33:03 -0600] "GET /?fileloc=//usr/local/share/perl5/XML/SAX/Base.pm&path=//usr/local/share/perl5/XML/SAX HTTP/2" 200 12938 "https://www.ajpartyfun.com/?path=//usr/local/share/perl5/XML/SAX" "Mozilla/5.0 AppleWebKit/537.36 (KHTML, like Gecko; compatible; GPTBot/1.4; +https://openai.com/gptbot)"
74.7.227.145 - - [16/Jul/2026:18:33:03 -0600] "GET /2026/07/16/kasyno-bez-weryfikacji-kyc-ktore-przeszo-moje-testy-matematyczne/?path=//var/softaculous/churchcrm/php81 HTTP/2" 200 2970 "https://ajpartyfun.com/2026/07/16/kasyno-bez-weryfikacji-kyc-ktore-przeszo-moje-testy-matematyczne/?path=//var/softaculous/churchcrm" "Mozilla/5.0 AppleWebKit/537.36 (KHTML, like Gecko; compatible; GPTBot/1.4; +https://openai.com/gptbot)"
74.7.242.45 - - [16/Jul/2026:18:33:03 -0600] "GET /?fileloc=//usr/local/share/perl5/alienfile.pm&path=//usr/local/share/perl5 HTTP/2" 200 7931 "https://www.ajpartyfun.com/?path=//usr/local/share/perl5" "Mozilla/5.0 AppleWebKit/537.36 (KHTML, like Gecko; compatible; GPTBot/1.4; +https://openai.com/gptbot)"
74.7.242.45 - - [16/Jul/2026:18:33:04 -0600] "GET /?fileloc=//usr/local/share/perl5/XML/SAX/DocumentLocator.pm&path=//usr/local/share/perl5/XML/SAX HTTP/2" 200 3606 "https://www.ajpartyfun.com/?path=//usr/local/share/perl5/XML/SAX" "Mozilla/5.0 AppleWebKit/537.36 (KHTML, like Gecko; compatible; GPTBot/1.4; +https://openai.com/gptbot)"
74.7.242.45 - - [16/Jul/2026:18:33:04 -0600] "GET /?fileloc=/home/dfwparty/smartcardpayme.com/wp-admin/includes/image.php&path=/home/dfwparty/smartcardpayme.com/wp-admin/includes HTTP/2" 200 13853 "https://www.ajpartyfun.com/?path=/home/dfwparty/smartcardpayme.com/wp-admin/includes" "Mozilla/5.0 AppleWebKit/537.36 (KHTML, like Gecko; compatible; GPTBot/1.4; +https://openai.com/gptbot)"
74.7.227.145 - - [16/Jul/2026:18:33:04 -0600] "GET /2026/07/16/kasyno-bez-weryfikacji-kyc-ktore-przeszo-moje-testy-matematyczne/?path=//var/softaculous/wp52/languages HTTP/2" 200 2564 "https://ajpartyfun.com/2026/07/16/kasyno-bez-weryfikacji-kyc-ktore-przeszo-moje-testy-matematyczne/?path=//var/softaculous/wp52" "Mozilla/5.0 AppleWebKit/537.36 (KHTML, like Gecko; compatible; GPTBot/1.4; +https://openai.com/gptbot)"
74.7.242.45 - - [16/Jul/2026:18:33:05 -0600] "GET /?fileloc=/home/dfwparty/smartcardcontacts.com/wp-content/plugins/unlimited-elements-for-elementor-premium/provider/admin_notices/notices/rating.class.php&path=/home/dfwparty/smartcardcontacts.com/wp-content/plugins/unlimited-elements-for-elementor-premium/provider/admin_notices/notices HTTP/2" 200 3313 "https://www.ajpartyfun.com/?path=/home/dfwparty/smartcardcontacts.com/wp-content/plugins/unlimited-elements-for-elementor-premium/provider/admin_notices/notices" "Mozilla/5.0 AppleWebKit/537.36 (KHTML, like Gecko; compatible; GPTBot/1.4; +https://openai.com/gptbot)"
74.7.242.45 - - [16/Jul/2026:18:33:05 -0600] "GET /?fileloc=//usr/local/share/perl5/XML/SAX/PurePerl/DocType.pm&path=//usr/local/share/perl5/XML/SAX/PurePerl HTTP/2" 200 3653 "https://www.ajpartyfun.com/?path=//usr/local/share/perl5/XML/SAX/PurePerl" "Mozilla/5.0 AppleWebKit/537.36 (KHTML, like Gecko; compatible; GPTBot/1.4; +https://openai.com/gptbot)"
74.7.242.45 - - [16/Jul/2026:18:33:06 -0600] "GET /?fileloc=/home/dfwparty/smartcardpayme.com/wp-admin/includes/update.php&path=/home/dfwparty/smartcardpayme.com/wp-admin/includes HTTP/2" 200 11045 "https://www.ajpartyfun.com/?path=/home/dfwparty/smartcardpayme.com/wp-admin/includes" "Mozilla/5.0 AppleWebKit/537.36 (KHTML, like Gecko; compatible; GPTBot/1.4; +https://openai.com/gptbot)"
74.7.242.45 - - [16/Jul/2026:18:33:06 -0600] "GET /?path=//usr/local/share/perl5/AppConfig HTTP/2" 200 3052 "https://www.ajpartyfun.com/?path=//usr/local/share/perl5" "Mozilla/5.0 AppleWebKit/537.36 (KHTML, like Gecko; compatible; GPTBot/1.4; +https://openai.com/gptbot)"
74.7.227.145 - - [16/Jul/2026:18:33:07 -0600] "GET /2026/07/16/kasyno-bez-weryfikacji-kyc-ktore-przeszo-moje-testy-matematyczne/?path=//var/softaculous/sentrifugo/php82 HTTP/2" 200 2967 "https://ajpartyfun.com/2026/07/16/kasyno-bez-weryfikacji-kyc-ktore-przeszo-moje-testy-matematyczne/?path=//var/softaculous/sentrifugo" "Mozilla/5.0 AppleWebKit/537.36 (KHTML, like Gecko; compatible; GPTBot/1.4; +https://openai.com/gptbot)"
74.7.242.45 - - [16/Jul/2026:18:33:07 -0600] "GET /?fileloc=/home/dfwparty/smartcardpayme.com/wp-admin/includes/class-wp-site-health-auto-updates.php&path=/home/dfwparty/smartcardpayme.com/wp-admin/includes HTTP/2" 200 6198 "https://www.ajpartyfun.com/?path=/home/dfwparty/smartcardpayme.com/wp-admin/includes" "Mozilla/5.0 AppleWebKit/537.36 (KHTML, like Gecko; compatible; GPTBot/1.4; +https://openai.com/gptbot)"
74.7.242.45 - - [16/Jul/2026:18:33:07 -0600] "GET /?fileloc=//usr/local/share/perl5/XML/SAX/PurePerl/EncodingDetect.pm&path=//usr/local/share/perl5/XML/SAX/PurePerl HTTP/2" 200 3078 "https://www.ajpartyfun.com/?path=//usr/local/share/perl5/XML/SAX/PurePerl" "Mozilla/5.0 AppleWebKit/537.36 (KHTML, like Gecko; compatible; GPTBot/1.4; +https://openai.com/gptbot)"
74.7.242.45 - - [16/Jul/2026:18:33:08 -0600] "GET /?fileloc=/home/dfwparty/smartcardpayme.com/wp-admin/includes/class-bulk-theme-upgrader-skin.php&path=/home/dfwparty/smartcardpayme.com/wp-admin/includes HTTP/2" 200 3557 "https://www.ajpartyfun.com/?path=/home/dfwparty/smartcardpayme.com/wp-admin/includes" "Mozilla/5.0 AppleWebKit/537.36 (KHTML, like Gecko; compatible; GPTBot/1.4; +https://openai.com/gptbot)"
74.7.242.45 - - [16/Jul/2026:18:33:09 -0600] "GET /?fileloc=/home/dfwparty/smartcardpayme.com/wp-admin/includes/class-bulk-upgrader-skin.php&path=/home/dfwparty/smartcardpayme.com/wp-admin/includes HTTP/2" 200 4573 "https://www.ajpartyfun.com/?path=/home/dfwparty/smartcardpayme.com/wp-admin/includes" "Mozilla/5.0 AppleWebKit/537.36 (KHTML, like Gecko; compatible; GPTBot/1.4; +https://openai.com/gptbot)"
74.7.242.45 - - [16/Jul/2026:18:33:09 -0600] "GET /?fileloc=//usr/local/share/perl5/cPanelUserConfig.pm&path=//usr/local/share/perl5 HTTP/2" 200 2786 "https://www.ajpartyfun.com/?path=//usr/local/share/perl5" "Mozilla/5.0 AppleWebKit/537.36 (KHTML, like Gecko; compatible; GPTBot/1.4; +https://openai.com/gptbot)"
74.7.242.45 - - [16/Jul/2026:18:33:10 -0600] "GET /?path=//usr/local/share/perl5/POD2 HTTP/2" 200 2861 "https://www.ajpartyfun.com/?path=//usr/local/share/perl5" "Mozilla/5.0 AppleWebKit/537.36 (KHTML, like Gecko; compatible; GPTBot/1.4; +https://openai.com/gptbot)"
74.7.227.145 - - [16/Jul/2026:18:33:10 -0600] "GET /2026/07/16/kasyno-bez-weryfikacji-kyc-ktore-przeszo-moje-testy-matematyczne/?path=//var/softaculous/wp65/languages HTTP/2" 200 3911 "https://ajpartyfun.com/2026/07/16/kasyno-bez-weryfikacji-kyc-ktore-przeszo-moje-testy-matematyczne/?path=//var/softaculous/wp65" "Mozilla/5.0 AppleWebKit/537.36 (KHTML, like Gecko; compatible; GPTBot/1.4; +https://openai.com/gptbot)"
74.7.242.45 - - [16/Jul/2026:18:33:10 -0600] "GET /?fileloc=//usr/local/share/perl5/XML/NamespaceSupport.pm&path=//usr/local/share/perl5/XML HTTP/2" 200 8098 "https://www.ajpartyfun.com/?path=//usr/local/share/perl5/XML" "Mozilla/5.0 AppleWebKit/537.36 (KHTML, like Gecko; compatible; GPTBot/1.4; +https://openai.com/gptbot)"
74.7.242.45 - - [16/Jul/2026:18:33:11 -0600] "GET /?fileloc=/home/dfwparty/smartcardpayme.com/wp-admin/includes/edit-tag-messages.php&path=/home/dfwparty/smartcardpayme.com/wp-admin/includes HTTP/2" 200 3019 "https://www.ajpartyfun.com/?path=/home/dfwparty/smartcardpayme.com/wp-admin/includes" "Mozilla/5.0 AppleWebKit/537.36 (KHTML, like Gecko; compatible; GPTBot/1.4; +https://openai.com/gptbot)"
74.7.227.145 - - [16/Jul/2026:18:33:11 -0600] "GET /2026/07/16/kasyno-bez-weryfikacji-kyc-ktore-przeszo-moje-testy-matematyczne/?path=//var/softaculous/paintbrushjs/php71 HTTP/2" 200 2842 "https://ajpartyfun.com/2026/07/16/kasyno-bez-weryfikacji-kyc-ktore-przeszo-moje-testy-matematyczne/?path=//var/softaculous/paintbrushjs" "Mozilla/5.0 AppleWebKit/537.36 (KHTML, like Gecko; compatible; GPTBot/1.4; +https://openai.com/gptbot)"
74.7.242.45 - - [16/Jul/2026:18:33:11 -0600] "GET /?path=/home/dfwparty/smartcardcontacts.com/wp-content/plugins/unlimited-elements-for-elementor-premium/provider/freemius/includes/sdk HTTP/2" 200 3165 "https://www.ajpartyfun.com/?path=/home/dfwparty/smartcardcontacts.com/wp-content/plugins/unlimited-elements-for-elementor-premium/provider/freemius/includes" "Mozilla/5.0 AppleWebKit/537.36 (KHTML, like Gecko; compatible; GPTBot/1.4; +https://openai.com/gptbot)"
74.7.227.145 - - [16/Jul/2026:18:33:11 -0600] "GET /2026/07/16/kasyno-bez-weryfikacji-kyc-ktore-przeszo-moje-testy-matematyczne/?path=//var/softaculous/wp50/php81 HTTP/2" 200 3080 "https://ajpartyfun.com/2026/07/16/kasyno-bez-weryfikacji-kyc-ktore-przeszo-moje-testy-matematyczne/?path=//var/softaculous/wp50" "Mozilla/5.0 AppleWebKit/537.36 (KHTML, like Gecko; compatible; GPTBot/1.4; +https://openai.com/gptbot)"
74.7.242.45 - - [16/Jul/2026:18:33:12 -0600] "GET /?path=/home/dfwparty/smartcardcontacts.com/wp-content/plugins/unlimited-elements-for-elementor-premium/provider/freemius/templates/js HTTP/2" 200 3129 "https://www.ajpartyfun.com/?path=/home/dfwparty/smartcardcontacts.com/wp-content/plugins/unlimited-elements-for-elementor-premium/provider/freemius/templates" "Mozilla/5.0 AppleWebKit/537.36 (KHTML, like Gecko; compatible; GPTBot/1.4; +https://openai.com/gptbot)"
74.7.227.145 - - [16/Jul/2026:18:33:12 -0600] "GET /2026/07/16/kasyno-bez-weryfikacji-kyc-ktore-przeszo-moje-testy-matematyczne/?path=//var/softaculous/wp50/php82 HTTP/2" 200 3077 "https://ajpartyfun.com/2026/07/16/kasyno-bez-weryfikacji-kyc-ktore-przeszo-moje-testy-matematyczne/?path=//var/softaculous/wp50" "Mozilla/5.0 AppleWebKit/537.36 (KHTML, like Gecko; compatible; GPTBot/1.4; +https://openai.com/gptbot)"
74.7.242.45 - - [16/Jul/2026:18:33:12 -0600] "GET /?fileloc=//usr/local/share/perl5/AppConfig/State.pm&path=//usr/local/share/perl5/AppConfig HTTP/2" 200 16599 "https://www.ajpartyfun.com/?path=//usr/local/share/perl5/AppConfig" "Mozilla/5.0 AppleWebKit/537.36 (KHTML, like Gecko; compatible; GPTBot/1.4; +https://openai.com/gptbot)"
74.7.227.145 - - [16/Jul/2026:18:33:12 -0600] "GET /2026/07/16/kasyno-bez-weryfikacji-kyc-ktore-przeszo-moje-testy-matematyczne/?path=//var/softaculous/wp50/php53 HTTP/2" 200 3047 "https://ajpartyfun.com/2026/07/16/kasyno-bez-weryfikacji-kyc-ktore-przeszo-moje-testy-matematyczne/?path=//var/softaculous/wp50" "Mozilla/5.0 AppleWebKit/537.36 (KHTML, like Gecko; compatible; GPTBot/1.4; +https://openai.com/gptbot)"
74.7.242.45 - - [16/Jul/2026:18:33:13 -0600] "GET /?fileloc=//usr/local/share/perl5/AppConfig/Getopt.pm&path=//usr/local/share/perl5/AppConfig HTTP/2" 200 5378 "https://www.ajpartyfun.com/?path=//usr/local/share/perl5/AppConfig" "Mozilla/5.0 AppleWebKit/537.36 (KHTML, like Gecko; compatible; GPTBot/1.4; +https://openai.com/gptbot)"
74.7.227.145 - - [16/Jul/2026:18:33:13 -0600] "GET /2026/07/16/kasyno-bez-weryfikacji-kyc-ktore-przeszo-moje-testy-matematyczne/?path=//var/softaculous/wp50/plugins HTTP/2" 200 2563 "https://ajpartyfun.com/2026/07/16/kasyno-bez-weryfikacji-kyc-ktore-przeszo-moje-testy-matematyczne/?path=//var/softaculous/wp50" "Mozilla/5.0 AppleWebKit/537.36 (KHTML, like Gecko; compatible; GPTBot/1.4; +https://openai.com/gptbot)"
74.7.242.45 - - [16/Jul/2026:18:33:13 -0600] "GET /?fileloc=//usr/local/share/perl5/AppConfig/File.pm&path=//usr/local/share/perl5/AppConfig HTTP/2" 200 9924 "https://www.ajpartyfun.com/?path=//usr/local/share/perl5/AppConfig" "Mozilla/5.0 AppleWebKit/537.36 (KHTML, like Gecko; compatible; GPTBot/1.4; +https://openai.com/gptbot)"
74.7.227.145 - - [16/Jul/2026:18:33:13 -0600] "GET /2026/07/16/kasyno-bez-weryfikacji-kyc-ktore-przeszo-moje-testy-matematyczne/?path=//var/softaculous/wp50/languages HTTP/2" 200 2564 "https://ajpartyfun.com/2026/07/16/kasyno-bez-weryfikacji-kyc-ktore-przeszo-moje-testy-matematyczne/?path=//var/softaculous/wp50" "Mozilla/5.0 AppleWebKit/537.36 (KHTML, like Gecko; compatible; GPTBot/1.4; +https://openai.com/gptbot)"
