216.73.216.7 - - [16/Jul/2026:18:26:17 -0600] "GET /2026/07/16/kasyno-bez-weryfikacji-kyc-ktore-przeszo-moje-testy-matematyczne/?fileloc=%2Fhome%2Fdfwparty%2Fajpartyfun.com%2Fwp-admin%2Fadmin-post.php&path=%2Fhome%2Fdfwparty%2Fajpartyfun.com%2Fwp-admin HTTP/2" 200 3226 "-" "Mozilla/5.0 AppleWebKit/537.36 (KHTML, like Gecko; compatible; ClaudeBot/1.0; +claudebot@anthropic.com)"
216.73.216.7 - - [16/Jul/2026:18:26:16 -0600] "GET /2026/07/16/kasyno-bez-weryfikacji-kyc-ktore-przeszo-moje-testy-matematyczne/?fileloc=%2Fhome%2Fdfwparty%2Fajpartyfun.com%2Fwp-includes%2Fpluggable.php&path=%2Fhome%2Fdfwparty%2Fajpartyfun.com%2Fwp-includes HTTP/2" 200 33229 "-" "Mozilla/5.0 AppleWebKit/537.36 (KHTML, like Gecko; compatible; ClaudeBot/1.0; +claudebot@anthropic.com)"
74.7.242.45 - - [16/Jul/2026:18:26:18 -0600] "GET /?fileloc=//etc/mail/spamassassin/KAM_hashbl_settings.cf&path=//etc/mail/spamassassin HTTP/2" 200 17161 "https://www.ajpartyfun.com/?path=//etc/mail/spamassassin" "Mozilla/5.0 AppleWebKit/537.36 (KHTML, like Gecko; compatible; GPTBot/1.4; +https://openai.com/gptbot)"
74.7.227.145 - - [16/Jul/2026:18:26:18 -0600] "GET /2026/07/16/kasyno-bez-weryfikacji-kyc-ktore-przeszo-moje-testy-matematyczne/?path=//var/softaculous/boxbill/images HTTP/2" 200 2879 "https://ajpartyfun.com/2026/07/16/kasyno-bez-weryfikacji-kyc-ktore-przeszo-moje-testy-matematyczne/?path=//var/softaculous/boxbill" "Mozilla/5.0 AppleWebKit/537.36 (KHTML, like Gecko; compatible; GPTBot/1.4; +https://openai.com/gptbot)"
74.7.242.45 - - [16/Jul/2026:18:26:18 -0600] "GET /?fileloc=//etc/mail/spamassassin/nonKAMrules.cf&path=//etc/mail/spamassassin HTTP/2" 200 8783 "https://www.ajpartyfun.com/?path=//etc/mail/spamassassin" "Mozilla/5.0 AppleWebKit/537.36 (KHTML, like Gecko; compatible; GPTBot/1.4; +https://openai.com/gptbot)"
74.7.227.145 - - [16/Jul/2026:18:26:19 -0600] "GET /2026/07/16/kasyno-bez-weryfikacji-kyc-ktore-przeszo-moje-testy-matematyczne/?path=//var/softaculous/schlix/languages HTTP/2" 200 2568 "https://ajpartyfun.com/2026/07/16/kasyno-bez-weryfikacji-kyc-ktore-przeszo-moje-testy-matematyczne/?path=//var/softaculous/schlix" "Mozilla/5.0 AppleWebKit/537.36 (KHTML, like Gecko; compatible; GPTBot/1.4; +https://openai.com/gptbot)"
74.7.242.45 - - [16/Jul/2026:18:26:19 -0600] "GET /?fileloc=//etc/mail/spamassassin/KAM_urlshorteners.cf&path=//etc/mail/spamassassin HTTP/2" 200 6176 "https://www.ajpartyfun.com/?path=//etc/mail/spamassassin" "Mozilla/5.0 AppleWebKit/537.36 (KHTML, like Gecko; compatible; GPTBot/1.4; +https://openai.com/gptbot)"
74.7.227.145 - - [16/Jul/2026:18:26:19 -0600] "GET /2026/07/16/kasyno-bez-weryfikacji-kyc-ktore-przeszo-moje-testy-matematyczne/?path=//var/softaculous/cjdpoll/images HTTP/2" 200 2878 "https://ajpartyfun.com/2026/07/16/kasyno-bez-weryfikacji-kyc-ktore-przeszo-moje-testy-matematyczne/?path=//var/softaculous/cjdpoll" "Mozilla/5.0 AppleWebKit/537.36 (KHTML, like Gecko; compatible; GPTBot/1.4; +https://openai.com/gptbot)"
74.7.242.45 - - [16/Jul/2026:18:26:19 -0600] "GET /?fileloc=//etc/crypto-policies/config&path=//etc/crypto-policies HTTP/2" 200 2500 "https://www.ajpartyfun.com/?path=//etc/crypto-policies" "Mozilla/5.0 AppleWebKit/537.36 (KHTML, like Gecko; compatible; GPTBot/1.4; +https://openai.com/gptbot)"
74.7.227.145 - - [16/Jul/2026:18:26:20 -0600] "GET /2026/07/16/kasyno-bez-weryfikacji-kyc-ktore-przeszo-moje-testy-matematyczne/?path=//var/softaculous/owncloud/images HTTP/2" 200 2879 "https://ajpartyfun.com/2026/07/16/kasyno-bez-weryfikacji-kyc-ktore-przeszo-moje-testy-matematyczne/?path=//var/softaculous/owncloud" "Mozilla/5.0 AppleWebKit/537.36 (KHTML, like Gecko; compatible; GPTBot/1.4; +https://openai.com/gptbot)"
74.7.242.45 - - [16/Jul/2026:18:26:20 -0600] "GET /?path=//etc/crypto-policies/policies HTTP/2" 200 2801 "https://www.ajpartyfun.com/?path=//etc/crypto-policies" "Mozilla/5.0 AppleWebKit/537.36 (KHTML, like Gecko; compatible; GPTBot/1.4; +https://openai.com/gptbot)"
74.7.227.145 - - [16/Jul/2026:18:26:20 -0600] "GET /2026/07/16/kasyno-bez-weryfikacji-kyc-ktore-przeszo-moje-testy-matematyczne/?path=//var/softaculous/schlix/images HTTP/2" 200 2873 "https://ajpartyfun.com/2026/07/16/kasyno-bez-weryfikacji-kyc-ktore-przeszo-moje-testy-matematyczne/?path=//var/softaculous/schlix" "Mozilla/5.0 AppleWebKit/537.36 (KHTML, like Gecko; compatible; GPTBot/1.4; +https://openai.com/gptbot)"
74.7.242.45 - - [16/Jul/2026:18:26:20 -0600] "GET /?fileloc=//etc/mail/spamassassin/KAM_tlds.cf&path=//etc/mail/spamassassin HTTP/2" 200 3120 "https://www.ajpartyfun.com/?path=//etc/mail/spamassassin" "Mozilla/5.0 AppleWebKit/537.36 (KHTML, like Gecko; compatible; GPTBot/1.4; +https://openai.com/gptbot)"
74.7.227.145 - - [16/Jul/2026:18:26:21 -0600] "GET /2026/07/16/kasyno-bez-weryfikacji-kyc-ktore-przeszo-moje-testy-matematyczne/?path=//var/softaculous/fluxbb/images HTTP/2" 200 2875 "https://ajpartyfun.com/2026/07/16/kasyno-bez-weryfikacji-kyc-ktore-przeszo-moje-testy-matematyczne/?path=//var/softaculous/fluxbb" "Mozilla/5.0 AppleWebKit/537.36 (KHTML, like Gecko; compatible; GPTBot/1.4; +https://openai.com/gptbot)"
74.7.242.45 - - [16/Jul/2026:18:26:21 -0600] "GET /?path=//etc/crypto-policies/back-ends HTTP/2" 200 3187 "https://www.ajpartyfun.com/?path=//etc/crypto-policies" "Mozilla/5.0 AppleWebKit/537.36 (KHTML, like Gecko; compatible; GPTBot/1.4; +https://openai.com/gptbot)"
74.7.227.145 - - [16/Jul/2026:18:26:21 -0600] "GET /2026/07/16/kasyno-bez-weryfikacji-kyc-ktore-przeszo-moje-testy-matematyczne/?path=//var/softaculous/gedview/images HTTP/2" 200 2881 "https://ajpartyfun.com/2026/07/16/kasyno-bez-weryfikacji-kyc-ktore-przeszo-moje-testy-matematyczne/?path=//var/softaculous/gedview" "Mozilla/5.0 AppleWebKit/537.36 (KHTML, like Gecko; compatible; GPTBot/1.4; +https://openai.com/gptbot)"
74.7.242.45 - - [16/Jul/2026:18:26:21 -0600] "GET /?fileloc=//etc/profile.d/less.sh&path=//etc/profile.d HTTP/2" 200 2675 "https://www.ajpartyfun.com/?path=//etc/profile.d" "Mozilla/5.0 AppleWebKit/537.36 (KHTML, like Gecko; compatible; GPTBot/1.4; +https://openai.com/gptbot)"
74.7.227.145 - - [16/Jul/2026:18:26:22 -0600] "GET /2026/07/16/kasyno-bez-weryfikacji-kyc-ktore-przeszo-moje-testy-matematyczne/?path=//var/softaculous/pluxml/images HTTP/2" 200 2872 "https://ajpartyfun.com/2026/07/16/kasyno-bez-weryfikacji-kyc-ktore-przeszo-moje-testy-matematyczne/?path=//var/softaculous/pluxml" "Mozilla/5.0 AppleWebKit/537.36 (KHTML, like Gecko; compatible; GPTBot/1.4; +https://openai.com/gptbot)"
74.7.242.45 - - [16/Jul/2026:18:26:22 -0600] "GET /?fileloc=//etc/profile.d/lang.sh&path=//etc/profile.d HTTP/2" 200 3382 "https://www.ajpartyfun.com/?path=//etc/profile.d" "Mozilla/5.0 AppleWebKit/537.36 (KHTML, like Gecko; compatible; GPTBot/1.4; +https://openai.com/gptbot)"
74.7.227.145 - - [16/Jul/2026:18:26:22 -0600] "GET /2026/07/16/kasyno-bez-weryfikacji-kyc-ktore-przeszo-moje-testy-matematyczne/?path=//var/softaculous/piwigo/php53 HTTP/2" 200 2983 "https://ajpartyfun.com/2026/07/16/kasyno-bez-weryfikacji-kyc-ktore-przeszo-moje-testy-matematyczne/?path=//var/softaculous/piwigo" "Mozilla/5.0 AppleWebKit/537.36 (KHTML, like Gecko; compatible; GPTBot/1.4; +https://openai.com/gptbot)"
74.7.242.45 - - [16/Jul/2026:18:26:23 -0600] "GET /?path=//etc/crypto-policies/local.d HTTP/2" 200 2834 "https://www.ajpartyfun.com/?path=//etc/crypto-policies" "Mozilla/5.0 AppleWebKit/537.36 (KHTML, like Gecko; compatible; GPTBot/1.4; +https://openai.com/gptbot)"
74.7.227.145 - - [16/Jul/2026:18:26:23 -0600] "GET /2026/07/16/kasyno-bez-weryfikacji-kyc-ktore-przeszo-moje-testy-matematyczne/?path=//var/softaculous/dolph/php53 HTTP/2" 200 3012 "https://ajpartyfun.com/2026/07/16/kasyno-bez-weryfikacji-kyc-ktore-przeszo-moje-testy-matematyczne/?path=//var/softaculous/dolph" "Mozilla/5.0 AppleWebKit/537.36 (KHTML, like Gecko; compatible; GPTBot/1.4; +https://openai.com/gptbot)"
74.7.242.45 - - [16/Jul/2026:18:26:23 -0600] "GET /?fileloc=//home/dfwparty/dfwsingingtelegrams.com/wp-includes/author-template.php&path=//home/dfwparty/dfwsingingtelegrams.com/wp-includes HTTP/2" 200 8209 "https://www.ajpartyfun.com/?path=//home/dfwparty/dfwsingingtelegrams.com/wp-includes" "Mozilla/5.0 AppleWebKit/537.36 (KHTML, like Gecko; compatible; GPTBot/1.4; +https://openai.com/gptbot)"
74.7.227.145 - - [16/Jul/2026:18:26:23 -0600] "GET /2026/07/16/kasyno-bez-weryfikacji-kyc-ktore-przeszo-moje-testy-matematyczne/?fileloc=//var/softaculous/buggenie/php81/install.php&path=//var/softaculous/buggenie/php81 HTTP/2" 200 9186 "https://ajpartyfun.com/2026/07/16/kasyno-bez-weryfikacji-kyc-ktore-przeszo-moje-testy-matematyczne/?path=//var/softaculous/buggenie/php81" "Mozilla/5.0 AppleWebKit/537.36 (KHTML, like Gecko; compatible; GPTBot/1.4; +https://openai.com/gptbot)"
74.7.242.45 - - [16/Jul/2026:18:26:24 -0600] "GET /?fileloc=//lib64/python3.6/json/__pycache__/__init__.cpython-36.pyc&path=//lib64/python3.6/json/__pycache__ HTTP/2" 200 7063 "https://www.ajpartyfun.com/?path=//lib64/python3.6/json/__pycache__" "Mozilla/5.0 AppleWebKit/537.36 (KHTML, like Gecko; compatible; GPTBot/1.4; +https://openai.com/gptbot)"
74.7.227.145 - - [16/Jul/2026:18:26:24 -0600] "GET /2026/07/16/kasyno-bez-weryfikacji-kyc-ktore-przeszo-moje-testy-matematyczne/?path=//var/softaculous/fluxbb/php82 HTTP/2" 200 3011 "https://ajpartyfun.com/2026/07/16/kasyno-bez-weryfikacji-kyc-ktore-przeszo-moje-testy-matematyczne/?path=//var/softaculous/fluxbb" "Mozilla/5.0 AppleWebKit/537.36 (KHTML, like Gecko; compatible; GPTBot/1.4; +https://openai.com/gptbot)"
74.7.242.45 - - [16/Jul/2026:18:26:24 -0600] "GET /?fileloc=//home/dfwparty/dfwblogger.com/wp-content/plugins/akismet/_inc/img/logo-a-2x.png&path=//home/dfwparty/dfwblogger.com/wp-content/plugins/akismet/_inc/img HTTP/2" 200 3571 "https://www.ajpartyfun.com/?path=//home/dfwparty/dfwblogger.com/wp-content/plugins/akismet/_inc/img" "Mozilla/5.0 AppleWebKit/537.36 (KHTML, like Gecko; compatible; GPTBot/1.4; +https://openai.com/gptbot)"
74.7.227.145 - - [16/Jul/2026:18:26:24 -0600] "GET /2026/07/16/kasyno-bez-weryfikacji-kyc-ktore-przeszo-moje-testy-matematyczne/?path=//var/softaculous/schlix/php53 HTTP/2" 200 2970 "https://ajpartyfun.com/2026/07/16/kasyno-bez-weryfikacji-kyc-ktore-przeszo-moje-testy-matematyczne/?path=//var/softaculous/schlix" "Mozilla/5.0 AppleWebKit/537.36 (KHTML, like Gecko; compatible; GPTBot/1.4; +https://openai.com/gptbot)"
74.7.242.45 - - [16/Jul/2026:18:26:25 -0600] "GET /?fileloc=/home/dfwparty/dfwmagic.com/readme.html&path=/home/dfwparty/dfwmagic.com HTTP/2" 200 5536 "https://www.ajpartyfun.com/?path=/home/dfwparty/dfwmagic.com" "Mozilla/5.0 AppleWebKit/537.36 (KHTML, like Gecko; compatible; GPTBot/1.4; +https://openai.com/gptbot)"
74.7.227.145 - - [16/Jul/2026:18:26:25 -0600] "GET /2026/07/16/kasyno-bez-weryfikacji-kyc-ktore-przeszo-moje-testy-matematyczne/?path=//var/softaculous/bludit/php82 HTTP/2" 200 2914 "https://ajpartyfun.com/2026/07/16/kasyno-bez-weryfikacji-kyc-ktore-przeszo-moje-testy-matematyczne/?path=//var/softaculous/bludit" "Mozilla/5.0 AppleWebKit/537.36 (KHTML, like Gecko; compatible; GPTBot/1.4; +https://openai.com/gptbot)"
74.7.227.145 - - [16/Jul/2026:18:26:25 -0600] "GET /2026/07/16/kasyno-bez-weryfikacji-kyc-ktore-przeszo-moje-testy-matematyczne/?path=//var/softaculous/piwigo/php81 HTTP/2" 200 3011 "https://ajpartyfun.com/2026/07/16/kasyno-bez-weryfikacji-kyc-ktore-przeszo-moje-testy-matematyczne/?path=//var/softaculous/piwigo" "Mozilla/5.0 AppleWebKit/537.36 (KHTML, like Gecko; compatible; GPTBot/1.4; +https://openai.com/gptbot)"
74.7.242.45 - - [16/Jul/2026:18:26:25 -0600] "GET /?fileloc=//lib64/mysql/libmysqlclient.so.16&path=//lib64/mysql HTTP/2" 200 822686 "https://www.ajpartyfun.com/?path=//lib64/mysql" "Mozilla/5.0 AppleWebKit/537.36 (KHTML, like Gecko; compatible; GPTBot/1.4; +https://openai.com/gptbot)"
74.7.227.145 - - [16/Jul/2026:18:26:26 -0600] "GET /2026/07/16/kasyno-bez-weryfikacji-kyc-ktore-przeszo-moje-testy-matematyczne/?path=//var/softaculous/gibbon/php82 HTTP/2" 200 3012 "https://ajpartyfun.com/2026/07/16/kasyno-bez-weryfikacji-kyc-ktore-przeszo-moje-testy-matematyczne/?path=//var/softaculous/gibbon" "Mozilla/5.0 AppleWebKit/537.36 (KHTML, like Gecko; compatible; GPTBot/1.4; +https://openai.com/gptbot)"
74.7.242.45 - - [16/Jul/2026:18:26:26 -0600] "GET /?fileloc=//lib64/samba/libauthkrb5-samba4.so&path=//lib64/samba HTTP/2" 200 33122 "https://www.ajpartyfun.com/?path=//lib64/samba" "Mozilla/5.0 AppleWebKit/537.36 (KHTML, like Gecko; compatible; GPTBot/1.4; +https://openai.com/gptbot)"
74.7.227.145 - - [16/Jul/2026:18:26:26 -0600] "GET /2026/07/16/kasyno-bez-weryfikacji-kyc-ktore-przeszo-moje-testy-matematyczne/?path=//var/softaculous/dolph/php56 HTTP/2" 200 3009 "https://ajpartyfun.com/2026/07/16/kasyno-bez-weryfikacji-kyc-ktore-przeszo-moje-testy-matematyczne/?path=//var/softaculous/dolph" "Mozilla/5.0 AppleWebKit/537.36 (KHTML, like Gecko; compatible; GPTBot/1.4; +https://openai.com/gptbot)"
74.7.242.45 - - [16/Jul/2026:18:26:27 -0600] "GET /?fileloc=//home/dfwparty/dfwsingingtelegrams.com/wp-includes/class-wp-post-type.php&path=//home/dfwparty/dfwsingingtelegrams.com/wp-includes HTTP/2" 200 9698 "https://www.ajpartyfun.com/?path=//home/dfwparty/dfwsingingtelegrams.com/wp-includes" "Mozilla/5.0 AppleWebKit/537.36 (KHTML, like Gecko; compatible; GPTBot/1.4; +https://openai.com/gptbot)"
74.7.227.145 - - [16/Jul/2026:18:26:27 -0600] "GET /2026/07/16/kasyno-bez-weryfikacji-kyc-ktore-przeszo-moje-testy-matematyczne/?path=//var/softaculous/genix/php71 HTTP/2" 200 2881 "https://ajpartyfun.com/2026/07/16/kasyno-bez-weryfikacji-kyc-ktore-przeszo-moje-testy-matematyczne/?path=//var/softaculous/genix" "Mozilla/5.0 AppleWebKit/537.36 (KHTML, like Gecko; compatible; GPTBot/1.4; +https://openai.com/gptbot)"
74.7.242.45 - - [16/Jul/2026:18:26:27 -0600] "GET /?fileloc=/home/dfwparty/ajpartyfun.com/wp-admin/images/icons32-vs-2x.png&path=/home/dfwparty/ajpartyfun.com/wp-admin/images HTTP/2" 200 21214 "https://www.ajpartyfun.com/?path=/home/dfwparty/ajpartyfun.com/wp-admin/images" "Mozilla/5.0 AppleWebKit/537.36 (KHTML, like Gecko; compatible; GPTBot/1.4; +https://openai.com/gptbot)"
74.7.227.145 - - [16/Jul/2026:18:26:28 -0600] "GET /2026/07/16/kasyno-bez-weryfikacji-kyc-ktore-przeszo-moje-testy-matematyczne/?path=//var/softaculous/bludit/php81 HTTP/2" 200 2914 "https://ajpartyfun.com/2026/07/16/kasyno-bez-weryfikacji-kyc-ktore-przeszo-moje-testy-matematyczne/?path=//var/softaculous/bludit" "Mozilla/5.0 AppleWebKit/537.36 (KHTML, like Gecko; compatible; GPTBot/1.4; +https://openai.com/gptbot)"
74.7.242.45 - - [16/Jul/2026:18:26:28 -0600] "GET /?fileloc=/home/dfwparty/ajpartyfun.com/wp-admin/images/icons32-2x.png&path=/home/dfwparty/ajpartyfun.com/wp-admin/images HTTP/2" 200 21692 "https://www.ajpartyfun.com/?path=/home/dfwparty/ajpartyfun.com/wp-admin/images" "Mozilla/5.0 AppleWebKit/537.36 (KHTML, like Gecko; compatible; GPTBot/1.4; +https://openai.com/gptbot)"
74.7.227.145 - - [16/Jul/2026:18:26:28 -0600] "GET /2026/07/16/kasyno-bez-weryfikacji-kyc-ktore-przeszo-moje-testy-matematyczne/?path=//var/softaculous/piwigo/php82 HTTP/2" 200 3013 "https://ajpartyfun.com/2026/07/16/kasyno-bez-weryfikacji-kyc-ktore-przeszo-moje-testy-matematyczne/?path=//var/softaculous/piwigo" "Mozilla/5.0 AppleWebKit/537.36 (KHTML, like Gecko; compatible; GPTBot/1.4; +https://openai.com/gptbot)"
74.7.242.45 - - [16/Jul/2026:18:26:28 -0600] "GET /?fileloc=/home/dfwparty/bizcoach.biz/wp-content/themes/mh-magazine/content-grid.php&path=/home/dfwparty/bizcoach.biz/wp-content/themes/mh-magazine HTTP/2" 200 3060 "https://www.ajpartyfun.com/?path=/home/dfwparty/bizcoach.biz/wp-content/themes/mh-magazine" "Mozilla/5.0 AppleWebKit/537.36 (KHTML, like Gecko; compatible; GPTBot/1.4; +https://openai.com/gptbot)"
74.7.227.145 - - [16/Jul/2026:18:26:29 -0600] "GET /2026/07/16/kasyno-bez-weryfikacji-kyc-ktore-przeszo-moje-testy-matematyczne/?path=//var/softaculous/gibbon/php71 HTTP/2" 200 2976 "https://ajpartyfun.com/2026/07/16/kasyno-bez-weryfikacji-kyc-ktore-przeszo-moje-testy-matematyczne/?path=//var/softaculous/gibbon" "Mozilla/5.0 AppleWebKit/537.36 (KHTML, like Gecko; compatible; GPTBot/1.4; +https://openai.com/gptbot)"
74.7.242.45 - - [16/Jul/2026:18:26:29 -0600] "GET /?fileloc=/home/dfwparty/bizcoach.biz/wp-content/themes/mh-magazine/template-full.php&path=/home/dfwparty/bizcoach.biz/wp-content/themes/mh-magazine HTTP/2" 200 2832 "https://www.ajpartyfun.com/?path=/home/dfwparty/bizcoach.biz/wp-content/themes/mh-magazine" "Mozilla/5.0 AppleWebKit/537.36 (KHTML, like Gecko; compatible; GPTBot/1.4; +https://openai.com/gptbot)"
74.7.227.145 - - [16/Jul/2026:18:26:29 -0600] "GET /2026/07/16/kasyno-bez-weryfikacji-kyc-ktore-przeszo-moje-testy-matematyczne/?path=//var/softaculous/pluxml/php53 HTTP/2" 200 2912 "https://ajpartyfun.com/2026/07/16/kasyno-bez-weryfikacji-kyc-ktore-przeszo-moje-testy-matematyczne/?path=//var/softaculous/pluxml" "Mozilla/5.0 AppleWebKit/537.36 (KHTML, like Gecko; compatible; GPTBot/1.4; +https://openai.com/gptbot)"
74.7.242.45 - - [16/Jul/2026:18:26:29 -0600] "GET /?fileloc=//lib64/python2.7/linecache.py&path=//lib64/python2.7 HTTP/2" 200 3876 "https://www.ajpartyfun.com/?path=//lib64/python2.7" "Mozilla/5.0 AppleWebKit/537.36 (KHTML, like Gecko; compatible; GPTBot/1.4; +https://openai.com/gptbot)"
74.7.227.145 - - [16/Jul/2026:18:26:30 -0600] "GET /2026/07/16/kasyno-bez-weryfikacji-kyc-ktore-przeszo-moje-testy-matematyczne/?path=//var/softaculous/schlix/php56 HTTP/2" 200 2975 "https://ajpartyfun.com/2026/07/16/kasyno-bez-weryfikacji-kyc-ktore-przeszo-moje-testy-matematyczne/?path=//var/softaculous/schlix" "Mozilla/5.0 AppleWebKit/537.36 (KHTML, like Gecko; compatible; GPTBot/1.4; +https://openai.com/gptbot)"
74.7.242.45 - - [16/Jul/2026:18:26:30 -0600] "GET /?fileloc=//lib64/python2.7/cookielib.pyo&path=//lib64/python2.7 HTTP/2" 200 23059 "https://www.ajpartyfun.com/?path=//lib64/python2.7" "Mozilla/5.0 AppleWebKit/537.36 (KHTML, like Gecko; compatible; GPTBot/1.4; +https://openai.com/gptbot)"
74.7.227.145 - - [16/Jul/2026:18:26:30 -0600] "GET /2026/07/16/kasyno-bez-weryfikacji-kyc-ktore-przeszo-moje-testy-matematyczne/?path=//var/softaculous/webid/php56 HTTP/2" 200 2978 "https://ajpartyfun.com/2026/07/16/kasyno-bez-weryfikacji-kyc-ktore-przeszo-moje-testy-matematyczne/?path=//var/softaculous/webid" "Mozilla/5.0 AppleWebKit/537.36 (KHTML, like Gecko; compatible; GPTBot/1.4; +https://openai.com/gptbot)"
74.7.242.45 - - [16/Jul/2026:18:26:30 -0600] "GET /?fileloc=//lib64/python3.6/mimetypes.py&path=//lib64/python3.6 HTTP/2" 200 7995 "https://www.ajpartyfun.com/?path=//lib64/python3.6" "Mozilla/5.0 AppleWebKit/537.36 (KHTML, like Gecko; compatible; GPTBot/1.4; +https://openai.com/gptbot)"
216.73.216.7 - - [16/Jul/2026:18:26:32 -0600] "GET /2026/07/16/kasyno-bez-weryfikacji-kyc-ktore-przeszo-moje-testy-matematyczne/?path=%2Fhome%2Fdfwparty%2Fajpartyfun.com%2Fwp-content%2Fcache HTTP/2" 200 2819 "-" "Mozilla/5.0 AppleWebKit/537.36 (KHTML, like Gecko; compatible; ClaudeBot/1.0; +claudebot@anthropic.com)"
216.73.216.7 - - [16/Jul/2026:18:26:32 -0600] "GET /2026/07/16/kasyno-bez-weryfikacji-kyc-ktore-przeszo-moje-testy-matematyczne/?fileloc=%2Fhome%2Fdfwparty%2Fajpartyfun.com%2Fwp-includes%2Futf8.php&path=%2Fhome%2Fdfwparty%2Fajpartyfun.com%2Fwp-includes HTTP/2" 200 5140 "-" "Mozilla/5.0 AppleWebKit/537.36 (KHTML, like Gecko; compatible; ClaudeBot/1.0; +claudebot@anthropic.com)"
216.73.216.7 - - [16/Jul/2026:18:26:32 -0600] "GET /2026/07/16/kasyno-bez-weryfikacji-kyc-ktore-przeszo-moje-testy-matematyczne/?fileloc=%2Fhome%2Fdfwparty%2Fajpartyfun.com%2Fwp-admin%2Fms-admin.php&path=%2Fhome%2Fdfwparty%2Fajpartyfun.com%2Fwp-admin HTTP/2" 200 2633 "-" "Mozilla/5.0 AppleWebKit/537.36 (KHTML, like Gecko; compatible; ClaudeBot/1.0; +claudebot@anthropic.com)"
216.73.216.7 - - [16/Jul/2026:18:26:32 -0600] "GET /2026/07/16/kasyno-bez-weryfikacji-kyc-ktore-przeszo-moje-testy-matematyczne/?fileloc=%2Fhome%2Fdfwparty%2Fajpartyfun.com%2Fwp-admin%2Fadmin.php&path=%2Fhome%2Fdfwparty%2Fajpartyfun.com%2Fwp-admin HTTP/2" 200 6459 "-" "Mozilla/5.0 AppleWebKit/537.36 (KHTML, like Gecko; compatible; ClaudeBot/1.0; +claudebot@anthropic.com)"
216.73.216.7 - - [16/Jul/2026:18:26:32 -0600] "GET /2026/07/16/kasyno-bez-weryfikacji-kyc-ktore-przeszo-moje-testy-matematyczne/?fileloc=%2Fhome%2Fdfwparty%2Fajpartyfun.com%2Fwp-includes%2Ftheme.php&path=%2Fhome%2Fdfwparty%2Fajpartyfun.com%2Fwp-includes HTTP/2" 200 35615 "-" "Mozilla/5.0 AppleWebKit/537.36 (KHTML, like Gecko; compatible; ClaudeBot/1.0; +claudebot@anthropic.com)"
216.73.216.7 - - [16/Jul/2026:18:26:32 -0600] "GET /2026/07/16/kasyno-bez-weryfikacji-kyc-ktore-przeszo-moje-testy-matematyczne/?fileloc=%2Fhome%2Fdfwparty%2Fajpartyfun.com%2Fwp-admin%2Fms-users.php&path=%2Fhome%2Fdfwparty%2Fajpartyfun.com%2Fwp-admin HTTP/2" 200 2649 "-" "Mozilla/5.0 AppleWebKit/537.36 (KHTML, like Gecko; compatible; ClaudeBot/1.0; +claudebot@anthropic.com)"
216.73.216.7 - - [16/Jul/2026:18:26:32 -0600] "GET /2026/07/16/kasyno-bez-weryfikacji-kyc-ktore-przeszo-moje-testy-matematyczne/?fileloc=%2Fhome%2Fdfwparty%2Fajpartyfun.com%2Fwp-includes%2Fms-deprecated.php&path=%2Fhome%2Fdfwparty%2Fajpartyfun.com%2Fwp-includes HTTP/2" 200 9108 "-" "Mozilla/5.0 AppleWebKit/537.36 (KHTML, like Gecko; compatible; ClaudeBot/1.0; +claudebot@anthropic.com)"
216.73.216.7 - - [16/Jul/2026:18:26:32 -0600] "GET /2026/07/16/kasyno-bez-weryfikacji-kyc-ktore-przeszo-moje-testy-matematyczne/?fileloc=%2Fhome%2Fdfwparty%2Fajpartyfun.com%2Fwp-includes%2Fregistration-functions.php&path=%2Fhome%2Fdfwparty%2Fajpartyfun.com%2Fwp-includes HTTP/2" 200 2651 "-" "Mozilla/5.0 AppleWebKit/537.36 (KHTML, like Gecko; compatible; ClaudeBot/1.0; +claudebot@anthropic.com)"
216.73.216.7 - - [16/Jul/2026:18:26:32 -0600] "GET /2026/07/16/kasyno-bez-weryfikacji-kyc-ktore-przeszo-moje-testy-matematyczne/?fileloc=%2Fhome%2Fdfwparty%2Fajpartyfun.com%2Fwp-includes%2Frss.php&path=%2Fhome%2Fdfwparty%2Fajpartyfun.com%2Fwp-includes HTTP/2" 200 9725 "-" "Mozilla/5.0 AppleWebKit/537.36 (KHTML, like Gecko; compatible; ClaudeBot/1.0; +claudebot@anthropic.com)"
216.73.216.7 - - [16/Jul/2026:18:26:32 -0600] "GET /2026/07/16/kasyno-bez-weryfikacji-kyc-ktore-przeszo-moje-testy-matematyczne/?fileloc=%2Fhome%2Fdfwparty%2Fajpartyfun.com%2Fwp-includes%2Fcapabilities.php&path=%2Fhome%2Fdfwparty%2Fajpartyfun.com%2Fwp-includes HTTP/2" 200 10588 "-" "Mozilla/5.0 AppleWebKit/537.36 (KHTML, like Gecko; compatible; ClaudeBot/1.0; +claudebot@anthropic.com)"
74.7.227.145 - - [16/Jul/2026:18:26:31 -0600] "GET /2026/07/16/kasyno-bez-weryfikacji-kyc-ktore-przeszo-moje-testy-matematyczne/?path=//var/softaculous/schlix/php81 HTTP/2" 200 2970 "https://ajpartyfun.com/2026/07/16/kasyno-bez-weryfikacji-kyc-ktore-przeszo-moje-testy-matematyczne/?path=//var/softaculous/schlix" "Mozilla/5.0 AppleWebKit/537.36 (KHTML, like Gecko; compatible; GPTBot/1.4; +https://openai.com/gptbot)"
74.7.242.45 - - [16/Jul/2026:18:26:31 -0600] "GET /?fileloc=//lib64/python2.7/cookielib.py&path=//lib64/python2.7 HTTP/2" 200 21058 "https://www.ajpartyfun.com/?path=//lib64/python2.7" "Mozilla/5.0 AppleWebKit/537.36 (KHTML, like Gecko; compatible; GPTBot/1.4; +https://openai.com/gptbot)"
74.7.227.145 - - [16/Jul/2026:18:26:31 -0600] "GET /2026/07/16/kasyno-bez-weryfikacji-kyc-ktore-przeszo-moje-testy-matematyczne/?path=//var/softaculous/genix/php81 HTTP/2" 200 2881 "https://ajpartyfun.com/2026/07/16/kasyno-bez-weryfikacji-kyc-ktore-przeszo-moje-testy-matematyczne/?path=//var/softaculous/genix" "Mozilla/5.0 AppleWebKit/537.36 (KHTML, like Gecko; compatible; GPTBot/1.4; +https://openai.com/gptbot)"
74.7.242.45 - - [16/Jul/2026:18:26:31 -0600] "GET /?fileloc=//lib64/python2.7/compileall.py&path=//lib64/python2.7 HTTP/2" 200 4992 "https://www.ajpartyfun.com/?path=//lib64/python2.7" "Mozilla/5.0 AppleWebKit/537.36 (KHTML, like Gecko; compatible; GPTBot/1.4; +https://openai.com/gptbot)"
74.7.227.145 - - [16/Jul/2026:18:26:32 -0600] "GET /2026/07/16/kasyno-bez-weryfikacji-kyc-ktore-przeszo-moje-testy-matematyczne/?path=//var/softaculous/dhtmlx/php82 HTTP/2" 200 2835 "https://ajpartyfun.com/2026/07/16/kasyno-bez-weryfikacji-kyc-ktore-przeszo-moje-testy-matematyczne/?path=//var/softaculous/dhtmlx" "Mozilla/5.0 AppleWebKit/537.36 (KHTML, like Gecko; compatible; GPTBot/1.4; +https://openai.com/gptbot)"
74.7.242.45 - - [16/Jul/2026:18:26:32 -0600] "GET /?fileloc=//etc/crypto-policies/back-ends/java.config&path=//etc/crypto-policies/back-ends HTTP/2" 200 2712 "https://www.ajpartyfun.com/?path=//etc/crypto-policies/back-ends" "Mozilla/5.0 AppleWebKit/537.36 (KHTML, like Gecko; compatible; GPTBot/1.4; +https://openai.com/gptbot)"
74.7.227.145 - - [16/Jul/2026:18:26:32 -0600] "GET /2026/07/16/kasyno-bez-weryfikacji-kyc-ktore-przeszo-moje-testy-matematyczne/?path=//var/softaculous/schlix/php82 HTTP/2" 200 2934 "https://ajpartyfun.com/2026/07/16/kasyno-bez-weryfikacji-kyc-ktore-przeszo-moje-testy-matematyczne/?path=//var/softaculous/schlix" "Mozilla/5.0 AppleWebKit/537.36 (KHTML, like Gecko; compatible; GPTBot/1.4; +https://openai.com/gptbot)"
74.7.242.45 - - [16/Jul/2026:18:26:32 -0600] "GET /?fileloc=//etc/crypto-policies/back-ends/gnutls.config&path=//etc/crypto-policies/back-ends HTTP/2" 200 2762 "https://www.ajpartyfun.com/?path=//etc/crypto-policies/back-ends" "Mozilla/5.0 AppleWebKit/537.36 (KHTML, like Gecko; compatible; GPTBot/1.4; +https://openai.com/gptbot)"
74.7.227.145 - - [16/Jul/2026:18:26:33 -0600] "GET /2026/07/16/kasyno-bez-weryfikacji-kyc-ktore-przeszo-moje-testy-matematyczne/?path=//var/softaculous/webid/php82 HTTP/2" 200 3010 "https://ajpartyfun.com/2026/07/16/kasyno-bez-weryfikacji-kyc-ktore-przeszo-moje-testy-matematyczne/?path=//var/softaculous/webid" "Mozilla/5.0 AppleWebKit/537.36 (KHTML, like Gecko; compatible; GPTBot/1.4; +https://openai.com/gptbot)"
74.7.242.45 - - [16/Jul/2026:18:26:33 -0600] "GET /?fileloc=//etc/crypto-policies/back-ends/opensshserver.config&path=//etc/crypto-policies/back-ends HTTP/2" 200 2912 "https://www.ajpartyfun.com/?path=//etc/crypto-policies/back-ends" "Mozilla/5.0 AppleWebKit/537.36 (KHTML, like Gecko; compatible; GPTBot/1.4; +https://openai.com/gptbot)"
74.7.242.45 - - [16/Jul/2026:18:26:33 -0600] "GET /?fileloc=//etc/crypto-policies/local.d/nss-p11-kit.config&path=//etc/crypto-policies/local.d HTTP/2" 200 2536 "https://www.ajpartyfun.com/?path=//etc/crypto-policies/local.d" "Mozilla/5.0 AppleWebKit/537.36 (KHTML, like Gecko; compatible; GPTBot/1.4; +https://openai.com/gptbot)"
216.73.216.7 - - [16/Jul/2026:18:26:32 -0600] "GET /2026/07/16/kasyno-bez-weryfikacji-kyc-ktore-przeszo-moje-testy-matematyczne/?fileloc=%2Fhome%2Fdfwparty%2Fajpartyfun.com%2Fwp-includes%2Fclass-wp-ajax-response.php&path=%2Fhome%2Fdfwparty%2Fajpartyfun.com%2Fwp-includes HTTP/2" 200 4450 "-" "Mozilla/5.0 AppleWebKit/537.36 (KHTML, like Gecko; compatible; ClaudeBot/1.0; +claudebot@anthropic.com)"
216.73.216.7 - - [16/Jul/2026:18:26:33 -0600] "GET /2026/07/16/kasyno-bez-weryfikacji-kyc-ktore-przeszo-moje-testy-matematyczne/?fileloc=%2Fhome%2Fdfwparty%2Fajpartyfun.com%2Fwp-includes%2Fcompat.php&path=%2Fhome%2Fdfwparty%2Fajpartyfun.com%2Fwp-includes HTTP/2" 200 6506 "-" "Mozilla/5.0 AppleWebKit/537.36 (KHTML, like Gecko; compatible; ClaudeBot/1.0; +claudebot@anthropic.com)"
216.73.216.7 - - [16/Jul/2026:18:26:32 -0600] "GET /2026/07/16/kasyno-bez-weryfikacji-kyc-ktore-przeszo-moje-testy-matematyczne/?fileloc=%2Fhome%2Fdfwparty%2Fajpartyfun.com%2Fwp-includes%2Fclass-wp-http-response.php&path=%2Fhome%2Fdfwparty%2Fajpartyfun.com%2Fwp-includes HTTP/2" 200 3445 "-" "Mozilla/5.0 AppleWebKit/537.36 (KHTML, like Gecko; compatible; ClaudeBot/1.0; +claudebot@anthropic.com)"
216.73.216.7 - - [16/Jul/2026:18:26:33 -0600] "GET /2026/07/16/kasyno-bez-weryfikacji-kyc-ktore-przeszo-moje-testy-matematyczne/?path=%2Fhome%2Fdfwparty%2Fajpartyfun.com%2Fwp-includes%2Ftheme-compat HTTP/2" 200 3109 "-" "Mozilla/5.0 AppleWebKit/537.36 (KHTML, like Gecko; compatible; ClaudeBot/1.0; +claudebot@anthropic.com)"
216.73.216.7 - - [16/Jul/2026:18:26:33 -0600] "GET /2026/07/16/kasyno-bez-weryfikacji-kyc-ktore-przeszo-moje-testy-matematyczne/?fileloc=%2Fhome%2Fdfwparty%2Fajpartyfun.com%2Fwp-includes%2Fclass-wp-textdomain-registry.php&path=%2Fhome%2Fdfwparty%2Fajpartyfun.com%2Fwp-includes HTTP/2" 200 5596 "-" "Mozilla/5.0 AppleWebKit/537.36 (KHTML, like Gecko; compatible; ClaudeBot/1.0; +claudebot@anthropic.com)"
216.73.216.7 - - [16/Jul/2026:18:26:33 -0600] "GET /2026/07/16/kasyno-bez-weryfikacji-kyc-ktore-przeszo-moje-testy-matematyczne/?fileloc=%2Fhome%2Fdfwparty%2Fajpartyfun.com%2Fwp-admin%2Foptions-permalink.php&path=%2Fhome%2Fdfwparty%2Fajpartyfun.com%2Fwp-admin HTTP/2" 200 8712 "-" "Mozilla/5.0 AppleWebKit/537.36 (KHTML, like Gecko; compatible; ClaudeBot/1.0; +claudebot@anthropic.com)"
216.73.216.7 - - [16/Jul/2026:18:26:34 -0600] "GET /2026/07/16/kasyno-bez-weryfikacji-kyc-ktore-przeszo-moje-testy-matematyczne/?fileloc=%2Fhome%2Fdfwparty%2Fajpartyfun.com%2Fwp-admin%2Fasync-upload.php&path=%2Fhome%2Fdfwparty%2Fajpartyfun.com%2Fwp-admin HTTP/2" 200 4892 "-" "Mozilla/5.0 AppleWebKit/537.36 (KHTML, like Gecko; compatible; ClaudeBot/1.0; +claudebot@anthropic.com)"
216.73.216.7 - - [16/Jul/2026:18:26:34 -0600] "GET /2026/07/16/kasyno-bez-weryfikacji-kyc-ktore-przeszo-moje-testy-matematyczne/?fileloc=%2Fhome%2Fdfwparty%2Fajpartyfun.com%2Fwp-admin%2Fedit-comments.php&path=%2Fhome%2Fdfwparty%2Fajpartyfun.com%2Fwp-admin HTTP/2" 200 6815 "-" "Mozilla/5.0 AppleWebKit/537.36 (KHTML, like Gecko; compatible; ClaudeBot/1.0; +claudebot@anthropic.com)"
216.73.216.7 - - [16/Jul/2026:18:26:33 -0600] "GET /2026/07/16/kasyno-bez-weryfikacji-kyc-ktore-przeszo-moje-testy-matematyczne/?fileloc=%2Fhome%2Fdfwparty%2Fajpartyfun.com%2Fwp-includes%2Fsession.php&path=%2Fhome%2Fdfwparty%2Fajpartyfun.com%2Fwp-includes HTTP/2" 200 2658 "-" "Mozilla/5.0 AppleWebKit/537.36 (KHTML, like Gecko; compatible; ClaudeBot/1.0; +claudebot@anthropic.com)"
216.73.216.7 - - [16/Jul/2026:18:26:34 -0600] "GET /2026/07/16/kasyno-bez-weryfikacji-kyc-ktore-przeszo-moje-testy-matematyczne/?fileloc=%2Fhome%2Fdfwparty%2Fajpartyfun.com%2Fwp-includes%2Fcompat-utf8.php&path=%2Fhome%2Fdfwparty%2Fajpartyfun.com%2Fwp-includes HTTP/2" 200 8165 "-" "Mozilla/5.0 AppleWebKit/537.36 (KHTML, like Gecko; compatible; ClaudeBot/1.0; +claudebot@anthropic.com)"
74.7.227.145 - - [16/Jul/2026:18:26:34 -0600] "GET /2026/07/16/kasyno-bez-weryfikacji-kyc-ktore-przeszo-moje-testy-matematyczne/?fileloc=//var/softaculous/miniflux/images/miniflux.png&path=//var/softaculous/miniflux/images HTTP/2" 200 5526 "https://ajpartyfun.com/2026/07/16/kasyno-bez-weryfikacji-kyc-ktore-przeszo-moje-testy-matematyczne/?path=//var/softaculous/miniflux/images" "Mozilla/5.0 AppleWebKit/537.36 (KHTML, like Gecko; compatible; GPTBot/1.4; +https://openai.com/gptbot)"
74.7.242.45 - - [16/Jul/2026:18:26:34 -0600] "GET /?fileloc=//etc/crypto-policies/back-ends/libssh.config&path=//etc/crypto-policies/back-ends HTTP/2" 200 2796 "https://www.ajpartyfun.com/?path=//etc/crypto-policies/back-ends" "Mozilla/5.0 AppleWebKit/537.36 (KHTML, like Gecko; compatible; GPTBot/1.4; +https://openai.com/gptbot)"
74.7.242.45 - - [16/Jul/2026:18:26:35 -0600] "GET /?fileloc=//etc/crypto-policies/back-ends/bind.config&path=//etc/crypto-policies/back-ends HTTP/2" 200 2585 "https://www.ajpartyfun.com/?path=//etc/crypto-policies/back-ends" "Mozilla/5.0 AppleWebKit/537.36 (KHTML, like Gecko; compatible; GPTBot/1.4; +https://openai.com/gptbot)"
74.7.227.145 - - [16/Jul/2026:18:26:35 -0600] "GET /2026/07/16/kasyno-bez-weryfikacji-kyc-ktore-przeszo-moje-testy-matematyczne/?path=//var/softaculous/gibbon/php53 HTTP/2" 200 3017 "https://ajpartyfun.com/2026/07/16/kasyno-bez-weryfikacji-kyc-ktore-przeszo-moje-testy-matematyczne/?path=//var/softaculous/gibbon" "Mozilla/5.0 AppleWebKit/537.36 (KHTML, like Gecko; compatible; GPTBot/1.4; +https://openai.com/gptbot)"
74.7.242.45 - - [16/Jul/2026:18:26:35 -0600] "GET /?fileloc=//etc/crypto-policies/back-ends/krb5.config&path=//etc/crypto-policies/back-ends HTTP/2" 200 2597 "https://www.ajpartyfun.com/?path=//etc/crypto-policies/back-ends" "Mozilla/5.0 AppleWebKit/537.36 (KHTML, like Gecko; compatible; GPTBot/1.4; +https://openai.com/gptbot)"
74.7.242.45 - - [16/Jul/2026:18:26:36 -0600] "GET /?fileloc=//lib64/python2.7/fileinput.py&path=//lib64/python2.7 HTTP/2" 200 6435 "https://www.ajpartyfun.com/?path=//lib64/python2.7" "Mozilla/5.0 AppleWebKit/537.36 (KHTML, like Gecko; compatible; GPTBot/1.4; +https://openai.com/gptbot)"
74.7.227.145 - - [16/Jul/2026:18:26:36 -0600] "GET /2026/07/16/kasyno-bez-weryfikacji-kyc-ktore-przeszo-moje-testy-matematyczne/?path=//var/softaculous/pluxml/php81 HTTP/2" 200 2913 "https://ajpartyfun.com/2026/07/16/kasyno-bez-weryfikacji-kyc-ktore-przeszo-moje-testy-matematyczne/?path=//var/softaculous/pluxml" "Mozilla/5.0 AppleWebKit/537.36 (KHTML, like Gecko; compatible; GPTBot/1.4; +https://openai.com/gptbot)"
74.7.242.45 - - [16/Jul/2026:18:26:36 -0600] "GET /?fileloc=//lib64/python2.7/tabnanny.pyc&path=//lib64/python2.7 HTTP/2" 200 6256 "https://www.ajpartyfun.com/?path=//lib64/python2.7" "Mozilla/5.0 AppleWebKit/537.36 (KHTML, like Gecko; compatible; GPTBot/1.4; +https://openai.com/gptbot)"
74.7.227.145 - - [16/Jul/2026:18:26:36 -0600] "GET /2026/07/16/kasyno-bez-weryfikacji-kyc-ktore-przeszo-moje-testy-matematyczne/?path=//var/softaculous/bludit/php56 HTTP/2" 200 2912 "https://ajpartyfun.com/2026/07/16/kasyno-bez-weryfikacji-kyc-ktore-przeszo-moje-testy-matematyczne/?path=//var/softaculous/bludit" "Mozilla/5.0 AppleWebKit/537.36 (KHTML, like Gecko; compatible; GPTBot/1.4; +https://openai.com/gptbot)"
74.7.242.45 - - [16/Jul/2026:18:26:37 -0600] "GET /?fileloc=//lib64/python2.7/fileinput.pyo&path=//lib64/python2.7 HTTP/2" 200 7796 "https://www.ajpartyfun.com/?path=//lib64/python2.7" "Mozilla/5.0 AppleWebKit/537.36 (KHTML, like Gecko; compatible; GPTBot/1.4; +https://openai.com/gptbot)"
74.7.227.145 - - [16/Jul/2026:18:26:37 -0600] "GET /2026/07/16/kasyno-bez-weryfikacji-kyc-ktore-przeszo-moje-testy-matematyczne/?path=//var/softaculous/bludit/php53 HTTP/2" 200 2910 "https://ajpartyfun.com/2026/07/16/kasyno-bez-weryfikacji-kyc-ktore-przeszo-moje-testy-matematyczne/?path=//var/softaculous/bludit" "Mozilla/5.0 AppleWebKit/537.36 (KHTML, like Gecko; compatible; GPTBot/1.4; +https://openai.com/gptbot)"
74.7.242.45 - - [16/Jul/2026:18:26:37 -0600] "GET /?path=//home/dfwparty/smartcardpayme.com HTTP/2" 200 3626 "https://www.ajpartyfun.com/?path=//home/dfwparty" "Mozilla/5.0 AppleWebKit/537.36 (KHTML, like Gecko; compatible; GPTBot/1.4; +https://openai.com/gptbot)"
74.7.227.145 - - [16/Jul/2026:18:26:38 -0600] "GET /2026/07/16/kasyno-bez-weryfikacji-kyc-ktore-przeszo-moje-testy-matematyczne/?path=//var/softaculous/genix/php53 HTTP/2" 200 2881 "https://ajpartyfun.com/2026/07/16/kasyno-bez-weryfikacji-kyc-ktore-przeszo-moje-testy-matematyczne/?path=//var/softaculous/genix" "Mozilla/5.0 AppleWebKit/537.36 (KHTML, like Gecko; compatible; GPTBot/1.4; +https://openai.com/gptbot)"
74.7.242.45 - - [16/Jul/2026:18:26:38 -0600] "GET /?path=//home/dfwparty/relationships.tips HTTP/2" 200 3191 "https://www.ajpartyfun.com/?path=//home/dfwparty" "Mozilla/5.0 AppleWebKit/537.36 (KHTML, like Gecko; compatible; GPTBot/1.4; +https://openai.com/gptbot)"
74.7.227.145 - - [16/Jul/2026:18:26:38 -0600] "GET /2026/07/16/kasyno-bez-weryfikacji-kyc-ktore-przeszo-moje-testy-matematyczne/?path=//var/softaculous/bludit/php71 HTTP/2" 200 2913 "https://ajpartyfun.com/2026/07/16/kasyno-bez-weryfikacji-kyc-ktore-przeszo-moje-testy-matematyczne/?path=//var/softaculous/bludit" "Mozilla/5.0 AppleWebKit/537.36 (KHTML, like Gecko; compatible; GPTBot/1.4; +https://openai.com/gptbot)"
74.7.242.45 - - [16/Jul/2026:18:26:38 -0600] "GET /?path=//home/dfwparty/texashomeforum.com HTTP/2" 200 2943 "https://www.ajpartyfun.com/?path=//home/dfwparty" "Mozilla/5.0 AppleWebKit/537.36 (KHTML, like Gecko; compatible; GPTBot/1.4; +https://openai.com/gptbot)"
74.7.227.145 - - [16/Jul/2026:18:26:39 -0600] "GET /2026/07/16/kasyno-bez-weryfikacji-kyc-ktore-przeszo-moje-testy-matematyczne/?fileloc=//var/softaculous/fluxbb/images/logo.jpg&path=//var/softaculous/fluxbb/images HTTP/2" 200 6059 "https://ajpartyfun.com/2026/07/16/kasyno-bez-weryfikacji-kyc-ktore-przeszo-moje-testy-matematyczne/?path=//var/softaculous/fluxbb/images" "Mozilla/5.0 AppleWebKit/537.36 (KHTML, like Gecko; compatible; GPTBot/1.4; +https://openai.com/gptbot)"
74.7.242.45 - - [16/Jul/2026:18:26:39 -0600] "GET /?path=//home/dfwparty/mail/dfw.kids/john/new HTTP/2" 200 2887 "https://www.ajpartyfun.com/?path=//home/dfwparty/mail/dfw.kids/john" "Mozilla/5.0 AppleWebKit/537.36 (KHTML, like Gecko; compatible; GPTBot/1.4; +https://openai.com/gptbot)"
74.7.227.145 - - [16/Jul/2026:18:26:39 -0600] "GET /2026/07/16/kasyno-bez-weryfikacji-kyc-ktore-przeszo-moje-testy-matematyczne/?path=//var/softaculous/webid/php71 HTTP/2" 200 3011 "https://ajpartyfun.com/2026/07/16/kasyno-bez-weryfikacji-kyc-ktore-przeszo-moje-testy-matematyczne/?path=//var/softaculous/webid" "Mozilla/5.0 AppleWebKit/537.36 (KHTML, like Gecko; compatible; GPTBot/1.4; +https://openai.com/gptbot)"
74.7.242.45 - - [16/Jul/2026:18:26:39 -0600] "GET /?path=//home/dfwparty/mail/dfw.kids/john/tmp HTTP/2" 200 2571 "https://www.ajpartyfun.com/?path=//home/dfwparty/mail/dfw.kids/john" "Mozilla/5.0 AppleWebKit/537.36 (KHTML, like Gecko; compatible; GPTBot/1.4; +https://openai.com/gptbot)"
74.7.227.145 - - [16/Jul/2026:18:26:40 -0600] "GET /2026/07/16/kasyno-bez-weryfikacji-kyc-ktore-przeszo-moje-testy-matematyczne/?path=//var/softaculous/dolph/php81 HTTP/2" 200 3012 "https://ajpartyfun.com/2026/07/16/kasyno-bez-weryfikacji-kyc-ktore-przeszo-moje-testy-matematyczne/?path=//var/softaculous/dolph" "Mozilla/5.0 AppleWebKit/537.36 (KHTML, like Gecko; compatible; GPTBot/1.4; +https://openai.com/gptbot)"
74.7.242.45 - - [16/Jul/2026:18:26:40 -0600] "GET /?path=//home/dfwparty/mail/dfwsingingtelegrams.com/john/.Junk/new HTTP/2" 200 2594 "https://www.ajpartyfun.com/?path=//home/dfwparty/mail/dfwsingingtelegrams.com/john/.Junk" "Mozilla/5.0 AppleWebKit/537.36 (KHTML, like Gecko; compatible; GPTBot/1.4; +https://openai.com/gptbot)"
74.7.242.45 - - [16/Jul/2026:18:26:40 -0600] "GET /?fileloc=//home/dfwparty/candytheclown.com/wp-includes/widgets/class-wp-widget-search.php&path=//home/dfwparty/candytheclown.com/wp-includes/widgets HTTP/2" 200 3539 "https://www.ajpartyfun.com/?path=//home/dfwparty/candytheclown.com/wp-includes/widgets" "Mozilla/5.0 AppleWebKit/537.36 (KHTML, like Gecko; compatible; GPTBot/1.4; +https://openai.com/gptbot)"
74.7.242.45 - - [16/Jul/2026:18:26:41 -0600] "GET /?fileloc=//home/dfwparty/mail/creepy.show/moc/subscriptions&path=//home/dfwparty/mail/creepy.show/moc HTTP/2" 200 2523 "https://www.ajpartyfun.com/?path=//home/dfwparty/mail/creepy.show/moc" "Mozilla/5.0 AppleWebKit/537.36 (KHTML, like Gecko; compatible; GPTBot/1.4; +https://openai.com/gptbot)"
74.7.227.145 - - [16/Jul/2026:18:26:41 -0600] "GET /2026/07/16/kasyno-bez-weryfikacji-kyc-ktore-przeszo-moje-testy-matematyczne/?fileloc=//var/softaculous/cjdpoll/images/cjdpoll.png&path=//var/softaculous/cjdpoll/images HTTP/2" 200 20082 "https://ajpartyfun.com/2026/07/16/kasyno-bez-weryfikacji-kyc-ktore-przeszo-moje-testy-matematyczne/?path=//var/softaculous/cjdpoll/images" "Mozilla/5.0 AppleWebKit/537.36 (KHTML, like Gecko; compatible; GPTBot/1.4; +https://openai.com/gptbot)"
74.7.242.45 - - [16/Jul/2026:18:26:41 -0600] "GET /?fileloc=//home/dfwparty/mail/creepy.show/moc/dovecot-uidlist&path=//home/dfwparty/mail/creepy.show/moc HTTP/2" 200 2596 "https://www.ajpartyfun.com/?path=//home/dfwparty/mail/creepy.show/moc" "Mozilla/5.0 AppleWebKit/537.36 (KHTML, like Gecko; compatible; GPTBot/1.4; +https://openai.com/gptbot)"
74.7.227.145 - - [16/Jul/2026:18:26:42 -0600] "GET /2026/07/16/kasyno-bez-weryfikacji-kyc-ktore-przeszo-moje-testy-matematyczne/?fileloc=//var/softaculous/piwigo/php53/edit.php&path=//var/softaculous/piwigo/php53 HTTP/2" 200 5735 "https://ajpartyfun.com/2026/07/16/kasyno-bez-weryfikacji-kyc-ktore-przeszo-moje-testy-matematyczne/?path=//var/softaculous/piwigo/php53" "Mozilla/5.0 AppleWebKit/537.36 (KHTML, like Gecko; compatible; GPTBot/1.4; +https://openai.com/gptbot)"
74.7.242.45 - - [16/Jul/2026:18:26:42 -0600] "GET /?fileloc=//home/dfwparty/mail/creepy.show/moc/dovecot-quota&path=//home/dfwparty/mail/creepy.show/moc HTTP/2" 200 2541 "https://www.ajpartyfun.com/?path=//home/dfwparty/mail/creepy.show/moc" "Mozilla/5.0 AppleWebKit/537.36 (KHTML, like Gecko; compatible; GPTBot/1.4; +https://openai.com/gptbot)"
74.7.227.145 - - [16/Jul/2026:18:26:42 -0600] "GET /2026/07/16/kasyno-bez-weryfikacji-kyc-ktore-przeszo-moje-testy-matematyczne/?fileloc=//var/softaculous/piwigo/php53/import.php&path=//var/softaculous/piwigo/php53 HTTP/2" 200 4973 "https://ajpartyfun.com/2026/07/16/kasyno-bez-weryfikacji-kyc-ktore-przeszo-moje-testy-matematyczne/?path=//var/softaculous/piwigo/php53" "Mozilla/5.0 AppleWebKit/537.36 (KHTML, like Gecko; compatible; GPTBot/1.4; +https://openai.com/gptbot)"
74.7.242.45 - - [16/Jul/2026:18:26:43 -0600] "GET /?fileloc=//home/dfwparty/dfwsingingtelegrams.com/wp-includes/embed.php&path=//home/dfwparty/dfwsingingtelegrams.com/wp-includes HTTP/2" 200 13586 "https://www.ajpartyfun.com/?path=//home/dfwparty/dfwsingingtelegrams.com/wp-includes" "Mozilla/5.0 AppleWebKit/537.36 (KHTML, like Gecko; compatible; GPTBot/1.4; +https://openai.com/gptbot)"
74.7.227.145 - - [16/Jul/2026:18:26:43 -0600] "GET /2026/07/16/kasyno-bez-weryfikacji-kyc-ktore-przeszo-moje-testy-matematyczne/?fileloc=//var/softaculous/cjdpoll/images/logo.jpg&path=//var/softaculous/cjdpoll/images HTTP/2" 200 6496 "https://ajpartyfun.com/2026/07/16/kasyno-bez-weryfikacji-kyc-ktore-przeszo-moje-testy-matematyczne/?path=//var/softaculous/cjdpoll/images" "Mozilla/5.0 AppleWebKit/537.36 (KHTML, like Gecko; compatible; GPTBot/1.4; +https://openai.com/gptbot)"
74.7.242.45 - - [16/Jul/2026:18:26:43 -0600] "GET /?fileloc=//home/dfwparty/smartcardpayme.com/readme.html&path=//home/dfwparty/smartcardpayme.com HTTP/2" 200 5548 "https://www.ajpartyfun.com/?path=//home/dfwparty/smartcardpayme.com" "Mozilla/5.0 AppleWebKit/537.36 (KHTML, like Gecko; compatible; GPTBot/1.4; +https://openai.com/gptbot)"
74.7.227.145 - - [16/Jul/2026:18:26:43 -0600] "GET /2026/07/16/kasyno-bez-weryfikacji-kyc-ktore-przeszo-moje-testy-matematyczne/?path=//var/softaculous/gibbon/php56 HTTP/2" 200 2975 "https://ajpartyfun.com/2026/07/16/kasyno-bez-weryfikacji-kyc-ktore-przeszo-moje-testy-matematyczne/?path=//var/softaculous/gibbon" "Mozilla/5.0 AppleWebKit/537.36 (KHTML, like Gecko; compatible; GPTBot/1.4; +https://openai.com/gptbot)"
74.7.242.45 - - [16/Jul/2026:18:26:44 -0600] "GET /?fileloc=//home/dfwparty/relationships.tips/cp_errordocument.shtml&path=//home/dfwparty/relationships.tips HTTP/2" 200 7134 "https://www.ajpartyfun.com/?path=//home/dfwparty/relationships.tips" "Mozilla/5.0 AppleWebKit/537.36 (KHTML, like Gecko; compatible; GPTBot/1.4; +https://openai.com/gptbot)"
74.7.227.145 - - [16/Jul/2026:18:26:44 -0600] "GET /2026/07/16/kasyno-bez-weryfikacji-kyc-ktore-przeszo-moje-testy-matematyczne/?path=//var/softaculous/genix/php56 HTTP/2" 200 2881 "https://ajpartyfun.com/2026/07/16/kasyno-bez-weryfikacji-kyc-ktore-przeszo-moje-testy-matematyczne/?path=//var/softaculous/genix" "Mozilla/5.0 AppleWebKit/537.36 (KHTML, like Gecko; compatible; GPTBot/1.4; +https://openai.com/gptbot)"
74.7.242.45 - - [16/Jul/2026:18:26:44 -0600] "GET /?path=//home/dfwparty/texashomeforum.com/.well-known HTTP/2" 200 2817 "https://www.ajpartyfun.com/?path=//home/dfwparty/texashomeforum.com" "Mozilla/5.0 AppleWebKit/537.36 (KHTML, like Gecko; compatible; GPTBot/1.4; +https://openai.com/gptbot)"
74.7.227.145 - - [16/Jul/2026:18:26:44 -0600] "GET /2026/07/16/kasyno-bez-weryfikacji-kyc-ktore-przeszo-moje-testy-matematyczne/?path=//var/softaculous/pluxml/php71 HTTP/2" 200 2875 "https://ajpartyfun.com/2026/07/16/kasyno-bez-weryfikacji-kyc-ktore-przeszo-moje-testy-matematyczne/?path=//var/softaculous/pluxml" "Mozilla/5.0 AppleWebKit/537.36 (KHTML, like Gecko; compatible; GPTBot/1.4; +https://openai.com/gptbot)"
74.7.242.45 - - [16/Jul/2026:18:26:45 -0600] "GET /?fileloc=//home/dfwparty/mail/dfw.kids/john/new/1728498768.M208835P1162919.node612.namehero.net,S=77089,W=78406&path=//home/dfwparty/mail/dfw.kids/john/new HTTP/2" 200 21116 "https://www.ajpartyfun.com/?path=//home/dfwparty/mail/dfw.kids/john/new" "Mozilla/5.0 AppleWebKit/537.36 (KHTML, like Gecko; compatible; GPTBot/1.4; +https://openai.com/gptbot)"
74.7.227.145 - - [16/Jul/2026:18:26:45 -0600] "GET /2026/07/16/kasyno-bez-weryfikacji-kyc-ktore-przeszo-moje-testy-matematyczne/?path=//var/softaculous/webid/php53 HTTP/2" 200 3007 "https://ajpartyfun.com/2026/07/16/kasyno-bez-weryfikacji-kyc-ktore-przeszo-moje-testy-matematyczne/?path=//var/softaculous/webid" "Mozilla/5.0 AppleWebKit/537.36 (KHTML, like Gecko; compatible; GPTBot/1.4; +https://openai.com/gptbot)"
74.7.242.45 - - [16/Jul/2026:18:26:45 -0600] "GET /?fileloc=//home/dfwparty/texashomeforum.com/.htaccess&path=//home/dfwparty/texashomeforum.com HTTP/2" 200 2665 "https://www.ajpartyfun.com/?path=//home/dfwparty/texashomeforum.com" "Mozilla/5.0 AppleWebKit/537.36 (KHTML, like Gecko; compatible; GPTBot/1.4; +https://openai.com/gptbot)"
74.7.227.145 - - [16/Jul/2026:18:26:45 -0600] "GET /2026/07/16/kasyno-bez-weryfikacji-kyc-ktore-przeszo-moje-testy-matematyczne/?path=//var/softaculous/dhtmlx/php71 HTTP/2" 200 2833 "https://ajpartyfun.com/2026/07/16/kasyno-bez-weryfikacji-kyc-ktore-przeszo-moje-testy-matematyczne/?path=//var/softaculous/dhtmlx" "Mozilla/5.0 AppleWebKit/537.36 (KHTML, like Gecko; compatible; GPTBot/1.4; +https://openai.com/gptbot)"
74.7.242.45 - - [16/Jul/2026:18:26:46 -0600] "GET /?fileloc=//home/dfwparty/smartcardpayme.com/wp-blog-header.php&path=//home/dfwparty/smartcardpayme.com HTTP/2" 200 2696 "https://www.ajpartyfun.com/?path=//home/dfwparty/smartcardpayme.com" "Mozilla/5.0 AppleWebKit/537.36 (KHTML, like Gecko; compatible; GPTBot/1.4; +https://openai.com/gptbot)"
74.7.227.145 - - [16/Jul/2026:18:26:46 -0600] "GET /2026/07/16/kasyno-bez-weryfikacji-kyc-ktore-przeszo-moje-testy-matematyczne/?path=//var/softaculous/gibbon/php81 HTTP/2" 200 3015 "https://ajpartyfun.com/2026/07/16/kasyno-bez-weryfikacji-kyc-ktore-przeszo-moje-testy-matematyczne/?path=//var/softaculous/gibbon" "Mozilla/5.0 AppleWebKit/537.36 (KHTML, like Gecko; compatible; GPTBot/1.4; +https://openai.com/gptbot)"
74.7.242.45 - - [16/Jul/2026:18:26:46 -0600] "GET /?fileloc=//home/dfwparty/smartcardpayme.com/xmlrpc.php&path=//home/dfwparty/smartcardpayme.com HTTP/2" 200 3942 "https://www.ajpartyfun.com/?path=//home/dfwparty/smartcardpayme.com" "Mozilla/5.0 AppleWebKit/537.36 (KHTML, like Gecko; compatible; GPTBot/1.4; +https://openai.com/gptbot)"
74.7.227.145 - - [16/Jul/2026:18:26:47 -0600] "GET /2026/07/16/kasyno-bez-weryfikacji-kyc-ktore-przeszo-moje-testy-matematyczne/?fileloc=//var/softaculous/bludit/php81/install.php&path=//var/softaculous/bludit/php81 HTTP/2" 200 7793 "https://ajpartyfun.com/2026/07/16/kasyno-bez-weryfikacji-kyc-ktore-przeszo-moje-testy-matematyczne/?path=//var/softaculous/bludit/php81" "Mozilla/5.0 AppleWebKit/537.36 (KHTML, like Gecko; compatible; GPTBot/1.4; +https://openai.com/gptbot)"
74.7.242.45 - - [16/Jul/2026:18:26:47 -0600] "GET /?fileloc=//home/dfwparty/smartcardpayme.com/index.php&path=//home/dfwparty/smartcardpayme.com HTTP/2" 200 2710 "https://www.ajpartyfun.com/?path=//home/dfwparty/smartcardpayme.com" "Mozilla/5.0 AppleWebKit/537.36 (KHTML, like Gecko; compatible; GPTBot/1.4; +https://openai.com/gptbot)"
74.7.227.145 - - [16/Jul/2026:18:26:47 -0600] "GET /2026/07/16/kasyno-bez-weryfikacji-kyc-ktore-przeszo-moje-testy-matematyczne/?path=//var/softaculous/dhtmlx/php81 HTTP/2" 200 2834 "https://ajpartyfun.com/2026/07/16/kasyno-bez-weryfikacji-kyc-ktore-przeszo-moje-testy-matematyczne/?path=//var/softaculous/dhtmlx" "Mozilla/5.0 AppleWebKit/537.36 (KHTML, like Gecko; compatible; GPTBot/1.4; +https://openai.com/gptbot)"
74.7.242.45 - - [16/Jul/2026:18:26:47 -0600] "GET /?path=//home/dfwparty/relationships.tips/cgi-bin HTTP/2" 200 2555 "https://www.ajpartyfun.com/?path=//home/dfwparty/relationships.tips" "Mozilla/5.0 AppleWebKit/537.36 (KHTML, like Gecko; compatible; GPTBot/1.4; +https://openai.com/gptbot)"
74.7.227.145 - - [16/Jul/2026:18:26:48 -0600] "GET /2026/07/16/kasyno-bez-weryfikacji-kyc-ktore-przeszo-moje-testy-matematyczne/?path=//var/softaculous/pluxml/php56 HTTP/2" 200 2914 "https://ajpartyfun.com/2026/07/16/kasyno-bez-weryfikacji-kyc-ktore-przeszo-moje-testy-matematyczne/?path=//var/softaculous/pluxml" "Mozilla/5.0 AppleWebKit/537.36 (KHTML, like Gecko; compatible; GPTBot/1.4; +https://openai.com/gptbot)"
74.7.242.45 - - [16/Jul/2026:18:26:48 -0600] "GET /?path=//home/dfwparty/smartcardpayme.com/cgi-bin HTTP/2" 200 2554 "https://www.ajpartyfun.com/?path=//home/dfwparty/smartcardpayme.com" "Mozilla/5.0 AppleWebKit/537.36 (KHTML, like Gecko; compatible; GPTBot/1.4; +https://openai.com/gptbot)"
74.7.227.145 - - [16/Jul/2026:18:26:48 -0600] "GET /2026/07/16/kasyno-bez-weryfikacji-kyc-ktore-przeszo-moje-testy-matematyczne/?path=//var/softaculous/webid/php81 HTTP/2" 200 2968 "https://ajpartyfun.com/2026/07/16/kasyno-bez-weryfikacji-kyc-ktore-przeszo-moje-testy-matematyczne/?path=//var/softaculous/webid" "Mozilla/5.0 AppleWebKit/537.36 (KHTML, like Gecko; compatible; GPTBot/1.4; +https://openai.com/gptbot)"
74.7.242.45 - - [16/Jul/2026:18:26:48 -0600] "GET /?fileloc=//home/dfwparty/smartcardpayme.com/wp-trackback.php&path=//home/dfwparty/smartcardpayme.com HTTP/2" 200 4386 "https://www.ajpartyfun.com/?path=//home/dfwparty/smartcardpayme.com" "Mozilla/5.0 AppleWebKit/537.36 (KHTML, like Gecko; compatible; GPTBot/1.4; +https://openai.com/gptbot)"
