74.7.242.45 - - [16/Jul/2026:18:35:57 -0600] "GET /?fileloc=//lib64/python3.6/__pycache__/macpath.cpython-36.opt-2.pyc&path=//lib64/python3.6/__pycache__ HTTP/2" 200 4945 "https://www.ajpartyfun.com/?path=//lib64/python3.6/__pycache__" "Mozilla/5.0 AppleWebKit/537.36 (KHTML, like Gecko; compatible; GPTBot/1.4; +https://openai.com/gptbot)"
74.7.227.145 - - [16/Jul/2026:18:35:57 -0600] "GET /2026/07/16/kasyno-bez-weryfikacji-kyc-ktore-przeszo-moje-testy-matematyczne/?path=//var/softaculous/ostic/language HTTP/2" 200 3046 "https://ajpartyfun.com/2026/07/16/kasyno-bez-weryfikacji-kyc-ktore-przeszo-moje-testy-matematyczne/?path=//var/softaculous/ostic" "Mozilla/5.0 AppleWebKit/537.36 (KHTML, like Gecko; compatible; GPTBot/1.4; +https://openai.com/gptbot)"
74.7.242.45 - - [16/Jul/2026:18:35:58 -0600] "GET /?fileloc=//lib64/python3.6/__pycache__/linecache.cpython-36.opt-1.pyc&path=//lib64/python3.6/__pycache__ HTTP/2" 200 4789 "https://www.ajpartyfun.com/?path=//lib64/python3.6/__pycache__" "Mozilla/5.0 AppleWebKit/537.36 (KHTML, like Gecko; compatible; GPTBot/1.4; +https://openai.com/gptbot)"
74.7.227.145 - - [16/Jul/2026:18:35:58 -0600] "GET /2026/07/16/kasyno-bez-weryfikacji-kyc-ktore-przeszo-moje-testy-matematyczne/?path=//var/softaculous/orange/images HTTP/2" 200 2873 "https://ajpartyfun.com/2026/07/16/kasyno-bez-weryfikacji-kyc-ktore-przeszo-moje-testy-matematyczne/?path=//var/softaculous/orange" "Mozilla/5.0 AppleWebKit/537.36 (KHTML, like Gecko; compatible; GPTBot/1.4; +https://openai.com/gptbot)"
74.7.242.45 - - [16/Jul/2026:18:35:58 -0600] "GET /?fileloc=//lib64/python3.6/__pycache__/codeop.cpython-36.opt-1.pyc&path=//lib64/python3.6/__pycache__ HTTP/2" 200 5207 "https://www.ajpartyfun.com/?path=//lib64/python3.6/__pycache__" "Mozilla/5.0 AppleWebKit/537.36 (KHTML, like Gecko; compatible; GPTBot/1.4; +https://openai.com/gptbot)"
74.7.227.145 - - [16/Jul/2026:18:35:58 -0600] "GET /2026/07/16/kasyno-bez-weryfikacji-kyc-ktore-przeszo-moje-testy-matematyczne/?path=//var/softaculous/mantis/images HTTP/2" 200 2876 "https://ajpartyfun.com/2026/07/16/kasyno-bez-weryfikacji-kyc-ktore-przeszo-moje-testy-matematyczne/?path=//var/softaculous/mantis" "Mozilla/5.0 AppleWebKit/537.36 (KHTML, like Gecko; compatible; GPTBot/1.4; +https://openai.com/gptbot)"
74.7.242.45 - - [16/Jul/2026:18:35:59 -0600] "GET /?fileloc=//lib64/python3.6/__pycache__/opcode.cpython-36.opt-1.pyc&path=//lib64/python3.6/__pycache__ HTTP/2" 200 5044 "https://www.ajpartyfun.com/?path=//lib64/python3.6/__pycache__" "Mozilla/5.0 AppleWebKit/537.36 (KHTML, like Gecko; compatible; GPTBot/1.4; +https://openai.com/gptbot)"
74.7.227.145 - - [16/Jul/2026:18:35:59 -0600] "GET /2026/07/16/kasyno-bez-weryfikacji-kyc-ktore-przeszo-moje-testy-matematyczne/?path=//var/softaculous/bugs/images HTTP/2" 200 2872 "https://ajpartyfun.com/2026/07/16/kasyno-bez-weryfikacji-kyc-ktore-przeszo-moje-testy-matematyczne/?path=//var/softaculous/bugs" "Mozilla/5.0 AppleWebKit/537.36 (KHTML, like Gecko; compatible; GPTBot/1.4; +https://openai.com/gptbot)"
74.7.242.45 - - [16/Jul/2026:18:35:59 -0600] "GET /?fileloc=//lib64/python3.6/__pycache__/poplib.cpython-36.opt-2.pyc&path=//lib64/python3.6/__pycache__ HTTP/2" 200 6881 "https://www.ajpartyfun.com/?path=//lib64/python3.6/__pycache__" "Mozilla/5.0 AppleWebKit/537.36 (KHTML, like Gecko; compatible; GPTBot/1.4; +https://openai.com/gptbot)"
74.7.227.145 - - [16/Jul/2026:18:35:59 -0600] "GET /2026/07/16/kasyno-bez-weryfikacji-kyc-ktore-przeszo-moje-testy-matematyczne/?fileloc=//var/softaculous/ostic/images/logo.jpg&path=//var/softaculous/ostic/images HTTP/2" 200 8972 "https://ajpartyfun.com/2026/07/16/kasyno-bez-weryfikacji-kyc-ktore-przeszo-moje-testy-matematyczne/?path=//var/softaculous/ostic/images" "Mozilla/5.0 AppleWebKit/537.36 (KHTML, like Gecko; compatible; GPTBot/1.4; +https://openai.com/gptbot)"
74.7.242.45 - - [16/Jul/2026:18:36:00 -0600] "GET /?fileloc=//lib64/python3.6/__pycache__/macpath.cpython-36.opt-1.pyc&path=//lib64/python3.6/__pycache__ HTTP/2" 200 5642 "https://www.ajpartyfun.com/?path=//lib64/python3.6/__pycache__" "Mozilla/5.0 AppleWebKit/537.36 (KHTML, like Gecko; compatible; GPTBot/1.4; +https://openai.com/gptbot)"
74.7.227.145 - - [16/Jul/2026:18:36:00 -0600] "GET /2026/07/16/kasyno-bez-weryfikacji-kyc-ktore-przeszo-moje-testy-matematyczne/?path=//var/softaculous/monsta HTTP/2" 200 3455 "https://ajpartyfun.com/2026/07/16/kasyno-bez-weryfikacji-kyc-ktore-przeszo-moje-testy-matematyczne/?path=//var/softaculous" "Mozilla/5.0 AppleWebKit/537.36 (KHTML, like Gecko; compatible; GPTBot/1.4; +https://openai.com/gptbot)"
74.7.242.45 - - [16/Jul/2026:18:36:00 -0600] "GET /?fileloc=//lib64/python3.6/__pycache__/_collections_abc.cpython-36.opt-2.pyc&path=//lib64/python3.6/__pycache__ HTTP/2" 200 10069 "https://www.ajpartyfun.com/?path=//lib64/python3.6/__pycache__" "Mozilla/5.0 AppleWebKit/537.36 (KHTML, like Gecko; compatible; GPTBot/1.4; +https://openai.com/gptbot)"
74.7.227.145 - - [16/Jul/2026:18:36:00 -0600] "GET /2026/07/16/kasyno-bez-weryfikacji-kyc-ktore-przeszo-moje-testy-matematyczne/?path=//var/softaculous/prado HTTP/2" 200 3278 "https://ajpartyfun.com/2026/07/16/kasyno-bez-weryfikacji-kyc-ktore-przeszo-moje-testy-matematyczne/?path=//var/softaculous" "Mozilla/5.0 AppleWebKit/537.36 (KHTML, like Gecko; compatible; GPTBot/1.4; +https://openai.com/gptbot)"
74.7.242.45 - - [16/Jul/2026:18:36:01 -0600] "GET /?fileloc=//lib64/python3.6/__pycache__/telnetlib.cpython-36.opt-2.pyc&path=//lib64/python3.6/__pycache__ HTTP/2" 200 7748 "https://www.ajpartyfun.com/?path=//lib64/python3.6/__pycache__" "Mozilla/5.0 AppleWebKit/537.36 (KHTML, like Gecko; compatible; GPTBot/1.4; +https://openai.com/gptbot)"
74.7.227.145 - - [16/Jul/2026:18:36:01 -0600] "GET /2026/07/16/kasyno-bez-weryfikacji-kyc-ktore-przeszo-moje-testy-matematyczne/?path=//var/softaculous/beehive HTTP/2" 200 3342 "https://ajpartyfun.com/2026/07/16/kasyno-bez-weryfikacji-kyc-ktore-przeszo-moje-testy-matematyczne/?path=//var/softaculous" "Mozilla/5.0 AppleWebKit/537.36 (KHTML, like Gecko; compatible; GPTBot/1.4; +https://openai.com/gptbot)"
74.7.242.45 - - [16/Jul/2026:18:36:01 -0600] "GET /?fileloc=//lib64/python3.6/__pycache__/py_compile.cpython-36.opt-1.pyc&path=//lib64/python3.6/__pycache__ HTTP/2" 200 5837 "https://www.ajpartyfun.com/?path=//lib64/python3.6/__pycache__" "Mozilla/5.0 AppleWebKit/537.36 (KHTML, like Gecko; compatible; GPTBot/1.4; +https://openai.com/gptbot)"
74.7.227.145 - - [16/Jul/2026:18:36:02 -0600] "GET /2026/07/16/kasyno-bez-weryfikacji-kyc-ktore-przeszo-moje-testy-matematyczne/?path=//var/softaculous/phplot HTTP/2" 200 3131 "https://ajpartyfun.com/2026/07/16/kasyno-bez-weryfikacji-kyc-ktore-przeszo-moje-testy-matematyczne/?path=//var/softaculous" "Mozilla/5.0 AppleWebKit/537.36 (KHTML, like Gecko; compatible; GPTBot/1.4; +https://openai.com/gptbot)"
74.7.242.45 - - [16/Jul/2026:18:36:02 -0600] "GET /?fileloc=//lib64/python3.6/__pycache__/opcode.cpython-36.opt-2.pyc&path=//lib64/python3.6/__pycache__ HTTP/2" 200 4947 "https://www.ajpartyfun.com/?path=//lib64/python3.6/__pycache__" "Mozilla/5.0 AppleWebKit/537.36 (KHTML, like Gecko; compatible; GPTBot/1.4; +https://openai.com/gptbot)"
74.7.227.145 - - [16/Jul/2026:18:36:02 -0600] "GET /2026/07/16/kasyno-bez-weryfikacji-kyc-ktore-przeszo-moje-testy-matematyczne/?path=//var/softaculous/cszcms HTTP/2" 200 3517 "https://ajpartyfun.com/2026/07/16/kasyno-bez-weryfikacji-kyc-ktore-przeszo-moje-testy-matematyczne/?path=//var/softaculous" "Mozilla/5.0 AppleWebKit/537.36 (KHTML, like Gecko; compatible; GPTBot/1.4; +https://openai.com/gptbot)"
74.7.242.45 - - [16/Jul/2026:18:36:02 -0600] "GET /?fileloc=//lib64/python3.6/__pycache__/ntpath.cpython-36.opt-2.pyc&path=//lib64/python3.6/__pycache__ HTTP/2" 200 8234 "https://www.ajpartyfun.com/?path=//lib64/python3.6/__pycache__" "Mozilla/5.0 AppleWebKit/537.36 (KHTML, like Gecko; compatible; GPTBot/1.4; +https://openai.com/gptbot)"
74.7.227.145 - - [16/Jul/2026:18:36:03 -0600] "GET /2026/07/16/kasyno-bez-weryfikacji-kyc-ktore-przeszo-moje-testy-matematyczne/?path=//var/softaculous/cumulus HTTP/2" 200 3375 "https://ajpartyfun.com/2026/07/16/kasyno-bez-weryfikacji-kyc-ktore-przeszo-moje-testy-matematyczne/?path=//var/softaculous" "Mozilla/5.0 AppleWebKit/537.36 (KHTML, like Gecko; compatible; GPTBot/1.4; +https://openai.com/gptbot)"
74.7.242.45 - - [16/Jul/2026:18:36:03 -0600] "GET /?fileloc=//lib64/python3.6/__pycache__/ntpath.cpython-36.opt-1.pyc&path=//lib64/python3.6/__pycache__ HTTP/2" 200 9416 "https://www.ajpartyfun.com/?path=//lib64/python3.6/__pycache__" "Mozilla/5.0 AppleWebKit/537.36 (KHTML, like Gecko; compatible; GPTBot/1.4; +https://openai.com/gptbot)"
74.7.227.145 - - [16/Jul/2026:18:36:03 -0600] "GET /2026/07/16/kasyno-bez-weryfikacji-kyc-ktore-przeszo-moje-testy-matematyczne/?path=//var/softaculous/koken HTTP/2" 200 3457 "https://ajpartyfun.com/2026/07/16/kasyno-bez-weryfikacji-kyc-ktore-przeszo-moje-testy-matematyczne/?path=//var/softaculous" "Mozilla/5.0 AppleWebKit/537.36 (KHTML, like Gecko; compatible; GPTBot/1.4; +https://openai.com/gptbot)"
74.7.242.45 - - [16/Jul/2026:18:36:03 -0600] "GET /?fileloc=//lib64/python3.6/__pycache__/pprint.cpython-36.opt-2.pyc&path=//lib64/python3.6/__pycache__ HTTP/2" 200 8705 "https://www.ajpartyfun.com/?path=//lib64/python3.6/__pycache__" "Mozilla/5.0 AppleWebKit/537.36 (KHTML, like Gecko; compatible; GPTBot/1.4; +https://openai.com/gptbot)"
74.7.227.145 - - [16/Jul/2026:18:36:04 -0600] "GET /2026/07/16/kasyno-bez-weryfikacji-kyc-ktore-przeszo-moje-testy-matematyczne/?path=//var/softaculous/unmark HTTP/2" 200 3431 "https://ajpartyfun.com/2026/07/16/kasyno-bez-weryfikacji-kyc-ktore-przeszo-moje-testy-matematyczne/?path=//var/softaculous" "Mozilla/5.0 AppleWebKit/537.36 (KHTML, like Gecko; compatible; GPTBot/1.4; +https://openai.com/gptbot)"
74.7.242.45 - - [16/Jul/2026:18:36:04 -0600] "GET /?fileloc=//lib64/python3.6/__pycache__/_bootlocale.cpython-36.opt-2.pyc&path=//lib64/python3.6/__pycache__ HTTP/2" 200 3023 "https://www.ajpartyfun.com/?path=//lib64/python3.6/__pycache__" "Mozilla/5.0 AppleWebKit/537.36 (KHTML, like Gecko; compatible; GPTBot/1.4; +https://openai.com/gptbot)"
74.7.227.145 - - [16/Jul/2026:18:36:04 -0600] "GET /2026/07/16/kasyno-bez-weryfikacji-kyc-ktore-przeszo-moje-testy-matematyczne/?path=//var/softaculous/jquery HTTP/2" 200 3270 "https://ajpartyfun.com/2026/07/16/kasyno-bez-weryfikacji-kyc-ktore-przeszo-moje-testy-matematyczne/?path=//var/softaculous" "Mozilla/5.0 AppleWebKit/537.36 (KHTML, like Gecko; compatible; GPTBot/1.4; +https://openai.com/gptbot)"
74.7.242.45 - - [16/Jul/2026:18:36:04 -0600] "GET /?fileloc=//lib64/python3.6/__pycache__/ftplib.cpython-36.opt-1.pyc&path=//lib64/python3.6/__pycache__ HTTP/2" 200 15272 "https://www.ajpartyfun.com/?path=//lib64/python3.6/__pycache__" "Mozilla/5.0 AppleWebKit/537.36 (KHTML, like Gecko; compatible; GPTBot/1.4; +https://openai.com/gptbot)"
74.7.227.145 - - [16/Jul/2026:18:36:05 -0600] "GET /2026/07/16/kasyno-bez-weryfikacji-kyc-ktore-przeszo-moje-testy-matematyczne/?path=//var/softaculous/sitepad/editor/site-admin HTTP/2" 200 4851 "https://ajpartyfun.com/2026/07/16/kasyno-bez-weryfikacji-kyc-ktore-przeszo-moje-testy-matematyczne/?path=//var/softaculous/sitepad/editor" "Mozilla/5.0 AppleWebKit/537.36 (KHTML, like Gecko; compatible; GPTBot/1.4; +https://openai.com/gptbot)"
74.7.242.45 - - [16/Jul/2026:18:36:05 -0600] "GET /?fileloc=//lib64/python3.6/__pycache__/pyclbr.cpython-36.opt-2.pyc&path=//lib64/python3.6/__pycache__ HTTP/2" 200 5938 "https://www.ajpartyfun.com/?path=//lib64/python3.6/__pycache__" "Mozilla/5.0 AppleWebKit/537.36 (KHTML, like Gecko; compatible; GPTBot/1.4; +https://openai.com/gptbot)"
74.7.227.145 - - [16/Jul/2026:18:36:05 -0600] "GET /2026/07/16/kasyno-bez-weryfikacji-kyc-ktore-przeszo-moje-testy-matematyczne/?path=//var/softaculous/sitepad/editor/site-data HTTP/2" 200 3089 "https://ajpartyfun.com/2026/07/16/kasyno-bez-weryfikacji-kyc-ktore-przeszo-moje-testy-matematyczne/?path=//var/softaculous/sitepad/editor" "Mozilla/5.0 AppleWebKit/537.36 (KHTML, like Gecko; compatible; GPTBot/1.4; +https://openai.com/gptbot)"
74.7.242.45 - - [16/Jul/2026:18:36:05 -0600] "GET /?fileloc=//lib64/python3.6/__pycache__/pathlib.cpython-36.opt-2.pyc&path=//lib64/python3.6/__pycache__ HTTP/2" 200 15495 "https://www.ajpartyfun.com/?path=//lib64/python3.6/__pycache__" "Mozilla/5.0 AppleWebKit/537.36 (KHTML, like Gecko; compatible; GPTBot/1.4; +https://openai.com/gptbot)"
74.7.227.145 - - [16/Jul/2026:18:36:06 -0600] "GET /2026/07/16/kasyno-bez-weryfikacji-kyc-ktore-przeszo-moje-testy-matematyczne/?path=//var/softaculous/sitepad/editor/site-inc HTTP/2" 200 9226 "https://ajpartyfun.com/2026/07/16/kasyno-bez-weryfikacji-kyc-ktore-przeszo-moje-testy-matematyczne/?path=//var/softaculous/sitepad/editor" "Mozilla/5.0 AppleWebKit/537.36 (KHTML, like Gecko; compatible; GPTBot/1.4; +https://openai.com/gptbot)"
74.7.242.45 - - [16/Jul/2026:18:36:06 -0600] "GET /?fileloc=//lib64/python3.6/__pycache__/getopt.cpython-36.opt-1.pyc&path=//lib64/python3.6/__pycache__ HTTP/2" 200 5810 "https://www.ajpartyfun.com/?path=//lib64/python3.6/__pycache__" "Mozilla/5.0 AppleWebKit/537.36 (KHTML, like Gecko; compatible; GPTBot/1.4; +https://openai.com/gptbot)"
74.7.227.145 - - [16/Jul/2026:18:36:06 -0600] "GET /2026/07/16/kasyno-bez-weryfikacji-kyc-ktore-przeszo-moje-testy-matematyczne/?path=//var/softaculous/raphael HTTP/2" 200 3196 "https://ajpartyfun.com/2026/07/16/kasyno-bez-weryfikacji-kyc-ktore-przeszo-moje-testy-matematyczne/?path=//var/softaculous" "Mozilla/5.0 AppleWebKit/537.36 (KHTML, like Gecko; compatible; GPTBot/1.4; +https://openai.com/gptbot)"
74.7.242.45 - - [16/Jul/2026:18:36:06 -0600] "GET /?fileloc=//lib64/python3.6/__pycache__/pathlib.cpython-36.opt-1.pyc&path=//lib64/python3.6/__pycache__ HTTP/2" 200 18164 "https://www.ajpartyfun.com/?path=//lib64/python3.6/__pycache__" "Mozilla/5.0 AppleWebKit/537.36 (KHTML, like Gecko; compatible; GPTBot/1.4; +https://openai.com/gptbot)"
74.7.227.145 - - [16/Jul/2026:18:36:07 -0600] "GET /2026/07/16/kasyno-bez-weryfikacji-kyc-ktore-przeszo-moje-testy-matematyczne/?path=//var/softaculous/qloapps HTTP/2" 200 3482 "https://ajpartyfun.com/2026/07/16/kasyno-bez-weryfikacji-kyc-ktore-przeszo-moje-testy-matematyczne/?path=//var/softaculous" "Mozilla/5.0 AppleWebKit/537.36 (KHTML, like Gecko; compatible; GPTBot/1.4; +https://openai.com/gptbot)"
74.7.227.145 - - [16/Jul/2026:18:36:07 -0600] "GET /2026/07/16/kasyno-bez-weryfikacji-kyc-ktore-przeszo-moje-testy-matematyczne/?path=//var/softaculous/invoice HTTP/2" 200 3496 "https://ajpartyfun.com/2026/07/16/kasyno-bez-weryfikacji-kyc-ktore-przeszo-moje-testy-matematyczne/?path=//var/softaculous" "Mozilla/5.0 AppleWebKit/537.36 (KHTML, like Gecko; compatible; GPTBot/1.4; +https://openai.com/gptbot)"
74.7.242.45 - - [16/Jul/2026:18:36:07 -0600] "GET /?fileloc=/home/dfwparty/santabootshop.com/wp-content/themes/twentytwentyfive/patterns/template-query-loop-news-blog.php&path=/home/dfwparty/santabootshop.com/wp-content/themes/twentytwentyfive/patterns HTTP/2" 200 3882 "https://www.ajpartyfun.com/?path=/home/dfwparty/santabootshop.com/wp-content/themes/twentytwentyfive/patterns" "Mozilla/5.0 AppleWebKit/537.36 (KHTML, like Gecko; compatible; GPTBot/1.4; +https://openai.com/gptbot)"
74.7.242.45 - - [16/Jul/2026:18:36:08 -0600] "GET /?fileloc=/home/dfwparty/bizcoach.biz/wp-content/plugins/elementor-pro/assets/js/video-playlist.d48e1a11007fe8c248f8.bundle.min.js&path=/home/dfwparty/bizcoach.biz/wp-content/plugins/elementor-pro/assets/js HTTP/2" 200 8950 "https://www.ajpartyfun.com/?path=/home/dfwparty/bizcoach.biz/wp-content/plugins/elementor-pro/assets/js" "Mozilla/5.0 AppleWebKit/537.36 (KHTML, like Gecko; compatible; GPTBot/1.4; +https://openai.com/gptbot)"
74.7.227.145 - - [16/Jul/2026:18:36:08 -0600] "GET /2026/07/16/kasyno-bez-weryfikacji-kyc-ktore-przeszo-moje-testy-matematyczne/?path=//var/softaculous/phoenix HTTP/2" 200 3490 "https://ajpartyfun.com/2026/07/16/kasyno-bez-weryfikacji-kyc-ktore-przeszo-moje-testy-matematyczne/?path=//var/softaculous" "Mozilla/5.0 AppleWebKit/537.36 (KHTML, like Gecko; compatible; GPTBot/1.4; +https://openai.com/gptbot)"
74.7.227.145 - - [16/Jul/2026:18:36:08 -0600] "GET /2026/07/16/kasyno-bez-weryfikacji-kyc-ktore-przeszo-moje-testy-matematyczne/?path=//var/softaculous/glpi/images HTTP/2" 200 2871 "https://ajpartyfun.com/2026/07/16/kasyno-bez-weryfikacji-kyc-ktore-przeszo-moje-testy-matematyczne/?path=//var/softaculous/glpi" "Mozilla/5.0 AppleWebKit/537.36 (KHTML, like Gecko; compatible; GPTBot/1.4; +https://openai.com/gptbot)"
74.7.242.45 - - [16/Jul/2026:18:36:08 -0600] "GET /?fileloc=/home/dfwparty/bizcoach.biz/wp-content/plugins/elementor-pro/assets/js/video-playlist.5053c13417e7c57d9e7f.bundle.js&path=/home/dfwparty/bizcoach.biz/wp-content/plugins/elementor-pro/assets/js HTTP/2" 200 13647 "https://www.ajpartyfun.com/?path=/home/dfwparty/bizcoach.biz/wp-content/plugins/elementor-pro/assets/js" "Mozilla/5.0 AppleWebKit/537.36 (KHTML, like Gecko; compatible; GPTBot/1.4; +https://openai.com/gptbot)"
74.7.227.145 - - [16/Jul/2026:18:36:09 -0600] "GET /2026/07/16/kasyno-bez-weryfikacji-kyc-ktore-przeszo-moje-testy-matematyczne/?path=//var/softaculous/clipper HTTP/2" 200 3374 "https://ajpartyfun.com/2026/07/16/kasyno-bez-weryfikacji-kyc-ktore-przeszo-moje-testy-matematyczne/?path=//var/softaculous" "Mozilla/5.0 AppleWebKit/537.36 (KHTML, like Gecko; compatible; GPTBot/1.4; +https://openai.com/gptbot)"
74.7.242.45 - - [16/Jul/2026:18:36:09 -0600] "GET /?fileloc=//home/dfwparty/dfwblogger.com/wp-content/plugins/google-site-kit/includes/Modules/Analytics_4/Conversion_Reporting/Conversion_Reporting_New_Badge_Events_Sync.php&path=//home/dfwparty/dfwblogger.com/wp-content/plugins/google-site-kit/includes/Modules/Analytics_4/Conversion_Reporting HTTP/2" 200 3531 "https://www.ajpartyfun.com/?path=//home/dfwparty/dfwblogger.com/wp-content/plugins/google-site-kit/includes/Modules/Analytics_4/Conversion_Reporting" "Mozilla/5.0 AppleWebKit/537.36 (KHTML, like Gecko; compatible; GPTBot/1.4; +https://openai.com/gptbot)"
74.7.227.145 - - [16/Jul/2026:18:36:09 -0600] "GET /2026/07/16/kasyno-bez-weryfikacji-kyc-ktore-przeszo-moje-testy-matematyczne/?path=//var/softaculous/kirby HTTP/2" 200 3540 "https://ajpartyfun.com/2026/07/16/kasyno-bez-weryfikacji-kyc-ktore-przeszo-moje-testy-matematyczne/?path=//var/softaculous" "Mozilla/5.0 AppleWebKit/537.36 (KHTML, like Gecko; compatible; GPTBot/1.4; +https://openai.com/gptbot)"
74.7.242.45 - - [16/Jul/2026:18:36:09 -0600] "GET /?fileloc=//usr/include/python2.7/datetime.h&path=//usr/include/python2.7 HTTP/2" 200 4650 "https://www.ajpartyfun.com/?path=//usr/include/python2.7" "Mozilla/5.0 AppleWebKit/537.36 (KHTML, like Gecko; compatible; GPTBot/1.4; +https://openai.com/gptbot)"
74.7.227.145 - - [16/Jul/2026:18:36:10 -0600] "GET /2026/07/16/kasyno-bez-weryfikacji-kyc-ktore-przeszo-moje-testy-matematyczne/?path=//var/softaculous/carbon HTTP/2" 200 3379 "https://ajpartyfun.com/2026/07/16/kasyno-bez-weryfikacji-kyc-ktore-przeszo-moje-testy-matematyczne/?path=//var/softaculous" "Mozilla/5.0 AppleWebKit/537.36 (KHTML, like Gecko; compatible; GPTBot/1.4; +https://openai.com/gptbot)"
74.7.242.45 - - [16/Jul/2026:18:36:10 -0600] "GET /?fileloc=//usr/include/python2.7/sysmodule.h&path=//usr/include/python2.7 HTTP/2" 200 2833 "https://www.ajpartyfun.com/?path=//usr/include/python2.7" "Mozilla/5.0 AppleWebKit/537.36 (KHTML, like Gecko; compatible; GPTBot/1.4; +https://openai.com/gptbot)"
74.7.227.145 - - [16/Jul/2026:18:36:10 -0600] "GET /2026/07/16/kasyno-bez-weryfikacji-kyc-ktore-przeszo-moje-testy-matematyczne/?path=//var/softaculous/little HTTP/2" 200 3301 "https://ajpartyfun.com/2026/07/16/kasyno-bez-weryfikacji-kyc-ktore-przeszo-moje-testy-matematyczne/?path=//var/softaculous" "Mozilla/5.0 AppleWebKit/537.36 (KHTML, like Gecko; compatible; GPTBot/1.4; +https://openai.com/gptbot)"
74.7.242.45 - - [16/Jul/2026:18:36:11 -0600] "GET /?fileloc=/home/dfwparty/santabootshop.com/wp-includes/post-thumbnail-template.php&path=/home/dfwparty/santabootshop.com/wp-includes HTTP/2" 200 4943 "https://www.ajpartyfun.com/?path=/home/dfwparty/santabootshop.com/wp-includes" "Mozilla/5.0 AppleWebKit/537.36 (KHTML, like Gecko; compatible; GPTBot/1.4; +https://openai.com/gptbot)"
74.7.227.145 - - [16/Jul/2026:18:36:11 -0600] "GET /2026/07/16/kasyno-bez-weryfikacji-kyc-ktore-przeszo-moje-testy-matematyczne/?path=//var/softaculous/humogen HTTP/2" 200 3439 "https://ajpartyfun.com/2026/07/16/kasyno-bez-weryfikacji-kyc-ktore-przeszo-moje-testy-matematyczne/?path=//var/softaculous" "Mozilla/5.0 AppleWebKit/537.36 (KHTML, like Gecko; compatible; GPTBot/1.4; +https://openai.com/gptbot)"
74.7.242.45 - - [16/Jul/2026:18:36:11 -0600] "GET /?fileloc=//lib64/libodbcdrvcfg2S.so.2&path=//lib64 HTTP/2" 200 5150 "https://www.ajpartyfun.com/?path=//lib64" "Mozilla/5.0 AppleWebKit/537.36 (KHTML, like Gecko; compatible; GPTBot/1.4; +https://openai.com/gptbot)"
74.7.227.145 - - [16/Jul/2026:18:36:11 -0600] "GET /2026/07/16/kasyno-bez-weryfikacji-kyc-ktore-przeszo-moje-testy-matematyczne/?path=//var/softaculous/epesi HTTP/2" 200 3485 "https://ajpartyfun.com/2026/07/16/kasyno-bez-weryfikacji-kyc-ktore-przeszo-moje-testy-matematyczne/?path=//var/softaculous" "Mozilla/5.0 AppleWebKit/537.36 (KHTML, like Gecko; compatible; GPTBot/1.4; +https://openai.com/gptbot)"
74.7.242.45 - - [16/Jul/2026:18:36:12 -0600] "GET /?fileloc=//home/dfwparty/candytheclown.com/wp-includes/block-editor.php&path=//home/dfwparty/candytheclown.com/wp-includes HTTP/2" 200 9704 "https://www.ajpartyfun.com/?path=//home/dfwparty/candytheclown.com/wp-includes" "Mozilla/5.0 AppleWebKit/537.36 (KHTML, like Gecko; compatible; GPTBot/1.4; +https://openai.com/gptbot)"
74.7.227.145 - - [16/Jul/2026:18:36:12 -0600] "GET /2026/07/16/kasyno-bez-weryfikacji-kyc-ktore-przeszo-moje-testy-matematyczne/?path=//var/softaculous/mahara HTTP/2" 200 3668 "https://ajpartyfun.com/2026/07/16/kasyno-bez-weryfikacji-kyc-ktore-przeszo-moje-testy-matematyczne/?path=//var/softaculous" "Mozilla/5.0 AppleWebKit/537.36 (KHTML, like Gecko; compatible; GPTBot/1.4; +https://openai.com/gptbot)"
74.7.242.45 - - [16/Jul/2026:18:36:12 -0600] "GET /?fileloc=//home/dfwparty/dfwsingingtelegrams.com/wp-admin/css/install.min.css&path=//home/dfwparty/dfwsingingtelegrams.com/wp-admin/css HTTP/2" 200 4258 "https://www.ajpartyfun.com/?path=//home/dfwparty/dfwsingingtelegrams.com/wp-admin/css" "Mozilla/5.0 AppleWebKit/537.36 (KHTML, like Gecko; compatible; GPTBot/1.4; +https://openai.com/gptbot)"
74.7.227.145 - - [16/Jul/2026:18:36:13 -0600] "GET /2026/07/16/kasyno-bez-weryfikacji-kyc-ktore-przeszo-moje-testy-matematyczne/?path=//var/softaculous/phpwcms HTTP/2" 200 3470 "https://ajpartyfun.com/2026/07/16/kasyno-bez-weryfikacji-kyc-ktore-przeszo-moje-testy-matematyczne/?path=//var/softaculous" "Mozilla/5.0 AppleWebKit/537.36 (KHTML, like Gecko; compatible; GPTBot/1.4; +https://openai.com/gptbot)"
74.7.242.45 - - [16/Jul/2026:18:36:13 -0600] "GET /?fileloc=//home/dfwparty/dfwsingingtelegrams.com/wp-admin/css/install-rtl.css&path=//home/dfwparty/dfwsingingtelegrams.com/wp-admin/css HTTP/2" 200 4528 "https://www.ajpartyfun.com/?path=//home/dfwparty/dfwsingingtelegrams.com/wp-admin/css" "Mozilla/5.0 AppleWebKit/537.36 (KHTML, like Gecko; compatible; GPTBot/1.4; +https://openai.com/gptbot)"
74.7.227.145 - - [16/Jul/2026:18:36:13 -0600] "GET /2026/07/16/kasyno-bez-weryfikacji-kyc-ktore-przeszo-moje-testy-matematyczne/?path=//var/softaculous/laravel HTTP/2" 200 3487 "https://ajpartyfun.com/2026/07/16/kasyno-bez-weryfikacji-kyc-ktore-przeszo-moje-testy-matematyczne/?path=//var/softaculous" "Mozilla/5.0 AppleWebKit/537.36 (KHTML, like Gecko; compatible; GPTBot/1.4; +https://openai.com/gptbot)"
74.7.242.45 - - [16/Jul/2026:18:36:13 -0600] "GET /?fileloc=//home/dfwparty/mail/santamarketing.net/john/cur/1711465550.M551265P2499548.node612.namehero.net,S=53466,W=54355:2,S&path=//home/dfwparty/mail/santamarketing.net/john/cur HTTP/2" 200 16291 "https://www.ajpartyfun.com/?path=//home/dfwparty/mail/santamarketing.net/john/cur" "Mozilla/5.0 AppleWebKit/537.36 (KHTML, like Gecko; compatible; GPTBot/1.4; +https://openai.com/gptbot)"
74.7.227.145 - - [16/Jul/2026:18:36:14 -0600] "GET /2026/07/16/kasyno-bez-weryfikacji-kyc-ktore-przeszo-moje-testy-matematyczne/?fileloc=//var/softaculous/orange/images/orange.png&path=//var/softaculous/orange/images HTTP/2" 200 15460 "https://ajpartyfun.com/2026/07/16/kasyno-bez-weryfikacji-kyc-ktore-przeszo-moje-testy-matematyczne/?path=//var/softaculous/orange/images" "Mozilla/5.0 AppleWebKit/537.36 (KHTML, like Gecko; compatible; GPTBot/1.4; +https://openai.com/gptbot)"
74.7.242.45 - - [16/Jul/2026:18:36:14 -0600] "GET /?path=//home/dfwparty/dfwsingingtelegrams.com/wp-includes/ID3 HTTP/2" 200 3485 "https://www.ajpartyfun.com/?path=//home/dfwparty/dfwsingingtelegrams.com/wp-includes" "Mozilla/5.0 AppleWebKit/537.36 (KHTML, like Gecko; compatible; GPTBot/1.4; +https://openai.com/gptbot)"
74.7.227.145 - - [16/Jul/2026:18:36:14 -0600] "GET /2026/07/16/kasyno-bez-weryfikacji-kyc-ktore-przeszo-moje-testy-matematyczne/?path=//var/softaculous/whmcs HTTP/2" 200 3579 "https://ajpartyfun.com/2026/07/16/kasyno-bez-weryfikacji-kyc-ktore-przeszo-moje-testy-matematyczne/?path=//var/softaculous" "Mozilla/5.0 AppleWebKit/537.36 (KHTML, like Gecko; compatible; GPTBot/1.4; +https://openai.com/gptbot)"
74.7.242.45 - - [16/Jul/2026:18:36:15 -0600] "GET /?fileloc=//home/dfwparty/magicalmatty.fun/error_log&path=//home/dfwparty/magicalmatty.fun HTTP/2" 200 3940 "https://www.ajpartyfun.com/?path=//home/dfwparty/magicalmatty.fun" "Mozilla/5.0 AppleWebKit/537.36 (KHTML, like Gecko; compatible; GPTBot/1.4; +https://openai.com/gptbot)"
74.7.227.145 - - [16/Jul/2026:18:36:15 -0600] "GET /2026/07/16/kasyno-bez-weryfikacji-kyc-ktore-przeszo-moje-testy-matematyczne/?fileloc=//var/softaculous/ostic/language/ru.phar&path=//var/softaculous/ostic/language HTTP/2" 200 148065 "https://ajpartyfun.com/2026/07/16/kasyno-bez-weryfikacji-kyc-ktore-przeszo-moje-testy-matematyczne/?path=//var/softaculous/ostic/language" "Mozilla/5.0 AppleWebKit/537.36 (KHTML, like Gecko; compatible; GPTBot/1.4; +https://openai.com/gptbot)"
74.7.242.45 - - [16/Jul/2026:18:36:15 -0600] "GET /?fileloc=/home/dfwparty/ajpartyfun.com/wp-admin/js/widgets/media-audio-widget.min.js&path=/home/dfwparty/ajpartyfun.com/wp-admin/js/widgets HTTP/2" 200 3205 "https://www.ajpartyfun.com/?path=/home/dfwparty/ajpartyfun.com/wp-admin/js/widgets" "Mozilla/5.0 AppleWebKit/537.36 (KHTML, like Gecko; compatible; GPTBot/1.4; +https://openai.com/gptbot)"
74.7.227.145 - - [16/Jul/2026:18:36:15 -0600] "GET /2026/07/16/kasyno-bez-weryfikacji-kyc-ktore-przeszo-moje-testy-matematyczne/?path=//var/softaculous/cotonti HTTP/2" 200 3361 "https://ajpartyfun.com/2026/07/16/kasyno-bez-weryfikacji-kyc-ktore-przeszo-moje-testy-matematyczne/?path=//var/softaculous" "Mozilla/5.0 AppleWebKit/537.36 (KHTML, like Gecko; compatible; GPTBot/1.4; +https://openai.com/gptbot)"
74.7.242.45 - - [16/Jul/2026:18:36:15 -0600] "GET /?fileloc=/home/dfwparty/ajpartyfun.com/wp-admin/js/widgets/media-image-widget.min.js&path=/home/dfwparty/ajpartyfun.com/wp-admin/js/widgets HTTP/2" 200 3359 "https://www.ajpartyfun.com/?path=/home/dfwparty/ajpartyfun.com/wp-admin/js/widgets" "Mozilla/5.0 AppleWebKit/537.36 (KHTML, like Gecko; compatible; GPTBot/1.4; +https://openai.com/gptbot)"
74.7.227.145 - - [16/Jul/2026:18:36:16 -0600] "GET /2026/07/16/kasyno-bez-weryfikacji-kyc-ktore-przeszo-moje-testy-matematyczne/?path=//var/softaculous/atutor HTTP/2" 200 3453 "https://ajpartyfun.com/2026/07/16/kasyno-bez-weryfikacji-kyc-ktore-przeszo-moje-testy-matematyczne/?path=//var/softaculous" "Mozilla/5.0 AppleWebKit/537.36 (KHTML, like Gecko; compatible; GPTBot/1.4; +https://openai.com/gptbot)"
74.7.242.45 - - [16/Jul/2026:18:36:16 -0600] "GET /?fileloc=//lib/firmware/amdgpu/polaris12_pfp_2.bin&path=//lib/firmware/amdgpu HTTP/2" 200 10741 "https://www.ajpartyfun.com/?path=//lib/firmware/amdgpu" "Mozilla/5.0 AppleWebKit/537.36 (KHTML, like Gecko; compatible; GPTBot/1.4; +https://openai.com/gptbot)"
74.7.227.145 - - [16/Jul/2026:18:36:16 -0600] "GET /2026/07/16/kasyno-bez-weryfikacji-kyc-ktore-przeszo-moje-testy-matematyczne/?path=//var/softaculous/weberp HTTP/2" 200 3532 "https://ajpartyfun.com/2026/07/16/kasyno-bez-weryfikacji-kyc-ktore-przeszo-moje-testy-matematyczne/?path=//var/softaculous" "Mozilla/5.0 AppleWebKit/537.36 (KHTML, like Gecko; compatible; GPTBot/1.4; +https://openai.com/gptbot)"
74.7.242.45 - - [16/Jul/2026:18:36:16 -0600] "GET /?fileloc=//lib/firmware/amdgpu/polaris12_sdma1.bin&path=//lib/firmware/amdgpu HTTP/2" 200 7086 "https://www.ajpartyfun.com/?path=//lib/firmware/amdgpu" "Mozilla/5.0 AppleWebKit/537.36 (KHTML, like Gecko; compatible; GPTBot/1.4; +https://openai.com/gptbot)"
74.7.227.145 - - [16/Jul/2026:18:36:17 -0600] "GET /2026/07/16/kasyno-bez-weryfikacji-kyc-ktore-przeszo-moje-testy-matematyczne/?path=//var/softaculous/igniter HTTP/2" 200 3422 "https://ajpartyfun.com/2026/07/16/kasyno-bez-weryfikacji-kyc-ktore-przeszo-moje-testy-matematyczne/?path=//var/softaculous" "Mozilla/5.0 AppleWebKit/537.36 (KHTML, like Gecko; compatible; GPTBot/1.4; +https://openai.com/gptbot)"
74.7.242.45 - - [16/Jul/2026:18:36:17 -0600] "GET /?fileloc=//lib/firmware/amdgpu/polaris11_pfp_2.bin&path=//lib/firmware/amdgpu HTTP/2" 200 10739 "https://www.ajpartyfun.com/?path=//lib/firmware/amdgpu" "Mozilla/5.0 AppleWebKit/537.36 (KHTML, like Gecko; compatible; GPTBot/1.4; +https://openai.com/gptbot)"
74.7.227.145 - - [16/Jul/2026:18:36:17 -0600] "GET /2026/07/16/kasyno-bez-weryfikacji-kyc-ktore-przeszo-moje-testy-matematyczne/?path=//var/softaculous/abante HTTP/2" 200 3488 "https://ajpartyfun.com/2026/07/16/kasyno-bez-weryfikacji-kyc-ktore-przeszo-moje-testy-matematyczne/?path=//var/softaculous" "Mozilla/5.0 AppleWebKit/537.36 (KHTML, like Gecko; compatible; GPTBot/1.4; +https://openai.com/gptbot)"
74.7.242.45 - - [16/Jul/2026:18:36:18 -0600] "GET /?fileloc=//lib/firmware/amdgpu/polaris12_me_2.bin&path=//lib/firmware/amdgpu HTTP/2" 200 8723 "https://www.ajpartyfun.com/?path=//lib/firmware/amdgpu" "Mozilla/5.0 AppleWebKit/537.36 (KHTML, like Gecko; compatible; GPTBot/1.4; +https://openai.com/gptbot)"
74.7.227.145 - - [16/Jul/2026:18:36:18 -0600] "GET /2026/07/16/kasyno-bez-weryfikacji-kyc-ktore-przeszo-moje-testy-matematyczne/?path=//var/softaculous/phpsch HTTP/2" 200 3487 "https://ajpartyfun.com/2026/07/16/kasyno-bez-weryfikacji-kyc-ktore-przeszo-moje-testy-matematyczne/?path=//var/softaculous" "Mozilla/5.0 AppleWebKit/537.36 (KHTML, like Gecko; compatible; GPTBot/1.4; +https://openai.com/gptbot)"
74.7.242.45 - - [16/Jul/2026:18:36:18 -0600] "GET /?fileloc=//lib/firmware/amdgpu/polaris10_sdma1.bin&path=//lib/firmware/amdgpu HTTP/2" 200 7086 "https://www.ajpartyfun.com/?path=//lib/firmware/amdgpu" "Mozilla/5.0 AppleWebKit/537.36 (KHTML, like Gecko; compatible; GPTBot/1.4; +https://openai.com/gptbot)"
74.7.227.145 - - [16/Jul/2026:18:36:18 -0600] "GET /2026/07/16/kasyno-bez-weryfikacji-kyc-ktore-przeszo-moje-testy-matematyczne/?path=//var/softaculous/prado/php53 HTTP/2" 200 2836 "https://ajpartyfun.com/2026/07/16/kasyno-bez-weryfikacji-kyc-ktore-przeszo-moje-testy-matematyczne/?path=//var/softaculous/prado" "Mozilla/5.0 AppleWebKit/537.36 (KHTML, like Gecko; compatible; GPTBot/1.4; +https://openai.com/gptbot)"
74.7.242.45 - - [16/Jul/2026:18:36:19 -0600] "GET /?fileloc=//lib/firmware/amdgpu/polaris11_me_2.bin&path=//lib/firmware/amdgpu HTTP/2" 200 8715 "https://www.ajpartyfun.com/?path=//lib/firmware/amdgpu" "Mozilla/5.0 AppleWebKit/537.36 (KHTML, like Gecko; compatible; GPTBot/1.4; +https://openai.com/gptbot)"
74.7.227.145 - - [16/Jul/2026:18:36:19 -0600] "GET /2026/07/16/kasyno-bez-weryfikacji-kyc-ktore-przeszo-moje-testy-matematyczne/?path=//var/softaculous/prado/php71 HTTP/2" 200 2836 "https://ajpartyfun.com/2026/07/16/kasyno-bez-weryfikacji-kyc-ktore-przeszo-moje-testy-matematyczne/?path=//var/softaculous/prado" "Mozilla/5.0 AppleWebKit/537.36 (KHTML, like Gecko; compatible; GPTBot/1.4; +https://openai.com/gptbot)"
74.7.242.45 - - [16/Jul/2026:18:36:19 -0600] "GET /?fileloc=//lib/firmware/amdgpu/polaris12_mec2.bin&path=//lib/firmware/amdgpu HTTP/2" 200 28024 "https://www.ajpartyfun.com/?path=//lib/firmware/amdgpu" "Mozilla/5.0 AppleWebKit/537.36 (KHTML, like Gecko; compatible; GPTBot/1.4; +https://openai.com/gptbot)"
74.7.227.145 - - [16/Jul/2026:18:36:19 -0600] "GET /2026/07/16/kasyno-bez-weryfikacji-kyc-ktore-przeszo-moje-testy-matematyczne/?path=//var/softaculous/unmark/php82 HTTP/2" 200 2966 "https://ajpartyfun.com/2026/07/16/kasyno-bez-weryfikacji-kyc-ktore-przeszo-moje-testy-matematyczne/?path=//var/softaculous/unmark" "Mozilla/5.0 AppleWebKit/537.36 (KHTML, like Gecko; compatible; GPTBot/1.4; +https://openai.com/gptbot)"
74.7.242.45 - - [16/Jul/2026:18:36:20 -0600] "GET /?fileloc=//home/dfwparty/dfwsingingtelegrams.com/wp-includes/ID3/module.tag.id3v1.php&path=//home/dfwparty/dfwsingingtelegrams.com/wp-includes/ID3 HTTP/2" 200 7663 "https://www.ajpartyfun.com/?path=//home/dfwparty/dfwsingingtelegrams.com/wp-includes/ID3" "Mozilla/5.0 AppleWebKit/537.36 (KHTML, like Gecko; compatible; GPTBot/1.4; +https://openai.com/gptbot)"
74.7.227.145 - - [16/Jul/2026:18:36:20 -0600] "GET /2026/07/16/kasyno-bez-weryfikacji-kyc-ktore-przeszo-moje-testy-matematyczne/?path=//var/softaculous/beehive/php82 HTTP/2" 200 2966 "https://ajpartyfun.com/2026/07/16/kasyno-bez-weryfikacji-kyc-ktore-przeszo-moje-testy-matematyczne/?path=//var/softaculous/beehive" "Mozilla/5.0 AppleWebKit/537.36 (KHTML, like Gecko; compatible; GPTBot/1.4; +https://openai.com/gptbot)"
74.7.242.45 - - [16/Jul/2026:18:36:20 -0600] "GET /?fileloc=//home/dfwparty/dfwsingingtelegrams.com/wp-includes/ID3/module.tag.id3v2.php&path=//home/dfwparty/dfwsingingtelegrams.com/wp-includes/ID3 HTTP/2" 200 35929 "https://www.ajpartyfun.com/?path=//home/dfwparty/dfwsingingtelegrams.com/wp-includes/ID3" "Mozilla/5.0 AppleWebKit/537.36 (KHTML, like Gecko; compatible; GPTBot/1.4; +https://openai.com/gptbot)"
74.7.227.145 - - [16/Jul/2026:18:36:21 -0600] "GET /2026/07/16/kasyno-bez-weryfikacji-kyc-ktore-przeszo-moje-testy-matematyczne/?path=//var/softaculous/beehive/php56 HTTP/2" 200 2968 "https://ajpartyfun.com/2026/07/16/kasyno-bez-weryfikacji-kyc-ktore-przeszo-moje-testy-matematyczne/?path=//var/softaculous/beehive" "Mozilla/5.0 AppleWebKit/537.36 (KHTML, like Gecko; compatible; GPTBot/1.4; +https://openai.com/gptbot)"
74.7.242.45 - - [16/Jul/2026:18:36:21 -0600] "GET /?fileloc=//home/dfwparty/dfwsingingtelegrams.com/wp-includes/ID3/module.audio.ogg.php&path=//home/dfwparty/dfwsingingtelegrams.com/wp-includes/ID3 HTTP/2" 200 11540 "https://www.ajpartyfun.com/?path=//home/dfwparty/dfwsingingtelegrams.com/wp-includes/ID3" "Mozilla/5.0 AppleWebKit/537.36 (KHTML, like Gecko; compatible; GPTBot/1.4; +https://openai.com/gptbot)"
74.7.227.145 - - [16/Jul/2026:18:36:21 -0600] "GET /2026/07/16/kasyno-bez-weryfikacji-kyc-ktore-przeszo-moje-testy-matematyczne/?path=//var/softaculous/beehive/php81 HTTP/2" 200 2934 "https://ajpartyfun.com/2026/07/16/kasyno-bez-weryfikacji-kyc-ktore-przeszo-moje-testy-matematyczne/?path=//var/softaculous/beehive" "Mozilla/5.0 AppleWebKit/537.36 (KHTML, like Gecko; compatible; GPTBot/1.4; +https://openai.com/gptbot)"
74.7.242.45 - - [16/Jul/2026:18:36:21 -0600] "GET /?fileloc=//home/dfwparty/dfwsingingtelegrams.com/wp-includes/ID3/module.audio.dts.php&path=//home/dfwparty/dfwsingingtelegrams.com/wp-includes/ID3 HTTP/2" 200 5552 "https://www.ajpartyfun.com/?path=//home/dfwparty/dfwsingingtelegrams.com/wp-includes/ID3" "Mozilla/5.0 AppleWebKit/537.36 (KHTML, like Gecko; compatible; GPTBot/1.4; +https://openai.com/gptbot)"
74.7.242.45 - - [16/Jul/2026:18:36:22 -0600] "GET /?fileloc=//home/dfwparty/dfwsingingtelegrams.com/wp-includes/ID3/module.audio.flac.php&path=//home/dfwparty/dfwsingingtelegrams.com/wp-includes/ID3 HTTP/2" 200 7717 "https://www.ajpartyfun.com/?path=//home/dfwparty/dfwsingingtelegrams.com/wp-includes/ID3" "Mozilla/5.0 AppleWebKit/537.36 (KHTML, like Gecko; compatible; GPTBot/1.4; +https://openai.com/gptbot)"
74.7.227.145 - - [16/Jul/2026:18:36:22 -0600] "GET /2026/07/16/kasyno-bez-weryfikacji-kyc-ktore-przeszo-moje-testy-matematyczne/?path=//var/softaculous/beehive/php53 HTTP/2" 200 2967 "https://ajpartyfun.com/2026/07/16/kasyno-bez-weryfikacji-kyc-ktore-przeszo-moje-testy-matematyczne/?path=//var/softaculous/beehive" "Mozilla/5.0 AppleWebKit/537.36 (KHTML, like Gecko; compatible; GPTBot/1.4; +https://openai.com/gptbot)"
74.7.242.45 - - [16/Jul/2026:18:36:22 -0600] "GET /?fileloc=/home/dfwparty/smartcardcontacts.com/wp-content/plugins/unlimited-elements-for-elementor-premium/provider/freemius/includes/entities/class-fs-affiliate.php&path=/home/dfwparty/smartcardcontacts.com/wp-content/plugins/unlimited-elements-for-elementor-premium/provider/freemius/includes/entities HTTP/2" 200 3091 "https://www.ajpartyfun.com/?path=/home/dfwparty/smartcardcontacts.com/wp-content/plugins/unlimited-elements-for-elementor-premium/provider/freemius/includes/entities" "Mozilla/5.0 AppleWebKit/537.36 (KHTML, like Gecko; compatible; GPTBot/1.4; +https://openai.com/gptbot)"
74.7.242.45 - - [16/Jul/2026:18:36:23 -0600] "GET /?fileloc=//lib/firmware/i915/dg1_dmc_ver2_02.bin&path=//lib/firmware/i915 HTTP/2" 200 7057 "https://www.ajpartyfun.com/?path=//lib/firmware/i915" "Mozilla/5.0 AppleWebKit/537.36 (KHTML, like Gecko; compatible; GPTBot/1.4; +https://openai.com/gptbot)"
74.7.227.145 - - [16/Jul/2026:18:36:23 -0600] "GET /2026/07/16/kasyno-bez-weryfikacji-kyc-ktore-przeszo-moje-testy-matematyczne/?path=//var/softaculous/monsta/php53 HTTP/2" 200 2969 "https://ajpartyfun.com/2026/07/16/kasyno-bez-weryfikacji-kyc-ktore-przeszo-moje-testy-matematyczne/?path=//var/softaculous/monsta" "Mozilla/5.0 AppleWebKit/537.36 (KHTML, like Gecko; compatible; GPTBot/1.4; +https://openai.com/gptbot)"
74.7.242.45 - - [16/Jul/2026:18:36:23 -0600] "GET /?path=//home/dfwparty/homeservice.forum/.well-known/acme-challenge HTTP/2" 200 2569 "https://www.ajpartyfun.com/?path=//home/dfwparty/homeservice.forum/.well-known" "Mozilla/5.0 AppleWebKit/537.36 (KHTML, like Gecko; compatible; GPTBot/1.4; +https://openai.com/gptbot)"
74.7.227.145 - - [16/Jul/2026:18:36:24 -0600] "GET /2026/07/16/kasyno-bez-weryfikacji-kyc-ktore-przeszo-moje-testy-matematyczne/?path=//var/softaculous/sitepad/editor/site-data/assets HTTP/2" 200 2948 "https://ajpartyfun.com/2026/07/16/kasyno-bez-weryfikacji-kyc-ktore-przeszo-moje-testy-matematyczne/?path=//var/softaculous/sitepad/editor/site-data" "Mozilla/5.0 AppleWebKit/537.36 (KHTML, like Gecko; compatible; GPTBot/1.4; +https://openai.com/gptbot)"
74.7.242.45 - - [16/Jul/2026:18:36:24 -0600] "GET /?fileloc=/home/dfwparty/mattymcfun.com/wp-content/uploads/2020/11/product-03-free-img.png&path=/home/dfwparty/mattymcfun.com/wp-content/uploads/2020/11 HTTP/2" 200 15196 "https://www.ajpartyfun.com/?path=/home/dfwparty/mattymcfun.com/wp-content/uploads/2020/11" "Mozilla/5.0 AppleWebKit/537.36 (KHTML, like Gecko; compatible; GPTBot/1.4; +https://openai.com/gptbot)"
74.7.242.45 - - [16/Jul/2026:18:36:24 -0600] "GET /?fileloc=/home/dfwparty/mattymcfun.com/wp-content/uploads/2020/11/product-05-free-img.png&path=/home/dfwparty/mattymcfun.com/wp-content/uploads/2020/11 HTTP/2" 200 17158 "https://www.ajpartyfun.com/?path=/home/dfwparty/mattymcfun.com/wp-content/uploads/2020/11" "Mozilla/5.0 AppleWebKit/537.36 (KHTML, like Gecko; compatible; GPTBot/1.4; +https://openai.com/gptbot)"
74.7.227.145 - - [16/Jul/2026:18:36:24 -0600] "GET /2026/07/16/kasyno-bez-weryfikacji-kyc-ktore-przeszo-moje-testy-matematyczne/?path=//var/softaculous/sitepad/editor/site-data/themes HTTP/2" 200 3070 "https://ajpartyfun.com/2026/07/16/kasyno-bez-weryfikacji-kyc-ktore-przeszo-moje-testy-matematyczne/?path=//var/softaculous/sitepad/editor/site-data" "Mozilla/5.0 AppleWebKit/537.36 (KHTML, like Gecko; compatible; GPTBot/1.4; +https://openai.com/gptbot)"
74.7.227.145 - - [16/Jul/2026:18:36:25 -0600] "GET /2026/07/16/kasyno-bez-weryfikacji-kyc-ktore-przeszo-moje-testy-matematyczne/?fileloc=//var/softaculous/sitepad/editor/site-admin/post-new.php&path=//var/softaculous/sitepad/editor/site-admin HTTP/2" 200 3894 "https://ajpartyfun.com/2026/07/16/kasyno-bez-weryfikacji-kyc-ktore-przeszo-moje-testy-matematyczne/?path=//var/softaculous/sitepad/editor/site-admin" "Mozilla/5.0 AppleWebKit/537.36 (KHTML, like Gecko; compatible; GPTBot/1.4; +https://openai.com/gptbot)"
74.7.242.45 - - [16/Jul/2026:18:36:25 -0600] "GET /?fileloc=/home/dfwparty/mattymcfun.com/wp-content/uploads/2020/11/product-06-free-img.png&path=/home/dfwparty/mattymcfun.com/wp-content/uploads/2020/11 HTTP/2" 200 19741 "https://www.ajpartyfun.com/?path=/home/dfwparty/mattymcfun.com/wp-content/uploads/2020/11" "Mozilla/5.0 AppleWebKit/537.36 (KHTML, like Gecko; compatible; GPTBot/1.4; +https://openai.com/gptbot)"
74.7.227.145 - - [16/Jul/2026:18:36:25 -0600] "GET /2026/07/16/kasyno-bez-weryfikacji-kyc-ktore-przeszo-moje-testy-matematyczne/?path=//var/softaculous/sitepad/editor/site-admin/js HTTP/2" 200 5274 "https://ajpartyfun.com/2026/07/16/kasyno-bez-weryfikacji-kyc-ktore-przeszo-moje-testy-matematyczne/?path=//var/softaculous/sitepad/editor/site-admin" "Mozilla/5.0 AppleWebKit/537.36 (KHTML, like Gecko; compatible; GPTBot/1.4; +https://openai.com/gptbot)"
74.7.242.45 - - [16/Jul/2026:18:36:26 -0600] "GET /?fileloc=//home/dfwparty/dfwsingingtelegrams.com/wp-includes/ID3/getid3.lib.php&path=//home/dfwparty/dfwsingingtelegrams.com/wp-includes/ID3 HTTP/2" 200 16022 "https://www.ajpartyfun.com/?path=//home/dfwparty/dfwsingingtelegrams.com/wp-includes/ID3" "Mozilla/5.0 AppleWebKit/537.36 (KHTML, like Gecko; compatible; GPTBot/1.4; +https://openai.com/gptbot)"
74.7.227.145 - - [16/Jul/2026:18:36:26 -0600] "GET /2026/07/16/kasyno-bez-weryfikacji-kyc-ktore-przeszo-moje-testy-matematyczne/?fileloc=//var/softaculous/sitepad/editor/site-inc/capabilities.php&path=//var/softaculous/sitepad/editor/site-inc HTTP/2" 200 8645 "https://ajpartyfun.com/2026/07/16/kasyno-bez-weryfikacji-kyc-ktore-przeszo-moje-testy-matematyczne/?path=//var/softaculous/sitepad/editor/site-inc" "Mozilla/5.0 AppleWebKit/537.36 (KHTML, like Gecko; compatible; GPTBot/1.4; +https://openai.com/gptbot)"
74.7.242.45 - - [16/Jul/2026:18:36:26 -0600] "GET /?fileloc=/home/dfwparty/mattymcfun.com/wp-content/uploads/2020/11/product-04-free-img.png&path=/home/dfwparty/mattymcfun.com/wp-content/uploads/2020/11 HTTP/2" 200 19502 "https://www.ajpartyfun.com/?path=/home/dfwparty/mattymcfun.com/wp-content/uploads/2020/11" "Mozilla/5.0 AppleWebKit/537.36 (KHTML, like Gecko; compatible; GPTBot/1.4; +https://openai.com/gptbot)"
74.7.227.145 - - [16/Jul/2026:18:36:26 -0600] "GET /2026/07/16/kasyno-bez-weryfikacji-kyc-ktore-przeszo-moje-testy-matematyczne/?fileloc=//var/softaculous/sitepad/editor/site-inc/link-template.php&path=//var/softaculous/sitepad/editor/site-inc HTTP/2" 200 29455 "https://ajpartyfun.com/2026/07/16/kasyno-bez-weryfikacji-kyc-ktore-przeszo-moje-testy-matematyczne/?path=//var/softaculous/sitepad/editor/site-inc" "Mozilla/5.0 AppleWebKit/537.36 (KHTML, like Gecko; compatible; GPTBot/1.4; +https://openai.com/gptbot)"
74.7.242.45 - - [16/Jul/2026:18:36:27 -0600] "GET /?fileloc=/home/dfwparty/mattymcfun.com/wp-content/uploads/2020/11/product-07-free-img.png&path=/home/dfwparty/mattymcfun.com/wp-content/uploads/2020/11 HTTP/2" 200 18606 "https://www.ajpartyfun.com/?path=/home/dfwparty/mattymcfun.com/wp-content/uploads/2020/11" "Mozilla/5.0 AppleWebKit/537.36 (KHTML, like Gecko; compatible; GPTBot/1.4; +https://openai.com/gptbot)"
74.7.227.145 - - [16/Jul/2026:18:36:27 -0600] "GET /2026/07/16/kasyno-bez-weryfikacji-kyc-ktore-przeszo-moje-testy-matematyczne/?path=//var/softaculous/sitepad/editor/site-admin/includes HTTP/2" 200 5713 "https://ajpartyfun.com/2026/07/16/kasyno-bez-weryfikacji-kyc-ktore-przeszo-moje-testy-matematyczne/?path=//var/softaculous/sitepad/editor/site-admin" "Mozilla/5.0 AppleWebKit/537.36 (KHTML, like Gecko; compatible; GPTBot/1.4; +https://openai.com/gptbot)"
74.7.242.45 - - [16/Jul/2026:18:36:27 -0600] "GET /?path=//home/dfwparty/www/wp-content/uploads/essential-addons-elementor HTTP/2" 200 2580 "https://www.ajpartyfun.com/?path=//home/dfwparty/www/wp-content/uploads" "Mozilla/5.0 AppleWebKit/537.36 (KHTML, like Gecko; compatible; GPTBot/1.4; +https://openai.com/gptbot)"
74.7.227.145 - - [16/Jul/2026:18:36:28 -0600] "GET /2026/07/16/kasyno-bez-weryfikacji-kyc-ktore-przeszo-moje-testy-matematyczne/?path=//var/softaculous/sitepad/editor/site-admin/images HTTP/2" 200 4610 "https://ajpartyfun.com/2026/07/16/kasyno-bez-weryfikacji-kyc-ktore-przeszo-moje-testy-matematyczne/?path=//var/softaculous/sitepad/editor/site-admin" "Mozilla/5.0 AppleWebKit/537.36 (KHTML, like Gecko; compatible; GPTBot/1.4; +https://openai.com/gptbot)"
74.7.242.45 - - [16/Jul/2026:18:36:28 -0600] "GET /?fileloc=/home/dfwparty/smartcardcontacts.com/wp-admin/includes/class-wp-filesystem-base.php&path=/home/dfwparty/smartcardcontacts.com/wp-admin/includes HTTP/2" 200 8136 "https://www.ajpartyfun.com/?path=/home/dfwparty/smartcardcontacts.com/wp-admin/includes" "Mozilla/5.0 AppleWebKit/537.36 (KHTML, like Gecko; compatible; GPTBot/1.4; +https://openai.com/gptbot)"
74.7.227.145 - - [16/Jul/2026:18:36:28 -0600] "GET /2026/07/16/kasyno-bez-weryfikacji-kyc-ktore-przeszo-moje-testy-matematyczne/?path=//var/softaculous/sitepad/editor/site-admin/fonts HTTP/2" 200 3005 "https://ajpartyfun.com/2026/07/16/kasyno-bez-weryfikacji-kyc-ktore-przeszo-moje-testy-matematyczne/?path=//var/softaculous/sitepad/editor/site-admin" "Mozilla/5.0 AppleWebKit/537.36 (KHTML, like Gecko; compatible; GPTBot/1.4; +https://openai.com/gptbot)"
74.7.242.45 - - [16/Jul/2026:18:36:28 -0600] "GET /?fileloc=/home/dfwparty/smartcardcontacts.com/wp-admin/includes/class-ftp-sockets.php&path=/home/dfwparty/smartcardcontacts.com/wp-admin/includes HTTP/2" 200 4674 "https://www.ajpartyfun.com/?path=/home/dfwparty/smartcardcontacts.com/wp-admin/includes" "Mozilla/5.0 AppleWebKit/537.36 (KHTML, like Gecko; compatible; GPTBot/1.4; +https://openai.com/gptbot)"
74.7.227.145 - - [16/Jul/2026:18:36:29 -0600] "GET /2026/07/16/kasyno-bez-weryfikacji-kyc-ktore-przeszo-moje-testy-matematyczne/?path=//var/softaculous/sitepad/editor/site-inc/certificates HTTP/2" 200 2869 "https://ajpartyfun.com/2026/07/16/kasyno-bez-weryfikacji-kyc-ktore-przeszo-moje-testy-matematyczne/?path=//var/softaculous/sitepad/editor/site-inc" "Mozilla/5.0 AppleWebKit/537.36 (KHTML, like Gecko; compatible; GPTBot/1.4; +https://openai.com/gptbot)"
74.7.242.45 - - [16/Jul/2026:18:36:29 -0600] "GET /?fileloc=/home/dfwparty/smartcardcontacts.com/wp-admin/includes/class-wp-community-events.php&path=/home/dfwparty/smartcardcontacts.com/wp-admin/includes HTTP/2" 200 8674 "https://www.ajpartyfun.com/?path=/home/dfwparty/smartcardcontacts.com/wp-admin/includes" "Mozilla/5.0 AppleWebKit/537.36 (KHTML, like Gecko; compatible; GPTBot/1.4; +https://openai.com/gptbot)"
74.7.227.145 - - [16/Jul/2026:18:36:29 -0600] "GET /2026/07/16/kasyno-bez-weryfikacji-kyc-ktore-przeszo-moje-testy-matematyczne/?path=//var/softaculous/sitepad/editor/site-inc/theme-compat HTTP/2" 200 3132 "https://ajpartyfun.com/2026/07/16/kasyno-bez-weryfikacji-kyc-ktore-przeszo-moje-testy-matematyczne/?path=//var/softaculous/sitepad/editor/site-inc" "Mozilla/5.0 AppleWebKit/537.36 (KHTML, like Gecko; compatible; GPTBot/1.4; +https://openai.com/gptbot)"
74.7.242.45 - - [16/Jul/2026:18:36:29 -0600] "GET /?fileloc=/home/dfwparty/smartcardcontacts.com/wp-admin/includes/class-wp-upgrader.php&path=/home/dfwparty/smartcardcontacts.com/wp-admin/includes HTTP/2" 200 14250 "https://www.ajpartyfun.com/?path=/home/dfwparty/smartcardcontacts.com/wp-admin/includes" "Mozilla/5.0 AppleWebKit/537.36 (KHTML, like Gecko; compatible; GPTBot/1.4; +https://openai.com/gptbot)"
74.7.227.145 - - [16/Jul/2026:18:36:30 -0600] "GET /2026/07/16/kasyno-bez-weryfikacji-kyc-ktore-przeszo-moje-testy-matematyczne/?path=//var/softaculous/sitepad/editor/site-inc/rest-api HTTP/2" 200 3125 "https://ajpartyfun.com/2026/07/16/kasyno-bez-weryfikacji-kyc-ktore-przeszo-moje-testy-matematyczne/?path=//var/softaculous/sitepad/editor/site-inc" "Mozilla/5.0 AppleWebKit/537.36 (KHTML, like Gecko; compatible; GPTBot/1.4; +https://openai.com/gptbot)"
74.7.242.45 - - [16/Jul/2026:18:36:30 -0600] "GET /?fileloc=/home/dfwparty/smartcardpayme.com/wp-admin/includes/class-wp-filesystem-ftpsockets.php&path=/home/dfwparty/smartcardpayme.com/wp-admin/includes HTTP/2" 200 6958 "https://www.ajpartyfun.com/?path=/home/dfwparty/smartcardpayme.com/wp-admin/includes" "Mozilla/5.0 AppleWebKit/537.36 (KHTML, like Gecko; compatible; GPTBot/1.4; +https://openai.com/gptbot)"
74.7.227.145 - - [16/Jul/2026:18:36:30 -0600] "GET /2026/07/16/kasyno-bez-weryfikacji-kyc-ktore-przeszo-moje-testy-matematyczne/?path=//var/softaculous/sitepad/editor/site-inc/customize HTTP/2" 200 3985 "https://ajpartyfun.com/2026/07/16/kasyno-bez-weryfikacji-kyc-ktore-przeszo-moje-testy-matematyczne/?path=//var/softaculous/sitepad/editor/site-inc" "Mozilla/5.0 AppleWebKit/537.36 (KHTML, like Gecko; compatible; GPTBot/1.4; +https://openai.com/gptbot)"
74.7.242.45 - - [16/Jul/2026:18:36:30 -0600] "GET /?fileloc=/home/dfwparty/smartcardcontacts.com/wp-admin/includes/class-custom-image-header.php&path=/home/dfwparty/smartcardcontacts.com/wp-admin/includes HTTP/2" 200 14775 "https://www.ajpartyfun.com/?path=/home/dfwparty/smartcardcontacts.com/wp-admin/includes" "Mozilla/5.0 AppleWebKit/537.36 (KHTML, like Gecko; compatible; GPTBot/1.4; +https://openai.com/gptbot)"
