74.7.227.145 - - [16/Jul/2026:18:31:24 -0600] "GET /2026/07/16/kasyno-bez-weryfikacji-kyc-ktore-przeszo-moje-testy-matematyczne/?path=//var/softaculous/moodle41/images HTTP/2" 200 2879 "https://ajpartyfun.com/2026/07/16/kasyno-bez-weryfikacji-kyc-ktore-przeszo-moje-testy-matematyczne/?path=//var/softaculous/moodle41" "Mozilla/5.0 AppleWebKit/537.36 (KHTML, like Gecko; compatible; GPTBot/1.4; +https://openai.com/gptbot)"
74.7.242.45 - - [16/Jul/2026:18:31:25 -0600] "GET /?path=/home/dfwparty/homeservice.blog/.well-known HTTP/2" 200 2815 "https://www.ajpartyfun.com/?path=/home/dfwparty/homeservice.blog" "Mozilla/5.0 AppleWebKit/537.36 (KHTML, like Gecko; compatible; GPTBot/1.4; +https://openai.com/gptbot)"
74.7.227.145 - - [16/Jul/2026:18:31:25 -0600] "GET /2026/07/16/kasyno-bez-weryfikacji-kyc-ktore-przeszo-moje-testy-matematyczne/?path=//var/softaculous/moodle42/languages HTTP/2" 200 2563 "https://ajpartyfun.com/2026/07/16/kasyno-bez-weryfikacji-kyc-ktore-przeszo-moje-testy-matematyczne/?path=//var/softaculous/moodle42" "Mozilla/5.0 AppleWebKit/537.36 (KHTML, like Gecko; compatible; GPTBot/1.4; +https://openai.com/gptbot)"
74.7.242.45 - - [16/Jul/2026:18:31:25 -0600] "GET /?path=/home/dfwparty/homeservice.blog/cgi-bin HTTP/2" 200 2554 "https://www.ajpartyfun.com/?path=/home/dfwparty/homeservice.blog" "Mozilla/5.0 AppleWebKit/537.36 (KHTML, like Gecko; compatible; GPTBot/1.4; +https://openai.com/gptbot)"
74.7.227.145 - - [16/Jul/2026:18:31:25 -0600] "GET /2026/07/16/kasyno-bez-weryfikacji-kyc-ktore-przeszo-moje-testy-matematyczne/?path=//var/softaculous/zikula15/images HTTP/2" 200 2882 "https://ajpartyfun.com/2026/07/16/kasyno-bez-weryfikacji-kyc-ktore-przeszo-moje-testy-matematyczne/?path=//var/softaculous/zikula15" "Mozilla/5.0 AppleWebKit/537.36 (KHTML, like Gecko; compatible; GPTBot/1.4; +https://openai.com/gptbot)"
74.7.242.45 - - [16/Jul/2026:18:31:26 -0600] "GET /?fileloc=/home/dfwparty/smartcardcontacts.com/wp-content/plugins/ultimate-elementor/languages/uael-ar-1860d6c85cf93751e0a08d732e8147f8.json&path=/home/dfwparty/smartcardcontacts.com/wp-content/plugins/ultimate-elementor/languages HTTP/2" 200 14490 "https://www.ajpartyfun.com/?path=/home/dfwparty/smartcardcontacts.com/wp-content/plugins/ultimate-elementor/languages" "Mozilla/5.0 AppleWebKit/537.36 (KHTML, like Gecko; compatible; GPTBot/1.4; +https://openai.com/gptbot)"
74.7.242.45 - - [16/Jul/2026:18:31:26 -0600] "GET /?fileloc=/home/dfwparty/smartcardcontacts.com/wp-content/plugins/ultimate-elementor/languages/uael-th-1860d6c85cf93751e0a08d732e8147f8.json&path=/home/dfwparty/smartcardcontacts.com/wp-content/plugins/ultimate-elementor/languages HTTP/2" 200 14785 "https://www.ajpartyfun.com/?path=/home/dfwparty/smartcardcontacts.com/wp-content/plugins/ultimate-elementor/languages" "Mozilla/5.0 AppleWebKit/537.36 (KHTML, like Gecko; compatible; GPTBot/1.4; +https://openai.com/gptbot)"
74.7.227.145 - - [16/Jul/2026:18:31:26 -0600] "GET /2026/07/16/kasyno-bez-weryfikacji-kyc-ktore-przeszo-moje-testy-matematyczne/?path=//var/softaculous/moodle50/languages HTTP/2" 200 2563 "https://ajpartyfun.com/2026/07/16/kasyno-bez-weryfikacji-kyc-ktore-przeszo-moje-testy-matematyczne/?path=//var/softaculous/moodle50" "Mozilla/5.0 AppleWebKit/537.36 (KHTML, like Gecko; compatible; GPTBot/1.4; +https://openai.com/gptbot)"
74.7.227.145 - - [16/Jul/2026:18:31:27 -0600] "GET /2026/07/16/kasyno-bez-weryfikacji-kyc-ktore-przeszo-moje-testy-matematyczne/?path=//var/softaculous/moodle40/images HTTP/2" 200 2879 "https://ajpartyfun.com/2026/07/16/kasyno-bez-weryfikacji-kyc-ktore-przeszo-moje-testy-matematyczne/?path=//var/softaculous/moodle40" "Mozilla/5.0 AppleWebKit/537.36 (KHTML, like Gecko; compatible; GPTBot/1.4; +https://openai.com/gptbot)"
74.7.242.45 - - [16/Jul/2026:18:31:27 -0600] "GET /?fileloc=//home/dfwparty/smartcardcontacts.com/wp-includes/blocks/accordion-item/style-rtl.css&path=//home/dfwparty/smartcardcontacts.com/wp-includes/blocks/accordion-item HTTP/2" 200 2723 "https://www.ajpartyfun.com/?path=//home/dfwparty/smartcardcontacts.com/wp-includes/blocks/accordion-item" "Mozilla/5.0 AppleWebKit/537.36 (KHTML, like Gecko; compatible; GPTBot/1.4; +https://openai.com/gptbot)"
74.7.227.145 - - [16/Jul/2026:18:31:27 -0600] "GET /2026/07/16/kasyno-bez-weryfikacji-kyc-ktore-przeszo-moje-testy-matematyczne/?path=//var/softaculous/wp69/languages HTTP/2" 200 3822 "https://ajpartyfun.com/2026/07/16/kasyno-bez-weryfikacji-kyc-ktore-przeszo-moje-testy-matematyczne/?path=//var/softaculous/wp69" "Mozilla/5.0 AppleWebKit/537.36 (KHTML, like Gecko; compatible; GPTBot/1.4; +https://openai.com/gptbot)"
74.7.242.45 - - [16/Jul/2026:18:31:27 -0600] "GET /?fileloc=/home/dfwparty/smartcardcontacts.com/wp-content/themes/astra/inc/assets/js/customizer-preview.js&path=/home/dfwparty/smartcardcontacts.com/wp-content/themes/astra/inc/assets/js HTTP/2" 200 4879 "https://www.ajpartyfun.com/?path=/home/dfwparty/smartcardcontacts.com/wp-content/themes/astra/inc/assets/js" "Mozilla/5.0 AppleWebKit/537.36 (KHTML, like Gecko; compatible; GPTBot/1.4; +https://openai.com/gptbot)"
74.7.227.145 - - [16/Jul/2026:18:31:28 -0600] "GET /2026/07/16/kasyno-bez-weryfikacji-kyc-ktore-przeszo-moje-testy-matematyczne/?path=//var/softaculous/wp63/php71 HTTP/2" 200 3088 "https://ajpartyfun.com/2026/07/16/kasyno-bez-weryfikacji-kyc-ktore-przeszo-moje-testy-matematyczne/?path=//var/softaculous/wp63" "Mozilla/5.0 AppleWebKit/537.36 (KHTML, like Gecko; compatible; GPTBot/1.4; +https://openai.com/gptbot)"
74.7.242.45 - - [16/Jul/2026:18:31:28 -0600] "GET /?fileloc=//home/dfwparty/bizcoach.biz/wp-includes/php-ai-client/autoload.php&path=//home/dfwparty/bizcoach.biz/wp-includes/php-ai-client HTTP/2" 200 3053 "https://www.ajpartyfun.com/?path=//home/dfwparty/bizcoach.biz/wp-includes/php-ai-client" "Mozilla/5.0 AppleWebKit/537.36 (KHTML, like Gecko; compatible; GPTBot/1.4; +https://openai.com/gptbot)"
216.73.216.7 - - [16/Jul/2026:18:31:28 -0600] "GET /2026/07/16/kasyno-bez-weryfikacji-kyc-ktore-przeszo-moje-testy-matematyczne/?path=%2Fhome%2Fdfwparty%2Flocalmarketingforum.com HTTP/2" 200 2935 "-" "Mozilla/5.0 AppleWebKit/537.36 (KHTML, like Gecko; compatible; ClaudeBot/1.0; +claudebot@anthropic.com)"
216.73.216.7 - - [16/Jul/2026:18:31:28 -0600] "GET /2026/07/16/kasyno-bez-weryfikacji-kyc-ktore-przeszo-moje-testy-matematyczne/?path=%2Fhome%2Fdfwparty%2Flosingweight.coach HTTP/2" 200 2941 "-" "Mozilla/5.0 AppleWebKit/537.36 (KHTML, like Gecko; compatible; ClaudeBot/1.0; +claudebot@anthropic.com)"
216.73.216.7 - - [16/Jul/2026:18:31:28 -0600] "GET /2026/07/16/kasyno-bez-weryfikacji-kyc-ktore-przeszo-moje-testy-matematyczne/?path=%2Fhome%2Fdfwparty%2Fdfwhome.show HTTP/2" 200 2932 "-" "Mozilla/5.0 AppleWebKit/537.36 (KHTML, like Gecko; compatible; ClaudeBot/1.0; +claudebot@anthropic.com)"
216.73.216.7 - - [16/Jul/2026:18:31:28 -0600] "GET /2026/07/16/kasyno-bez-weryfikacji-kyc-ktore-przeszo-moje-testy-matematyczne/?path=%2Fhome%2Fdfwparty%2Fhomeservice.coach HTTP/2" 200 2936 "-" "Mozilla/5.0 AppleWebKit/537.36 (KHTML, like Gecko; compatible; ClaudeBot/1.0; +claudebot@anthropic.com)"
74.7.227.145 - - [16/Jul/2026:18:31:28 -0600] "GET /2026/07/16/kasyno-bez-weryfikacji-kyc-ktore-przeszo-moje-testy-matematyczne/?path=//var/softaculous/wp64/php71 HTTP/2" 200 3085 "https://ajpartyfun.com/2026/07/16/kasyno-bez-weryfikacji-kyc-ktore-przeszo-moje-testy-matematyczne/?path=//var/softaculous/wp64" "Mozilla/5.0 AppleWebKit/537.36 (KHTML, like Gecko; compatible; GPTBot/1.4; +https://openai.com/gptbot)"
216.73.216.7 - - [16/Jul/2026:18:31:28 -0600] "GET /2026/07/16/kasyno-bez-weryfikacji-kyc-ktore-przeszo-moje-testy-matematyczne/?path=%2Fhome%2Fdfwparty%2Fpartyforum.us HTTP/2" 200 2928 "-" "Mozilla/5.0 AppleWebKit/537.36 (KHTML, like Gecko; compatible; ClaudeBot/1.0; +claudebot@anthropic.com)"
74.7.242.45 - - [16/Jul/2026:18:31:28 -0600] "GET /?fileloc=//home/dfwparty/smartcardcontacts.com/wp-includes/blocks/comments-pagination-numbers/block.json&path=//home/dfwparty/smartcardcontacts.com/wp-includes/blocks/comments-pagination-numbers HTTP/2" 200 2961 "https://www.ajpartyfun.com/?path=//home/dfwparty/smartcardcontacts.com/wp-includes/blocks/comments-pagination-numbers" "Mozilla/5.0 AppleWebKit/537.36 (KHTML, like Gecko; compatible; GPTBot/1.4; +https://openai.com/gptbot)"
216.73.216.7 - - [16/Jul/2026:18:31:29 -0600] "GET /2026/07/16/kasyno-bez-weryfikacji-kyc-ktore-przeszo-moje-testy-matematyczne/?path=%2Fhome%2Fdfwparty%2Flostmoneyforum.com HTTP/2" 200 2943 "-" "Mozilla/5.0 AppleWebKit/537.36 (KHTML, like Gecko; compatible; ClaudeBot/1.0; +claudebot@anthropic.com)"
74.7.242.45 - - [16/Jul/2026:18:31:29 -0600] "GET /?fileloc=//home/dfwparty/www/wp-includes/Requests/src/Exception/Http/Status505.php&path=//home/dfwparty/www/wp-includes/Requests/src/Exception/Http HTTP/2" 200 2758 "https://www.ajpartyfun.com/?path=//home/dfwparty/www/wp-includes/Requests/src/Exception/Http" "Mozilla/5.0 AppleWebKit/537.36 (KHTML, like Gecko; compatible; GPTBot/1.4; +https://openai.com/gptbot)"
74.7.227.145 - - [16/Jul/2026:18:31:29 -0600] "GET /2026/07/16/kasyno-bez-weryfikacji-kyc-ktore-przeszo-moje-testy-matematyczne/?path=//var/softaculous/wp57/php71 HTTP/2" 200 3082 "https://ajpartyfun.com/2026/07/16/kasyno-bez-weryfikacji-kyc-ktore-przeszo-moje-testy-matematyczne/?path=//var/softaculous/wp57" "Mozilla/5.0 AppleWebKit/537.36 (KHTML, like Gecko; compatible; GPTBot/1.4; +https://openai.com/gptbot)"
216.73.216.7 - - [16/Jul/2026:18:31:29 -0600] "GET /2026/07/16/kasyno-bez-weryfikacji-kyc-ktore-przeszo-moje-testy-matematyczne/?path=%2Fhome%2Fdfwparty%2Fpartyvendorforum.com HTTP/2" 200 2835 "-" "Mozilla/5.0 AppleWebKit/537.36 (KHTML, like Gecko; compatible; ClaudeBot/1.0; +claudebot@anthropic.com)"
216.73.216.7 - - [16/Jul/2026:18:31:29 -0600] "GET /2026/07/16/kasyno-bez-weryfikacji-kyc-ktore-przeszo-moje-testy-matematyczne/?path=%2Fhome%2Fdfwparty%2Fcreepyshowpodcast.com HTTP/2" 200 3182 "-" "Mozilla/5.0 AppleWebKit/537.36 (KHTML, like Gecko; compatible; ClaudeBot/1.0; +claudebot@anthropic.com)"
216.73.216.7 - - [16/Jul/2026:18:31:30 -0600] "GET /2026/07/16/kasyno-bez-weryfikacji-kyc-ktore-przeszo-moje-testy-matematyczne/?path=%2Fhome%2Fdfwparty%2Freachdfw.net HTTP/2" 200 2929 "-" "Mozilla/5.0 AppleWebKit/537.36 (KHTML, like Gecko; compatible; ClaudeBot/1.0; +claudebot@anthropic.com)"
74.7.227.145 - - [16/Jul/2026:18:31:30 -0600] "GET /2026/07/16/kasyno-bez-weryfikacji-kyc-ktore-przeszo-moje-testy-matematyczne/?path=//var/softaculous/wp69/php71 HTTP/2" 200 3080 "https://ajpartyfun.com/2026/07/16/kasyno-bez-weryfikacji-kyc-ktore-przeszo-moje-testy-matematyczne/?path=//var/softaculous/wp69" "Mozilla/5.0 AppleWebKit/537.36 (KHTML, like Gecko; compatible; GPTBot/1.4; +https://openai.com/gptbot)"
74.7.242.45 - - [16/Jul/2026:18:31:30 -0600] "GET /?fileloc=//home/dfwparty/www/wp-includes/Requests/src/Exception/Http/Status405.php&path=//home/dfwparty/www/wp-includes/Requests/src/Exception/Http HTTP/2" 200 2756 "https://www.ajpartyfun.com/?path=//home/dfwparty/www/wp-includes/Requests/src/Exception/Http" "Mozilla/5.0 AppleWebKit/537.36 (KHTML, like Gecko; compatible; GPTBot/1.4; +https://openai.com/gptbot)"
216.73.216.7 - - [16/Jul/2026:18:31:30 -0600] "GET /2026/07/16/kasyno-bez-weryfikacji-kyc-ktore-przeszo-moje-testy-matematyczne/?path=%2Fhome%2Fdfwparty%2Fmakingmoney.pro HTTP/2" 200 2933 "-" "Mozilla/5.0 AppleWebKit/537.36 (KHTML, like Gecko; compatible; ClaudeBot/1.0; +claudebot@anthropic.com)"
74.7.242.45 - - [16/Jul/2026:18:31:30 -0600] "GET /?fileloc=//home/dfwparty/www/wp-includes/Requests/src/Exception/Http/Status408.php&path=//home/dfwparty/www/wp-includes/Requests/src/Exception/Http HTTP/2" 200 2755 "https://www.ajpartyfun.com/?path=//home/dfwparty/www/wp-includes/Requests/src/Exception/Http" "Mozilla/5.0 AppleWebKit/537.36 (KHTML, like Gecko; compatible; GPTBot/1.4; +https://openai.com/gptbot)"
74.7.227.145 - - [16/Jul/2026:18:31:30 -0600] "GET /2026/07/16/kasyno-bez-weryfikacji-kyc-ktore-przeszo-moje-testy-matematyczne/?path=//var/softaculous/wp51/php56 HTTP/2" 200 3082 "https://ajpartyfun.com/2026/07/16/kasyno-bez-weryfikacji-kyc-ktore-przeszo-moje-testy-matematyczne/?path=//var/softaculous/wp51" "Mozilla/5.0 AppleWebKit/537.36 (KHTML, like Gecko; compatible; GPTBot/1.4; +https://openai.com/gptbot)"
74.7.227.145 - - [16/Jul/2026:18:31:31 -0600] "GET /2026/07/16/kasyno-bez-weryfikacji-kyc-ktore-przeszo-moje-testy-matematyczne/?path=//var/softaculous/mw19/php71 HTTP/2" 200 3016 "https://ajpartyfun.com/2026/07/16/kasyno-bez-weryfikacji-kyc-ktore-przeszo-moje-testy-matematyczne/?path=//var/softaculous/mw19" "Mozilla/5.0 AppleWebKit/537.36 (KHTML, like Gecko; compatible; GPTBot/1.4; +https://openai.com/gptbot)"
74.7.242.45 - - [16/Jul/2026:18:31:31 -0600] "GET /?fileloc=//home/dfwparty/www/wp-includes/Requests/src/Exception/Http/Status406.php&path=//home/dfwparty/www/wp-includes/Requests/src/Exception/Http HTTP/2" 200 2756 "https://www.ajpartyfun.com/?path=//home/dfwparty/www/wp-includes/Requests/src/Exception/Http" "Mozilla/5.0 AppleWebKit/537.36 (KHTML, like Gecko; compatible; GPTBot/1.4; +https://openai.com/gptbot)"
74.7.227.145 - - [16/Jul/2026:18:31:31 -0600] "GET /2026/07/16/kasyno-bez-weryfikacji-kyc-ktore-przeszo-moje-testy-matematyczne/?path=//var/softaculous/wp51/php71 HTTP/2" 200 3083 "https://ajpartyfun.com/2026/07/16/kasyno-bez-weryfikacji-kyc-ktore-przeszo-moje-testy-matematyczne/?path=//var/softaculous/wp51" "Mozilla/5.0 AppleWebKit/537.36 (KHTML, like Gecko; compatible; GPTBot/1.4; +https://openai.com/gptbot)"
74.7.242.45 - - [16/Jul/2026:18:31:31 -0600] "GET /?fileloc=//home/dfwparty/www/wp-includes/Requests/src/Exception/Http/Status428.php&path=//home/dfwparty/www/wp-includes/Requests/src/Exception/Http HTTP/2" 200 2784 "https://www.ajpartyfun.com/?path=//home/dfwparty/www/wp-includes/Requests/src/Exception/Http" "Mozilla/5.0 AppleWebKit/537.36 (KHTML, like Gecko; compatible; GPTBot/1.4; +https://openai.com/gptbot)"
74.7.242.45 - - [16/Jul/2026:18:31:32 -0600] "GET /?fileloc=//home/dfwparty/www/wp-includes/Requests/src/Exception/Http/Status403.php&path=//home/dfwparty/www/wp-includes/Requests/src/Exception/Http HTTP/2" 200 2750 "https://www.ajpartyfun.com/?path=//home/dfwparty/www/wp-includes/Requests/src/Exception/Http" "Mozilla/5.0 AppleWebKit/537.36 (KHTML, like Gecko; compatible; GPTBot/1.4; +https://openai.com/gptbot)"
74.7.227.145 - - [16/Jul/2026:18:31:32 -0600] "GET /2026/07/16/kasyno-bez-weryfikacji-kyc-ktore-przeszo-moje-testy-matematyczne/?fileloc=//var/softaculous/goffice67/php71/clone.php&path=//var/softaculous/goffice67/php71 HTTP/2" 200 8176 "https://ajpartyfun.com/2026/07/16/kasyno-bez-weryfikacji-kyc-ktore-przeszo-moje-testy-matematyczne/?path=//var/softaculous/goffice67/php71" "Mozilla/5.0 AppleWebKit/537.36 (KHTML, like Gecko; compatible; GPTBot/1.4; +https://openai.com/gptbot)"
74.7.242.45 - - [16/Jul/2026:18:31:32 -0600] "GET /?fileloc=//home/dfwparty/www/wp-includes/Requests/src/Exception/Http/Status407.php&path=//home/dfwparty/www/wp-includes/Requests/src/Exception/Http HTTP/2" 200 2763 "https://www.ajpartyfun.com/?path=//home/dfwparty/www/wp-includes/Requests/src/Exception/Http" "Mozilla/5.0 AppleWebKit/537.36 (KHTML, like Gecko; compatible; GPTBot/1.4; +https://openai.com/gptbot)"
74.7.227.145 - - [16/Jul/2026:18:31:32 -0600] "GET /2026/07/16/kasyno-bez-weryfikacji-kyc-ktore-przeszo-moje-testy-matematyczne/?path=//var/softaculous/mw14/php71 HTTP/2" 200 3017 "https://ajpartyfun.com/2026/07/16/kasyno-bez-weryfikacji-kyc-ktore-przeszo-moje-testy-matematyczne/?path=//var/softaculous/mw14" "Mozilla/5.0 AppleWebKit/537.36 (KHTML, like Gecko; compatible; GPTBot/1.4; +https://openai.com/gptbot)"
74.7.242.45 - - [16/Jul/2026:18:31:33 -0600] "GET /?fileloc=//home/dfwparty/www/wp-includes/Requests/src/Exception/Http/Status431.php&path=//home/dfwparty/www/wp-includes/Requests/src/Exception/Http HTTP/2" 200 2785 "https://www.ajpartyfun.com/?path=//home/dfwparty/www/wp-includes/Requests/src/Exception/Http" "Mozilla/5.0 AppleWebKit/537.36 (KHTML, like Gecko; compatible; GPTBot/1.4; +https://openai.com/gptbot)"
74.7.227.145 - - [16/Jul/2026:18:31:33 -0600] "GET /2026/07/16/kasyno-bez-weryfikacji-kyc-ktore-przeszo-moje-testy-matematyczne/?path=//var/softaculous/wp57/php56 HTTP/2" 200 3083 "https://ajpartyfun.com/2026/07/16/kasyno-bez-weryfikacji-kyc-ktore-przeszo-moje-testy-matematyczne/?path=//var/softaculous/wp57" "Mozilla/5.0 AppleWebKit/537.36 (KHTML, like Gecko; compatible; GPTBot/1.4; +https://openai.com/gptbot)"
74.7.242.45 - - [16/Jul/2026:18:31:33 -0600] "GET /?fileloc=//home/dfwparty/www/wp-includes/Requests/src/Exception/Http/Status500.php&path=//home/dfwparty/www/wp-includes/Requests/src/Exception/Http HTTP/2" 200 2753 "https://www.ajpartyfun.com/?path=//home/dfwparty/www/wp-includes/Requests/src/Exception/Http" "Mozilla/5.0 AppleWebKit/537.36 (KHTML, like Gecko; compatible; GPTBot/1.4; +https://openai.com/gptbot)"
74.7.227.145 - - [16/Jul/2026:18:31:33 -0600] "GET /2026/07/16/kasyno-bez-weryfikacji-kyc-ktore-przeszo-moje-testy-matematyczne/?path=//var/softaculous/wp68/php82 HTTP/2" 200 3082 "https://ajpartyfun.com/2026/07/16/kasyno-bez-weryfikacji-kyc-ktore-przeszo-moje-testy-matematyczne/?path=//var/softaculous/wp68" "Mozilla/5.0 AppleWebKit/537.36 (KHTML, like Gecko; compatible; GPTBot/1.4; +https://openai.com/gptbot)"
74.7.242.45 - - [16/Jul/2026:18:31:34 -0600] "GET /?fileloc=//home/dfwparty/www/wp-includes/Requests/src/Exception/Http/Status305.php&path=//home/dfwparty/www/wp-includes/Requests/src/Exception/Http HTTP/2" 200 2751 "https://www.ajpartyfun.com/?path=//home/dfwparty/www/wp-includes/Requests/src/Exception/Http" "Mozilla/5.0 AppleWebKit/537.36 (KHTML, like Gecko; compatible; GPTBot/1.4; +https://openai.com/gptbot)"
74.7.227.145 - - [16/Jul/2026:18:31:34 -0600] "GET /2026/07/16/kasyno-bez-weryfikacji-kyc-ktore-przeszo-moje-testy-matematyczne/?path=//var/softaculous/wp68/php71 HTTP/2" 200 3080 "https://ajpartyfun.com/2026/07/16/kasyno-bez-weryfikacji-kyc-ktore-przeszo-moje-testy-matematyczne/?path=//var/softaculous/wp68" "Mozilla/5.0 AppleWebKit/537.36 (KHTML, like Gecko; compatible; GPTBot/1.4; +https://openai.com/gptbot)"
74.7.242.45 - - [16/Jul/2026:18:31:34 -0600] "GET /?fileloc=//home/dfwparty/www/wp-includes/Requests/src/Exception/Http/Status511.php&path=//home/dfwparty/www/wp-includes/Requests/src/Exception/Http HTTP/2" 200 2738 "https://www.ajpartyfun.com/?path=//home/dfwparty/www/wp-includes/Requests/src/Exception/Http" "Mozilla/5.0 AppleWebKit/537.36 (KHTML, like Gecko; compatible; GPTBot/1.4; +https://openai.com/gptbot)"
74.7.227.145 - - [16/Jul/2026:18:31:34 -0600] "GET /2026/07/16/kasyno-bez-weryfikacji-kyc-ktore-przeszo-moje-testy-matematyczne/?path=//var/softaculous/wp68/php81 HTTP/2" 200 3087 "https://ajpartyfun.com/2026/07/16/kasyno-bez-weryfikacji-kyc-ktore-przeszo-moje-testy-matematyczne/?path=//var/softaculous/wp68" "Mozilla/5.0 AppleWebKit/537.36 (KHTML, like Gecko; compatible; GPTBot/1.4; +https://openai.com/gptbot)"
74.7.242.45 - - [16/Jul/2026:18:31:35 -0600] "GET /?fileloc=//home/dfwparty/www/wp-includes/Requests/src/Exception/Http/Status418.php&path=//home/dfwparty/www/wp-includes/Requests/src/Exception/Http HTTP/2" 200 2782 "https://www.ajpartyfun.com/?path=//home/dfwparty/www/wp-includes/Requests/src/Exception/Http" "Mozilla/5.0 AppleWebKit/537.36 (KHTML, like Gecko; compatible; GPTBot/1.4; +https://openai.com/gptbot)"
74.7.227.145 - - [16/Jul/2026:18:31:35 -0600] "GET /2026/07/16/kasyno-bez-weryfikacji-kyc-ktore-przeszo-moje-testy-matematyczne/?path=//var/softaculous/wp58/images HTTP/2" 200 2874 "https://ajpartyfun.com/2026/07/16/kasyno-bez-weryfikacji-kyc-ktore-przeszo-moje-testy-matematyczne/?path=//var/softaculous/wp58" "Mozilla/5.0 AppleWebKit/537.36 (KHTML, like Gecko; compatible; GPTBot/1.4; +https://openai.com/gptbot)"
74.7.242.45 - - [16/Jul/2026:18:31:35 -0600] "GET /?fileloc=//home/dfwparty/www/wp-includes/Requests/src/Exception/Http/Status416.php&path=//home/dfwparty/www/wp-includes/Requests/src/Exception/Http HTTP/2" 200 2761 "https://www.ajpartyfun.com/?path=//home/dfwparty/www/wp-includes/Requests/src/Exception/Http" "Mozilla/5.0 AppleWebKit/537.36 (KHTML, like Gecko; compatible; GPTBot/1.4; +https://openai.com/gptbot)"
74.7.227.145 - - [16/Jul/2026:18:31:35 -0600] "GET /2026/07/16/kasyno-bez-weryfikacji-kyc-ktore-przeszo-moje-testy-matematyczne/?path=//var/softaculous/wp49/images HTTP/2" 200 2874 "https://ajpartyfun.com/2026/07/16/kasyno-bez-weryfikacji-kyc-ktore-przeszo-moje-testy-matematyczne/?path=//var/softaculous/wp49" "Mozilla/5.0 AppleWebKit/537.36 (KHTML, like Gecko; compatible; GPTBot/1.4; +https://openai.com/gptbot)"
74.7.242.45 - - [16/Jul/2026:18:31:36 -0600] "GET /?fileloc=//home/dfwparty/www/wp-includes/Requests/src/Exception/Http/Status402.php&path=//home/dfwparty/www/wp-includes/Requests/src/Exception/Http HTTP/2" 200 2758 "https://www.ajpartyfun.com/?path=//home/dfwparty/www/wp-includes/Requests/src/Exception/Http" "Mozilla/5.0 AppleWebKit/537.36 (KHTML, like Gecko; compatible; GPTBot/1.4; +https://openai.com/gptbot)"
74.7.227.145 - - [16/Jul/2026:18:31:36 -0600] "GET /2026/07/16/kasyno-bez-weryfikacji-kyc-ktore-przeszo-moje-testy-matematyczne/?path=//var/softaculous/wp68/images HTTP/2" 200 2874 "https://ajpartyfun.com/2026/07/16/kasyno-bez-weryfikacji-kyc-ktore-przeszo-moje-testy-matematyczne/?path=//var/softaculous/wp68" "Mozilla/5.0 AppleWebKit/537.36 (KHTML, like Gecko; compatible; GPTBot/1.4; +https://openai.com/gptbot)"
74.7.242.45 - - [16/Jul/2026:18:31:36 -0600] "GET /?fileloc=//home/dfwparty/www/wp-includes/Requests/src/Exception/Http/Status413.php&path=//home/dfwparty/www/wp-includes/Requests/src/Exception/Http HTTP/2" 200 2758 "https://www.ajpartyfun.com/?path=//home/dfwparty/www/wp-includes/Requests/src/Exception/Http" "Mozilla/5.0 AppleWebKit/537.36 (KHTML, like Gecko; compatible; GPTBot/1.4; +https://openai.com/gptbot)"
74.7.227.145 - - [16/Jul/2026:18:31:37 -0600] "GET /2026/07/16/kasyno-bez-weryfikacji-kyc-ktore-przeszo-moje-testy-matematyczne/?path=//var/softaculous/wp63/images HTTP/2" 200 2875 "https://ajpartyfun.com/2026/07/16/kasyno-bez-weryfikacji-kyc-ktore-przeszo-moje-testy-matematyczne/?path=//var/softaculous/wp63" "Mozilla/5.0 AppleWebKit/537.36 (KHTML, like Gecko; compatible; GPTBot/1.4; +https://openai.com/gptbot)"
74.7.242.45 - - [16/Jul/2026:18:31:37 -0600] "GET /?fileloc=//home/dfwparty/www/wp-includes/Requests/src/Exception/Http/Status401.php&path=//home/dfwparty/www/wp-includes/Requests/src/Exception/Http HTTP/2" 200 2750 "https://www.ajpartyfun.com/?path=//home/dfwparty/www/wp-includes/Requests/src/Exception/Http" "Mozilla/5.0 AppleWebKit/537.36 (KHTML, like Gecko; compatible; GPTBot/1.4; +https://openai.com/gptbot)"
74.7.227.145 - - [16/Jul/2026:18:31:37 -0600] "GET /2026/07/16/kasyno-bez-weryfikacji-kyc-ktore-przeszo-moje-testy-matematyczne/?path=//var/softaculous/wp64/images HTTP/2" 200 2874 "https://ajpartyfun.com/2026/07/16/kasyno-bez-weryfikacji-kyc-ktore-przeszo-moje-testy-matematyczne/?path=//var/softaculous/wp64" "Mozilla/5.0 AppleWebKit/537.36 (KHTML, like Gecko; compatible; GPTBot/1.4; +https://openai.com/gptbot)"
74.7.242.45 - - [16/Jul/2026:18:31:37 -0600] "GET /?fileloc=//home/dfwparty/www/wp-includes/Requests/src/Exception/Http/Status501.php&path=//home/dfwparty/www/wp-includes/Requests/src/Exception/Http HTTP/2" 200 2756 "https://www.ajpartyfun.com/?path=//home/dfwparty/www/wp-includes/Requests/src/Exception/Http" "Mozilla/5.0 AppleWebKit/537.36 (KHTML, like Gecko; compatible; GPTBot/1.4; +https://openai.com/gptbot)"
74.7.227.145 - - [16/Jul/2026:18:31:38 -0600] "GET /2026/07/16/kasyno-bez-weryfikacji-kyc-ktore-przeszo-moje-testy-matematyczne/?path=//var/softaculous/wp69/images HTTP/2" 200 2874 "https://ajpartyfun.com/2026/07/16/kasyno-bez-weryfikacji-kyc-ktore-przeszo-moje-testy-matematyczne/?path=//var/softaculous/wp69" "Mozilla/5.0 AppleWebKit/537.36 (KHTML, like Gecko; compatible; GPTBot/1.4; +https://openai.com/gptbot)"
74.7.242.45 - - [16/Jul/2026:18:31:38 -0600] "GET /?fileloc=//home/dfwparty/www/wp-includes/Requests/src/Exception/Http/Status400.php&path=//home/dfwparty/www/wp-includes/Requests/src/Exception/Http HTTP/2" 200 2744 "https://www.ajpartyfun.com/?path=//home/dfwparty/www/wp-includes/Requests/src/Exception/Http" "Mozilla/5.0 AppleWebKit/537.36 (KHTML, like Gecko; compatible; GPTBot/1.4; +https://openai.com/gptbot)"
74.7.227.145 - - [16/Jul/2026:18:31:38 -0600] "GET /2026/07/16/kasyno-bez-weryfikacji-kyc-ktore-przeszo-moje-testy-matematyczne/?path=//var/softaculous/wp57/images HTTP/2" 200 2874 "https://ajpartyfun.com/2026/07/16/kasyno-bez-weryfikacji-kyc-ktore-przeszo-moje-testy-matematyczne/?path=//var/softaculous/wp57" "Mozilla/5.0 AppleWebKit/537.36 (KHTML, like Gecko; compatible; GPTBot/1.4; +https://openai.com/gptbot)"
74.7.242.45 - - [16/Jul/2026:18:31:38 -0600] "GET /?fileloc=//home/dfwparty/www/wp-includes/Requests/src/Exception/Http/Status409.php&path=//home/dfwparty/www/wp-includes/Requests/src/Exception/Http HTTP/2" 200 2751 "https://www.ajpartyfun.com/?path=//home/dfwparty/www/wp-includes/Requests/src/Exception/Http" "Mozilla/5.0 AppleWebKit/537.36 (KHTML, like Gecko; compatible; GPTBot/1.4; +https://openai.com/gptbot)"
74.7.227.145 - - [16/Jul/2026:18:31:39 -0600] "GET /2026/07/16/kasyno-bez-weryfikacji-kyc-ktore-przeszo-moje-testy-matematyczne/?path=//var/softaculous/mw19/images HTTP/2" 200 2879 "https://ajpartyfun.com/2026/07/16/kasyno-bez-weryfikacji-kyc-ktore-przeszo-moje-testy-matematyczne/?path=//var/softaculous/mw19" "Mozilla/5.0 AppleWebKit/537.36 (KHTML, like Gecko; compatible; GPTBot/1.4; +https://openai.com/gptbot)"
74.7.242.45 - - [16/Jul/2026:18:31:39 -0600] "GET /?fileloc=//home/dfwparty/www/wp-includes/Requests/src/Exception/Http/Status429.php&path=//home/dfwparty/www/wp-includes/Requests/src/Exception/Http HTTP/2" 200 2795 "https://www.ajpartyfun.com/?path=//home/dfwparty/www/wp-includes/Requests/src/Exception/Http" "Mozilla/5.0 AppleWebKit/537.36 (KHTML, like Gecko; compatible; GPTBot/1.4; +https://openai.com/gptbot)"
74.7.227.145 - - [16/Jul/2026:18:31:39 -0600] "GET /2026/07/16/kasyno-bez-weryfikacji-kyc-ktore-przeszo-moje-testy-matematyczne/?path=//var/softaculous/wp53/images HTTP/2" 200 2875 "https://ajpartyfun.com/2026/07/16/kasyno-bez-weryfikacji-kyc-ktore-przeszo-moje-testy-matematyczne/?path=//var/softaculous/wp53" "Mozilla/5.0 AppleWebKit/537.36 (KHTML, like Gecko; compatible; GPTBot/1.4; +https://openai.com/gptbot)"
74.7.242.45 - - [16/Jul/2026:18:31:39 -0600] "GET /?fileloc=//home/dfwparty/www/wp-includes/Requests/src/Exception/Http/Status415.php&path=//home/dfwparty/www/wp-includes/Requests/src/Exception/Http HTTP/2" 200 2757 "https://www.ajpartyfun.com/?path=//home/dfwparty/www/wp-includes/Requests/src/Exception/Http" "Mozilla/5.0 AppleWebKit/537.36 (KHTML, like Gecko; compatible; GPTBot/1.4; +https://openai.com/gptbot)"
74.7.227.145 - - [16/Jul/2026:18:31:40 -0600] "GET /2026/07/16/kasyno-bez-weryfikacji-kyc-ktore-przeszo-moje-testy-matematyczne/?path=//var/softaculous/wp51/images HTTP/2" 200 2874 "https://ajpartyfun.com/2026/07/16/kasyno-bez-weryfikacji-kyc-ktore-przeszo-moje-testy-matematyczne/?path=//var/softaculous/wp51" "Mozilla/5.0 AppleWebKit/537.36 (KHTML, like Gecko; compatible; GPTBot/1.4; +https://openai.com/gptbot)"
74.7.242.45 - - [16/Jul/2026:18:31:40 -0600] "GET /?fileloc=//home/dfwparty/www/wp-includes/Requests/src/Exception/Http/Status504.php&path=//home/dfwparty/www/wp-includes/Requests/src/Exception/Http HTTP/2" 200 2757 "https://www.ajpartyfun.com/?path=//home/dfwparty/www/wp-includes/Requests/src/Exception/Http" "Mozilla/5.0 AppleWebKit/537.36 (KHTML, like Gecko; compatible; GPTBot/1.4; +https://openai.com/gptbot)"
74.7.227.145 - - [16/Jul/2026:18:31:40 -0600] "GET /2026/07/16/kasyno-bez-weryfikacji-kyc-ktore-przeszo-moje-testy-matematyczne/?path=//var/softaculous/mw35/images HTTP/2" 200 2881 "https://ajpartyfun.com/2026/07/16/kasyno-bez-weryfikacji-kyc-ktore-przeszo-moje-testy-matematyczne/?path=//var/softaculous/mw35" "Mozilla/5.0 AppleWebKit/537.36 (KHTML, like Gecko; compatible; GPTBot/1.4; +https://openai.com/gptbot)"
74.7.242.45 - - [16/Jul/2026:18:31:41 -0600] "GET /?fileloc=//home/dfwparty/www/wp-includes/Requests/src/Exception/Http/Status417.php&path=//home/dfwparty/www/wp-includes/Requests/src/Exception/Http HTTP/2" 200 2755 "https://www.ajpartyfun.com/?path=//home/dfwparty/www/wp-includes/Requests/src/Exception/Http" "Mozilla/5.0 AppleWebKit/537.36 (KHTML, like Gecko; compatible; GPTBot/1.4; +https://openai.com/gptbot)"
74.7.227.145 - - [16/Jul/2026:18:31:41 -0600] "GET /2026/07/16/kasyno-bez-weryfikacji-kyc-ktore-przeszo-moje-testy-matematyczne/?path=//var/softaculous/mw14/images HTTP/2" 200 2880 "https://ajpartyfun.com/2026/07/16/kasyno-bez-weryfikacji-kyc-ktore-przeszo-moje-testy-matematyczne/?path=//var/softaculous/mw14" "Mozilla/5.0 AppleWebKit/537.36 (KHTML, like Gecko; compatible; GPTBot/1.4; +https://openai.com/gptbot)"
74.7.242.45 - - [16/Jul/2026:18:31:41 -0600] "GET /?fileloc=//home/dfwparty/www/wp-includes/Requests/src/Exception/Http/Status410.php&path=//home/dfwparty/www/wp-includes/Requests/src/Exception/Http HTTP/2" 200 2748 "https://www.ajpartyfun.com/?path=//home/dfwparty/www/wp-includes/Requests/src/Exception/Http" "Mozilla/5.0 AppleWebKit/537.36 (KHTML, like Gecko; compatible; GPTBot/1.4; +https://openai.com/gptbot)"
74.7.227.145 - - [16/Jul/2026:18:31:41 -0600] "GET /2026/07/16/kasyno-bez-weryfikacji-kyc-ktore-przeszo-moje-testy-matematyczne/?path=//var/softaculous/bugs/php71 HTTP/2" 200 2967 "https://ajpartyfun.com/2026/07/16/kasyno-bez-weryfikacji-kyc-ktore-przeszo-moje-testy-matematyczne/?path=//var/softaculous/bugs" "Mozilla/5.0 AppleWebKit/537.36 (KHTML, like Gecko; compatible; GPTBot/1.4; +https://openai.com/gptbot)"
216.73.216.7 - - [16/Jul/2026:18:31:42 -0600] "GET /2026/07/16/kasyno-bez-weryfikacji-kyc-ktore-przeszo-moje-testy-matematyczne/?path=%2Fhome%2Fdfwparty%2Fdfw.kids HTTP/2" 200 2825 "-" "Mozilla/5.0 AppleWebKit/537.36 (KHTML, like Gecko; compatible; ClaudeBot/1.0; +claudebot@anthropic.com)"
216.73.216.7 - - [16/Jul/2026:18:31:42 -0600] "GET /2026/07/16/kasyno-bez-weryfikacji-kyc-ktore-przeszo-moje-testy-matematyczne/?path=%2Fhome%2Fdfwparty%2Fpartyvendors.net HTTP/2" 200 2834 "-" "Mozilla/5.0 AppleWebKit/537.36 (KHTML, like Gecko; compatible; ClaudeBot/1.0; +claudebot@anthropic.com)"
216.73.216.7 - - [16/Jul/2026:18:31:42 -0600] "GET /2026/07/16/kasyno-bez-weryfikacji-kyc-ktore-przeszo-moje-testy-matematyczne/?path=%2Fhome%2Fdfwparty%2Fblogchat.us HTTP/2" 200 2789 "-" "Mozilla/5.0 AppleWebKit/537.36 (KHTML, like Gecko; compatible; ClaudeBot/1.0; +claudebot@anthropic.com)"
74.7.242.45 - - [16/Jul/2026:18:31:42 -0600] "GET /?fileloc=//home/dfwparty/www/wp-includes/Requests/src/Exception/Http/Status412.php&path=//home/dfwparty/www/wp-includes/Requests/src/Exception/Http HTTP/2" 200 2755 "https://www.ajpartyfun.com/?path=//home/dfwparty/www/wp-includes/Requests/src/Exception/Http" "Mozilla/5.0 AppleWebKit/537.36 (KHTML, like Gecko; compatible; GPTBot/1.4; +https://openai.com/gptbot)"
74.7.227.145 - - [16/Jul/2026:18:31:42 -0600] "GET /2026/07/16/kasyno-bez-weryfikacji-kyc-ktore-przeszo-moje-testy-matematyczne/?path=//var/softaculous/wp50 HTTP/2" 200 3967 "https://ajpartyfun.com/2026/07/16/kasyno-bez-weryfikacji-kyc-ktore-przeszo-moje-testy-matematyczne/?path=//var/softaculous" "Mozilla/5.0 AppleWebKit/537.36 (KHTML, like Gecko; compatible; GPTBot/1.4; +https://openai.com/gptbot)"
216.73.216.7 - - [16/Jul/2026:18:31:42 -0600] "GET /2026/07/16/kasyno-bez-weryfikacji-kyc-ktore-przeszo-moje-testy-matematyczne/?path=%2Fhome%2Fdfwparty%2Fpartyvendormarketing.com HTTP/2" 200 2833 "-" "Mozilla/5.0 AppleWebKit/537.36 (KHTML, like Gecko; compatible; ClaudeBot/1.0; +claudebot@anthropic.com)"
216.73.216.7 - - [16/Jul/2026:18:31:42 -0600] "GET /2026/07/16/kasyno-bez-weryfikacji-kyc-ktore-przeszo-moje-testy-matematyczne/?path=%2Fhome%2Fdfwparty%2Fbusinesscoach.tips HTTP/2" 200 3183 "-" "Mozilla/5.0 AppleWebKit/537.36 (KHTML, like Gecko; compatible; ClaudeBot/1.0; +claudebot@anthropic.com)"
74.7.227.145 - - [16/Jul/2026:18:31:42 -0600] "GET /2026/07/16/kasyno-bez-weryfikacji-kyc-ktore-przeszo-moje-testy-matematyczne/?path=//var/softaculous/wp59 HTTP/2" 200 4018 "https://ajpartyfun.com/2026/07/16/kasyno-bez-weryfikacji-kyc-ktore-przeszo-moje-testy-matematyczne/?path=//var/softaculous" "Mozilla/5.0 AppleWebKit/537.36 (KHTML, like Gecko; compatible; GPTBot/1.4; +https://openai.com/gptbot)"
216.73.216.7 - - [16/Jul/2026:18:31:43 -0600] "GET /2026/07/16/kasyno-bez-weryfikacji-kyc-ktore-przeszo-moje-testy-matematyczne/?path=%2Fhome%2Fdfwparty%2Fkidspartyforum.com HTTP/2" 200 2939 "-" "Mozilla/5.0 AppleWebKit/537.36 (KHTML, like Gecko; compatible; ClaudeBot/1.0; +claudebot@anthropic.com)"
74.7.242.45 - - [16/Jul/2026:18:31:43 -0600] "GET /?fileloc=//home/dfwparty/www/wp-includes/Requests/src/Exception/Http/Status306.php&path=//home/dfwparty/www/wp-includes/Requests/src/Exception/Http HTTP/2" 200 2753 "https://www.ajpartyfun.com/?path=//home/dfwparty/www/wp-includes/Requests/src/Exception/Http" "Mozilla/5.0 AppleWebKit/537.36 (KHTML, like Gecko; compatible; GPTBot/1.4; +https://openai.com/gptbot)"
216.73.216.7 - - [16/Jul/2026:18:31:43 -0600] "GET /2026/07/16/kasyno-bez-weryfikacji-kyc-ktore-przeszo-moje-testy-matematyczne/?path=%2Fhome%2Fdfwparty%2Ftexasparty.fun HTTP/2" 200 2940 "-" "Mozilla/5.0 AppleWebKit/537.36 (KHTML, like Gecko; compatible; ClaudeBot/1.0; +claudebot@anthropic.com)"
216.73.216.7 - - [16/Jul/2026:18:31:43 -0600] "GET /2026/07/16/kasyno-bez-weryfikacji-kyc-ktore-przeszo-moje-testy-matematyczne/?path=%2Fhome%2Fdfwparty%2Flandscaping.coach HTTP/2" 200 2940 "-" "Mozilla/5.0 AppleWebKit/537.36 (KHTML, like Gecko; compatible; ClaudeBot/1.0; +claudebot@anthropic.com)"
74.7.227.145 - - [16/Jul/2026:18:31:43 -0600] "GET /2026/07/16/kasyno-bez-weryfikacji-kyc-ktore-przeszo-moje-testy-matematyczne/?path=//var/softaculous/wp52 HTTP/2" 200 3943 "https://ajpartyfun.com/2026/07/16/kasyno-bez-weryfikacji-kyc-ktore-przeszo-moje-testy-matematyczne/?path=//var/softaculous" "Mozilla/5.0 AppleWebKit/537.36 (KHTML, like Gecko; compatible; GPTBot/1.4; +https://openai.com/gptbot)"
216.73.216.7 - - [16/Jul/2026:18:31:43 -0600] "GET /2026/07/16/kasyno-bez-weryfikacji-kyc-ktore-przeszo-moje-testy-matematyczne/?path=%2Fhome%2Fdfwparty%2Fcreepylist.com HTTP/2" 200 2941 "-" "Mozilla/5.0 AppleWebKit/537.36 (KHTML, like Gecko; compatible; ClaudeBot/1.0; +claudebot@anthropic.com)"
74.7.242.45 - - [16/Jul/2026:18:31:43 -0600] "GET /?fileloc=//home/dfwparty/www/wp-includes/Requests/src/Exception/Http/Status404.php&path=//home/dfwparty/www/wp-includes/Requests/src/Exception/Http HTTP/2" 200 2752 "https://www.ajpartyfun.com/?path=//home/dfwparty/www/wp-includes/Requests/src/Exception/Http" "Mozilla/5.0 AppleWebKit/537.36 (KHTML, like Gecko; compatible; GPTBot/1.4; +https://openai.com/gptbot)"
216.73.216.7 - - [16/Jul/2026:18:31:43 -0600] "GET /2026/07/16/kasyno-bez-weryfikacji-kyc-ktore-przeszo-moje-testy-matematyczne/?path=%2Fhome%2Fdfwparty%2Fkidspartyconnection.com HTTP/2" 200 2837 "-" "Mozilla/5.0 AppleWebKit/537.36 (KHTML, like Gecko; compatible; ClaudeBot/1.0; +claudebot@anthropic.com)"
74.7.227.145 - - [16/Jul/2026:18:31:43 -0600] "GET /2026/07/16/kasyno-bez-weryfikacji-kyc-ktore-przeszo-moje-testy-matematyczne/?path=//var/softaculous/glpi/php71 HTTP/2" 200 3013 "https://ajpartyfun.com/2026/07/16/kasyno-bez-weryfikacji-kyc-ktore-przeszo-moje-testy-matematyczne/?path=//var/softaculous/glpi" "Mozilla/5.0 AppleWebKit/537.36 (KHTML, like Gecko; compatible; GPTBot/1.4; +https://openai.com/gptbot)"
74.7.242.45 - - [16/Jul/2026:18:31:44 -0600] "GET /?fileloc=//home/dfwparty/www/wp-includes/Requests/src/Exception/Http/Status414.php&path=//home/dfwparty/www/wp-includes/Requests/src/Exception/Http HTTP/2" 200 2758 "https://www.ajpartyfun.com/?path=//home/dfwparty/www/wp-includes/Requests/src/Exception/Http" "Mozilla/5.0 AppleWebKit/537.36 (KHTML, like Gecko; compatible; GPTBot/1.4; +https://openai.com/gptbot)"
74.7.227.145 - - [16/Jul/2026:18:31:44 -0600] "GET /2026/07/16/kasyno-bez-weryfikacji-kyc-ktore-przeszo-moje-testy-matematyczne/?path=//var/softaculous/mw28 HTTP/2" 200 3496 "https://ajpartyfun.com/2026/07/16/kasyno-bez-weryfikacji-kyc-ktore-przeszo-moje-testy-matematyczne/?path=//var/softaculous" "Mozilla/5.0 AppleWebKit/537.36 (KHTML, like Gecko; compatible; GPTBot/1.4; +https://openai.com/gptbot)"
74.7.242.45 - - [16/Jul/2026:18:31:44 -0600] "GET /?fileloc=//home/dfwparty/www/wp-includes/Requests/src/Exception/Http/Status502.php&path=//home/dfwparty/www/wp-includes/Requests/src/Exception/Http HTTP/2" 200 2751 "https://www.ajpartyfun.com/?path=//home/dfwparty/www/wp-includes/Requests/src/Exception/Http" "Mozilla/5.0 AppleWebKit/537.36 (KHTML, like Gecko; compatible; GPTBot/1.4; +https://openai.com/gptbot)"
74.7.227.145 - - [16/Jul/2026:18:31:45 -0600] "GET /2026/07/16/kasyno-bez-weryfikacji-kyc-ktore-przeszo-moje-testy-matematyczne/?path=//var/softaculous/wp65 HTTP/2" 200 4058 "https://ajpartyfun.com/2026/07/16/kasyno-bez-weryfikacji-kyc-ktore-przeszo-moje-testy-matematyczne/?path=//var/softaculous" "Mozilla/5.0 AppleWebKit/537.36 (KHTML, like Gecko; compatible; GPTBot/1.4; +https://openai.com/gptbot)"
74.7.242.45 - - [16/Jul/2026:18:31:45 -0600] "GET /?fileloc=//home/dfwparty/www/wp-includes/Requests/src/Exception/Http/Status411.php&path=//home/dfwparty/www/wp-includes/Requests/src/Exception/Http HTTP/2" 200 2755 "https://www.ajpartyfun.com/?path=//home/dfwparty/www/wp-includes/Requests/src/Exception/Http" "Mozilla/5.0 AppleWebKit/537.36 (KHTML, like Gecko; compatible; GPTBot/1.4; +https://openai.com/gptbot)"
74.7.242.45 - - [16/Jul/2026:18:31:45 -0600] "GET /?fileloc=//home/dfwparty/www/wp-includes/Requests/src/Exception/Http/Status503.php&path=//home/dfwparty/www/wp-includes/Requests/src/Exception/Http HTTP/2" 200 2756 "https://www.ajpartyfun.com/?path=//home/dfwparty/www/wp-includes/Requests/src/Exception/Http" "Mozilla/5.0 AppleWebKit/537.36 (KHTML, like Gecko; compatible; GPTBot/1.4; +https://openai.com/gptbot)"
74.7.227.145 - - [16/Jul/2026:18:31:45 -0600] "GET /2026/07/16/kasyno-bez-weryfikacji-kyc-ktore-przeszo-moje-testy-matematyczne/?path=//var/softaculous/wp56 HTTP/2" 200 3937 "https://ajpartyfun.com/2026/07/16/kasyno-bez-weryfikacji-kyc-ktore-przeszo-moje-testy-matematyczne/?path=//var/softaculous" "Mozilla/5.0 AppleWebKit/537.36 (KHTML, like Gecko; compatible; GPTBot/1.4; +https://openai.com/gptbot)"
74.7.242.45 - - [16/Jul/2026:18:31:46 -0600] "GET /?fileloc=//home/dfwparty/www/wp-includes/Requests/src/Exception/Http/Status304.php&path=//home/dfwparty/www/wp-includes/Requests/src/Exception/Http HTTP/2" 200 2752 "https://www.ajpartyfun.com/?path=//home/dfwparty/www/wp-includes/Requests/src/Exception/Http" "Mozilla/5.0 AppleWebKit/537.36 (KHTML, like Gecko; compatible; GPTBot/1.4; +https://openai.com/gptbot)"
74.7.242.45 - - [16/Jul/2026:18:31:46 -0600] "GET /?fileloc=//home/dfwparty/www/wp-includes/Requests/src/Exception/Http/StatusUnknown.php&path=//home/dfwparty/www/wp-includes/Requests/src/Exception/Http HTTP/2" 200 2983 "https://www.ajpartyfun.com/?path=//home/dfwparty/www/wp-includes/Requests/src/Exception/Http" "Mozilla/5.0 AppleWebKit/537.36 (KHTML, like Gecko; compatible; GPTBot/1.4; +https://openai.com/gptbot)"
74.7.242.45 - - [16/Jul/2026:18:31:47 -0600] "GET /?path=/home/dfwparty/homeservice.blog/.well-known/acme-challenge HTTP/2" 200 2570 "https://www.ajpartyfun.com/?path=/home/dfwparty/homeservice.blog/.well-known" "Mozilla/5.0 AppleWebKit/537.36 (KHTML, like Gecko; compatible; GPTBot/1.4; +https://openai.com/gptbot)"
74.7.242.45 - - [16/Jul/2026:18:31:47 -0600] "GET /?fileloc=//home/dfwparty/dfwchat.net/wp-admin/nav-menus.php&path=//home/dfwparty/dfwchat.net/wp-admin HTTP/2" 200 14704 "https://www.ajpartyfun.com/?path=//home/dfwparty/dfwchat.net/wp-admin" "Mozilla/5.0 AppleWebKit/537.36 (KHTML, like Gecko; compatible; GPTBot/1.4; +https://openai.com/gptbot)"
74.7.227.145 - - [16/Jul/2026:18:31:48 -0600] "GET /2026/07/16/kasyno-bez-weryfikacji-kyc-ktore-przeszo-moje-testy-matematyczne/?path=//var/softaculous/wp54 HTTP/2" 200 3922 "https://ajpartyfun.com/2026/07/16/kasyno-bez-weryfikacji-kyc-ktore-przeszo-moje-testy-matematyczne/?path=//var/softaculous" "Mozilla/5.0 AppleWebKit/537.36 (KHTML, like Gecko; compatible; GPTBot/1.4; +https://openai.com/gptbot)"
74.7.242.45 - - [16/Jul/2026:18:31:48 -0600] "GET /?fileloc=//home/dfwparty/dfwchat.net/wp-admin/revision.php&path=//home/dfwparty/dfwchat.net/wp-admin HTTP/2" 200 4637 "https://www.ajpartyfun.com/?path=//home/dfwparty/dfwchat.net/wp-admin" "Mozilla/5.0 AppleWebKit/537.36 (KHTML, like Gecko; compatible; GPTBot/1.4; +https://openai.com/gptbot)"
74.7.242.45 - - [16/Jul/2026:18:31:48 -0600] "GET /?fileloc=//home/dfwparty/dfwchat.net/wp-admin/customize.php&path=//home/dfwparty/dfwchat.net/wp-admin HTTP/2" 200 6549 "https://www.ajpartyfun.com/?path=//home/dfwparty/dfwchat.net/wp-admin" "Mozilla/5.0 AppleWebKit/537.36 (KHTML, like Gecko; compatible; GPTBot/1.4; +https://openai.com/gptbot)"
74.7.242.45 - - [16/Jul/2026:18:31:49 -0600] "GET /?fileloc=//home/dfwparty/dfwchat.net/wp-admin/ms-users.php&path=//home/dfwparty/dfwchat.net/wp-admin HTTP/2" 200 2647 "https://www.ajpartyfun.com/?path=//home/dfwparty/dfwchat.net/wp-admin" "Mozilla/5.0 AppleWebKit/537.36 (KHTML, like Gecko; compatible; GPTBot/1.4; +https://openai.com/gptbot)"
74.7.242.45 - - [16/Jul/2026:18:31:49 -0600] "GET /?fileloc=//home/dfwparty/dfwchat.net/wp-admin/ms-sites.php&path=//home/dfwparty/dfwchat.net/wp-admin HTTP/2" 200 2647 "https://www.ajpartyfun.com/?path=//home/dfwparty/dfwchat.net/wp-admin" "Mozilla/5.0 AppleWebKit/537.36 (KHTML, like Gecko; compatible; GPTBot/1.4; +https://openai.com/gptbot)"
74.7.242.45 - - [16/Jul/2026:18:31:50 -0600] "GET /?fileloc=//home/dfwparty/dfwchat.net/wp-admin/my-sites.php&path=//home/dfwparty/dfwchat.net/wp-admin HTTP/2" 200 4587 "https://www.ajpartyfun.com/?path=//home/dfwparty/dfwchat.net/wp-admin" "Mozilla/5.0 AppleWebKit/537.36 (KHTML, like Gecko; compatible; GPTBot/1.4; +https://openai.com/gptbot)"
74.7.227.145 - - [16/Jul/2026:18:31:50 -0600] "GET /2026/07/16/kasyno-bez-weryfikacji-kyc-ktore-przeszo-moje-testy-matematyczne/?path=//var/softaculous/wp55 HTTP/2" 200 3921 "https://ajpartyfun.com/2026/07/16/kasyno-bez-weryfikacji-kyc-ktore-przeszo-moje-testy-matematyczne/?path=//var/softaculous" "Mozilla/5.0 AppleWebKit/537.36 (KHTML, like Gecko; compatible; GPTBot/1.4; +https://openai.com/gptbot)"
74.7.242.45 - - [16/Jul/2026:18:31:51 -0600] "GET /?fileloc=//lib64/libibverbs/libcxgb4-rdmav34.so&path=//lib64/libibverbs HTTP/2" 200 20021 "https://www.ajpartyfun.com/?path=//lib64/libibverbs" "Mozilla/5.0 AppleWebKit/537.36 (KHTML, like Gecko; compatible; GPTBot/1.4; +https://openai.com/gptbot)"
74.7.242.45 - - [16/Jul/2026:18:31:51 -0600] "GET /?fileloc=//lib64/libibverbs/libmlx4-rdmav34.so&path=//lib64/libibverbs HTTP/2" 200 23663 "https://www.ajpartyfun.com/?path=//lib64/libibverbs" "Mozilla/5.0 AppleWebKit/537.36 (KHTML, like Gecko; compatible; GPTBot/1.4; +https://openai.com/gptbot)"
74.7.242.45 - - [16/Jul/2026:18:31:52 -0600] "GET /?fileloc=/home/dfwparty/smartcardcontacts.com/wp-content/themes/astra/inc/addons/breadcrumbs/class-astra-breadcrumbs-markup.php&path=/home/dfwparty/smartcardcontacts.com/wp-content/themes/astra/inc/addons/breadcrumbs HTTP/2" 200 3735 "https://www.ajpartyfun.com/?path=/home/dfwparty/smartcardcontacts.com/wp-content/themes/astra/inc/addons/breadcrumbs" "Mozilla/5.0 AppleWebKit/537.36 (KHTML, like Gecko; compatible; GPTBot/1.4; +https://openai.com/gptbot)"
74.7.242.45 - - [16/Jul/2026:18:31:52 -0600] "GET /?fileloc=/home/dfwparty/smartcardcontacts.com/wp-content/plugins/elementor/modules/home/module.php&path=/home/dfwparty/smartcardcontacts.com/wp-content/plugins/elementor/modules/home HTTP/2" 200 3565 "https://www.ajpartyfun.com/?path=/home/dfwparty/smartcardcontacts.com/wp-content/plugins/elementor/modules/home" "Mozilla/5.0 AppleWebKit/537.36 (KHTML, like Gecko; compatible; GPTBot/1.4; +https://openai.com/gptbot)"
74.7.242.45 - - [16/Jul/2026:18:31:53 -0600] "GET /?fileloc=/home/dfwparty/smartcardcontacts.com/wp-content/plugins/ultimate-elementor/modules/posts/module.php&path=/home/dfwparty/smartcardcontacts.com/wp-content/plugins/ultimate-elementor/modules/posts HTTP/2" 200 5863 "https://www.ajpartyfun.com/?path=/home/dfwparty/smartcardcontacts.com/wp-content/plugins/ultimate-elementor/modules/posts" "Mozilla/5.0 AppleWebKit/537.36 (KHTML, like Gecko; compatible; GPTBot/1.4; +https://openai.com/gptbot)"
74.7.242.45 - - [16/Jul/2026:18:31:53 -0600] "GET /?fileloc=/home/dfwparty/smartcardcontacts.com/wp-content/plugins/elementor/includes/controls/date-time.php&path=/home/dfwparty/smartcardcontacts.com/wp-content/plugins/elementor/includes/controls HTTP/2" 200 3450 "https://www.ajpartyfun.com/?path=/home/dfwparty/smartcardcontacts.com/wp-content/plugins/elementor/includes/controls" "Mozilla/5.0 AppleWebKit/537.36 (KHTML, like Gecko; compatible; GPTBot/1.4; +https://openai.com/gptbot)"
74.7.227.145 - - [16/Jul/2026:18:31:53 -0600] "GET /2026/07/16/kasyno-bez-weryfikacji-kyc-ktore-przeszo-moje-testy-matematyczne/?path=//proc/370334/root/var/softaculous/sitepad/editor/site-data/plugins/documentor/templates/archive HTTP/2" 200 3065 "https://ajpartyfun.com/2026/07/16/kasyno-bez-weryfikacji-kyc-ktore-przeszo-moje-testy-matematyczne/?path=//proc/370334/root/var/softaculous/sitepad/editor/site-data/plugins/documentor/templates" "Mozilla/5.0 AppleWebKit/537.36 (KHTML, like Gecko; compatible; GPTBot/1.4; +https://openai.com/gptbot)"
74.7.242.45 - - [16/Jul/2026:18:31:54 -0600] "GET /?fileloc=/home/dfwparty/smartcardcontacts.com/wp-content/themes/astra/inc/compatibility/class-astra-ubermeu.php&path=/home/dfwparty/smartcardcontacts.com/wp-content/themes/astra/inc/compatibility HTTP/2" 200 3291 "https://www.ajpartyfun.com/?path=/home/dfwparty/smartcardcontacts.com/wp-content/themes/astra/inc/compatibility" "Mozilla/5.0 AppleWebKit/537.36 (KHTML, like Gecko; compatible; GPTBot/1.4; +https://openai.com/gptbot)"
74.7.242.45 - - [16/Jul/2026:18:31:54 -0600] "GET /?fileloc=/home/dfwparty/smartcardcontacts.com/wp-content/themes/astra/inc/compatibility/class-astra-visual-composer.php&path=/home/dfwparty/smartcardcontacts.com/wp-content/themes/astra/inc/compatibility HTTP/2" 200 3699 "https://www.ajpartyfun.com/?path=/home/dfwparty/smartcardcontacts.com/wp-content/themes/astra/inc/compatibility" "Mozilla/5.0 AppleWebKit/537.36 (KHTML, like Gecko; compatible; GPTBot/1.4; +https://openai.com/gptbot)"
74.7.242.45 - - [16/Jul/2026:18:31:55 -0600] "GET /?fileloc=/home/dfwparty/smartcardcontacts.com/wp-content/plugins/ultimate-elementor/classes/class-uael-loader.php&path=/home/dfwparty/smartcardcontacts.com/wp-content/plugins/ultimate-elementor/classes HTTP/2" 200 9368 "https://www.ajpartyfun.com/?path=/home/dfwparty/smartcardcontacts.com/wp-content/plugins/ultimate-elementor/classes" "Mozilla/5.0 AppleWebKit/537.36 (KHTML, like Gecko; compatible; GPTBot/1.4; +https://openai.com/gptbot)"
74.7.242.45 - - [16/Jul/2026:18:31:55 -0600] "GET /?fileloc=/home/dfwparty/smartcardcontacts.com/wp-content/themes/astra/inc/compatibility/class-astra-buddypress.php&path=/home/dfwparty/smartcardcontacts.com/wp-content/themes/astra/inc/compatibility HTTP/2" 200 3391 "https://www.ajpartyfun.com/?path=/home/dfwparty/smartcardcontacts.com/wp-content/themes/astra/inc/compatibility" "Mozilla/5.0 AppleWebKit/537.36 (KHTML, like Gecko; compatible; GPTBot/1.4; +https://openai.com/gptbot)"
74.7.242.45 - - [16/Jul/2026:18:31:56 -0600] "GET /?fileloc=/home/dfwparty/smartcardcontacts.com/wp-content/plugins/ultimate-elementor/classes/class-uael-license-notice.php&path=/home/dfwparty/smartcardcontacts.com/wp-content/plugins/ultimate-elementor/classes HTTP/2" 200 4085 "https://www.ajpartyfun.com/?path=/home/dfwparty/smartcardcontacts.com/wp-content/plugins/ultimate-elementor/classes" "Mozilla/5.0 AppleWebKit/537.36 (KHTML, like Gecko; compatible; GPTBot/1.4; +https://openai.com/gptbot)"
74.7.227.145 - - [16/Jul/2026:18:31:56 -0600] "GET /2026/07/16/kasyno-bez-weryfikacji-kyc-ktore-przeszo-moje-testy-matematyczne/?path=//var/softaculous/thbees HTTP/2" 200 3498 "https://ajpartyfun.com/2026/07/16/kasyno-bez-weryfikacji-kyc-ktore-przeszo-moje-testy-matematyczne/?path=//var/softaculous" "Mozilla/5.0 AppleWebKit/537.36 (KHTML, like Gecko; compatible; GPTBot/1.4; +https://openai.com/gptbot)"
74.7.242.45 - - [16/Jul/2026:18:31:56 -0600] "GET /?path=//home/dfwparty/mail/weightloss.lifestyle/john/.Drafts/tmp HTTP/2" 200 2589 "https://www.ajpartyfun.com/?path=//home/dfwparty/mail/weightloss.lifestyle/john/.Drafts" "Mozilla/5.0 AppleWebKit/537.36 (KHTML, like Gecko; compatible; GPTBot/1.4; +https://openai.com/gptbot)"
74.7.242.45 - - [16/Jul/2026:18:31:57 -0600] "GET /?fileloc=//home/dfwparty/mail/santamarketing.net/john/.Sent/dovecot.index.log&path=//home/dfwparty/mail/santamarketing.net/john/.Sent HTTP/2" 200 2647 "https://www.ajpartyfun.com/?path=//home/dfwparty/mail/santamarketing.net/john/.Sent" "Mozilla/5.0 AppleWebKit/537.36 (KHTML, like Gecko; compatible; GPTBot/1.4; +https://openai.com/gptbot)"
74.7.227.145 - - [16/Jul/2026:18:31:57 -0600] "GET /2026/07/16/kasyno-bez-weryfikacji-kyc-ktore-przeszo-moje-testy-matematyczne/?path=//var/softaculous/zencart HTTP/2" 200 3554 "https://ajpartyfun.com/2026/07/16/kasyno-bez-weryfikacji-kyc-ktore-przeszo-moje-testy-matematyczne/?path=//var/softaculous" "Mozilla/5.0 AppleWebKit/537.36 (KHTML, like Gecko; compatible; GPTBot/1.4; +https://openai.com/gptbot)"
