File: //home/dfwparty/access-logs/ajpartyfun.com.dfw.party-ssl_log
216.73.216.7 - - [16/Jul/2026:18:18:24 -0600] "GET /?fileloc=%2F%2Flib%2F.build-id%2F70%2F7f04a30594d4eb4d1120d1eb29e567dfce71ac&path=%2F%2Flib%2F.build-id%2F70 HTTP/2" 200 7416 "-" "Mozilla/5.0 AppleWebKit/537.36 (KHTML, like Gecko; compatible; ClaudeBot/1.0; +claudebot@anthropic.com)"
216.73.216.7 - - [16/Jul/2026:18:18:14 -0600] "GET /?fileloc=%2Fhome%2Fdfwparty%2Fgigiscleaning.net%2Fwp-includes%2Fimages%2Fmedia%2Fcode.svg&path=%2Fhome%2Fdfwparty%2Fgigiscleaning.net%2Fwp-includes%2Fimages%2Fmedia HTTP/2" 200 0 "-" "Mozilla/5.0 AppleWebKit/537.36 (KHTML, like Gecko; compatible; ClaudeBot/1.0; +claudebot@anthropic.com)"
216.73.216.7 - - [16/Jul/2026:18:18:24 -0600] "GET /?fileloc=%2F%2Flib%2F.build-id%2Fa2%2F5e710e8c25579fc8b631a2a96b18184774b3ed&path=%2F%2Flib%2F.build-id%2Fa2 HTTP/2" 200 16661 "-" "Mozilla/5.0 AppleWebKit/537.36 (KHTML, like Gecko; compatible; ClaudeBot/1.0; +claudebot@anthropic.com)"
216.73.216.7 - - [16/Jul/2026:18:18:24 -0600] "GET /?fileloc=%2Fhome%2Fdfwparty%2Ftmp%2Fanalog%2Fdfw.zone.dfw.party%2Fbrowrep.png&path=%2Fhome%2Fdfwparty%2Ftmp%2Fanalog%2Fdfw.zone.dfw.party HTTP/2" 200 7609 "-" "Mozilla/5.0 AppleWebKit/537.36 (KHTML, like Gecko; compatible; ClaudeBot/1.0; +claudebot@anthropic.com)"
216.73.216.7 - - [16/Jul/2026:18:18:23 -0600] "GET /?fileloc=%2F%2Flib%2F.build-id%2F31%2Ff1b2201ab97563a2a9c66685ebfbc968e12967&path=%2F%2Flib%2F.build-id%2F31 HTTP/2" 200 18394 "-" "Mozilla/5.0 AppleWebKit/537.36 (KHTML, like Gecko; compatible; ClaudeBot/1.0; +claudebot@anthropic.com)"
216.73.216.7 - - [16/Jul/2026:18:18:25 -0600] "GET /?fileloc=%2Fhome%2Fdfwparty%2Ftmp%2Fanalog%2Fsantaclausbecause.com.dfw.party%2Fsize.png&path=%2Fhome%2Fdfwparty%2Ftmp%2Fanalog%2Fsantaclausbecause.com.dfw.party HTTP/2" 200 5073 "-" "Mozilla/5.0 AppleWebKit/537.36 (KHTML, like Gecko; compatible; ClaudeBot/1.0; +claudebot@anthropic.com)"
216.73.216.7 - - [16/Jul/2026:18:18:23 -0600] "GET /?fileloc=%2Fhome%2Fdfwparty%2Fsonicchocobliss.com%2Fwp-includes%2Fimages%2Fspinner-2x.gif&path=%2Fhome%2Fdfwparty%2Fsonicchocobliss.com%2Fwp-includes%2Fimages HTTP/2" 200 6805 "-" "Mozilla/5.0 AppleWebKit/537.36 (KHTML, like Gecko; compatible; ClaudeBot/1.0; +claudebot@anthropic.com)"
216.73.216.7 - - [16/Jul/2026:18:18:23 -0600] "GET /?fileloc=%2F%2Flib%2F.build-id%2F92%2F16dbf3baf26d8b7e0054b6b91039dd9df3ba72&path=%2F%2Flib%2F.build-id%2F92 HTTP/2" 200 46161 "-" "Mozilla/5.0 AppleWebKit/537.36 (KHTML, like Gecko; compatible; ClaudeBot/1.0; +claudebot@anthropic.com)"
216.73.216.7 - - [16/Jul/2026:18:18:23 -0600] "GET /?fileloc=%2F%2Flib%2F.build-id%2F8e%2Fe8aed80d43a16393b1b8c152b73c1739d78d5c&path=%2F%2Flib%2F.build-id%2F8e HTTP/2" 200 31268 "-" "Mozilla/5.0 AppleWebKit/537.36 (KHTML, like Gecko; compatible; ClaudeBot/1.0; +claudebot@anthropic.com)"
216.73.216.7 - - [16/Jul/2026:18:18:25 -0600] "GET /?fileloc=%2Fhome%2Fdfwparty%2Fcrazybubba.com%2Fwp-includes%2Fimages%2Fsmilies%2Ficon_wink.gif&path=%2Fhome%2Fdfwparty%2Fcrazybubba.com%2Fwp-includes%2Fimages%2Fsmilies HTTP/2" 200 2729 "-" "Mozilla/5.0 AppleWebKit/537.36 (KHTML, like Gecko; compatible; ClaudeBot/1.0; +claudebot@anthropic.com)"
216.73.216.7 - - [16/Jul/2026:18:18:24 -0600] "GET /?fileloc=%2Fhome%2Fdfwparty%2Fmail%2F.john%40losingweightwithjohn_com%2F.Sent%2Fdovecot-uidlist&path=%2Fhome%2Fdfwparty%2Fmail%2F.john%40losingweightwithjohn_com%2F.Sent HTTP/2" 200 2573 "-" "Mozilla/5.0 AppleWebKit/537.36 (KHTML, like Gecko; compatible; ClaudeBot/1.0; +claudebot@anthropic.com)"
216.73.216.7 - - [16/Jul/2026:18:18:25 -0600] "GET /?fileloc=%2Fhome%2Fdfwparty%2Ftmp%2Fanalog%2Fdfw.direct.dfw.party%2Fbrowrep.png&path=%2Fhome%2Fdfwparty%2Ftmp%2Fanalog%2Fdfw.direct.dfw.party HTTP/2" 200 7649 "-" "Mozilla/5.0 AppleWebKit/537.36 (KHTML, like Gecko; compatible; ClaudeBot/1.0; +claudebot@anthropic.com)"
74.7.242.45 - - [16/Jul/2026:18:18:24 -0600] "GET /?fileloc=/home/dfwparty/dfwmagic.com/wp-includes/block-patterns/query-offset-posts.php&path=/home/dfwparty/dfwmagic.com/wp-includes/block-patterns HTTP/2" 200 3101 "https://www.ajpartyfun.com/?path=/home/dfwparty/dfwmagic.com/wp-includes/block-patterns" "Mozilla/5.0 AppleWebKit/537.36 (KHTML, like Gecko; compatible; GPTBot/1.4; +https://openai.com/gptbot)"
74.7.227.145 - - [16/Jul/2026:18:18:24 -0600] "GET /2026/07/16/kasyno-bez-weryfikacji-kyc-ktore-przeszo-moje-testy-matematyczne/?path=//opt/alt/php72/etc/php.d HTTP/2" 200 2872 "https://ajpartyfun.com/2026/07/16/kasyno-bez-weryfikacji-kyc-ktore-przeszo-moje-testy-matematyczne/?path=//opt/alt/php72/etc" "Mozilla/5.0 AppleWebKit/537.36 (KHTML, like Gecko; compatible; GPTBot/1.4; +https://openai.com/gptbot)"
74.7.242.45 - - [16/Jul/2026:18:18:25 -0600] "GET /?fileloc=/home/dfwparty/dfwmagic.com/wp-includes/abilities-api/class-wp-ability-categories-registry.php&path=/home/dfwparty/dfwmagic.com/wp-includes/abilities-api HTTP/2" 200 4369 "https://www.ajpartyfun.com/?path=/home/dfwparty/dfwmagic.com/wp-includes/abilities-api" "Mozilla/5.0 AppleWebKit/537.36 (KHTML, like Gecko; compatible; GPTBot/1.4; +https://openai.com/gptbot)"
74.7.227.145 - - [16/Jul/2026:18:18:25 -0600] "GET /2026/07/16/kasyno-bez-weryfikacji-kyc-ktore-przeszo-moje-testy-matematyczne/?path=//opt/cpanel/ea-php85/root/etc/php.d HTTP/2" 200 2849 "https://ajpartyfun.com/2026/07/16/kasyno-bez-weryfikacji-kyc-ktore-przeszo-moje-testy-matematyczne/?path=//opt/cpanel/ea-php85/root/etc" "Mozilla/5.0 AppleWebKit/537.36 (KHTML, like Gecko; compatible; GPTBot/1.4; +https://openai.com/gptbot)"
74.7.242.45 - - [16/Jul/2026:18:18:25 -0600] "GET /?fileloc=/home/dfwparty/dfwmagic.com/wp-includes/abilities-api/class-wp-abilities-registry.php&path=/home/dfwparty/dfwmagic.com/wp-includes/abilities-api HTTP/2" 200 5439 "https://www.ajpartyfun.com/?path=/home/dfwparty/dfwmagic.com/wp-includes/abilities-api" "Mozilla/5.0 AppleWebKit/537.36 (KHTML, like Gecko; compatible; GPTBot/1.4; +https://openai.com/gptbot)"
74.7.227.145 - - [16/Jul/2026:18:18:25 -0600] "GET /2026/07/16/kasyno-bez-weryfikacji-kyc-ktore-przeszo-moje-testy-matematyczne/?path=//opt/alt/php72/etc/php.d.all.zts HTTP/2" 200 6044 "https://ajpartyfun.com/2026/07/16/kasyno-bez-weryfikacji-kyc-ktore-przeszo-moje-testy-matematyczne/?path=//opt/alt/php72/etc" "Mozilla/5.0 AppleWebKit/537.36 (KHTML, like Gecko; compatible; GPTBot/1.4; +https://openai.com/gptbot)"
74.7.227.145 - - [16/Jul/2026:18:18:26 -0600] "GET /2026/07/16/kasyno-bez-weryfikacji-kyc-ktore-przeszo-moje-testy-matematyczne/?path=//opt/alt/php72/etc/php.d.all.def HTTP/2" 200 6302 "https://ajpartyfun.com/2026/07/16/kasyno-bez-weryfikacji-kyc-ktore-przeszo-moje-testy-matematyczne/?path=//opt/alt/php72/etc" "Mozilla/5.0 AppleWebKit/537.36 (KHTML, like Gecko; compatible; GPTBot/1.4; +https://openai.com/gptbot)"
74.7.242.45 - - [16/Jul/2026:18:18:26 -0600] "GET /?path=/home/dfwparty/dfwmagic.com/wp-includes/sodium_compat/namespaced HTTP/2" 200 3032 "https://www.ajpartyfun.com/?path=/home/dfwparty/dfwmagic.com/wp-includes/sodium_compat" "Mozilla/5.0 AppleWebKit/537.36 (KHTML, like Gecko; compatible; GPTBot/1.4; +https://openai.com/gptbot)"
74.7.242.45 - - [16/Jul/2026:18:18:26 -0600] "GET /?fileloc=/home/dfwparty/dfwmagic.com/wp-includes/class-walker-page-dropdown.php&path=/home/dfwparty/dfwmagic.com/wp-includes HTTP/2" 200 3641 "https://www.ajpartyfun.com/?path=/home/dfwparty/dfwmagic.com/wp-includes" "Mozilla/5.0 AppleWebKit/537.36 (KHTML, like Gecko; compatible; GPTBot/1.4; +https://openai.com/gptbot)"
74.7.227.145 - - [16/Jul/2026:18:18:26 -0600] "GET /2026/07/16/kasyno-bez-weryfikacji-kyc-ktore-przeszo-moje-testy-matematyczne/?path=//opt/alt/php72/etc/php-fpm.d HTTP/2" 200 2844 "https://ajpartyfun.com/2026/07/16/kasyno-bez-weryfikacji-kyc-ktore-przeszo-moje-testy-matematyczne/?path=//opt/alt/php72/etc" "Mozilla/5.0 AppleWebKit/537.36 (KHTML, like Gecko; compatible; GPTBot/1.4; +https://openai.com/gptbot)"
216.73.216.7 - - [16/Jul/2026:18:18:24 -0600] "GET /?fileloc=%2Fhome%2Fdfwparty%2Fsmartcardpayme.com%2Fwp-includes%2Fimages%2Ftoggle-arrow.png&path=%2Fhome%2Fdfwparty%2Fsmartcardpayme.com%2Fwp-includes%2Fimages HTTP/2" 200 2818 "-" "Mozilla/5.0 AppleWebKit/537.36 (KHTML, like Gecko; compatible; ClaudeBot/1.0; +claudebot@anthropic.com)"
216.73.216.7 - - [16/Jul/2026:18:18:23 -0600] "GET /?fileloc=%2Fhome%2Fdfwparty%2Fcrazybubba.com%2Fwp-includes%2Fimages%2Fsmilies%2Ffrownie.png&path=%2Fhome%2Fdfwparty%2Fcrazybubba.com%2Fwp-includes%2Fimages%2Fsmilies HTTP/2" 200 3511 "-" "Mozilla/5.0 AppleWebKit/537.36 (KHTML, like Gecko; compatible; ClaudeBot/1.0; +claudebot@anthropic.com)"
216.73.216.7 - - [16/Jul/2026:18:18:27 -0600] "GET /?fileloc=%2Fhome%2Fdfwparty%2Fsantabootshop.com%2Fwp-admin%2Fimages%2Fdashboard-background.svg&path=%2Fhome%2Fdfwparty%2Fsantabootshop.com%2Fwp-admin%2Fimages HTTP/2" 200 3402 "-" "Mozilla/5.0 AppleWebKit/537.36 (KHTML, like Gecko; compatible; ClaudeBot/1.0; +claudebot@anthropic.com)"
216.73.216.7 - - [16/Jul/2026:18:18:27 -0600] "GET /?fileloc=%2F%2Fhome%2Fdfwparty%2Fdfwhome.show%2F.htaccess&path=%2F%2Fhome%2Fdfwparty%2Fdfwhome.show HTTP/2" 200 2656 "-" "Mozilla/5.0 AppleWebKit/537.36 (KHTML, like Gecko; compatible; ClaudeBot/1.0; +claudebot@anthropic.com)"
216.73.216.7 - - [16/Jul/2026:18:18:27 -0600] "GET /?fileloc=%2Fhome%2Fdfwparty%2Ftmp%2Fanalog%2Faltracy.com.dfw.party%2Fsize.png&path=%2Fhome%2Fdfwparty%2Ftmp%2Fanalog%2Faltracy.com.dfw.party HTTP/2" 200 5009 "-" "Mozilla/5.0 AppleWebKit/537.36 (KHTML, like Gecko; compatible; ClaudeBot/1.0; +claudebot@anthropic.com)"
216.73.216.7 - - [16/Jul/2026:18:18:25 -0600] "GET /?fileloc=%2Fhome%2Fdfwparty%2Fsantabootshop.com%2Fwp-admin%2Fimages%2Fwordpress-logo-white.svg&path=%2Fhome%2Fdfwparty%2Fsantabootshop.com%2Fwp-admin%2Fimages HTTP/2" 200 3330 "-" "Mozilla/5.0 AppleWebKit/537.36 (KHTML, like Gecko; compatible; ClaudeBot/1.0; +claudebot@anthropic.com)"
216.73.216.7 - - [16/Jul/2026:18:18:27 -0600] "GET /?fileloc=%2Fhome%2Fdfwparty%2Ftmp%2Fanalog%2Fkidspartyconnection.com.dfw.party%2F8.html&path=%2Fhome%2Fdfwparty%2Ftmp%2Fanalog%2Fkidspartyconnection.com.dfw.party HTTP/2" 200 8255 "-" "Mozilla/5.0 AppleWebKit/537.36 (KHTML, like Gecko; compatible; ClaudeBot/1.0; +claudebot@anthropic.com)"
216.73.216.7 - - [16/Jul/2026:18:18:28 -0600] "GET /?fileloc=%2Fhome%2Fdfwparty%2Fmail%2Fdfwblogger.com%2Fjohn%2Fdovecot.list.index.log&path=%2Fhome%2Fdfwparty%2Fmail%2Fdfwblogger.com%2Fjohn HTTP/2" 200 2824 "-" "Mozilla/5.0 AppleWebKit/537.36 (KHTML, like Gecko; compatible; ClaudeBot/1.0; +claudebot@anthropic.com)"
216.73.216.7 - - [16/Jul/2026:18:18:28 -0600] "GET /?fileloc=%2Fhome%2Fdfwparty%2Fmagicalmatty.fun%2Fwp-includes%2Ffonts%2Fdashicons.woff&path=%2Fhome%2Fdfwparty%2Fmagicalmatty.fun%2Fwp-includes%2Ffonts HTTP/2" 200 25751 "-" "Mozilla/5.0 AppleWebKit/537.36 (KHTML, like Gecko; compatible; ClaudeBot/1.0; +claudebot@anthropic.com)"
216.73.216.7 - - [16/Jul/2026:18:18:28 -0600] "GET /?fileloc=%2Fhome%2Fdfwparty%2Ftmp%2Fanalog%2Fdfwclown.com.dfw.party%2Fbrowsum.png&path=%2Fhome%2Fdfwparty%2Ftmp%2Fanalog%2Fdfwclown.com.dfw.party HTTP/2" 200 5804 "-" "Mozilla/5.0 AppleWebKit/537.36 (KHTML, like Gecko; compatible; ClaudeBot/1.0; +claudebot@anthropic.com)"
216.73.216.7 - - [16/Jul/2026:18:18:28 -0600] "GET /?fileloc=%2Fhome%2Fdfwparty%2Ftmp%2Fanalog%2Ffacepaintersworld.com.dfw.party%2Ffailref.png&path=%2Fhome%2Fdfwparty%2Ftmp%2Fanalog%2Ffacepaintersworld.com.dfw.party HTTP/2" 200 6638 "-" "Mozilla/5.0 AppleWebKit/537.36 (KHTML, like Gecko; compatible; ClaudeBot/1.0; +claudebot@anthropic.com)"
216.73.216.7 - - [16/Jul/2026:18:18:25 -0600] "GET /?fileloc=%2Fhome%2Fdfwparty%2Fsingingtelegramsdallas.com%2Fwp-includes%2Fimages%2Ficon-pointer-flag.png&path=%2Fhome%2Fdfwparty%2Fsingingtelegramsdallas.com%2Fwp-includes%2Fimages HTTP/2" 200 3398 "-" "Mozilla/5.0 AppleWebKit/537.36 (KHTML, like Gecko; compatible; ClaudeBot/1.0; +claudebot@anthropic.com)"
74.7.242.45 - - [16/Jul/2026:18:18:27 -0600] "GET /?fileloc=/home/dfwparty/dfwmagic.com/wp-includes/class.wp-dependencies.php&path=/home/dfwparty/dfwmagic.com/wp-includes HTTP/2" 200 2690 "https://www.ajpartyfun.com/?path=/home/dfwparty/dfwmagic.com/wp-includes" "Mozilla/5.0 AppleWebKit/537.36 (KHTML, like Gecko; compatible; GPTBot/1.4; +https://openai.com/gptbot)"
74.7.227.145 - - [16/Jul/2026:18:18:27 -0600] "GET /2026/07/16/kasyno-bez-weryfikacji-kyc-ktore-przeszo-moje-testy-matematyczne/?path=//opt/alt/php72/etc/php.d.all HTTP/2" 200 6516 "https://ajpartyfun.com/2026/07/16/kasyno-bez-weryfikacji-kyc-ktore-przeszo-moje-testy-matematyczne/?path=//opt/alt/php72/etc" "Mozilla/5.0 AppleWebKit/537.36 (KHTML, like Gecko; compatible; GPTBot/1.4; +https://openai.com/gptbot)"
74.7.242.45 - - [16/Jul/2026:18:18:27 -0600] "GET /?fileloc=/home/dfwparty/dfwmagic.com/wp-includes/speculative-loading.php&path=/home/dfwparty/dfwmagic.com/wp-includes HTTP/2" 200 5346 "https://www.ajpartyfun.com/?path=/home/dfwparty/dfwmagic.com/wp-includes" "Mozilla/5.0 AppleWebKit/537.36 (KHTML, like Gecko; compatible; GPTBot/1.4; +https://openai.com/gptbot)"
74.7.227.145 - - [16/Jul/2026:18:18:27 -0600] "GET /2026/07/16/kasyno-bez-weryfikacji-kyc-ktore-przeszo-moje-testy-matematyczne/?path=//opt/alt/php72/etc/php.d.i360 HTTP/2" 200 2845 "https://ajpartyfun.com/2026/07/16/kasyno-bez-weryfikacji-kyc-ktore-przeszo-moje-testy-matematyczne/?path=//opt/alt/php72/etc" "Mozilla/5.0 AppleWebKit/537.36 (KHTML, like Gecko; compatible; GPTBot/1.4; +https://openai.com/gptbot)"
74.7.242.45 - - [16/Jul/2026:18:18:28 -0600] "GET /?fileloc=/home/dfwparty/dfwmagic.com/wp-includes/class-wp-matchesmapregex.php&path=/home/dfwparty/dfwmagic.com/wp-includes HTTP/2" 200 3197 "https://www.ajpartyfun.com/?path=/home/dfwparty/dfwmagic.com/wp-includes" "Mozilla/5.0 AppleWebKit/537.36 (KHTML, like Gecko; compatible; GPTBot/1.4; +https://openai.com/gptbot)"
74.7.227.145 - - [16/Jul/2026:18:18:28 -0600] "GET /2026/07/16/kasyno-bez-weryfikacji-kyc-ktore-przeszo-moje-testy-matematyczne/?path=//opt/cpanel/ea-php71/root/etc HTTP/2" 200 2817 "https://ajpartyfun.com/2026/07/16/kasyno-bez-weryfikacji-kyc-ktore-przeszo-moje-testy-matematyczne/?path=//opt/cpanel/ea-php71/root" "Mozilla/5.0 AppleWebKit/537.36 (KHTML, like Gecko; compatible; GPTBot/1.4; +https://openai.com/gptbot)"
74.7.242.45 - - [16/Jul/2026:18:18:28 -0600] "GET /?fileloc=/home/dfwparty/dfwmagic.com/wp-includes/class-wp-plugin-dependencies.php&path=/home/dfwparty/dfwmagic.com/wp-includes HTTP/2" 200 8045 "https://www.ajpartyfun.com/?path=/home/dfwparty/dfwmagic.com/wp-includes" "Mozilla/5.0 AppleWebKit/537.36 (KHTML, like Gecko; compatible; GPTBot/1.4; +https://openai.com/gptbot)"
74.7.227.145 - - [16/Jul/2026:18:18:28 -0600] "GET /2026/07/16/kasyno-bez-weryfikacji-kyc-ktore-przeszo-moje-testy-matematyczne/?path=//opt/alt/php72/etc/pear HTTP/2" 200 2562 "https://ajpartyfun.com/2026/07/16/kasyno-bez-weryfikacji-kyc-ktore-przeszo-moje-testy-matematyczne/?path=//opt/alt/php72/etc" "Mozilla/5.0 AppleWebKit/537.36 (KHTML, like Gecko; compatible; GPTBot/1.4; +https://openai.com/gptbot)"
74.7.242.45 - - [16/Jul/2026:18:18:29 -0600] "GET /?fileloc=/home/dfwparty/dfwmagic.com/wp-includes/customize/class-wp-customize-header-image-setting.php&path=/home/dfwparty/dfwmagic.com/wp-includes/customize HTTP/2" 200 3319 "https://www.ajpartyfun.com/?path=/home/dfwparty/dfwmagic.com/wp-includes/customize" "Mozilla/5.0 AppleWebKit/537.36 (KHTML, like Gecko; compatible; GPTBot/1.4; +https://openai.com/gptbot)"
74.7.227.145 - - [16/Jul/2026:18:18:29 -0600] "GET /2026/07/16/kasyno-bez-weryfikacji-kyc-ktore-przeszo-moje-testy-matematyczne/?path=//opt/alt/php72/etc/percona5.6 HTTP/2" 200 2981 "https://ajpartyfun.com/2026/07/16/kasyno-bez-weryfikacji-kyc-ktore-przeszo-moje-testy-matematyczne/?path=//opt/alt/php72/etc" "Mozilla/5.0 AppleWebKit/537.36 (KHTML, like Gecko; compatible; GPTBot/1.4; +https://openai.com/gptbot)"
216.73.216.7 - - [16/Jul/2026:18:18:25 -0600] "GET /?path=%2F%2Fhome%2Fdfwparty%2Ftexasparty.marketing%2F.well-known%2Facme-challenge HTTP/2" 200 2578 "-" "Mozilla/5.0 AppleWebKit/537.36 (KHTML, like Gecko; compatible; ClaudeBot/1.0; +claudebot@anthropic.com)"
216.73.216.7 - - [16/Jul/2026:18:18:25 -0600] "GET /?fileloc=%2Fhome%2Fdfwparty%2Ftmp%2Fanalog%2Fdfwfacepainting.com.dfw.party%2Ftype.png&path=%2Fhome%2Fdfwparty%2Ftmp%2Fanalog%2Fdfwfacepainting.com.dfw.party HTTP/2" 200 5178 "-" "Mozilla/5.0 AppleWebKit/537.36 (KHTML, like Gecko; compatible; ClaudeBot/1.0; +claudebot@anthropic.com)"
216.73.216.7 - - [16/Jul/2026:18:18:25 -0600] "GET /?fileloc=%2Fhome%2Fdfwparty%2Fbizcoach.biz%2Fwp-admin%2Fcss%2Fadmin-menu.css&path=%2Fhome%2Fdfwparty%2Fbizcoach.biz%2Fwp-admin%2Fcss HTTP/2" 200 6315 "-" "Mozilla/5.0 AppleWebKit/537.36 (KHTML, like Gecko; compatible; ClaudeBot/1.0; +claudebot@anthropic.com)"
216.73.216.7 - - [16/Jul/2026:18:18:29 -0600] "GET /?fileloc=%2Fhome%2Fdfwparty%2Ftmp%2Fanalog%2Flifecoachforum.net.dfw.party%2F4.html&path=%2Fhome%2Fdfwparty%2Ftmp%2Fanalog%2Flifecoachforum.net.dfw.party HTTP/2" 200 10720 "-" "Mozilla/5.0 AppleWebKit/537.36 (KHTML, like Gecko; compatible; ClaudeBot/1.0; +claudebot@anthropic.com)"
216.73.216.7 - - [16/Jul/2026:18:18:30 -0600] "GET /?fileloc=%2Fhome%2Fdfwparty%2Fmail%2Fjohnfitemarketing.com%2Fjohn%2F.Trash%2Fdovecot.index.log&path=%2Fhome%2Fdfwparty%2Fmail%2Fjohnfitemarketing.com%2Fjohn%2F.Trash HTTP/2" 200 2565 "-" "Mozilla/5.0 AppleWebKit/537.36 (KHTML, like Gecko; compatible; ClaudeBot/1.0; +claudebot@anthropic.com)"
216.73.216.7 - - [16/Jul/2026:18:18:30 -0600] "GET /?fileloc=%2Fhome%2Fdfwparty%2Ftmp%2Fanalog%2Fdfwkids.fun.dfw.party%2Fbrowsum.png&path=%2Fhome%2Fdfwparty%2Ftmp%2Fanalog%2Fdfwkids.fun.dfw.party HTTP/2" 200 5359 "-" "Mozilla/5.0 AppleWebKit/537.36 (KHTML, like Gecko; compatible; ClaudeBot/1.0; +claudebot@anthropic.com)"
216.73.216.7 - - [16/Jul/2026:18:18:30 -0600] "GET /?fileloc=%2F%2Flib%2F.build-id%2F5c%2F4c21d35c48db92cecc31859a19fac8e9b7290d&path=%2F%2Flib%2F.build-id%2F5c HTTP/2" 200 5919 "-" "Mozilla/5.0 AppleWebKit/537.36 (KHTML, like Gecko; compatible; ClaudeBot/1.0; +claudebot@anthropic.com)"
216.73.216.7 - - [16/Jul/2026:18:18:30 -0600] "GET /?fileloc=%2F%2Flib%2F.build-id%2F6a%2F78b5eff75a662b5cad4bd0606ba8b69fda4be7&path=%2F%2Flib%2F.build-id%2F6a HTTP/2" 200 173530 "-" "Mozilla/5.0 AppleWebKit/537.36 (KHTML, like Gecko; compatible; ClaudeBot/1.0; +claudebot@anthropic.com)"
216.73.216.7 - - [16/Jul/2026:18:18:30 -0600] "GET /?fileloc=%2F%2Flib%2F.build-id%2F31%2Fffe5da1ae79a6bd14e7958c0cc5df0f0c335f5&path=%2F%2Flib%2F.build-id%2F31 HTTP/2" 200 32824 "-" "Mozilla/5.0 AppleWebKit/537.36 (KHTML, like Gecko; compatible; ClaudeBot/1.0; +claudebot@anthropic.com)"
216.73.216.7 - - [16/Jul/2026:18:18:31 -0600] "GET /?fileloc=%2Fhome%2Fdfwparty%2Ftmp%2Fanalog%2Fkidspartyconnection.com.dfw.party%2F9.html&path=%2Fhome%2Fdfwparty%2Ftmp%2Fanalog%2Fkidspartyconnection.com.dfw.party HTTP/2" 200 8854 "-" "Mozilla/5.0 AppleWebKit/537.36 (KHTML, like Gecko; compatible; ClaudeBot/1.0; +claudebot@anthropic.com)"
216.73.216.7 - - [16/Jul/2026:18:18:31 -0600] "GET /?fileloc=%2Fhome%2Fdfwparty%2Fcrazybubba.com%2Fwp-includes%2Fimages%2Fsmilies%2Ficon_mrgreen.gif&path=%2Fhome%2Fdfwparty%2Fcrazybubba.com%2Fwp-includes%2Fimages%2Fsmilies HTTP/2" 200 2840 "-" "Mozilla/5.0 AppleWebKit/537.36 (KHTML, like Gecko; compatible; ClaudeBot/1.0; +claudebot@anthropic.com)"
216.73.216.7 - - [16/Jul/2026:18:18:31 -0600] "GET /?fileloc=%2F%2Fhome%2Fdfwparty%2F.cpcpan%2Fpingtimes%2Fwww.cpan.org&path=%2F%2Fhome%2Fdfwparty%2F.cpcpan%2Fpingtimes HTTP/2" 200 2511 "-" "Mozilla/5.0 AppleWebKit/537.36 (KHTML, like Gecko; compatible; ClaudeBot/1.0; +claudebot@anthropic.com)"
74.7.242.45 - - [16/Jul/2026:18:18:29 -0600] "GET /?fileloc=/home/dfwparty/dfwmagic.com/wp-includes/customize/class-wp-customize-nav-menu-section.php&path=/home/dfwparty/dfwmagic.com/wp-includes/customize HTTP/2" 200 2877 "https://www.ajpartyfun.com/?path=/home/dfwparty/dfwmagic.com/wp-includes/customize" "Mozilla/5.0 AppleWebKit/537.36 (KHTML, like Gecko; compatible; GPTBot/1.4; +https://openai.com/gptbot)"
74.7.227.145 - - [16/Jul/2026:18:18:29 -0600] "GET /2026/07/16/kasyno-bez-weryfikacji-kyc-ktore-przeszo-moje-testy-matematyczne/?path=//opt/alt/alt-nodejs16/root/media HTTP/2" 200 2570 "https://ajpartyfun.com/2026/07/16/kasyno-bez-weryfikacji-kyc-ktore-przeszo-moje-testy-matematyczne/?path=//opt/alt/alt-nodejs16/root" "Mozilla/5.0 AppleWebKit/537.36 (KHTML, like Gecko; compatible; GPTBot/1.4; +https://openai.com/gptbot)"
74.7.242.45 - - [16/Jul/2026:18:18:30 -0600] "GET /?fileloc=/home/dfwparty/dfwmagic.com/wp-includes/customize/class-wp-customize-header-image-control.php&path=/home/dfwparty/dfwmagic.com/wp-includes/customize HTTP/2" 200 4846 "https://www.ajpartyfun.com/?path=/home/dfwparty/dfwmagic.com/wp-includes/customize" "Mozilla/5.0 AppleWebKit/537.36 (KHTML, like Gecko; compatible; GPTBot/1.4; +https://openai.com/gptbot)"
74.7.227.145 - - [16/Jul/2026:18:18:30 -0600] "GET /2026/07/16/kasyno-bez-weryfikacji-kyc-ktore-przeszo-moje-testy-matematyczne/?path=//opt/alt/alt-nodejs16/root/bin HTTP/2" 200 3273 "https://ajpartyfun.com/2026/07/16/kasyno-bez-weryfikacji-kyc-ktore-przeszo-moje-testy-matematyczne/?path=//opt/alt/alt-nodejs16/root" "Mozilla/5.0 AppleWebKit/537.36 (KHTML, like Gecko; compatible; GPTBot/1.4; +https://openai.com/gptbot)"
74.7.242.45 - - [16/Jul/2026:18:18:30 -0600] "GET /?fileloc=/home/dfwparty/dfwmagic.com/wp-includes/customize/class-wp-customize-nav-menu-location-control.php&path=/home/dfwparty/dfwmagic.com/wp-includes/customize HTTP/2" 200 3375 "https://www.ajpartyfun.com/?path=/home/dfwparty/dfwmagic.com/wp-includes/customize" "Mozilla/5.0 AppleWebKit/537.36 (KHTML, like Gecko; compatible; GPTBot/1.4; +https://openai.com/gptbot)"
74.7.227.145 - - [16/Jul/2026:18:18:31 -0600] "GET /2026/07/16/kasyno-bez-weryfikacji-kyc-ktore-przeszo-moje-testy-matematyczne/?path=//opt/alt/alt-nodejs16/root/mnt HTTP/2" 200 2574 "https://ajpartyfun.com/2026/07/16/kasyno-bez-weryfikacji-kyc-ktore-przeszo-moje-testy-matematyczne/?path=//opt/alt/alt-nodejs16/root" "Mozilla/5.0 AppleWebKit/537.36 (KHTML, like Gecko; compatible; GPTBot/1.4; +https://openai.com/gptbot)"
74.7.242.45 - - [16/Jul/2026:18:18:31 -0600] "GET /?fileloc=/home/dfwparty/dfwmagic.com/wp-includes/customize/class-wp-customize-nav-menu-locations-control.php&path=/home/dfwparty/dfwmagic.com/wp-includes/customize HTTP/2" 200 3700 "https://www.ajpartyfun.com/?path=/home/dfwparty/dfwmagic.com/wp-includes/customize" "Mozilla/5.0 AppleWebKit/537.36 (KHTML, like Gecko; compatible; GPTBot/1.4; +https://openai.com/gptbot)"
74.7.227.145 - - [16/Jul/2026:18:18:31 -0600] "GET /2026/07/16/kasyno-bez-weryfikacji-kyc-ktore-przeszo-moje-testy-matematyczne/?path=//opt/alt/alt-nodejs16/root/var HTTP/2" 200 3228 "https://ajpartyfun.com/2026/07/16/kasyno-bez-weryfikacji-kyc-ktore-przeszo-moje-testy-matematyczne/?path=//opt/alt/alt-nodejs16/root" "Mozilla/5.0 AppleWebKit/537.36 (KHTML, like Gecko; compatible; GPTBot/1.4; +https://openai.com/gptbot)"
74.7.242.45 - - [16/Jul/2026:18:18:32 -0600] "GET /?fileloc=/home/dfwparty/dfwmagic.com/wp-includes/customize/class-wp-customize-nav-menus-panel.php&path=/home/dfwparty/dfwmagic.com/wp-includes/customize HTTP/2" 200 3758 "https://www.ajpartyfun.com/?path=/home/dfwparty/dfwmagic.com/wp-includes/customize" "Mozilla/5.0 AppleWebKit/537.36 (KHTML, like Gecko; compatible; GPTBot/1.4; +https://openai.com/gptbot)"
74.7.227.145 - - [16/Jul/2026:18:18:32 -0600] "GET /2026/07/16/kasyno-bez-weryfikacji-kyc-ktore-przeszo-moje-testy-matematyczne/?path=//opt/alt/php72/etc/newrelic HTTP/2" 200 2834 "https://ajpartyfun.com/2026/07/16/kasyno-bez-weryfikacji-kyc-ktore-przeszo-moje-testy-matematyczne/?path=//opt/alt/php72/etc" "Mozilla/5.0 AppleWebKit/537.36 (KHTML, like Gecko; compatible; GPTBot/1.4; +https://openai.com/gptbot)"
74.7.227.145 - - [16/Jul/2026:18:18:32 -0600] "GET /2026/07/16/kasyno-bez-weryfikacji-kyc-ktore-przeszo-moje-testy-matematyczne/?path=//opt/alt/alt-nodejs16/root/tmp HTTP/2" 200 2566 "https://ajpartyfun.com/2026/07/16/kasyno-bez-weryfikacji-kyc-ktore-przeszo-moje-testy-matematyczne/?path=//opt/alt/alt-nodejs16/root" "Mozilla/5.0 AppleWebKit/537.36 (KHTML, like Gecko; compatible; GPTBot/1.4; +https://openai.com/gptbot)"
74.7.242.45 - - [16/Jul/2026:18:18:32 -0600] "GET /?fileloc=/home/dfwparty/dfwmagic.com/wp-includes/customize/class-wp-customize-color-control.php&path=/home/dfwparty/dfwmagic.com/wp-includes/customize HTTP/2" 200 3690 "https://www.ajpartyfun.com/?path=/home/dfwparty/dfwmagic.com/wp-includes/customize" "Mozilla/5.0 AppleWebKit/537.36 (KHTML, like Gecko; compatible; GPTBot/1.4; +https://openai.com/gptbot)"
74.7.242.45 - - [16/Jul/2026:18:18:33 -0600] "GET /?fileloc=/home/dfwparty/dfwmagic.com/wp-includes/customize/class-wp-customize-nav-menu-auto-add-control.php&path=/home/dfwparty/dfwmagic.com/wp-includes/customize HTTP/2" 200 3055 "https://www.ajpartyfun.com/?path=/home/dfwparty/dfwmagic.com/wp-includes/customize" "Mozilla/5.0 AppleWebKit/537.36 (KHTML, like Gecko; compatible; GPTBot/1.4; +https://openai.com/gptbot)"
74.7.227.145 - - [16/Jul/2026:18:18:33 -0600] "GET /2026/07/16/kasyno-bez-weryfikacji-kyc-ktore-przeszo-moje-testy-matematyczne/?fileloc=//opt/alt/php82/etc/php.d.all/pgsql.ini&path=//opt/alt/php82/etc/php.d.all HTTP/2" 200 2550 "https://ajpartyfun.com/2026/07/16/kasyno-bez-weryfikacji-kyc-ktore-przeszo-moje-testy-matematyczne/?path=//opt/alt/php82/etc/php.d.all" "Mozilla/5.0 AppleWebKit/537.36 (KHTML, like Gecko; compatible; GPTBot/1.4; +https://openai.com/gptbot)"
74.7.242.45 - - [16/Jul/2026:18:18:33 -0600] "GET /?fileloc=/home/dfwparty/dfwmagic.com/wp-includes/customize/class-wp-customize-upload-control.php&path=/home/dfwparty/dfwmagic.com/wp-includes/customize HTTP/2" 200 2995 "https://www.ajpartyfun.com/?path=/home/dfwparty/dfwmagic.com/wp-includes/customize" "Mozilla/5.0 AppleWebKit/537.36 (KHTML, like Gecko; compatible; GPTBot/1.4; +https://openai.com/gptbot)"
74.7.227.145 - - [16/Jul/2026:18:18:33 -0600] "GET /2026/07/16/kasyno-bez-weryfikacji-kyc-ktore-przeszo-moje-testy-matematyczne/?fileloc=//opt/alt/php82/etc/php.d.all/gmagick.ini&path=//opt/alt/php82/etc/php.d.all HTTP/2" 200 2549 "https://ajpartyfun.com/2026/07/16/kasyno-bez-weryfikacji-kyc-ktore-przeszo-moje-testy-matematyczne/?path=//opt/alt/php82/etc/php.d.all" "Mozilla/5.0 AppleWebKit/537.36 (KHTML, like Gecko; compatible; GPTBot/1.4; +https://openai.com/gptbot)"
74.7.242.45 - - [16/Jul/2026:18:18:34 -0600] "GET /?fileloc=/home/dfwparty/dfwmagic.com/wp-includes/customize/class-wp-customize-new-menu-control.php&path=/home/dfwparty/dfwmagic.com/wp-includes/customize HTTP/2" 200 3174 "https://www.ajpartyfun.com/?path=/home/dfwparty/dfwmagic.com/wp-includes/customize" "Mozilla/5.0 AppleWebKit/537.36 (KHTML, like Gecko; compatible; GPTBot/1.4; +https://openai.com/gptbot)"
74.7.227.145 - - [16/Jul/2026:18:18:34 -0600] "GET /2026/07/16/kasyno-bez-weryfikacji-kyc-ktore-przeszo-moje-testy-matematyczne/?fileloc=//opt/cpanel/ea-openssl11/etc/pki/tls/certs/node612.namehero.net.crt&path=//opt/cpanel/ea-openssl11/etc/pki/tls/certs HTTP/2" 200 3575 "https://ajpartyfun.com/2026/07/16/kasyno-bez-weryfikacji-kyc-ktore-przeszo-moje-testy-matematyczne/?path=//opt/cpanel/ea-openssl11/etc/pki/tls/certs" "Mozilla/5.0 AppleWebKit/537.36 (KHTML, like Gecko; compatible; GPTBot/1.4; +https://openai.com/gptbot)"
216.73.216.7 - - [16/Jul/2026:18:18:29 -0600] "GET /?fileloc=%2Fhome%2Fdfwparty%2Ftmp%2Fanalog%2Fkidspartyconnection.com.dfw.party%2Fcache&path=%2Fhome%2Fdfwparty%2Ftmp%2Fanalog%2Fkidspartyconnection.com.dfw.party HTTP/2" 200 52128 "-" "Mozilla/5.0 AppleWebKit/537.36 (KHTML, like Gecko; compatible; ClaudeBot/1.0; +claudebot@anthropic.com)"
216.73.216.7 - - [16/Jul/2026:18:18:29 -0600] "GET /?fileloc=%2Fhome%2Fdfwparty%2Ftmp%2Fanalog%2Fpodcast.forum.dfw.party%2F3.html&path=%2Fhome%2Fdfwparty%2Ftmp%2Fanalog%2Fpodcast.forum.dfw.party HTTP/2" 200 10880 "-" "Mozilla/5.0 AppleWebKit/537.36 (KHTML, like Gecko; compatible; ClaudeBot/1.0; +claudebot@anthropic.com)"
216.73.216.7 - - [16/Jul/2026:18:18:30 -0600] "GET /?fileloc=%2Fhome%2Fdfwparty%2Fmail%2Flosingweight.coach%2Fjohn%2Fdovecot.mailbox.log&path=%2Fhome%2Fdfwparty%2Fmail%2Flosingweight.coach%2Fjohn HTTP/2" 200 2564 "-" "Mozilla/5.0 AppleWebKit/537.36 (KHTML, like Gecko; compatible; ClaudeBot/1.0; +claudebot@anthropic.com)"
216.73.216.7 - - [16/Jul/2026:18:18:29 -0600] "GET /?fileloc=%2F%2Flib%2F.build-id%2F96%2Fcbfaf7fd0ee26de99d9a58f059b30b73e64f86&path=%2F%2Flib%2F.build-id%2F96 HTTP/2" 200 10000 "-" "Mozilla/5.0 AppleWebKit/537.36 (KHTML, like Gecko; compatible; ClaudeBot/1.0; +claudebot@anthropic.com)"
216.73.216.7 - - [16/Jul/2026:18:18:32 -0600] "GET /?fileloc=%2F%2Flib%2F.build-id%2F93%2F82962c0c77baeb5957f222fdc30caa7646da4d&path=%2F%2Flib%2F.build-id%2F93 HTTP/2" 200 36979 "-" "Mozilla/5.0 AppleWebKit/537.36 (KHTML, like Gecko; compatible; ClaudeBot/1.0; +claudebot@anthropic.com)"
216.73.216.7 - - [16/Jul/2026:18:18:32 -0600] "GET /?fileloc=%2Fhome%2Fdfwparty%2Fmail%2Fdfwblogger.com%2Fjohn%2F.Trash%2Fdovecot-uidlist&path=%2Fhome%2Fdfwparty%2Fmail%2Fdfwblogger.com%2Fjohn%2F.Trash HTTP/2" 200 2573 "-" "Mozilla/5.0 AppleWebKit/537.36 (KHTML, like Gecko; compatible; ClaudeBot/1.0; +claudebot@anthropic.com)"
216.73.216.7 - - [16/Jul/2026:18:18:30 -0600] "GET /?fileloc=%2Fhome%2Fdfwparty%2Fbizcoach.biz%2Fwp-admin%2Fincludes%2Fclass-wp-internal-pointers.php&path=%2Fhome%2Fdfwparty%2Fbizcoach.biz%2Fwp-admin%2Fincludes HTTP/2" 200 4153 "-" "Mozilla/5.0 AppleWebKit/537.36 (KHTML, like Gecko; compatible; ClaudeBot/1.0; +claudebot@anthropic.com)"
216.73.216.7 - - [16/Jul/2026:18:18:32 -0600] "GET /?fileloc=%2Fhome%2Fdfwparty%2Fssl%2Fkeys%2Fb94b9_9021f_e56d98041543260f8d39cd03f2cdbd68.key&path=%2Fhome%2Fdfwparty%2Fssl%2Fkeys HTTP/2" 200 3846 "-" "Mozilla/5.0 AppleWebKit/537.36 (KHTML, like Gecko; compatible; ClaudeBot/1.0; +claudebot@anthropic.com)"
216.73.216.7 - - [16/Jul/2026:18:18:32 -0600] "GET /?fileloc=%2Fhome%2Fdfwparty%2Fcrazybubba.com%2Fwp-includes%2Fimages%2Fsmilies%2Ficon_razz.gif&path=%2Fhome%2Fdfwparty%2Fcrazybubba.com%2Fwp-includes%2Fimages%2Fsmilies HTTP/2" 200 2700 "-" "Mozilla/5.0 AppleWebKit/537.36 (KHTML, like Gecko; compatible; ClaudeBot/1.0; +claudebot@anthropic.com)"
216.73.216.7 - - [16/Jul/2026:18:18:32 -0600] "GET /?fileloc=%2Fhome%2Fdfwparty%2Fajpartyfun.com%2Fwp-includes%2Fbuild%2Froutes%2Ffont-list%2Fcontent.js&path=%2Fhome%2Fdfwparty%2Fajpartyfun.com%2Fwp-includes%2Fbuild%2Froutes%2Ffont-list HTTP/2" 200 148877 "-" "Mozilla/5.0 AppleWebKit/537.36 (KHTML, like Gecko; compatible; ClaudeBot/1.0; +claudebot@anthropic.com)"
216.73.216.7 - - [16/Jul/2026:18:18:32 -0600] "GET /?fileloc=%2F%2Flib%2F.build-id%2F81%2F7261f2b414a14e234814fc33d9d6b5df63e8c9&path=%2F%2Flib%2F.build-id%2F81 HTTP/2" 200 27388 "-" "Mozilla/5.0 AppleWebKit/537.36 (KHTML, like Gecko; compatible; ClaudeBot/1.0; +claudebot@anthropic.com)"
216.73.216.7 - - [16/Jul/2026:18:18:33 -0600] "GET /?fileloc=%2F%2Flib%2F.build-id%2F93%2F063a4298d55fd42fe26a5d8fb402c514dda6f1&path=%2F%2Flib%2F.build-id%2F93 HTTP/2" 200 2529 "-" "Mozilla/5.0 AppleWebKit/537.36 (KHTML, like Gecko; compatible; ClaudeBot/1.0; +claudebot@anthropic.com)"
74.7.242.45 - - [16/Jul/2026:18:18:34 -0600] "GET /?fileloc=/home/dfwparty/dfwmagic.com/wp-includes/customize/class-wp-widget-area-customize-control.php&path=/home/dfwparty/dfwmagic.com/wp-includes/customize HTTP/2" 200 3258 "https://www.ajpartyfun.com/?path=/home/dfwparty/dfwmagic.com/wp-includes/customize" "Mozilla/5.0 AppleWebKit/537.36 (KHTML, like Gecko; compatible; GPTBot/1.4; +https://openai.com/gptbot)"
74.7.227.145 - - [16/Jul/2026:18:18:34 -0600] "GET /2026/07/16/kasyno-bez-weryfikacji-kyc-ktore-przeszo-moje-testy-matematyczne/?path=//opt/cpanel/ea-php72/root/etc/php.d HTTP/2" 200 2850 "https://ajpartyfun.com/2026/07/16/kasyno-bez-weryfikacji-kyc-ktore-przeszo-moje-testy-matematyczne/?path=//opt/cpanel/ea-php72/root/etc" "Mozilla/5.0 AppleWebKit/537.36 (KHTML, like Gecko; compatible; GPTBot/1.4; +https://openai.com/gptbot)"
181.214.85.72 - - [16/Jul/2026:18:18:34 -0600] "GET /?shop%2Fsold%3Fid=top14049214401100 HTTP/2" 200 4008 "-" "Mozilla/5.0 (Macintosh; Intel Mac OS X 10_15_7) AppleWebKit/537.36 (KHTML, like Gecko) Chrome/142.0.0.0 Safari/537.36"
74.7.242.45 - - [16/Jul/2026:18:18:35 -0600] "GET /?fileloc=/home/dfwparty/dfwmagic.com/wp-includes/customize/class-wp-customize-new-menu-section.php&path=/home/dfwparty/dfwmagic.com/wp-includes/customize HTTP/2" 200 3216 "https://www.ajpartyfun.com/?path=/home/dfwparty/dfwmagic.com/wp-includes/customize" "Mozilla/5.0 AppleWebKit/537.36 (KHTML, like Gecko; compatible; GPTBot/1.4; +https://openai.com/gptbot)"
74.7.227.145 - - [16/Jul/2026:18:18:35 -0600] "GET /2026/07/16/kasyno-bez-weryfikacji-kyc-ktore-przeszo-moje-testy-matematyczne/?path=//opt/alt/alt-nodejs16/root/lib HTTP/2" 200 2865 "https://ajpartyfun.com/2026/07/16/kasyno-bez-weryfikacji-kyc-ktore-przeszo-moje-testy-matematyczne/?path=//opt/alt/alt-nodejs16/root" "Mozilla/5.0 AppleWebKit/537.36 (KHTML, like Gecko; compatible; GPTBot/1.4; +https://openai.com/gptbot)"
74.7.242.45 - - [16/Jul/2026:18:18:35 -0600] "GET /?fileloc=/home/dfwparty/dfwmagic.com/wp-includes/customize/class-wp-customize-themes-section.php&path=/home/dfwparty/dfwmagic.com/wp-includes/customize HTTP/2" 200 4707 "https://www.ajpartyfun.com/?path=/home/dfwparty/dfwmagic.com/wp-includes/customize" "Mozilla/5.0 AppleWebKit/537.36 (KHTML, like Gecko; compatible; GPTBot/1.4; +https://openai.com/gptbot)"
74.7.227.145 - - [16/Jul/2026:18:18:35 -0600] "GET /2026/07/16/kasyno-bez-weryfikacji-kyc-ktore-przeszo-moje-testy-matematyczne/?path=//proc/self/root/proc/irq/87/virtio1-output.5 HTTP/2" 200 2600 "https://ajpartyfun.com/2026/07/16/kasyno-bez-weryfikacji-kyc-ktore-przeszo-moje-testy-matematyczne/?path=//proc/self/root/proc/irq/87" "Mozilla/5.0 AppleWebKit/537.36 (KHTML, like Gecko; compatible; GPTBot/1.4; +https://openai.com/gptbot)"
74.7.242.45 - - [16/Jul/2026:18:18:36 -0600] "GET /?fileloc=/home/dfwparty/dfwmagic.com/wp-includes/customize/class-wp-customize-themes-panel.php&path=/home/dfwparty/dfwmagic.com/wp-includes/customize HTTP/2" 200 3760 "https://www.ajpartyfun.com/?path=/home/dfwparty/dfwmagic.com/wp-includes/customize" "Mozilla/5.0 AppleWebKit/537.36 (KHTML, like Gecko; compatible; GPTBot/1.4; +https://openai.com/gptbot)"
74.7.227.145 - - [16/Jul/2026:18:18:36 -0600] "GET /2026/07/16/kasyno-bez-weryfikacji-kyc-ktore-przeszo-moje-testy-matematyczne/?path=//opt/cpanel/ea-ruby27/root HTTP/2" 200 3266 "https://ajpartyfun.com/2026/07/16/kasyno-bez-weryfikacji-kyc-ktore-przeszo-moje-testy-matematyczne/?path=//opt/cpanel/ea-ruby27" "Mozilla/5.0 AppleWebKit/537.36 (KHTML, like Gecko; compatible; GPTBot/1.4; +https://openai.com/gptbot)"
74.7.242.45 - - [16/Jul/2026:18:18:36 -0600] "GET /?fileloc=/home/dfwparty/dfwmagic.com/wp-includes/customize/class-wp-customize-code-editor-control.php&path=/home/dfwparty/dfwmagic.com/wp-includes/customize HTTP/2" 200 3398 "https://www.ajpartyfun.com/?path=/home/dfwparty/dfwmagic.com/wp-includes/customize" "Mozilla/5.0 AppleWebKit/537.36 (KHTML, like Gecko; compatible; GPTBot/1.4; +https://openai.com/gptbot)"
216.73.216.7 - - [16/Jul/2026:18:18:33 -0600] "GET /?fileloc=%2Fhome%2Fdfwparty%2Ftmp%2Fanalog%2Fmasterofcreep.net.dfw.party%2Ftype.png&path=%2Fhome%2Fdfwparty%2Ftmp%2Fanalog%2Fmasterofcreep.net.dfw.party HTTP/2" 200 5126 "-" "Mozilla/5.0 AppleWebKit/537.36 (KHTML, like Gecko; compatible; ClaudeBot/1.0; +claudebot@anthropic.com)"
216.73.216.7 - - [16/Jul/2026:18:18:33 -0600] "GET /?fileloc=%2F%2Flib%2F.build-id%2Fcd%2Ffc30a16d306eb77907971bf2927486114ab6ce&path=%2F%2Flib%2F.build-id%2Fcd HTTP/2" 200 7054 "-" "Mozilla/5.0 AppleWebKit/537.36 (KHTML, like Gecko; compatible; ClaudeBot/1.0; +claudebot@anthropic.com)"
216.73.216.7 - - [16/Jul/2026:18:18:33 -0600] "GET /?fileloc=%2Fhome%2Fdfwparty%2Fmail%2F.candy%40candytheclown_com%2Fdovecot.mailbox.log&path=%2Fhome%2Fdfwparty%2Fmail%2F.candy%40candytheclown_com HTTP/2" 200 2562 "-" "Mozilla/5.0 AppleWebKit/537.36 (KHTML, like Gecko; compatible; ClaudeBot/1.0; +claudebot@anthropic.com)"
216.73.216.7 - - [16/Jul/2026:18:18:26 -0600] "GET /?fileloc=%2Fhome%2Fdfwparty%2Fdfwblogger.com%2Fwp-includes%2Ffonts%2Fdashicons.svg&path=%2Fhome%2Fdfwparty%2Fdfwblogger.com%2Fwp-includes%2Ffonts HTTP/2" 200 0 "-" "Mozilla/5.0 AppleWebKit/537.36 (KHTML, like Gecko; compatible; ClaudeBot/1.0; +claudebot@anthropic.com)"
216.73.216.7 - - [16/Jul/2026:18:18:26 -0600] "GET /?fileloc=%2F%2Fvar%2Fsoftaculous%2Fchurchcrm%2Ffileindex.php&path=%2F%2Fvar%2Fsoftaculous%2Fchurchcrm HTTP/2" 200 0 "-" "Mozilla/5.0 AppleWebKit/537.36 (KHTML, like Gecko; compatible; ClaudeBot/1.0; +claudebot@anthropic.com)"
216.73.216.7 - - [16/Jul/2026:18:18:26 -0600] "GET /?fileloc=%2Fhome%2Fdfwparty%2Fwww%2Fwp-admin%2Fimages%2Fbrowser.png&path=%2Fhome%2Fdfwparty%2Fwww%2Fwp-admin%2Fimages HTTP/2" 200 0 "-" "Mozilla/5.0 AppleWebKit/537.36 (KHTML, like Gecko; compatible; ClaudeBot/1.0; +claudebot@anthropic.com)"
216.73.216.7 - - [16/Jul/2026:18:18:36 -0600] "GET /?fileloc=%2Fhome%2Fdfwparty%2Ftmp%2Fanalog%2Flearnhowtodomagic.dfw.party%2Fdir.png&path=%2Fhome%2Fdfwparty%2Ftmp%2Fanalog%2Flearnhowtodomagic.dfw.party HTTP/2" 200 5013 "-" "Mozilla/5.0 AppleWebKit/537.36 (KHTML, like Gecko; compatible; ClaudeBot/1.0; +claudebot@anthropic.com)"
216.73.216.7 - - [16/Jul/2026:18:18:26 -0600] "GET /?fileloc=%2F%2Fvar%2Fsoftaculous%2Fx2%2Fchangelog.txt&path=%2F%2Fvar%2Fsoftaculous%2Fx2 HTTP/2" 200 0 "-" "Mozilla/5.0 AppleWebKit/537.36 (KHTML, like Gecko; compatible; ClaudeBot/1.0; +claudebot@anthropic.com)"
216.73.216.7 - - [16/Jul/2026:18:18:36 -0600] "GET /?fileloc=%2Fhome%2Fdfwparty%2Fcrazybubba.com%2Fwp-includes%2Fimages%2Fsmilies%2Ficon_exclaim.gif&path=%2Fhome%2Fdfwparty%2Fcrazybubba.com%2Fwp-includes%2Fimages%2Fsmilies HTTP/2" 200 2802 "-" "Mozilla/5.0 AppleWebKit/537.36 (KHTML, like Gecko; compatible; ClaudeBot/1.0; +claudebot@anthropic.com)"
216.73.216.7 - - [16/Jul/2026:18:18:36 -0600] "GET /?fileloc=%2Fhome%2Fdfwparty%2Fcrazybubba.com%2Fwp-includes%2Fimages%2Fsmilies%2Fsimple-smile.png&path=%2Fhome%2Fdfwparty%2Fcrazybubba.com%2Fwp-includes%2Fimages%2Fsmilies HTTP/2" 200 3504 "-" "Mozilla/5.0 AppleWebKit/537.36 (KHTML, like Gecko; compatible; ClaudeBot/1.0; +claudebot@anthropic.com)"
216.73.216.7 - - [16/Jul/2026:18:18:36 -0600] "GET /?fileloc=%2F%2Flib%2F.build-id%2Fda%2Fb99310285610286f0b9886e09def1de3097a47&path=%2F%2Flib%2F.build-id%2Fda HTTP/2" 200 20089 "-" "Mozilla/5.0 AppleWebKit/537.36 (KHTML, like Gecko; compatible; ClaudeBot/1.0; +claudebot@anthropic.com)"
216.73.216.7 - - [16/Jul/2026:18:18:36 -0600] "GET /?fileloc=%2Fhome%2Fdfwparty%2Ftmp%2Fanalog%2Fdfw.pics.dfw.party%2Ftype.png&path=%2Fhome%2Fdfwparty%2Ftmp%2Fanalog%2Fdfw.pics.dfw.party HTTP/2" 200 5278 "-" "Mozilla/5.0 AppleWebKit/537.36 (KHTML, like Gecko; compatible; ClaudeBot/1.0; +claudebot@anthropic.com)"
216.73.216.7 - - [16/Jul/2026:18:18:37 -0600] "GET /?path=%2Fhome%2Fdfwparty%2Fmembers.bizcoach.biz%2Fwp-content%2Fbackuply%2Fbackups_info-zW1mHM HTTP/2" 200 2901 "-" "Mozilla/5.0 AppleWebKit/537.36 (KHTML, like Gecko; compatible; ClaudeBot/1.0; +claudebot@anthropic.com)"
74.7.227.145 - - [16/Jul/2026:18:18:36 -0600] "GET /2026/07/16/kasyno-bez-weryfikacji-kyc-ktore-przeszo-moje-testy-matematyczne/?path=//opt/alt/alt-nodejs16/root/proc HTTP/2" 200 2575 "https://ajpartyfun.com/2026/07/16/kasyno-bez-weryfikacji-kyc-ktore-przeszo-moje-testy-matematyczne/?path=//opt/alt/alt-nodejs16/root" "Mozilla/5.0 AppleWebKit/537.36 (KHTML, like Gecko; compatible; GPTBot/1.4; +https://openai.com/gptbot)"
74.7.242.45 - - [16/Jul/2026:18:18:37 -0600] "GET /?fileloc=/home/dfwparty/dfwmagic.com/wp-includes/customize/class-wp-customize-date-time-control.php&path=/home/dfwparty/dfwmagic.com/wp-includes/customize HTTP/2" 200 5451 "https://www.ajpartyfun.com/?path=/home/dfwparty/dfwmagic.com/wp-includes/customize" "Mozilla/5.0 AppleWebKit/537.36 (KHTML, like Gecko; compatible; GPTBot/1.4; +https://openai.com/gptbot)"
74.7.227.145 - - [16/Jul/2026:18:18:37 -0600] "GET /2026/07/16/kasyno-bez-weryfikacji-kyc-ktore-przeszo-moje-testy-matematyczne/?path=//opt/alt/alt-nodejs16/root/sbin HTTP/2" 200 3056 "https://ajpartyfun.com/2026/07/16/kasyno-bez-weryfikacji-kyc-ktore-przeszo-moje-testy-matematyczne/?path=//opt/alt/alt-nodejs16/root" "Mozilla/5.0 AppleWebKit/537.36 (KHTML, like Gecko; compatible; GPTBot/1.4; +https://openai.com/gptbot)"
74.7.242.45 - - [16/Jul/2026:18:18:37 -0600] "GET /?fileloc=/home/dfwparty/dfwmagic.com/wp-includes/customize/class-wp-customize-site-icon-control.php&path=/home/dfwparty/dfwmagic.com/wp-includes/customize HTTP/2" 200 4084 "https://www.ajpartyfun.com/?path=/home/dfwparty/dfwmagic.com/wp-includes/customize" "Mozilla/5.0 AppleWebKit/537.36 (KHTML, like Gecko; compatible; GPTBot/1.4; +https://openai.com/gptbot)"
74.7.227.145 - - [16/Jul/2026:18:18:38 -0600] "GET /2026/07/16/kasyno-bez-weryfikacji-kyc-ktore-przeszo-moje-testy-matematyczne/?path=//opt/alt/alt-nodejs16/root/etc/opt HTTP/2" 200 2569 "https://ajpartyfun.com/2026/07/16/kasyno-bez-weryfikacji-kyc-ktore-przeszo-moje-testy-matematyczne/?path=//opt/alt/alt-nodejs16/root/etc" "Mozilla/5.0 AppleWebKit/537.36 (KHTML, like Gecko; compatible; GPTBot/1.4; +https://openai.com/gptbot)"
74.7.242.45 - - [16/Jul/2026:18:18:38 -0600] "GET /?fileloc=/home/dfwparty/dfwmagic.com/wp-includes/customize/class-wp-customize-nav-menu-name-control.php&path=/home/dfwparty/dfwmagic.com/wp-includes/customize HTTP/2" 200 3029 "https://www.ajpartyfun.com/?path=/home/dfwparty/dfwmagic.com/wp-includes/customize" "Mozilla/5.0 AppleWebKit/537.36 (KHTML, like Gecko; compatible; GPTBot/1.4; +https://openai.com/gptbot)"
74.7.227.145 - - [16/Jul/2026:18:18:38 -0600] "GET /2026/07/16/kasyno-bez-weryfikacji-kyc-ktore-przeszo-moje-testy-matematyczne/?path=//opt/alt/alt-nodejs16/root/etc/pm HTTP/2" 200 2884 "https://ajpartyfun.com/2026/07/16/kasyno-bez-weryfikacji-kyc-ktore-przeszo-moje-testy-matematyczne/?path=//opt/alt/alt-nodejs16/root/etc" "Mozilla/5.0 AppleWebKit/537.36 (KHTML, like Gecko; compatible; GPTBot/1.4; +https://openai.com/gptbot)"
74.7.242.45 - - [16/Jul/2026:18:18:38 -0600] "GET /?fileloc=/home/dfwparty/dfwmagic.com/wp-includes/customize/class-wp-customize-media-control.php&path=/home/dfwparty/dfwmagic.com/wp-includes/customize HTTP/2" 200 5108 "https://www.ajpartyfun.com/?path=/home/dfwparty/dfwmagic.com/wp-includes/customize" "Mozilla/5.0 AppleWebKit/537.36 (KHTML, like Gecko; compatible; GPTBot/1.4; +https://openai.com/gptbot)"
74.7.227.145 - - [16/Jul/2026:18:18:39 -0600] "GET /2026/07/16/kasyno-bez-weryfikacji-kyc-ktore-przeszo-moje-testy-matematyczne/?path=//opt/alt/alt-nodejs16/root/etc/pki HTTP/2" 200 2577 "https://ajpartyfun.com/2026/07/16/kasyno-bez-weryfikacji-kyc-ktore-przeszo-moje-testy-matematyczne/?path=//opt/alt/alt-nodejs16/root/etc" "Mozilla/5.0 AppleWebKit/537.36 (KHTML, like Gecko; compatible; GPTBot/1.4; +https://openai.com/gptbot)"
216.73.216.7 - - [16/Jul/2026:18:18:37 -0600] "GET /?fileloc=%2Fhome%2Fdfwparty%2Ftmp%2Fanalog%2Fdfw.bar.dfw.party%2Ffailref.png&path=%2Fhome%2Fdfwparty%2Ftmp%2Fanalog%2Fdfw.bar.dfw.party HTTP/2" 200 5609 "-" "Mozilla/5.0 AppleWebKit/537.36 (KHTML, like Gecko; compatible; ClaudeBot/1.0; +claudebot@anthropic.com)"
216.73.216.7 - - [16/Jul/2026:18:18:37 -0600] "GET /?fileloc=%2Fhome%2Fdfwparty%2Ftmp%2Fanalog%2Fdfwfacepainting.com.dfw.party%2Fbrowsum.png&path=%2Fhome%2Fdfwparty%2Ftmp%2Fanalog%2Fdfwfacepainting.com.dfw.party HTTP/2" 200 5659 "-" "Mozilla/5.0 AppleWebKit/537.36 (KHTML, like Gecko; compatible; ClaudeBot/1.0; +claudebot@anthropic.com)"
216.73.216.7 - - [16/Jul/2026:18:18:37 -0600] "GET /?fileloc=%2Fhome%2Fdfwparty%2Fmail%2F.john%40losingweightwithjohn_com%2F.Sent%2Fdovecot.index.log&path=%2Fhome%2Fdfwparty%2Fmail%2F.john%40losingweightwithjohn_com%2F.Sent HTTP/2" 200 2559 "-" "Mozilla/5.0 AppleWebKit/537.36 (KHTML, like Gecko; compatible; ClaudeBot/1.0; +claudebot@anthropic.com)"
216.73.216.7 - - [16/Jul/2026:18:18:37 -0600] "GET /?fileloc=%2Fhome%2Fdfwparty%2Fsantabootshop.com%2Fwp-admin%2Fimages%2Fsort.gif&path=%2Fhome%2Fdfwparty%2Fsantabootshop.com%2Fwp-admin%2Fimages HTTP/2" 200 2598 "-" "Mozilla/5.0 AppleWebKit/537.36 (KHTML, like Gecko; compatible; ClaudeBot/1.0; +claudebot@anthropic.com)"
216.73.216.7 - - [16/Jul/2026:18:18:38 -0600] "GET /?fileloc=%2F%2Fhome%2Fdfwparty%2Fajpartyfun.com%2Fwp-slgnup.gz&path=%2F%2Fhome%2Fdfwparty%2Fajpartyfun.com HTTP/2" 200 5103 "-" "Mozilla/5.0 AppleWebKit/537.36 (KHTML, like Gecko; compatible; ClaudeBot/1.0; +claudebot@anthropic.com)"
216.73.216.7 - - [16/Jul/2026:18:18:38 -0600] "GET /?fileloc=%2Fhome%2Fdfwparty%2Ftmp%2Fanalog%2Fdfwmarketing.net.dfw.party%2F2.html&path=%2Fhome%2Fdfwparty%2Ftmp%2Fanalog%2Fdfwmarketing.net.dfw.party HTTP/2" 200 8900 "-" "Mozilla/5.0 AppleWebKit/537.36 (KHTML, like Gecko; compatible; ClaudeBot/1.0; +claudebot@anthropic.com)"
216.73.216.7 - - [16/Jul/2026:18:18:38 -0600] "GET /?fileloc=%2Fhome%2Fdfwparty%2Fbizcoach.biz%2Fwp-admin%2Fcss%2Fwp-admin.css&path=%2Fhome%2Fdfwparty%2Fbizcoach.biz%2Fwp-admin%2Fcss HTTP/2" 200 2619 "-" "Mozilla/5.0 AppleWebKit/537.36 (KHTML, like Gecko; compatible; ClaudeBot/1.0; +claudebot@anthropic.com)"
216.73.216.7 - - [16/Jul/2026:18:18:38 -0600] "GET /?fileloc=%2F%2Flib%2F.build-id%2F9b%2F5b2fcdb2f26c50c2a0f8b789309204e1468701&path=%2F%2Flib%2F.build-id%2F9b HTTP/2" 200 5310 "-" "Mozilla/5.0 AppleWebKit/537.36 (KHTML, like Gecko; compatible; ClaudeBot/1.0; +claudebot@anthropic.com)"
216.73.216.7 - - [16/Jul/2026:18:18:38 -0600] "GET /?fileloc=%2Fhome%2Fdfwparty%2Fssl%2Fkeys%2Fb4fc4_a4bd9_345d79f76a87d9b94d31acfc9589ef55.key&path=%2Fhome%2Fdfwparty%2Fssl%2Fkeys HTTP/2" 200 3858 "-" "Mozilla/5.0 AppleWebKit/537.36 (KHTML, like Gecko; compatible; ClaudeBot/1.0; +claudebot@anthropic.com)"
216.73.216.7 - - [16/Jul/2026:18:18:35 -0600] "GET /?fileloc=%2Fhome%2Fdfwparty%2Ftmp%2Fanalog%2Fcreepypromotions.com.dfw.party%2Fcode.png&path=%2Fhome%2Fdfwparty%2Ftmp%2Fanalog%2Fcreepypromotions.com.dfw.party HTTP/2" 200 5322 "-" "Mozilla/5.0 AppleWebKit/537.36 (KHTML, like Gecko; compatible; ClaudeBot/1.0; +claudebot@anthropic.com)"
216.73.216.7 - - [16/Jul/2026:18:18:33 -0600] "GET /?fileloc=%2F%2Flib%2F.build-id%2F9b%2Ffb21df5798863e086f46910b39e3864bb4de8d&path=%2F%2Flib%2F.build-id%2F9b HTTP/2" 200 5767 "-" "Mozilla/5.0 AppleWebKit/537.36 (KHTML, like Gecko; compatible; ClaudeBot/1.0; +claudebot@anthropic.com)"
216.73.216.7 - - [16/Jul/2026:18:18:35 -0600] "GET /?fileloc=%2Fhome%2Fdfwparty%2Ftmp%2Fanalog%2Fsmartcardpayme.com.dfw.party%2Ffailref.png&path=%2Fhome%2Fdfwparty%2Ftmp%2Fanalog%2Fsmartcardpayme.com.dfw.party HTTP/2" 200 4925 "-" "Mozilla/5.0 AppleWebKit/537.36 (KHTML, like Gecko; compatible; ClaudeBot/1.0; +claudebot@anthropic.com)"
74.7.242.45 - - [16/Jul/2026:18:18:39 -0600] "GET /?fileloc=/home/dfwparty/dfwmagic.com/wp-includes/customize/class-wp-customize-theme-control.php&path=/home/dfwparty/dfwmagic.com/wp-includes/customize HTTP/2" 200 4870 "https://www.ajpartyfun.com/?path=/home/dfwparty/dfwmagic.com/wp-includes/customize" "Mozilla/5.0 AppleWebKit/537.36 (KHTML, like Gecko; compatible; GPTBot/1.4; +https://openai.com/gptbot)"
74.7.227.145 - - [16/Jul/2026:18:18:39 -0600] "GET /2026/07/16/kasyno-bez-weryfikacji-kyc-ktore-przeszo-moje-testy-matematyczne/?path=//opt/alt/alt-nodejs16/root/etc/skel HTTP/2" 200 2574 "https://ajpartyfun.com/2026/07/16/kasyno-bez-weryfikacji-kyc-ktore-przeszo-moje-testy-matematyczne/?path=//opt/alt/alt-nodejs16/root/etc" "Mozilla/5.0 AppleWebKit/537.36 (KHTML, like Gecko; compatible; GPTBot/1.4; +https://openai.com/gptbot)"
74.7.242.45 - - [16/Jul/2026:18:18:40 -0600] "GET /?fileloc=/home/dfwparty/dfwmagic.com/wp-includes/customize/class-wp-widget-form-customize-control.php&path=/home/dfwparty/dfwmagic.com/wp-includes/customize HTTP/2" 200 3428 "https://www.ajpartyfun.com/?path=/home/dfwparty/dfwmagic.com/wp-includes/customize" "Mozilla/5.0 AppleWebKit/537.36 (KHTML, like Gecko; compatible; GPTBot/1.4; +https://openai.com/gptbot)"
74.7.227.145 - - [16/Jul/2026:18:18:40 -0600] "GET /2026/07/16/kasyno-bez-weryfikacji-kyc-ktore-przeszo-moje-testy-matematyczne/?path=//opt/alt/php72/etc/sysconfig HTTP/2" 200 2841 "https://ajpartyfun.com/2026/07/16/kasyno-bez-weryfikacji-kyc-ktore-przeszo-moje-testy-matematyczne/?path=//opt/alt/php72/etc" "Mozilla/5.0 AppleWebKit/537.36 (KHTML, like Gecko; compatible; GPTBot/1.4; +https://openai.com/gptbot)"
74.7.242.45 - - [16/Jul/2026:18:18:40 -0600] "GET /?fileloc=/home/dfwparty/dfwmagic.com/wp-includes/customize/class-wp-sidebar-block-editor-control.php&path=/home/dfwparty/dfwmagic.com/wp-includes/customize HTTP/2" 200 2834 "https://www.ajpartyfun.com/?path=/home/dfwparty/dfwmagic.com/wp-includes/customize" "Mozilla/5.0 AppleWebKit/537.36 (KHTML, like Gecko; compatible; GPTBot/1.4; +https://openai.com/gptbot)"
74.7.227.145 - - [16/Jul/2026:18:18:40 -0600] "GET /2026/07/16/kasyno-bez-weryfikacji-kyc-ktore-przeszo-moje-testy-matematyczne/?path=//opt/alt/alt-nodejs16/root/sys HTTP/2" 200 2575 "https://ajpartyfun.com/2026/07/16/kasyno-bez-weryfikacji-kyc-ktore-przeszo-moje-testy-matematyczne/?path=//opt/alt/alt-nodejs16/root" "Mozilla/5.0 AppleWebKit/537.36 (KHTML, like Gecko; compatible; GPTBot/1.4; +https://openai.com/gptbot)"
74.7.242.45 - - [16/Jul/2026:18:18:41 -0600] "GET /?fileloc=/home/dfwparty/dfwmagic.com/wp-includes/customize/class-wp-customize-nav-menu-control.php&path=/home/dfwparty/dfwmagic.com/wp-includes/customize HTTP/2" 200 3449 "https://www.ajpartyfun.com/?path=/home/dfwparty/dfwmagic.com/wp-includes/customize" "Mozilla/5.0 AppleWebKit/537.36 (KHTML, like Gecko; compatible; GPTBot/1.4; +https://openai.com/gptbot)"
