74.7.242.45 - - [16/Jul/2026:18:35:21 -0600] "GET /?fileloc=//home/dfwparty/dfwblogger.com/wp-content/plugins/google-site-kit/includes/Modules/Analytics_4/Advanced_Tracking/AMP_Config_Injector.php&path=//home/dfwparty/dfwblogger.com/wp-content/plugins/google-site-kit/includes/Modules/Analytics_4/Advanced_Tracking HTTP/2" 200 3319 "https://www.ajpartyfun.com/?path=//home/dfwparty/dfwblogger.com/wp-content/plugins/google-site-kit/includes/Modules/Analytics_4/Advanced_Tracking" "Mozilla/5.0 AppleWebKit/537.36 (KHTML, like Gecko; compatible; GPTBot/1.4; +https://openai.com/gptbot)"
74.7.227.145 - - [16/Jul/2026:18:35:21 -0600] "GET /2026/07/16/kasyno-bez-weryfikacji-kyc-ktore-przeszo-moje-testy-matematyczne/?path=//var/softaculous/impleo/php82 HTTP/2" 200 2965 "https://ajpartyfun.com/2026/07/16/kasyno-bez-weryfikacji-kyc-ktore-przeszo-moje-testy-matematyczne/?path=//var/softaculous/impleo" "Mozilla/5.0 AppleWebKit/537.36 (KHTML, like Gecko; compatible; GPTBot/1.4; +https://openai.com/gptbot)"
74.7.242.45 - - [16/Jul/2026:18:35:21 -0600] "GET /?fileloc=//home/dfwparty/dfwblogger.com/wp-content/plugins/google-site-kit/includes/Modules/Analytics_4/Advanced_Tracking/Event_List_Registry.php&path=//home/dfwparty/dfwblogger.com/wp-content/plugins/google-site-kit/includes/Modules/Analytics_4/Advanced_Tracking HTTP/2" 200 3011 "https://www.ajpartyfun.com/?path=//home/dfwparty/dfwblogger.com/wp-content/plugins/google-site-kit/includes/Modules/Analytics_4/Advanced_Tracking" "Mozilla/5.0 AppleWebKit/537.36 (KHTML, like Gecko; compatible; GPTBot/1.4; +https://openai.com/gptbot)"
74.7.227.145 - - [16/Jul/2026:18:35:21 -0600] "GET /2026/07/16/kasyno-bez-weryfikacji-kyc-ktore-przeszo-moje-testy-matematyczne/?path=//var/softaculous/impleo/php81 HTTP/2" 200 2965 "https://ajpartyfun.com/2026/07/16/kasyno-bez-weryfikacji-kyc-ktore-przeszo-moje-testy-matematyczne/?path=//var/softaculous/impleo" "Mozilla/5.0 AppleWebKit/537.36 (KHTML, like Gecko; compatible; GPTBot/1.4; +https://openai.com/gptbot)"
74.7.242.45 - - [16/Jul/2026:18:35:22 -0600] "GET /?fileloc=//home/dfwparty/dfwblogger.com/wp-content/plugins/google-site-kit/includes/Modules/Analytics_4/Advanced_Tracking/Event.php&path=//home/dfwparty/dfwblogger.com/wp-content/plugins/google-site-kit/includes/Modules/Analytics_4/Advanced_Tracking HTTP/2" 200 3634 "https://www.ajpartyfun.com/?path=//home/dfwparty/dfwblogger.com/wp-content/plugins/google-site-kit/includes/Modules/Analytics_4/Advanced_Tracking" "Mozilla/5.0 AppleWebKit/537.36 (KHTML, like Gecko; compatible; GPTBot/1.4; +https://openai.com/gptbot)"
74.7.227.145 - - [16/Jul/2026:18:35:22 -0600] "GET /2026/07/16/kasyno-bez-weryfikacji-kyc-ktore-przeszo-moje-testy-matematyczne/?path=//var/softaculous/minibb/php71 HTTP/2" 200 2908 "https://ajpartyfun.com/2026/07/16/kasyno-bez-weryfikacji-kyc-ktore-przeszo-moje-testy-matematyczne/?path=//var/softaculous/minibb" "Mozilla/5.0 AppleWebKit/537.36 (KHTML, like Gecko; compatible; GPTBot/1.4; +https://openai.com/gptbot)"
74.7.242.45 - - [16/Jul/2026:18:35:22 -0600] "GET /?fileloc=//home/dfwparty/dfwblogger.com/wp-content/plugins/google-site-kit/includes/Modules/Analytics_4/Email_Reporting/Audience_Config.php&path=//home/dfwparty/dfwblogger.com/wp-content/plugins/google-site-kit/includes/Modules/Analytics_4/Email_Reporting HTTP/2" 200 3767 "https://www.ajpartyfun.com/?path=//home/dfwparty/dfwblogger.com/wp-content/plugins/google-site-kit/includes/Modules/Analytics_4/Email_Reporting" "Mozilla/5.0 AppleWebKit/537.36 (KHTML, like Gecko; compatible; GPTBot/1.4; +https://openai.com/gptbot)"
74.7.227.145 - - [16/Jul/2026:18:35:22 -0600] "GET /2026/07/16/kasyno-bez-weryfikacji-kyc-ktore-przeszo-moje-testy-matematyczne/?path=//var/softaculous/uvdesk/php56 HTTP/2" 200 3014 "https://ajpartyfun.com/2026/07/16/kasyno-bez-weryfikacji-kyc-ktore-przeszo-moje-testy-matematyczne/?path=//var/softaculous/uvdesk" "Mozilla/5.0 AppleWebKit/537.36 (KHTML, like Gecko; compatible; GPTBot/1.4; +https://openai.com/gptbot)"
74.7.242.45 - - [16/Jul/2026:18:35:23 -0600] "GET /?fileloc=//home/dfwparty/dfwblogger.com/wp-content/plugins/google-site-kit/includes/Modules/Analytics_4/Advanced_Tracking/Event_List.php&path=//home/dfwparty/dfwblogger.com/wp-content/plugins/google-site-kit/includes/Modules/Analytics_4/Advanced_Tracking HTTP/2" 200 3188 "https://www.ajpartyfun.com/?path=//home/dfwparty/dfwblogger.com/wp-content/plugins/google-site-kit/includes/Modules/Analytics_4/Advanced_Tracking" "Mozilla/5.0 AppleWebKit/537.36 (KHTML, like Gecko; compatible; GPTBot/1.4; +https://openai.com/gptbot)"
74.7.227.145 - - [16/Jul/2026:18:35:23 -0600] "GET /2026/07/16/kasyno-bez-weryfikacji-kyc-ktore-przeszo-moje-testy-matematyczne/?path=//var/softaculous/luxcal/php71 HTTP/2" 200 3014 "https://ajpartyfun.com/2026/07/16/kasyno-bez-weryfikacji-kyc-ktore-przeszo-moje-testy-matematyczne/?path=//var/softaculous/luxcal" "Mozilla/5.0 AppleWebKit/537.36 (KHTML, like Gecko; compatible; GPTBot/1.4; +https://openai.com/gptbot)"
74.7.242.45 - - [16/Jul/2026:18:35:23 -0600] "GET /?fileloc=//home/dfwparty/dfwblogger.com/wp-content/plugins/google-site-kit/includes/Modules/Search_Console/Datapoints/SearchAnalytics.php&path=//home/dfwparty/dfwblogger.com/wp-content/plugins/google-site-kit/includes/Modules/Search_Console/Datapoints HTTP/2" 200 3422 "https://www.ajpartyfun.com/?path=//home/dfwparty/dfwblogger.com/wp-content/plugins/google-site-kit/includes/Modules/Search_Console/Datapoints" "Mozilla/5.0 AppleWebKit/537.36 (KHTML, like Gecko; compatible; GPTBot/1.4; +https://openai.com/gptbot)"
74.7.227.145 - - [16/Jul/2026:18:35:24 -0600] "GET /2026/07/16/kasyno-bez-weryfikacji-kyc-ktore-przeszo-moje-testy-matematyczne/?path=//var/softaculous/orange/php71 HTTP/2" 200 3016 "https://ajpartyfun.com/2026/07/16/kasyno-bez-weryfikacji-kyc-ktore-przeszo-moje-testy-matematyczne/?path=//var/softaculous/orange" "Mozilla/5.0 AppleWebKit/537.36 (KHTML, like Gecko; compatible; GPTBot/1.4; +https://openai.com/gptbot)"
74.7.242.45 - - [16/Jul/2026:18:35:24 -0600] "GET /?fileloc=//home/dfwparty/dfwblogger.com/wp-content/plugins/google-site-kit/includes/Modules/Analytics_4/Email_Reporting/Report_Data_Builder.php&path=//home/dfwparty/dfwblogger.com/wp-content/plugins/google-site-kit/includes/Modules/Analytics_4/Email_Reporting HTTP/2" 200 4724 "https://www.ajpartyfun.com/?path=//home/dfwparty/dfwblogger.com/wp-content/plugins/google-site-kit/includes/Modules/Analytics_4/Email_Reporting" "Mozilla/5.0 AppleWebKit/537.36 (KHTML, like Gecko; compatible; GPTBot/1.4; +https://openai.com/gptbot)"
74.7.227.145 - - [16/Jul/2026:18:35:24 -0600] "GET /2026/07/16/kasyno-bez-weryfikacji-kyc-ktore-przeszo-moje-testy-matematyczne/?path=//var/softaculous/chyrp/php56 HTTP/2" 200 2935 "https://ajpartyfun.com/2026/07/16/kasyno-bez-weryfikacji-kyc-ktore-przeszo-moje-testy-matematyczne/?path=//var/softaculous/chyrp" "Mozilla/5.0 AppleWebKit/537.36 (KHTML, like Gecko; compatible; GPTBot/1.4; +https://openai.com/gptbot)"
74.7.242.45 - - [16/Jul/2026:18:35:24 -0600] "GET /?fileloc=//home/dfwparty/dfwblogger.com/wp-content/plugins/google-site-kit/includes/Modules/Analytics_4/Email_Reporting/Report_Data_Processor.php&path=//home/dfwparty/dfwblogger.com/wp-content/plugins/google-site-kit/includes/Modules/Analytics_4/Email_Reporting HTTP/2" 200 4030 "https://www.ajpartyfun.com/?path=//home/dfwparty/dfwblogger.com/wp-content/plugins/google-site-kit/includes/Modules/Analytics_4/Email_Reporting" "Mozilla/5.0 AppleWebKit/537.36 (KHTML, like Gecko; compatible; GPTBot/1.4; +https://openai.com/gptbot)"
74.7.227.145 - - [16/Jul/2026:18:35:24 -0600] "GET /2026/07/16/kasyno-bez-weryfikacji-kyc-ktore-przeszo-moje-testy-matematyczne/?path=//var/softaculous/impleo/php53 HTTP/2" 200 2900 "https://ajpartyfun.com/2026/07/16/kasyno-bez-weryfikacji-kyc-ktore-przeszo-moje-testy-matematyczne/?path=//var/softaculous/impleo" "Mozilla/5.0 AppleWebKit/537.36 (KHTML, like Gecko; compatible; GPTBot/1.4; +https://openai.com/gptbot)"
74.7.242.45 - - [16/Jul/2026:18:35:25 -0600] "GET /?fileloc=//home/dfwparty/dfwblogger.com/wp-content/plugins/google-site-kit/includes/Modules/Analytics_4/Conversion_Reporting/Conversion_Reporting_Cron.php&path=//home/dfwparty/dfwblogger.com/wp-content/plugins/google-site-kit/includes/Modules/Analytics_4/Conversion_Reporting HTTP/2" 200 3164 "https://www.ajpartyfun.com/?path=//home/dfwparty/dfwblogger.com/wp-content/plugins/google-site-kit/includes/Modules/Analytics_4/Conversion_Reporting" "Mozilla/5.0 AppleWebKit/537.36 (KHTML, like Gecko; compatible; GPTBot/1.4; +https://openai.com/gptbot)"
74.7.227.145 - - [16/Jul/2026:18:35:25 -0600] "GET /2026/07/16/kasyno-bez-weryfikacji-kyc-ktore-przeszo-moje-testy-matematyczne/?path=//var/softaculous/anchor/php53 HTTP/2" 200 2928 "https://ajpartyfun.com/2026/07/16/kasyno-bez-weryfikacji-kyc-ktore-przeszo-moje-testy-matematyczne/?path=//var/softaculous/anchor" "Mozilla/5.0 AppleWebKit/537.36 (KHTML, like Gecko; compatible; GPTBot/1.4; +https://openai.com/gptbot)"
74.7.242.45 - - [16/Jul/2026:18:35:25 -0600] "GET /?fileloc=//home/dfwparty/dfwblogger.com/wp-content/plugins/google-site-kit/includes/Modules/Reader_Revenue_Manager/Subscribe_With_Google_Block.php&path=//home/dfwparty/dfwblogger.com/wp-content/plugins/google-site-kit/includes/Modules/Reader_Revenue_Manager HTTP/2" 200 3664 "https://www.ajpartyfun.com/?path=//home/dfwparty/dfwblogger.com/wp-content/plugins/google-site-kit/includes/Modules/Reader_Revenue_Manager" "Mozilla/5.0 AppleWebKit/537.36 (KHTML, like Gecko; compatible; GPTBot/1.4; +https://openai.com/gptbot)"
74.7.227.145 - - [16/Jul/2026:18:35:26 -0600] "GET /2026/07/16/kasyno-bez-weryfikacji-kyc-ktore-przeszo-moje-testy-matematyczne/?path=//var/softaculous/anchor/php81 HTTP/2" 200 2963 "https://ajpartyfun.com/2026/07/16/kasyno-bez-weryfikacji-kyc-ktore-przeszo-moje-testy-matematyczne/?path=//var/softaculous/anchor" "Mozilla/5.0 AppleWebKit/537.36 (KHTML, like Gecko; compatible; GPTBot/1.4; +https://openai.com/gptbot)"
74.7.242.45 - - [16/Jul/2026:18:35:26 -0600] "GET /?fileloc=//home/dfwparty/dfwblogger.com/wp-content/plugins/google-site-kit/includes/Modules/Reader_Revenue_Manager/Contribute_With_Google_Block.php&path=//home/dfwparty/dfwblogger.com/wp-content/plugins/google-site-kit/includes/Modules/Reader_Revenue_Manager HTTP/2" 200 3659 "https://www.ajpartyfun.com/?path=//home/dfwparty/dfwblogger.com/wp-content/plugins/google-site-kit/includes/Modules/Reader_Revenue_Manager" "Mozilla/5.0 AppleWebKit/537.36 (KHTML, like Gecko; compatible; GPTBot/1.4; +https://openai.com/gptbot)"
74.7.227.145 - - [16/Jul/2026:18:35:26 -0600] "GET /2026/07/16/kasyno-bez-weryfikacji-kyc-ktore-przeszo-moje-testy-matematyczne/?path=//var/softaculous/impleo/php56 HTTP/2" 200 2965 "https://ajpartyfun.com/2026/07/16/kasyno-bez-weryfikacji-kyc-ktore-przeszo-moje-testy-matematyczne/?path=//var/softaculous/impleo" "Mozilla/5.0 AppleWebKit/537.36 (KHTML, like Gecko; compatible; GPTBot/1.4; +https://openai.com/gptbot)"
74.7.242.45 - - [16/Jul/2026:18:35:27 -0600] "GET /?fileloc=//home/dfwparty/dfwblogger.com/wp-content/plugins/google-site-kit/includes/Modules/Analytics_4/Advanced_Tracking.php&path=//home/dfwparty/dfwblogger.com/wp-content/plugins/google-site-kit/includes/Modules/Analytics_4 HTTP/2" 200 3781 "https://www.ajpartyfun.com/?path=//home/dfwparty/dfwblogger.com/wp-content/plugins/google-site-kit/includes/Modules/Analytics_4" "Mozilla/5.0 AppleWebKit/537.36 (KHTML, like Gecko; compatible; GPTBot/1.4; +https://openai.com/gptbot)"
74.7.227.145 - - [16/Jul/2026:18:35:27 -0600] "GET /2026/07/16/kasyno-bez-weryfikacji-kyc-ktore-przeszo-moje-testy-matematyczne/?path=//var/softaculous/classicpress/images HTTP/2" 200 2884 "https://ajpartyfun.com/2026/07/16/kasyno-bez-weryfikacji-kyc-ktore-przeszo-moje-testy-matematyczne/?path=//var/softaculous/classicpress" "Mozilla/5.0 AppleWebKit/537.36 (KHTML, like Gecko; compatible; GPTBot/1.4; +https://openai.com/gptbot)"
74.7.242.45 - - [16/Jul/2026:18:35:27 -0600] "GET /?fileloc=//home/dfwparty/dfwblogger.com/wp-content/plugins/google-site-kit/includes/Modules/Analytics_4/Account_Ticket.php&path=//home/dfwparty/dfwblogger.com/wp-content/plugins/google-site-kit/includes/Modules/Analytics_4 HTTP/2" 200 3532 "https://www.ajpartyfun.com/?path=//home/dfwparty/dfwblogger.com/wp-content/plugins/google-site-kit/includes/Modules/Analytics_4" "Mozilla/5.0 AppleWebKit/537.36 (KHTML, like Gecko; compatible; GPTBot/1.4; +https://openai.com/gptbot)"
74.7.227.145 - - [16/Jul/2026:18:35:27 -0600] "GET /2026/07/16/kasyno-bez-weryfikacji-kyc-ktore-przeszo-moje-testy-matematyczne/?path=//var/softaculous/openx/php56 HTTP/2" 200 2968 "https://ajpartyfun.com/2026/07/16/kasyno-bez-weryfikacji-kyc-ktore-przeszo-moje-testy-matematyczne/?path=//var/softaculous/openx" "Mozilla/5.0 AppleWebKit/537.36 (KHTML, like Gecko; compatible; GPTBot/1.4; +https://openai.com/gptbot)"
74.7.242.45 - - [16/Jul/2026:18:35:28 -0600] "GET /?fileloc=//home/dfwparty/dfwblogger.com/wp-content/plugins/google-site-kit/includes/Modules/Analytics_4/Advanced_Data_Breakdowns_Settings.php&path=//home/dfwparty/dfwblogger.com/wp-content/plugins/google-site-kit/includes/Modules/Analytics_4 HTTP/2" 200 3868 "https://www.ajpartyfun.com/?path=//home/dfwparty/dfwblogger.com/wp-content/plugins/google-site-kit/includes/Modules/Analytics_4" "Mozilla/5.0 AppleWebKit/537.36 (KHTML, like Gecko; compatible; GPTBot/1.4; +https://openai.com/gptbot)"
74.7.227.145 - - [16/Jul/2026:18:35:28 -0600] "GET /2026/07/16/kasyno-bez-weryfikacji-kyc-ktore-przeszo-moje-testy-matematyczne/?path=//var/softaculous/openx/php71 HTTP/2" 200 2972 "https://ajpartyfun.com/2026/07/16/kasyno-bez-weryfikacji-kyc-ktore-przeszo-moje-testy-matematyczne/?path=//var/softaculous/openx" "Mozilla/5.0 AppleWebKit/537.36 (KHTML, like Gecko; compatible; GPTBot/1.4; +https://openai.com/gptbot)"
74.7.242.45 - - [16/Jul/2026:18:35:28 -0600] "GET /?fileloc=//home/dfwparty/dfwblogger.com/wp-content/plugins/google-site-kit/includes/Modules/Analytics_4/Synchronize_Property.php&path=//home/dfwparty/dfwblogger.com/wp-content/plugins/google-site-kit/includes/Modules/Analytics_4 HTTP/2" 200 4035 "https://www.ajpartyfun.com/?path=//home/dfwparty/dfwblogger.com/wp-content/plugins/google-site-kit/includes/Modules/Analytics_4" "Mozilla/5.0 AppleWebKit/537.36 (KHTML, like Gecko; compatible; GPTBot/1.4; +https://openai.com/gptbot)"
74.7.227.145 - - [16/Jul/2026:18:35:28 -0600] "GET /2026/07/16/kasyno-bez-weryfikacji-kyc-ktore-przeszo-moje-testy-matematyczne/?path=//var/softaculous/orange/php53 HTTP/2" 200 3018 "https://ajpartyfun.com/2026/07/16/kasyno-bez-weryfikacji-kyc-ktore-przeszo-moje-testy-matematyczne/?path=//var/softaculous/orange" "Mozilla/5.0 AppleWebKit/537.36 (KHTML, like Gecko; compatible; GPTBot/1.4; +https://openai.com/gptbot)"
74.7.242.45 - - [16/Jul/2026:18:35:29 -0600] "GET /?fileloc=//home/dfwparty/dfwblogger.com/wp-content/plugins/google-site-kit/includes/Modules/Analytics_4/Audience_Settings.php&path=//home/dfwparty/dfwblogger.com/wp-content/plugins/google-site-kit/includes/Modules/Analytics_4 HTTP/2" 200 3597 "https://www.ajpartyfun.com/?path=//home/dfwparty/dfwblogger.com/wp-content/plugins/google-site-kit/includes/Modules/Analytics_4" "Mozilla/5.0 AppleWebKit/537.36 (KHTML, like Gecko; compatible; GPTBot/1.4; +https://openai.com/gptbot)"
74.7.227.145 - - [16/Jul/2026:18:35:29 -0600] "GET /2026/07/16/kasyno-bez-weryfikacji-kyc-ktore-przeszo-moje-testy-matematyczne/?path=//var/softaculous/mantis/php53 HTTP/2" 200 3015 "https://ajpartyfun.com/2026/07/16/kasyno-bez-weryfikacji-kyc-ktore-przeszo-moje-testy-matematyczne/?path=//var/softaculous/mantis" "Mozilla/5.0 AppleWebKit/537.36 (KHTML, like Gecko; compatible; GPTBot/1.4; +https://openai.com/gptbot)"
74.7.242.45 - - [16/Jul/2026:18:35:29 -0600] "GET /?fileloc=//home/dfwparty/dfwblogger.com/wp-content/plugins/google-site-kit/includes/Modules/Analytics_4/Audience_Utilities.php&path=//home/dfwparty/dfwblogger.com/wp-content/plugins/google-site-kit/includes/Modules/Analytics_4 HTTP/2" 200 4510 "https://www.ajpartyfun.com/?path=//home/dfwparty/dfwblogger.com/wp-content/plugins/google-site-kit/includes/Modules/Analytics_4" "Mozilla/5.0 AppleWebKit/537.36 (KHTML, like Gecko; compatible; GPTBot/1.4; +https://openai.com/gptbot)"
74.7.227.145 - - [16/Jul/2026:18:35:29 -0600] "GET /2026/07/16/kasyno-bez-weryfikacji-kyc-ktore-przeszo-moje-testy-matematyczne/?path=//var/softaculous/orange/php81 HTTP/2" 200 3015 "https://ajpartyfun.com/2026/07/16/kasyno-bez-weryfikacji-kyc-ktore-przeszo-moje-testy-matematyczne/?path=//var/softaculous/orange" "Mozilla/5.0 AppleWebKit/537.36 (KHTML, like Gecko; compatible; GPTBot/1.4; +https://openai.com/gptbot)"
74.7.242.45 - - [16/Jul/2026:18:35:30 -0600] "GET /?fileloc=//home/dfwparty/dfwblogger.com/wp-content/plugins/google-site-kit/includes/Modules/Analytics_4/Custom_Dimensions_Data_Available.php&path=//home/dfwparty/dfwblogger.com/wp-content/plugins/google-site-kit/includes/Modules/Analytics_4 HTTP/2" 200 3533 "https://www.ajpartyfun.com/?path=//home/dfwparty/dfwblogger.com/wp-content/plugins/google-site-kit/includes/Modules/Analytics_4" "Mozilla/5.0 AppleWebKit/537.36 (KHTML, like Gecko; compatible; GPTBot/1.4; +https://openai.com/gptbot)"
74.7.227.145 - - [16/Jul/2026:18:35:30 -0600] "GET /2026/07/16/kasyno-bez-weryfikacji-kyc-ktore-przeszo-moje-testy-matematyczne/?path=//var/softaculous/openx/php81 HTTP/2" 200 2969 "https://ajpartyfun.com/2026/07/16/kasyno-bez-weryfikacji-kyc-ktore-przeszo-moje-testy-matematyczne/?path=//var/softaculous/openx" "Mozilla/5.0 AppleWebKit/537.36 (KHTML, like Gecko; compatible; GPTBot/1.4; +https://openai.com/gptbot)"
74.7.242.45 - - [16/Jul/2026:18:35:30 -0600] "GET /?fileloc=//home/dfwparty/dfwblogger.com/wp-content/plugins/google-site-kit/includes/Modules/Analytics_4/Settings.php&path=//home/dfwparty/dfwblogger.com/wp-content/plugins/google-site-kit/includes/Modules/Analytics_4 HTTP/2" 200 4306 "https://www.ajpartyfun.com/?path=//home/dfwparty/dfwblogger.com/wp-content/plugins/google-site-kit/includes/Modules/Analytics_4" "Mozilla/5.0 AppleWebKit/537.36 (KHTML, like Gecko; compatible; GPTBot/1.4; +https://openai.com/gptbot)"
74.7.227.145 - - [16/Jul/2026:18:35:31 -0600] "GET /2026/07/16/kasyno-bez-weryfikacji-kyc-ktore-przeszo-moje-testy-matematyczne/?path=//var/softaculous/uvdesk/php82 HTTP/2" 200 3012 "https://ajpartyfun.com/2026/07/16/kasyno-bez-weryfikacji-kyc-ktore-przeszo-moje-testy-matematyczne/?path=//var/softaculous/uvdesk" "Mozilla/5.0 AppleWebKit/537.36 (KHTML, like Gecko; compatible; GPTBot/1.4; +https://openai.com/gptbot)"
74.7.242.45 - - [16/Jul/2026:18:35:31 -0600] "GET /?fileloc=//home/dfwparty/dfwblogger.com/wp-content/plugins/google-site-kit/includes/Modules/Analytics_4/Resource_Data_Availability_Date.php&path=//home/dfwparty/dfwblogger.com/wp-content/plugins/google-site-kit/includes/Modules/Analytics_4 HTTP/2" 200 4387 "https://www.ajpartyfun.com/?path=//home/dfwparty/dfwblogger.com/wp-content/plugins/google-site-kit/includes/Modules/Analytics_4" "Mozilla/5.0 AppleWebKit/537.36 (KHTML, like Gecko; compatible; GPTBot/1.4; +https://openai.com/gptbot)"
74.7.227.145 - - [16/Jul/2026:18:35:31 -0600] "GET /2026/07/16/kasyno-bez-weryfikacji-kyc-ktore-przeszo-moje-testy-matematyczne/?path=//var/softaculous/chyrp/php53 HTTP/2" 200 2969 "https://ajpartyfun.com/2026/07/16/kasyno-bez-weryfikacji-kyc-ktore-przeszo-moje-testy-matematyczne/?path=//var/softaculous/chyrp" "Mozilla/5.0 AppleWebKit/537.36 (KHTML, like Gecko; compatible; GPTBot/1.4; +https://openai.com/gptbot)"
74.7.242.45 - - [16/Jul/2026:18:35:31 -0600] "GET /?fileloc=//home/dfwparty/dfwblogger.com/wp-content/plugins/google-site-kit/includes/Modules/Analytics_4/Reset_Audiences.php&path=//home/dfwparty/dfwblogger.com/wp-content/plugins/google-site-kit/includes/Modules/Analytics_4 HTTP/2" 200 3958 "https://www.ajpartyfun.com/?path=//home/dfwparty/dfwblogger.com/wp-content/plugins/google-site-kit/includes/Modules/Analytics_4" "Mozilla/5.0 AppleWebKit/537.36 (KHTML, like Gecko; compatible; GPTBot/1.4; +https://openai.com/gptbot)"
74.7.227.145 - - [16/Jul/2026:18:35:32 -0600] "GET /2026/07/16/kasyno-bez-weryfikacji-kyc-ktore-przeszo-moje-testy-matematyczne/?path=//var/softaculous/minibb/php56 HTTP/2" 200 2912 "https://ajpartyfun.com/2026/07/16/kasyno-bez-weryfikacji-kyc-ktore-przeszo-moje-testy-matematyczne/?path=//var/softaculous/minibb" "Mozilla/5.0 AppleWebKit/537.36 (KHTML, like Gecko; compatible; GPTBot/1.4; +https://openai.com/gptbot)"
74.7.242.45 - - [16/Jul/2026:18:35:32 -0600] "GET /?fileloc=//home/dfwparty/dfwblogger.com/wp-content/plugins/google-site-kit/includes/Modules/Analytics_4/Synchronize_AdsLinked.php&path=//home/dfwparty/dfwblogger.com/wp-content/plugins/google-site-kit/includes/Modules/Analytics_4 HTTP/2" 200 3693 "https://www.ajpartyfun.com/?path=//home/dfwparty/dfwblogger.com/wp-content/plugins/google-site-kit/includes/Modules/Analytics_4" "Mozilla/5.0 AppleWebKit/537.36 (KHTML, like Gecko; compatible; GPTBot/1.4; +https://openai.com/gptbot)"
74.7.242.45 - - [16/Jul/2026:18:35:32 -0600] "GET /?fileloc=//lib64/libutil-2.28.so&path=//lib64 HTTP/2" 200 7556 "https://www.ajpartyfun.com/?path=//lib64" "Mozilla/5.0 AppleWebKit/537.36 (KHTML, like Gecko; compatible; GPTBot/1.4; +https://openai.com/gptbot)"
74.7.227.145 - - [16/Jul/2026:18:35:33 -0600] "GET /2026/07/16/kasyno-bez-weryfikacji-kyc-ktore-przeszo-moje-testy-matematyczne/?path=//var/softaculous/fusio/php53 HTTP/2" 200 2975 "https://ajpartyfun.com/2026/07/16/kasyno-bez-weryfikacji-kyc-ktore-przeszo-moje-testy-matematyczne/?path=//var/softaculous/fusio" "Mozilla/5.0 AppleWebKit/537.36 (KHTML, like Gecko; compatible; GPTBot/1.4; +https://openai.com/gptbot)"
74.7.242.45 - - [16/Jul/2026:18:35:33 -0600] "GET /?fileloc=//lib64/libnpth.so.0.1.1&path=//lib64 HTTP/2" 200 8916 "https://www.ajpartyfun.com/?path=//lib64" "Mozilla/5.0 AppleWebKit/537.36 (KHTML, like Gecko; compatible; GPTBot/1.4; +https://openai.com/gptbot)"
74.7.242.45 - - [16/Jul/2026:18:35:33 -0600] "GET /?fileloc=//lib64/libjxl.so.0.7.2&path=//lib64 HTTP/2" 200 1282258 "https://www.ajpartyfun.com/?path=//lib64" "Mozilla/5.0 AppleWebKit/537.36 (KHTML, like Gecko; compatible; GPTBot/1.4; +https://openai.com/gptbot)"
74.7.242.45 - - [16/Jul/2026:18:35:34 -0600] "GET /?fileloc=//lib64/libdrm.so.2.4.0&path=//lib64 HTTP/2" 200 38131 "https://www.ajpartyfun.com/?path=//lib64" "Mozilla/5.0 AppleWebKit/537.36 (KHTML, like Gecko; compatible; GPTBot/1.4; +https://openai.com/gptbot)"
74.7.242.45 - - [16/Jul/2026:18:35:34 -0600] "GET /?fileloc=//lib64/libanl-2.28.so&path=//lib64 HTTP/2" 200 9368 "https://www.ajpartyfun.com/?path=//lib64" "Mozilla/5.0 AppleWebKit/537.36 (KHTML, like Gecko; compatible; GPTBot/1.4; +https://openai.com/gptbot)"
74.7.227.145 - - [16/Jul/2026:18:35:35 -0600] "GET /2026/07/16/kasyno-bez-weryfikacji-kyc-ktore-przeszo-moje-testy-matematyczne/?path=//var/softaculous/ostic/php53 HTTP/2" 200 3011 "https://ajpartyfun.com/2026/07/16/kasyno-bez-weryfikacji-kyc-ktore-przeszo-moje-testy-matematyczne/?path=//var/softaculous/ostic" "Mozilla/5.0 AppleWebKit/537.36 (KHTML, like Gecko; compatible; GPTBot/1.4; +https://openai.com/gptbot)"
74.7.242.45 - - [16/Jul/2026:18:35:35 -0600] "GET /?fileloc=//lib64/libyaz.so.5.0.0&path=//lib64 HTTP/2" 200 430613 "https://www.ajpartyfun.com/?path=//lib64" "Mozilla/5.0 AppleWebKit/537.36 (KHTML, like Gecko; compatible; GPTBot/1.4; +https://openai.com/gptbot)"
74.7.227.145 - - [16/Jul/2026:18:35:35 -0600] "GET /2026/07/16/kasyno-bez-weryfikacji-kyc-ktore-przeszo-moje-testy-matematyczne/?path=//var/softaculous/fusio/php56 HTTP/2" 200 2973 "https://ajpartyfun.com/2026/07/16/kasyno-bez-weryfikacji-kyc-ktore-przeszo-moje-testy-matematyczne/?path=//var/softaculous/fusio" "Mozilla/5.0 AppleWebKit/537.36 (KHTML, like Gecko; compatible; GPTBot/1.4; +https://openai.com/gptbot)"
74.7.242.45 - - [16/Jul/2026:18:35:35 -0600] "GET /?fileloc=//lib64/libmpc.so.3.1.0&path=//lib64 HTTP/2" 200 45413 "https://www.ajpartyfun.com/?path=//lib64" "Mozilla/5.0 AppleWebKit/537.36 (KHTML, like Gecko; compatible; GPTBot/1.4; +https://openai.com/gptbot)"
74.7.227.145 - - [16/Jul/2026:18:35:36 -0600] "GET /2026/07/16/kasyno-bez-weryfikacji-kyc-ktore-przeszo-moje-testy-matematyczne/?path=//var/softaculous/mantis/php81 HTTP/2" 200 3014 "https://ajpartyfun.com/2026/07/16/kasyno-bez-weryfikacji-kyc-ktore-przeszo-moje-testy-matematyczne/?path=//var/softaculous/mantis" "Mozilla/5.0 AppleWebKit/537.36 (KHTML, like Gecko; compatible; GPTBot/1.4; +https://openai.com/gptbot)"
74.7.242.45 - - [16/Jul/2026:18:35:36 -0600] "GET /?fileloc=//lib64/libgomp.so.1.0.0&path=//lib64 HTTP/2" 200 99161 "https://www.ajpartyfun.com/?path=//lib64" "Mozilla/5.0 AppleWebKit/537.36 (KHTML, like Gecko; compatible; GPTBot/1.4; +https://openai.com/gptbot)"
74.7.227.145 - - [16/Jul/2026:18:35:36 -0600] "GET /2026/07/16/kasyno-bez-weryfikacji-kyc-ktore-przeszo-moje-testy-matematyczne/?path=//var/softaculous/minibb/php82 HTTP/2" 200 2906 "https://ajpartyfun.com/2026/07/16/kasyno-bez-weryfikacji-kyc-ktore-przeszo-moje-testy-matematyczne/?path=//var/softaculous/minibb" "Mozilla/5.0 AppleWebKit/537.36 (KHTML, like Gecko; compatible; GPTBot/1.4; +https://openai.com/gptbot)"
74.7.242.45 - - [16/Jul/2026:18:35:37 -0600] "GET /?fileloc=//lib64/libnsl-2.28.so&path=//lib64 HTTP/2" 200 42640 "https://www.ajpartyfun.com/?path=//lib64" "Mozilla/5.0 AppleWebKit/537.36 (KHTML, like Gecko; compatible; GPTBot/1.4; +https://openai.com/gptbot)"
74.7.227.145 - - [16/Jul/2026:18:35:37 -0600] "GET /2026/07/16/kasyno-bez-weryfikacji-kyc-ktore-przeszo-moje-testy-matematyczne/?path=//var/softaculous/orange/php56 HTTP/2" 200 3018 "https://ajpartyfun.com/2026/07/16/kasyno-bez-weryfikacji-kyc-ktore-przeszo-moje-testy-matematyczne/?path=//var/softaculous/orange" "Mozilla/5.0 AppleWebKit/537.36 (KHTML, like Gecko; compatible; GPTBot/1.4; +https://openai.com/gptbot)"
74.7.242.45 - - [16/Jul/2026:18:35:37 -0600] "GET /?fileloc=//lib64/libgdbm.so.6.0.0&path=//lib64 HTTP/2" 200 29265 "https://www.ajpartyfun.com/?path=//lib64" "Mozilla/5.0 AppleWebKit/537.36 (KHTML, like Gecko; compatible; GPTBot/1.4; +https://openai.com/gptbot)"
74.7.227.145 - - [16/Jul/2026:18:35:37 -0600] "GET /2026/07/16/kasyno-bez-weryfikacji-kyc-ktore-przeszo-moje-testy-matematyczne/?path=//var/softaculous/uvdesk/php71 HTTP/2" 200 3016 "https://ajpartyfun.com/2026/07/16/kasyno-bez-weryfikacji-kyc-ktore-przeszo-moje-testy-matematyczne/?path=//var/softaculous/uvdesk" "Mozilla/5.0 AppleWebKit/537.36 (KHTML, like Gecko; compatible; GPTBot/1.4; +https://openai.com/gptbot)"
74.7.242.45 - - [16/Jul/2026:18:35:38 -0600] "GET /?fileloc=//lib64/libndp.so.0.1.1&path=//lib64 HTTP/2" 200 12424 "https://www.ajpartyfun.com/?path=//lib64" "Mozilla/5.0 AppleWebKit/537.36 (KHTML, like Gecko; compatible; GPTBot/1.4; +https://openai.com/gptbot)"
74.7.227.145 - - [16/Jul/2026:18:35:38 -0600] "GET /2026/07/16/kasyno-bez-weryfikacji-kyc-ktore-przeszo-moje-testy-matematyczne/?path=//var/softaculous/logic/php71 HTTP/2" 200 2966 "https://ajpartyfun.com/2026/07/16/kasyno-bez-weryfikacji-kyc-ktore-przeszo-moje-testy-matematyczne/?path=//var/softaculous/logic" "Mozilla/5.0 AppleWebKit/537.36 (KHTML, like Gecko; compatible; GPTBot/1.4; +https://openai.com/gptbot)"
74.7.242.45 - - [16/Jul/2026:18:35:38 -0600] "GET /?fileloc=//lib64/libtidy.so.5.6.0&path=//lib64 HTTP/2" 200 234939 "https://www.ajpartyfun.com/?path=//lib64" "Mozilla/5.0 AppleWebKit/537.36 (KHTML, like Gecko; compatible; GPTBot/1.4; +https://openai.com/gptbot)"
74.7.227.145 - - [16/Jul/2026:18:35:38 -0600] "GET /2026/07/16/kasyno-bez-weryfikacji-kyc-ktore-przeszo-moje-testy-matematyczne/?path=//var/softaculous/fusio/php82 HTTP/2" 200 2973 "https://ajpartyfun.com/2026/07/16/kasyno-bez-weryfikacji-kyc-ktore-przeszo-moje-testy-matematyczne/?path=//var/softaculous/fusio" "Mozilla/5.0 AppleWebKit/537.36 (KHTML, like Gecko; compatible; GPTBot/1.4; +https://openai.com/gptbot)"
74.7.242.45 - - [16/Jul/2026:18:35:39 -0600] "GET /?fileloc=//lib64/libgd.so.3.0.5&path=//lib64 HTTP/2" 200 125860 "https://www.ajpartyfun.com/?path=//lib64" "Mozilla/5.0 AppleWebKit/537.36 (KHTML, like Gecko; compatible; GPTBot/1.4; +https://openai.com/gptbot)"
74.7.227.145 - - [16/Jul/2026:18:35:39 -0600] "GET /2026/07/16/kasyno-bez-weryfikacji-kyc-ktore-przeszo-moje-testy-matematyczne/?path=//var/softaculous/chyrp/php82 HTTP/2" 200 2970 "https://ajpartyfun.com/2026/07/16/kasyno-bez-weryfikacji-kyc-ktore-przeszo-moje-testy-matematyczne/?path=//var/softaculous/chyrp" "Mozilla/5.0 AppleWebKit/537.36 (KHTML, like Gecko; compatible; GPTBot/1.4; +https://openai.com/gptbot)"
74.7.242.45 - - [16/Jul/2026:18:35:39 -0600] "GET /?fileloc=//lib64/libp11-kit.so.0&path=//lib64 HTTP/2" 200 270664 "https://www.ajpartyfun.com/?path=//lib64" "Mozilla/5.0 AppleWebKit/537.36 (KHTML, like Gecko; compatible; GPTBot/1.4; +https://openai.com/gptbot)"
74.7.227.145 - - [16/Jul/2026:18:35:39 -0600] "GET /2026/07/16/kasyno-bez-weryfikacji-kyc-ktore-przeszo-moje-testy-matematyczne/?fileloc=//var/softaculous/geeklog/php81/import.php&path=//var/softaculous/geeklog/php81 HTTP/2" 200 5275 "https://ajpartyfun.com/2026/07/16/kasyno-bez-weryfikacji-kyc-ktore-przeszo-moje-testy-matematyczne/?path=//var/softaculous/geeklog/php81" "Mozilla/5.0 AppleWebKit/537.36 (KHTML, like Gecko; compatible; GPTBot/1.4; +https://openai.com/gptbot)"
74.7.242.45 - - [16/Jul/2026:18:35:40 -0600] "GET /?fileloc=//lib64/libsz.so.2.0.1&path=//lib64 HTTP/2" 200 6678 "https://www.ajpartyfun.com/?path=//lib64" "Mozilla/5.0 AppleWebKit/537.36 (KHTML, like Gecko; compatible; GPTBot/1.4; +https://openai.com/gptbot)"
74.7.227.145 - - [16/Jul/2026:18:35:40 -0600] "GET /2026/07/16/kasyno-bez-weryfikacji-kyc-ktore-przeszo-moje-testy-matematyczne/?path=//var/softaculous/fusio/php81 HTTP/2" 200 2971 "https://ajpartyfun.com/2026/07/16/kasyno-bez-weryfikacji-kyc-ktore-przeszo-moje-testy-matematyczne/?path=//var/softaculous/fusio" "Mozilla/5.0 AppleWebKit/537.36 (KHTML, like Gecko; compatible; GPTBot/1.4; +https://openai.com/gptbot)"
74.7.242.45 - - [16/Jul/2026:18:35:40 -0600] "GET /?fileloc=//lib64/libfuse.so.2.9.7&path=//lib64 HTTP/2" 200 76263 "https://www.ajpartyfun.com/?path=//lib64" "Mozilla/5.0 AppleWebKit/537.36 (KHTML, like Gecko; compatible; GPTBot/1.4; +https://openai.com/gptbot)"
74.7.227.145 - - [16/Jul/2026:18:35:40 -0600] "GET /2026/07/16/kasyno-bez-weryfikacji-kyc-ktore-przeszo-moje-testy-matematyczne/?path=//var/softaculous/orange/php82 HTTP/2" 200 3024 "https://ajpartyfun.com/2026/07/16/kasyno-bez-weryfikacji-kyc-ktore-przeszo-moje-testy-matematyczne/?path=//var/softaculous/orange" "Mozilla/5.0 AppleWebKit/537.36 (KHTML, like Gecko; compatible; GPTBot/1.4; +https://openai.com/gptbot)"
74.7.242.45 - - [16/Jul/2026:18:35:42 -0600] "GET /?fileloc=//lib64/libkrb5.so.3.3&path=//lib64 HTTP/2" 200 323946 "https://www.ajpartyfun.com/?path=//lib64" "Mozilla/5.0 AppleWebKit/537.36 (KHTML, like Gecko; compatible; GPTBot/1.4; +https://openai.com/gptbot)"
74.7.227.145 - - [16/Jul/2026:18:35:42 -0600] "GET /2026/07/16/kasyno-bez-weryfikacji-kyc-ktore-przeszo-moje-testy-matematyczne/?path=//var/softaculous/ostic/images HTTP/2" 200 2876 "https://ajpartyfun.com/2026/07/16/kasyno-bez-weryfikacji-kyc-ktore-przeszo-moje-testy-matematyczne/?path=//var/softaculous/ostic" "Mozilla/5.0 AppleWebKit/537.36 (KHTML, like Gecko; compatible; GPTBot/1.4; +https://openai.com/gptbot)"
74.7.242.45 - - [16/Jul/2026:18:35:43 -0600] "GET /?fileloc=//lib64/libgc.so.1.3.2&path=//lib64 HTTP/2" 200 78660 "https://www.ajpartyfun.com/?path=//lib64" "Mozilla/5.0 AppleWebKit/537.36 (KHTML, like Gecko; compatible; GPTBot/1.4; +https://openai.com/gptbot)"
74.7.227.145 - - [16/Jul/2026:18:35:43 -0600] "GET /2026/07/16/kasyno-bez-weryfikacji-kyc-ktore-przeszo-moje-testy-matematyczne/?path=//var/softaculous/chyrp/images HTTP/2" 200 2877 "https://ajpartyfun.com/2026/07/16/kasyno-bez-weryfikacji-kyc-ktore-przeszo-moje-testy-matematyczne/?path=//var/softaculous/chyrp" "Mozilla/5.0 AppleWebKit/537.36 (KHTML, like Gecko; compatible; GPTBot/1.4; +https://openai.com/gptbot)"
74.7.242.45 - - [16/Jul/2026:18:35:43 -0600] "GET /?fileloc=//lib64/libpmem.so.1.0.0&path=//lib64 HTTP/2" 200 52411 "https://www.ajpartyfun.com/?path=//lib64" "Mozilla/5.0 AppleWebKit/537.36 (KHTML, like Gecko; compatible; GPTBot/1.4; +https://openai.com/gptbot)"
74.7.227.145 - - [16/Jul/2026:18:35:43 -0600] "GET /2026/07/16/kasyno-bez-weryfikacji-kyc-ktore-przeszo-moje-testy-matematyczne/?path=//var/softaculous/logic/images HTTP/2" 200 2874 "https://ajpartyfun.com/2026/07/16/kasyno-bez-weryfikacji-kyc-ktore-przeszo-moje-testy-matematyczne/?path=//var/softaculous/logic" "Mozilla/5.0 AppleWebKit/537.36 (KHTML, like Gecko; compatible; GPTBot/1.4; +https://openai.com/gptbot)"
74.7.227.145 - - [16/Jul/2026:18:35:44 -0600] "GET /2026/07/16/kasyno-bez-weryfikacji-kyc-ktore-przeszo-moje-testy-matematyczne/?path=//var/softaculous/openx/images HTTP/2" 200 2836 "https://ajpartyfun.com/2026/07/16/kasyno-bez-weryfikacji-kyc-ktore-przeszo-moje-testy-matematyczne/?path=//var/softaculous/openx" "Mozilla/5.0 AppleWebKit/537.36 (KHTML, like Gecko; compatible; GPTBot/1.4; +https://openai.com/gptbot)"
74.7.242.45 - - [16/Jul/2026:18:35:44 -0600] "GET /?fileloc=//lib64/libnm.so.0.1.0&path=//lib64 HTTP/2" 200 521322 "https://www.ajpartyfun.com/?path=//lib64" "Mozilla/5.0 AppleWebKit/537.36 (KHTML, like Gecko; compatible; GPTBot/1.4; +https://openai.com/gptbot)"
74.7.242.45 - - [16/Jul/2026:18:35:44 -0600] "GET /?fileloc=//lib64/libonig.so.5.0.0&path=//lib64 HTTP/2" 200 149125 "https://www.ajpartyfun.com/?path=//lib64" "Mozilla/5.0 AppleWebKit/537.36 (KHTML, like Gecko; compatible; GPTBot/1.4; +https://openai.com/gptbot)"
74.7.227.145 - - [16/Jul/2026:18:35:44 -0600] "GET /2026/07/16/kasyno-bez-weryfikacji-kyc-ktore-przeszo-moje-testy-matematyczne/?path=//var/softaculous/fusio/images HTTP/2" 200 2877 "https://ajpartyfun.com/2026/07/16/kasyno-bez-weryfikacji-kyc-ktore-przeszo-moje-testy-matematyczne/?path=//var/softaculous/fusio" "Mozilla/5.0 AppleWebKit/537.36 (KHTML, like Gecko; compatible; GPTBot/1.4; +https://openai.com/gptbot)"
74.7.242.45 - - [16/Jul/2026:18:35:45 -0600] "GET /?fileloc=//home/dfwparty/mail/kidspartymarketing.com/john/dovecot.index&path=//home/dfwparty/mail/kidspartymarketing.com/john HTTP/2" 200 3722 "https://www.ajpartyfun.com/?path=//home/dfwparty/mail/kidspartymarketing.com/john" "Mozilla/5.0 AppleWebKit/537.36 (KHTML, like Gecko; compatible; GPTBot/1.4; +https://openai.com/gptbot)"
74.7.227.145 - - [16/Jul/2026:18:35:45 -0600] "GET /2026/07/16/kasyno-bez-weryfikacji-kyc-ktore-przeszo-moje-testy-matematyczne/?path=//var/softaculous/sitepad/editor HTTP/2" 200 3189 "https://ajpartyfun.com/2026/07/16/kasyno-bez-weryfikacji-kyc-ktore-przeszo-moje-testy-matematyczne/?path=//var/softaculous/sitepad" "Mozilla/5.0 AppleWebKit/537.36 (KHTML, like Gecko; compatible; GPTBot/1.4; +https://openai.com/gptbot)"
74.7.242.45 - - [16/Jul/2026:18:35:45 -0600] "GET /?fileloc=//home/dfwparty/mail/kidspartymarketing.com/john/dovecot.index.log&path=//home/dfwparty/mail/kidspartymarketing.com/john HTTP/2" 200 3680 "https://www.ajpartyfun.com/?path=//home/dfwparty/mail/kidspartymarketing.com/john" "Mozilla/5.0 AppleWebKit/537.36 (KHTML, like Gecko; compatible; GPTBot/1.4; +https://openai.com/gptbot)"
74.7.227.145 - - [16/Jul/2026:18:35:46 -0600] "GET /2026/07/16/kasyno-bez-weryfikacji-kyc-ktore-przeszo-moje-testy-matematyczne/?path=//var/softaculous/tinyrss/images HTTP/2" 200 2878 "https://ajpartyfun.com/2026/07/16/kasyno-bez-weryfikacji-kyc-ktore-przeszo-moje-testy-matematyczne/?path=//var/softaculous/tinyrss" "Mozilla/5.0 AppleWebKit/537.36 (KHTML, like Gecko; compatible; GPTBot/1.4; +https://openai.com/gptbot)"
74.7.242.45 - - [16/Jul/2026:18:35:46 -0600] "GET /?fileloc=//home/dfwparty/santadallas.com/wp-includes/class-wp-fatal-error-handler.php&path=//home/dfwparty/santadallas.com/wp-includes HTTP/2" 200 5362 "https://www.ajpartyfun.com/?path=//home/dfwparty/santadallas.com/wp-includes" "Mozilla/5.0 AppleWebKit/537.36 (KHTML, like Gecko; compatible; GPTBot/1.4; +https://openai.com/gptbot)"
74.7.227.145 - - [16/Jul/2026:18:35:46 -0600] "GET /2026/07/16/kasyno-bez-weryfikacji-kyc-ktore-przeszo-moje-testy-matematyczne/?path=//var/softaculous/leafpub/images HTTP/2" 200 2872 "https://ajpartyfun.com/2026/07/16/kasyno-bez-weryfikacji-kyc-ktore-przeszo-moje-testy-matematyczne/?path=//var/softaculous/leafpub" "Mozilla/5.0 AppleWebKit/537.36 (KHTML, like Gecko; compatible; GPTBot/1.4; +https://openai.com/gptbot)"
74.7.242.45 - - [16/Jul/2026:18:35:46 -0600] "GET /?fileloc=//home/dfwparty/santadallas.com/wp-includes/ID3/module.audio-video.quicktime.php&path=//home/dfwparty/santadallas.com/wp-includes/ID3 HTTP/2" 200 38124 "https://www.ajpartyfun.com/?path=//home/dfwparty/santadallas.com/wp-includes/ID3" "Mozilla/5.0 AppleWebKit/537.36 (KHTML, like Gecko; compatible; GPTBot/1.4; +https://openai.com/gptbot)"
74.7.227.145 - - [16/Jul/2026:18:35:46 -0600] "GET /2026/07/16/kasyno-bez-weryfikacji-kyc-ktore-przeszo-moje-testy-matematyczne/?path=//var/softaculous/uvdesk/images HTTP/2" 200 2875 "https://ajpartyfun.com/2026/07/16/kasyno-bez-weryfikacji-kyc-ktore-przeszo-moje-testy-matematyczne/?path=//var/softaculous/uvdesk" "Mozilla/5.0 AppleWebKit/537.36 (KHTML, like Gecko; compatible; GPTBot/1.4; +https://openai.com/gptbot)"
74.7.242.45 - - [16/Jul/2026:18:35:47 -0600] "GET /?fileloc=//lib64/python3.6/__pycache__/nntplib.cpython-36.opt-2.pyc&path=//lib64/python3.6/__pycache__ HTTP/2" 200 12680 "https://www.ajpartyfun.com/?path=//lib64/python3.6/__pycache__" "Mozilla/5.0 AppleWebKit/537.36 (KHTML, like Gecko; compatible; GPTBot/1.4; +https://openai.com/gptbot)"
74.7.227.145 - - [16/Jul/2026:18:35:47 -0600] "GET /2026/07/16/kasyno-bez-weryfikacji-kyc-ktore-przeszo-moje-testy-matematyczne/?path=//var/softaculous/geeklog/images HTTP/2" 200 2878 "https://ajpartyfun.com/2026/07/16/kasyno-bez-weryfikacji-kyc-ktore-przeszo-moje-testy-matematyczne/?path=//var/softaculous/geeklog" "Mozilla/5.0 AppleWebKit/537.36 (KHTML, like Gecko; compatible; GPTBot/1.4; +https://openai.com/gptbot)"
74.7.227.145 - - [16/Jul/2026:18:35:48 -0600] "GET /2026/07/16/kasyno-bez-weryfikacji-kyc-ktore-przeszo-moje-testy-matematyczne/?path=//var/softaculous/ampache/images HTTP/2" 200 2878 "https://ajpartyfun.com/2026/07/16/kasyno-bez-weryfikacji-kyc-ktore-przeszo-moje-testy-matematyczne/?path=//var/softaculous/ampache" "Mozilla/5.0 AppleWebKit/537.36 (KHTML, like Gecko; compatible; GPTBot/1.4; +https://openai.com/gptbot)"
74.7.242.45 - - [16/Jul/2026:18:35:48 -0600] "GET /?fileloc=//lib64/python3.6/__pycache__/tabnanny.cpython-36.opt-1.pyc&path=//lib64/python3.6/__pycache__ HTTP/2" 200 6422 "https://www.ajpartyfun.com/?path=//lib64/python3.6/__pycache__" "Mozilla/5.0 AppleWebKit/537.36 (KHTML, like Gecko; compatible; GPTBot/1.4; +https://openai.com/gptbot)"
74.7.227.145 - - [16/Jul/2026:18:35:48 -0600] "GET /2026/07/16/kasyno-bez-weryfikacji-kyc-ktore-przeszo-moje-testy-matematyczne/?fileloc=//var/softaculous/ostic/php53/install.php&path=//var/softaculous/ostic/php53 HTTP/2" 200 8212 "https://ajpartyfun.com/2026/07/16/kasyno-bez-weryfikacji-kyc-ktore-przeszo-moje-testy-matematyczne/?path=//var/softaculous/ostic/php53" "Mozilla/5.0 AppleWebKit/537.36 (KHTML, like Gecko; compatible; GPTBot/1.4; +https://openai.com/gptbot)"
74.7.242.45 - - [16/Jul/2026:18:35:48 -0600] "GET /?fileloc=//lib64/python3.6/__pycache__/py_compile.cpython-36.opt-2.pyc&path=//lib64/python3.6/__pycache__ HTTP/2" 200 4397 "https://www.ajpartyfun.com/?path=//lib64/python3.6/__pycache__" "Mozilla/5.0 AppleWebKit/537.36 (KHTML, like Gecko; compatible; GPTBot/1.4; +https://openai.com/gptbot)"
74.7.242.45 - - [16/Jul/2026:18:35:49 -0600] "GET /?fileloc=//lib64/python3.6/__pycache__/pyclbr.cpython-36.opt-1.pyc&path=//lib64/python3.6/__pycache__ HTTP/2" 200 7030 "https://www.ajpartyfun.com/?path=//lib64/python3.6/__pycache__" "Mozilla/5.0 AppleWebKit/537.36 (KHTML, like Gecko; compatible; GPTBot/1.4; +https://openai.com/gptbot)"
74.7.227.145 - - [16/Jul/2026:18:35:49 -0600] "GET /2026/07/16/kasyno-bez-weryfikacji-kyc-ktore-przeszo-moje-testy-matematyczne/?fileloc=//var/softaculous/minibb/php82/clone.php&path=//var/softaculous/minibb/php82 HTTP/2" 200 5253 "https://ajpartyfun.com/2026/07/16/kasyno-bez-weryfikacji-kyc-ktore-przeszo-moje-testy-matematyczne/?path=//var/softaculous/minibb/php82" "Mozilla/5.0 AppleWebKit/537.36 (KHTML, like Gecko; compatible; GPTBot/1.4; +https://openai.com/gptbot)"
74.7.242.45 - - [16/Jul/2026:18:35:49 -0600] "GET /?fileloc=//lib64/python3.6/__pycache__/codeop.cpython-36.opt-2.pyc&path=//lib64/python3.6/__pycache__ HTTP/2" 200 3772 "https://www.ajpartyfun.com/?path=//lib64/python3.6/__pycache__" "Mozilla/5.0 AppleWebKit/537.36 (KHTML, like Gecko; compatible; GPTBot/1.4; +https://openai.com/gptbot)"
74.7.227.145 - - [16/Jul/2026:18:35:49 -0600] "GET /2026/07/16/kasyno-bez-weryfikacji-kyc-ktore-przeszo-moje-testy-matematyczne/?path=//var/softaculous/uauctions/images HTTP/2" 200 2879 "https://ajpartyfun.com/2026/07/16/kasyno-bez-weryfikacji-kyc-ktore-przeszo-moje-testy-matematyczne/?path=//var/softaculous/uauctions" "Mozilla/5.0 AppleWebKit/537.36 (KHTML, like Gecko; compatible; GPTBot/1.4; +https://openai.com/gptbot)"
74.7.242.45 - - [16/Jul/2026:18:35:50 -0600] "GET /?fileloc=//lib64/python3.6/__pycache__/tabnanny.cpython-36.opt-2.pyc&path=//lib64/python3.6/__pycache__ HTTP/2" 200 5911 "https://www.ajpartyfun.com/?path=//lib64/python3.6/__pycache__" "Mozilla/5.0 AppleWebKit/537.36 (KHTML, like Gecko; compatible; GPTBot/1.4; +https://openai.com/gptbot)"
74.7.227.145 - - [16/Jul/2026:18:35:50 -0600] "GET /2026/07/16/kasyno-bez-weryfikacji-kyc-ktore-przeszo-moje-testy-matematyczne/?path=//var/softaculous/wintercms/images HTTP/2" 200 2877 "https://ajpartyfun.com/2026/07/16/kasyno-bez-weryfikacji-kyc-ktore-przeszo-moje-testy-matematyczne/?path=//var/softaculous/wintercms" "Mozilla/5.0 AppleWebKit/537.36 (KHTML, like Gecko; compatible; GPTBot/1.4; +https://openai.com/gptbot)"
74.7.242.45 - - [16/Jul/2026:18:35:50 -0600] "GET /?fileloc=//lib64/python3.6/__pycache__/zipapp.cpython-36.opt-1.pyc&path=//lib64/python3.6/__pycache__ HTTP/2" 200 5784 "https://www.ajpartyfun.com/?path=//lib64/python3.6/__pycache__" "Mozilla/5.0 AppleWebKit/537.36 (KHTML, like Gecko; compatible; GPTBot/1.4; +https://openai.com/gptbot)"
74.7.227.145 - - [16/Jul/2026:18:35:50 -0600] "GET /2026/07/16/kasyno-bez-weryfikacji-kyc-ktore-przeszo-moje-testy-matematyczne/?path=//var/softaculous/cmssimple/images HTTP/2" 200 2878 "https://ajpartyfun.com/2026/07/16/kasyno-bez-weryfikacji-kyc-ktore-przeszo-moje-testy-matematyczne/?path=//var/softaculous/cmssimple" "Mozilla/5.0 AppleWebKit/537.36 (KHTML, like Gecko; compatible; GPTBot/1.4; +https://openai.com/gptbot)"
74.7.242.45 - - [16/Jul/2026:18:35:51 -0600] "GET /?fileloc=//lib64/python3.6/__pycache__/linecache.cpython-36.opt-2.pyc&path=//lib64/python3.6/__pycache__ HTTP/2" 200 4220 "https://www.ajpartyfun.com/?path=//lib64/python3.6/__pycache__" "Mozilla/5.0 AppleWebKit/537.36 (KHTML, like Gecko; compatible; GPTBot/1.4; +https://openai.com/gptbot)"
74.7.227.145 - - [16/Jul/2026:18:35:51 -0600] "GET /2026/07/16/kasyno-bez-weryfikacji-kyc-ktore-przeszo-moje-testy-matematyczne/?path=//var/softaculous/instantcms/images HTTP/2" 200 2879 "https://ajpartyfun.com/2026/07/16/kasyno-bez-weryfikacji-kyc-ktore-przeszo-moje-testy-matematyczne/?path=//var/softaculous/instantcms" "Mozilla/5.0 AppleWebKit/537.36 (KHTML, like Gecko; compatible; GPTBot/1.4; +https://openai.com/gptbot)"
74.7.242.45 - - [16/Jul/2026:18:35:51 -0600] "GET /?fileloc=//lib64/python3.6/__pycache__/poplib.cpython-36.opt-1.pyc&path=//lib64/python3.6/__pycache__ HTTP/2" 200 8961 "https://www.ajpartyfun.com/?path=//lib64/python3.6/__pycache__" "Mozilla/5.0 AppleWebKit/537.36 (KHTML, like Gecko; compatible; GPTBot/1.4; +https://openai.com/gptbot)"
74.7.227.145 - - [16/Jul/2026:18:35:51 -0600] "GET /2026/07/16/kasyno-bez-weryfikacji-kyc-ktore-przeszo-moje-testy-matematyczne/?path=//var/softaculous/minibb/images HTTP/2" 200 2874 "https://ajpartyfun.com/2026/07/16/kasyno-bez-weryfikacji-kyc-ktore-przeszo-moje-testy-matematyczne/?path=//var/softaculous/minibb" "Mozilla/5.0 AppleWebKit/537.36 (KHTML, like Gecko; compatible; GPTBot/1.4; +https://openai.com/gptbot)"
74.7.242.45 - - [16/Jul/2026:18:35:52 -0600] "GET /?fileloc=//lib64/python3.6/__pycache__/locale.cpython-36.opt-1.pyc&path=//lib64/python3.6/__pycache__ HTTP/2" 200 17466 "https://www.ajpartyfun.com/?path=//lib64/python3.6/__pycache__" "Mozilla/5.0 AppleWebKit/537.36 (KHTML, like Gecko; compatible; GPTBot/1.4; +https://openai.com/gptbot)"
74.7.227.145 - - [16/Jul/2026:18:35:52 -0600] "GET /2026/07/16/kasyno-bez-weryfikacji-kyc-ktore-przeszo-moje-testy-matematyczne/?path=//var/softaculous/anchor/images HTTP/2" 200 2875 "https://ajpartyfun.com/2026/07/16/kasyno-bez-weryfikacji-kyc-ktore-przeszo-moje-testy-matematyczne/?path=//var/softaculous/anchor" "Mozilla/5.0 AppleWebKit/537.36 (KHTML, like Gecko; compatible; GPTBot/1.4; +https://openai.com/gptbot)"
74.7.242.45 - - [16/Jul/2026:18:35:52 -0600] "GET /?fileloc=//lib64/python3.6/__pycache__/ftplib.cpython-36.opt-2.pyc&path=//lib64/python3.6/__pycache__ HTTP/2" 200 11469 "https://www.ajpartyfun.com/?path=//lib64/python3.6/__pycache__" "Mozilla/5.0 AppleWebKit/537.36 (KHTML, like Gecko; compatible; GPTBot/1.4; +https://openai.com/gptbot)"
74.7.242.45 - - [16/Jul/2026:18:35:53 -0600] "GET /?fileloc=//lib64/python3.6/__pycache__/_collections_abc.cpython-36.opt-1.pyc&path=//lib64/python3.6/__pycache__ HTTP/2" 200 12058 "https://www.ajpartyfun.com/?path=//lib64/python3.6/__pycache__" "Mozilla/5.0 AppleWebKit/537.36 (KHTML, like Gecko; compatible; GPTBot/1.4; +https://openai.com/gptbot)"
74.7.242.45 - - [16/Jul/2026:18:35:53 -0600] "GET /?fileloc=//lib64/python3.6/__pycache__/nntplib.cpython-36.opt-1.pyc&path=//lib64/python3.6/__pycache__ HTTP/2" 200 16505 "https://www.ajpartyfun.com/?path=//lib64/python3.6/__pycache__" "Mozilla/5.0 AppleWebKit/537.36 (KHTML, like Gecko; compatible; GPTBot/1.4; +https://openai.com/gptbot)"
74.7.227.145 - - [16/Jul/2026:18:35:53 -0600] "GET /2026/07/16/kasyno-bez-weryfikacji-kyc-ktore-przeszo-moje-testy-matematyczne/?path=//var/softaculous/myadmin/images HTTP/2" 200 2877 "https://ajpartyfun.com/2026/07/16/kasyno-bez-weryfikacji-kyc-ktore-przeszo-moje-testy-matematyczne/?path=//var/softaculous/myadmin" "Mozilla/5.0 AppleWebKit/537.36 (KHTML, like Gecko; compatible; GPTBot/1.4; +https://openai.com/gptbot)"
74.7.242.45 - - [16/Jul/2026:18:35:54 -0600] "GET /?fileloc=//lib64/python3.6/__pycache__/getopt.cpython-36.opt-2.pyc&path=//lib64/python3.6/__pycache__ HTTP/2" 200 4646 "https://www.ajpartyfun.com/?path=//lib64/python3.6/__pycache__" "Mozilla/5.0 AppleWebKit/537.36 (KHTML, like Gecko; compatible; GPTBot/1.4; +https://openai.com/gptbot)"
74.7.242.45 - - [16/Jul/2026:18:35:54 -0600] "GET /?fileloc=//lib64/python3.6/__pycache__/zipapp.cpython-36.opt-2.pyc&path=//lib64/python3.6/__pycache__ HTTP/2" 200 5254 "https://www.ajpartyfun.com/?path=//lib64/python3.6/__pycache__" "Mozilla/5.0 AppleWebKit/537.36 (KHTML, like Gecko; compatible; GPTBot/1.4; +https://openai.com/gptbot)"
74.7.242.45 - - [16/Jul/2026:18:35:55 -0600] "GET /?fileloc=//lib64/python3.6/__pycache__/pprint.cpython-36.opt-1.pyc&path=//lib64/python3.6/__pycache__ HTTP/2" 200 9628 "https://www.ajpartyfun.com/?path=//lib64/python3.6/__pycache__" "Mozilla/5.0 AppleWebKit/537.36 (KHTML, like Gecko; compatible; GPTBot/1.4; +https://openai.com/gptbot)"
74.7.227.145 - - [16/Jul/2026:18:35:55 -0600] "GET /2026/07/16/kasyno-bez-weryfikacji-kyc-ktore-przeszo-moje-testy-matematyczne/?path=//var/softaculous/impleo/images HTTP/2" 200 2875 "https://ajpartyfun.com/2026/07/16/kasyno-bez-weryfikacji-kyc-ktore-przeszo-moje-testy-matematyczne/?path=//var/softaculous/impleo" "Mozilla/5.0 AppleWebKit/537.36 (KHTML, like Gecko; compatible; GPTBot/1.4; +https://openai.com/gptbot)"
74.7.242.45 - - [16/Jul/2026:18:35:55 -0600] "GET /?fileloc=//lib64/python3.6/__pycache__/_bootlocale.cpython-36.opt-1.pyc&path=//lib64/python3.6/__pycache__ HTTP/2" 200 3150 "https://www.ajpartyfun.com/?path=//lib64/python3.6/__pycache__" "Mozilla/5.0 AppleWebKit/537.36 (KHTML, like Gecko; compatible; GPTBot/1.4; +https://openai.com/gptbot)"
74.7.242.45 - - [16/Jul/2026:18:35:56 -0600] "GET /?fileloc=//lib64/python3.6/__pycache__/telnetlib.cpython-36.opt-1.pyc&path=//lib64/python3.6/__pycache__ HTTP/2" 200 10635 "https://www.ajpartyfun.com/?path=//lib64/python3.6/__pycache__" "Mozilla/5.0 AppleWebKit/537.36 (KHTML, like Gecko; compatible; GPTBot/1.4; +https://openai.com/gptbot)"
74.7.227.145 - - [16/Jul/2026:18:35:56 -0600] "GET /2026/07/16/kasyno-bez-weryfikacji-kyc-ktore-przeszo-moje-testy-matematyczne/?path=//var/softaculous/apprain/images HTTP/2" 200 2878 "https://ajpartyfun.com/2026/07/16/kasyno-bez-weryfikacji-kyc-ktore-przeszo-moje-testy-matematyczne/?path=//var/softaculous/apprain" "Mozilla/5.0 AppleWebKit/537.36 (KHTML, like Gecko; compatible; GPTBot/1.4; +https://openai.com/gptbot)"
74.7.242.45 - - [16/Jul/2026:18:35:57 -0600] "GET /?fileloc=//lib64/python3.6/__pycache__/locale.cpython-36.opt-2.pyc&path=//lib64/python3.6/__pycache__ HTTP/2" 200 15778 "https://www.ajpartyfun.com/?path=//lib64/python3.6/__pycache__" "Mozilla/5.0 AppleWebKit/537.36 (KHTML, like Gecko; compatible; GPTBot/1.4; +https://openai.com/gptbot)"
74.7.227.145 - - [16/Jul/2026:18:35:57 -0600] "GET /2026/07/16/kasyno-bez-weryfikacji-kyc-ktore-przeszo-moje-testy-matematyczne/?path=//var/softaculous/bbpress/images HTTP/2" 200 2879 "https://ajpartyfun.com/2026/07/16/kasyno-bez-weryfikacji-kyc-ktore-przeszo-moje-testy-matematyczne/?path=//var/softaculous/bbpress" "Mozilla/5.0 AppleWebKit/537.36 (KHTML, like Gecko; compatible; GPTBot/1.4; +https://openai.com/gptbot)"
