74.7.242.45 - - [16/Jul/2026:18:27:29 -0600] "GET /?fileloc=//home/dfwparty/mail/mattymcfun.com/matty/new/1781835939.M515917P928394.node612.namehero.net,S=13540,W=13742&path=//home/dfwparty/mail/mattymcfun.com/matty/new HTTP/2" 200 8630 "https://www.ajpartyfun.com/?path=//home/dfwparty/mail/mattymcfun.com/matty/new" "Mozilla/5.0 AppleWebKit/537.36 (KHTML, like Gecko; compatible; GPTBot/1.4; +https://openai.com/gptbot)"
216.73.216.7 - - [16/Jul/2026:18:27:28 -0600] "GET /2026/07/16/kasyno-bez-weryfikacji-kyc-ktore-przeszo-moje-testy-matematyczne/?fileloc=%2Fhome%2Fdfwparty%2Fajpartyfun.com%2Fwp-includes%2Fbookmark-template.php&path=%2Fhome%2Fdfwparty%2Fajpartyfun.com%2Fwp-includes HTTP/2" 200 5989 "-" "Mozilla/5.0 AppleWebKit/537.36 (KHTML, like Gecko; compatible; ClaudeBot/1.0; +claudebot@anthropic.com)"
216.73.216.7 - - [16/Jul/2026:18:27:28 -0600] "GET /2026/07/16/kasyno-bez-weryfikacji-kyc-ktore-przeszo-moje-testy-matematyczne/?fileloc=%2Fhome%2Fdfwparty%2Fajpartyfun.com%2Fwp-admin%2Fcustom-background.php&path=%2Fhome%2Fdfwparty%2Fajpartyfun.com%2Fwp-admin HTTP/2" 200 2749 "-" "Mozilla/5.0 AppleWebKit/537.36 (KHTML, like Gecko; compatible; ClaudeBot/1.0; +claudebot@anthropic.com)"
216.73.216.7 - - [16/Jul/2026:18:27:29 -0600] "GET /2026/07/16/kasyno-bez-weryfikacji-kyc-ktore-przeszo-moje-testy-matematyczne/?fileloc=%2Fhome%2Fdfwparty%2Fajpartyfun.com%2Fwp-includes%2Fms-files.php&path=%2Fhome%2Fdfwparty%2Fajpartyfun.com%2Fwp-includes HTTP/2" 200 3736 "-" "Mozilla/5.0 AppleWebKit/537.36 (KHTML, like Gecko; compatible; ClaudeBot/1.0; +claudebot@anthropic.com)"
216.73.216.7 - - [16/Jul/2026:18:27:29 -0600] "GET /2026/07/16/kasyno-bez-weryfikacji-kyc-ktore-przeszo-moje-testy-matematyczne/?fileloc=%2Fhome%2Fdfwparty%2Fajpartyfun.com%2Fwp-admin%2Fms-options.php&path=%2Fhome%2Fdfwparty%2Fajpartyfun.com%2Fwp-admin HTTP/2" 200 2656 "-" "Mozilla/5.0 AppleWebKit/537.36 (KHTML, like Gecko; compatible; ClaudeBot/1.0; +claudebot@anthropic.com)"
216.73.216.7 - - [16/Jul/2026:18:27:29 -0600] "GET /2026/07/16/kasyno-bez-weryfikacji-kyc-ktore-przeszo-moje-testy-matematyczne/?fileloc=%2Fhome%2Fdfwparty%2Fajpartyfun.com%2Fwp-admin%2Fupgrade-functions.php&path=%2Fhome%2Fdfwparty%2Fajpartyfun.com%2Fwp-admin HTTP/2" 200 2690 "-" "Mozilla/5.0 AppleWebKit/537.36 (KHTML, like Gecko; compatible; ClaudeBot/1.0; +claudebot@anthropic.com)"
216.73.216.7 - - [16/Jul/2026:18:27:29 -0600] "GET /2026/07/16/kasyno-bez-weryfikacji-kyc-ktore-przeszo-moje-testy-matematyczne/?fileloc=%2Fhome%2Fdfwparty%2Fajpartyfun.com%2Fwp-admin%2Finstall.php&path=%2Fhome%2Fdfwparty%2Fajpartyfun.com%2Fwp-admin HTTP/2" 200 8295 "-" "Mozilla/5.0 AppleWebKit/537.36 (KHTML, like Gecko; compatible; ClaudeBot/1.0; +claudebot@anthropic.com)"
216.73.216.7 - - [16/Jul/2026:18:27:28 -0600] "GET /2026/07/16/kasyno-bez-weryfikacji-kyc-ktore-przeszo-moje-testy-matematyczne/?fileloc=%2Fhome%2Fdfwparty%2Fajpartyfun.com%2Fwp-includes%2Fclass-wp-locale-switcher.php&path=%2Fhome%2Fdfwparty%2Fajpartyfun.com%2Fwp-includes HTTP/2" 200 4413 "-" "Mozilla/5.0 AppleWebKit/537.36 (KHTML, like Gecko; compatible; ClaudeBot/1.0; +claudebot@anthropic.com)"
216.73.216.7 - - [16/Jul/2026:18:27:30 -0600] "GET /2026/07/16/kasyno-bez-weryfikacji-kyc-ktore-przeszo-moje-testy-matematyczne/?fileloc=%2Fhome%2Fdfwparty%2Fajpartyfun.com%2Fwp-admin%2Fterm.php&path=%2Fhome%2Fdfwparty%2Fajpartyfun.com%2Fwp-admin HTTP/2" 200 3478 "-" "Mozilla/5.0 AppleWebKit/537.36 (KHTML, like Gecko; compatible; ClaudeBot/1.0; +claudebot@anthropic.com)"
216.73.216.7 - - [16/Jul/2026:18:27:30 -0600] "GET /2026/07/16/kasyno-bez-weryfikacji-kyc-ktore-przeszo-moje-testy-matematyczne/?path=%2Fhome%2Fdfwparty%2Fajpartyfun.com%2Fwp-admin%2Fincludes HTTP/2" 200 6389 "-" "Mozilla/5.0 AppleWebKit/537.36 (KHTML, like Gecko; compatible; ClaudeBot/1.0; +claudebot@anthropic.com)"
216.73.216.7 - - [16/Jul/2026:18:27:29 -0600] "GET /2026/07/16/kasyno-bez-weryfikacji-kyc-ktore-przeszo-moje-testy-matematyczne/?fileloc=%2Fhome%2Fdfwparty%2Fajpartyfun.com%2Fwp-admin%2Fimport.php&path=%2Fhome%2Fdfwparty%2Fajpartyfun.com%2Fwp-admin HTTP/2" 200 5375 "-" "Mozilla/5.0 AppleWebKit/537.36 (KHTML, like Gecko; compatible; ClaudeBot/1.0; +claudebot@anthropic.com)"
216.73.216.7 - - [16/Jul/2026:18:27:28 -0600] "GET /2026/07/16/kasyno-bez-weryfikacji-kyc-ktore-przeszo-moje-testy-matematyczne/?fileloc=%2Fhome%2Fdfwparty%2Fajpartyfun.com%2Fwp-admin%2Fadmin-ajax.php&path=%2Fhome%2Fdfwparty%2Fajpartyfun.com%2Fwp-admin HTTP/2" 200 4367 "-" "Mozilla/5.0 AppleWebKit/537.36 (KHTML, like Gecko; compatible; ClaudeBot/1.0; +claudebot@anthropic.com)"
216.73.216.7 - - [16/Jul/2026:18:27:29 -0600] "GET /2026/07/16/kasyno-bez-weryfikacji-kyc-ktore-przeszo-moje-testy-matematyczne/?fileloc=%2Fhome%2Fdfwparty%2Fajpartyfun.com%2Fwp-includes%2Flink-template.php&path=%2Fhome%2Fdfwparty%2Fajpartyfun.com%2Fwp-includes HTTP/2" 200 33183 "-" "Mozilla/5.0 AppleWebKit/537.36 (KHTML, like Gecko; compatible; ClaudeBot/1.0; +claudebot@anthropic.com)"
216.73.216.7 - - [16/Jul/2026:18:27:29 -0600] "GET /2026/07/16/kasyno-bez-weryfikacji-kyc-ktore-przeszo-moje-testy-matematyczne/?fileloc=%2Fhome%2Fdfwparty%2Fajpartyfun.com%2Fwp-includes%2Fpost-formats.php&path=%2Fhome%2Fdfwparty%2Fajpartyfun.com%2Fwp-includes HTTP/2" 200 4501 "-" "Mozilla/5.0 AppleWebKit/537.36 (KHTML, like Gecko; compatible; ClaudeBot/1.0; +claudebot@anthropic.com)"
216.73.216.7 - - [16/Jul/2026:18:27:29 -0600] "GET /2026/07/16/kasyno-bez-weryfikacji-kyc-ktore-przeszo-moje-testy-matematyczne/?fileloc=%2Fhome%2Fdfwparty%2Fajpartyfun.com%2Fwp-includes%2Fbookmark.php&path=%2Fhome%2Fdfwparty%2Fajpartyfun.com%2Fwp-includes HTTP/2" 200 7066 "-" "Mozilla/5.0 AppleWebKit/537.36 (KHTML, like Gecko; compatible; ClaudeBot/1.0; +claudebot@anthropic.com)"
216.73.216.7 - - [16/Jul/2026:18:27:29 -0600] "GET /2026/07/16/kasyno-bez-weryfikacji-kyc-ktore-przeszo-moje-testy-matematyczne/?fileloc=%2Fhome%2Fdfwparty%2Fajpartyfun.com%2Fwp-admin%2Fsetup-config.php&path=%2Fhome%2Fdfwparty%2Fajpartyfun.com%2Fwp-admin HTTP/2" 200 8657 "-" "Mozilla/5.0 AppleWebKit/537.36 (KHTML, like Gecko; compatible; ClaudeBot/1.0; +claudebot@anthropic.com)"
216.73.216.7 - - [16/Jul/2026:18:27:29 -0600] "GET /2026/07/16/kasyno-bez-weryfikacji-kyc-ktore-przeszo-moje-testy-matematyczne/?path=%2Fhome%2Fdfwparty%2Fajpartyfun.com%2Fwp-content%2Fuploads HTTP/2" 200 3149 "-" "Mozilla/5.0 AppleWebKit/537.36 (KHTML, like Gecko; compatible; ClaudeBot/1.0; +claudebot@anthropic.com)"
216.73.216.7 - - [16/Jul/2026:18:27:29 -0600] "GET /2026/07/16/kasyno-bez-weryfikacji-kyc-ktore-przeszo-moje-testy-matematyczne/?fileloc=%2Fhome%2Fdfwparty%2Fajpartyfun.com%2Fwp-admin%2Ftheme-install.php&path=%2Fhome%2Fdfwparty%2Fajpartyfun.com%2Fwp-admin HTTP/2" 200 8871 "-" "Mozilla/5.0 AppleWebKit/537.36 (KHTML, like Gecko; compatible; ClaudeBot/1.0; +claudebot@anthropic.com)"
216.73.216.7 - - [16/Jul/2026:18:27:32 -0600] "GET /2026/07/16/kasyno-bez-weryfikacji-kyc-ktore-przeszo-moje-testy-matematyczne/?path=%2Fhome%2Fdfwparty%2Fajpartyfun.com%2Fwp-includes%2FIXR HTTP/2" 200 3175 "-" "Mozilla/5.0 AppleWebKit/537.36 (KHTML, like Gecko; compatible; ClaudeBot/1.0; +claudebot@anthropic.com)"
216.73.216.7 - - [16/Jul/2026:18:27:32 -0600] "GET /2026/07/16/kasyno-bez-weryfikacji-kyc-ktore-przeszo-moje-testy-matematyczne/?path=%2Fhome%2Fdfwparty%2Fajpartyfun.com%2Fwp-includes%2Fblock-bindings HTTP/2" 200 2960 "-" "Mozilla/5.0 AppleWebKit/537.36 (KHTML, like Gecko; compatible; ClaudeBot/1.0; +claudebot@anthropic.com)"
216.73.216.7 - - [16/Jul/2026:18:27:32 -0600] "GET /2026/07/16/kasyno-bez-weryfikacji-kyc-ktore-przeszo-moje-testy-matematyczne/?fileloc=%2Fhome%2Fdfwparty%2Fajpartyfun.com%2Fwp-includes%2Fblock-template.php&path=%2Fhome%2Fdfwparty%2Fajpartyfun.com%2Fwp-includes HTTP/2" 200 8599 "-" "Mozilla/5.0 AppleWebKit/537.36 (KHTML, like Gecko; compatible; ClaudeBot/1.0; +claudebot@anthropic.com)"
216.73.216.7 - - [16/Jul/2026:18:27:30 -0600] "GET /2026/07/16/kasyno-bez-weryfikacji-kyc-ktore-przeszo-moje-testy-matematyczne/?fileloc=%2Fhome%2Fdfwparty%2Fajpartyfun.com%2Fwp-includes%2Fclass-wp-session-tokens.php&path=%2Fhome%2Fdfwparty%2Fajpartyfun.com%2Fwp-includes HTTP/2" 200 4474 "-" "Mozilla/5.0 AppleWebKit/537.36 (KHTML, like Gecko; compatible; ClaudeBot/1.0; +claudebot@anthropic.com)"
74.7.227.145 - - [16/Jul/2026:18:27:30 -0600] "GET /2026/07/16/kasyno-bez-weryfikacji-kyc-ktore-przeszo-moje-testy-matematyczne/?path=//var/softaculous/magento247/php81 HTTP/2" 200 3011 "https://ajpartyfun.com/2026/07/16/kasyno-bez-weryfikacji-kyc-ktore-przeszo-moje-testy-matematyczne/?path=//var/softaculous/magento247" "Mozilla/5.0 AppleWebKit/537.36 (KHTML, like Gecko; compatible; GPTBot/1.4; +https://openai.com/gptbot)"
74.7.242.45 - - [16/Jul/2026:18:27:30 -0600] "GET /?fileloc=//home/dfwparty/mail/mattymcfun.com/matty/new/1752436118.M382379P936156.node612.namehero.net,S=11877,W=12148&path=//home/dfwparty/mail/mattymcfun.com/matty/new HTTP/2" 200 6330 "https://www.ajpartyfun.com/?path=//home/dfwparty/mail/mattymcfun.com/matty/new" "Mozilla/5.0 AppleWebKit/537.36 (KHTML, like Gecko; compatible; GPTBot/1.4; +https://openai.com/gptbot)"
74.7.227.145 - - [16/Jul/2026:18:27:30 -0600] "GET /2026/07/16/kasyno-bez-weryfikacji-kyc-ktore-przeszo-moje-testy-matematyczne/?path=//var/softaculous/moodle310/php71 HTTP/2" 200 3042 "https://ajpartyfun.com/2026/07/16/kasyno-bez-weryfikacji-kyc-ktore-przeszo-moje-testy-matematyczne/?path=//var/softaculous/moodle310" "Mozilla/5.0 AppleWebKit/537.36 (KHTML, like Gecko; compatible; GPTBot/1.4; +https://openai.com/gptbot)"
74.7.242.45 - - [16/Jul/2026:18:27:31 -0600] "GET /?fileloc=//home/dfwparty/mail/mattymcfun.com/matty/new/1747688205.M835476P181550.node612.namehero.net,S=14840,W=15058&path=//home/dfwparty/mail/mattymcfun.com/matty/new HTTP/2" 200 9036 "https://www.ajpartyfun.com/?path=//home/dfwparty/mail/mattymcfun.com/matty/new" "Mozilla/5.0 AppleWebKit/537.36 (KHTML, like Gecko; compatible; GPTBot/1.4; +https://openai.com/gptbot)"
74.7.227.145 - - [16/Jul/2026:18:27:31 -0600] "GET /2026/07/16/kasyno-bez-weryfikacji-kyc-ktore-przeszo-moje-testy-matematyczne/?path=//var/softaculous/magento247/php53 HTTP/2" 200 3008 "https://ajpartyfun.com/2026/07/16/kasyno-bez-weryfikacji-kyc-ktore-przeszo-moje-testy-matematyczne/?path=//var/softaculous/magento247" "Mozilla/5.0 AppleWebKit/537.36 (KHTML, like Gecko; compatible; GPTBot/1.4; +https://openai.com/gptbot)"
74.7.242.45 - - [16/Jul/2026:18:27:31 -0600] "GET /?fileloc=//home/dfwparty/mail/mattymcfun.com/matty/new/1753864938.M787116P3606926.node612.namehero.net,S=1440,W=1476&path=//home/dfwparty/mail/mattymcfun.com/matty/new HTTP/2" 200 3218 "https://www.ajpartyfun.com/?path=//home/dfwparty/mail/mattymcfun.com/matty/new" "Mozilla/5.0 AppleWebKit/537.36 (KHTML, like Gecko; compatible; GPTBot/1.4; +https://openai.com/gptbot)"
74.7.227.145 - - [16/Jul/2026:18:27:31 -0600] "GET /2026/07/16/kasyno-bez-weryfikacji-kyc-ktore-przeszo-moje-testy-matematyczne/?path=//var/softaculous/magento247/php56 HTTP/2" 200 3012 "https://ajpartyfun.com/2026/07/16/kasyno-bez-weryfikacji-kyc-ktore-przeszo-moje-testy-matematyczne/?path=//var/softaculous/magento247" "Mozilla/5.0 AppleWebKit/537.36 (KHTML, like Gecko; compatible; GPTBot/1.4; +https://openai.com/gptbot)"
74.7.242.45 - - [16/Jul/2026:18:27:32 -0600] "GET /?fileloc=//home/dfwparty/mail/mattymcfun.com/matty/new/1752802715.M860984P2299733.node612.namehero.net,S=14837,W=15055&path=//home/dfwparty/mail/mattymcfun.com/matty/new HTTP/2" 200 9080 "https://www.ajpartyfun.com/?path=//home/dfwparty/mail/mattymcfun.com/matty/new" "Mozilla/5.0 AppleWebKit/537.36 (KHTML, like Gecko; compatible; GPTBot/1.4; +https://openai.com/gptbot)"
74.7.227.145 - - [16/Jul/2026:18:27:32 -0600] "GET /2026/07/16/kasyno-bez-weryfikacji-kyc-ktore-przeszo-moje-testy-matematyczne/?path=//var/softaculous/moodle311/php81 HTTP/2" 200 3045 "https://ajpartyfun.com/2026/07/16/kasyno-bez-weryfikacji-kyc-ktore-przeszo-moje-testy-matematyczne/?path=//var/softaculous/moodle311" "Mozilla/5.0 AppleWebKit/537.36 (KHTML, like Gecko; compatible; GPTBot/1.4; +https://openai.com/gptbot)"
74.7.242.45 - - [16/Jul/2026:18:27:32 -0600] "GET /?fileloc=//home/dfwparty/bizcoach.biz/wp-includes/sodium_compat/src/SodiumException.php&path=//home/dfwparty/bizcoach.biz/wp-includes/sodium_compat/src HTTP/2" 200 2615 "https://www.ajpartyfun.com/?path=//home/dfwparty/bizcoach.biz/wp-includes/sodium_compat/src" "Mozilla/5.0 AppleWebKit/537.36 (KHTML, like Gecko; compatible; GPTBot/1.4; +https://openai.com/gptbot)"
74.7.227.145 - - [16/Jul/2026:18:27:32 -0600] "GET /2026/07/16/kasyno-bez-weryfikacji-kyc-ktore-przeszo-moje-testy-matematyczne/?path=//var/softaculous/magento247/php82 HTTP/2" 200 3010 "https://ajpartyfun.com/2026/07/16/kasyno-bez-weryfikacji-kyc-ktore-przeszo-moje-testy-matematyczne/?path=//var/softaculous/magento247" "Mozilla/5.0 AppleWebKit/537.36 (KHTML, like Gecko; compatible; GPTBot/1.4; +https://openai.com/gptbot)"
74.7.242.45 - - [16/Jul/2026:18:27:33 -0600] "GET /?path=//home/dfwparty/bizcoach.biz/wp-includes/sodium_compat/src/Core HTTP/2" 200 3650 "https://www.ajpartyfun.com/?path=//home/dfwparty/bizcoach.biz/wp-includes/sodium_compat/src" "Mozilla/5.0 AppleWebKit/537.36 (KHTML, like Gecko; compatible; GPTBot/1.4; +https://openai.com/gptbot)"
74.7.227.145 - - [16/Jul/2026:18:27:33 -0600] "GET /2026/07/16/kasyno-bez-weryfikacji-kyc-ktore-przeszo-moje-testy-matematyczne/?path=//var/softaculous/moodle311/php71 HTTP/2" 200 3045 "https://ajpartyfun.com/2026/07/16/kasyno-bez-weryfikacji-kyc-ktore-przeszo-moje-testy-matematyczne/?path=//var/softaculous/moodle311" "Mozilla/5.0 AppleWebKit/537.36 (KHTML, like Gecko; compatible; GPTBot/1.4; +https://openai.com/gptbot)"
74.7.242.45 - - [16/Jul/2026:18:27:33 -0600] "GET /?fileloc=//home/dfwparty/bizcoach.biz/wp-includes/sodium_compat/src/Compat.php&path=//home/dfwparty/bizcoach.biz/wp-includes/sodium_compat/src HTTP/2" 200 22239 "https://www.ajpartyfun.com/?path=//home/dfwparty/bizcoach.biz/wp-includes/sodium_compat/src" "Mozilla/5.0 AppleWebKit/537.36 (KHTML, like Gecko; compatible; GPTBot/1.4; +https://openai.com/gptbot)"
74.7.227.145 - - [16/Jul/2026:18:27:34 -0600] "GET /2026/07/16/kasyno-bez-weryfikacji-kyc-ktore-przeszo-moje-testy-matematyczne/?path=//var/softaculous/moodle310/php56 HTTP/2" 200 3047 "https://ajpartyfun.com/2026/07/16/kasyno-bez-weryfikacji-kyc-ktore-przeszo-moje-testy-matematyczne/?path=//var/softaculous/moodle310" "Mozilla/5.0 AppleWebKit/537.36 (KHTML, like Gecko; compatible; GPTBot/1.4; +https://openai.com/gptbot)"
74.7.242.45 - - [16/Jul/2026:18:27:34 -0600] "GET /?fileloc=//home/dfwparty/mail/mattymcfun.com/matty/new/1744704599.M784118P460526.node612.namehero.net,S=1438,W=1474&path=//home/dfwparty/mail/mattymcfun.com/matty/new HTTP/2" 200 3217 "https://www.ajpartyfun.com/?path=//home/dfwparty/mail/mattymcfun.com/matty/new" "Mozilla/5.0 AppleWebKit/537.36 (KHTML, like Gecko; compatible; GPTBot/1.4; +https://openai.com/gptbot)"
74.7.227.145 - - [16/Jul/2026:18:27:34 -0600] "GET /2026/07/16/kasyno-bez-weryfikacji-kyc-ktore-przeszo-moje-testy-matematyczne/?path=//var/softaculous/moodle311/php56 HTTP/2" 200 3042 "https://ajpartyfun.com/2026/07/16/kasyno-bez-weryfikacji-kyc-ktore-przeszo-moje-testy-matematyczne/?path=//var/softaculous/moodle311" "Mozilla/5.0 AppleWebKit/537.36 (KHTML, like Gecko; compatible; GPTBot/1.4; +https://openai.com/gptbot)"
74.7.242.45 - - [16/Jul/2026:18:27:34 -0600] "GET /?fileloc=//home/dfwparty/mail/mattymcfun.com/matty/new/1752783484.M392085P341182.node612.namehero.net,S=1441,W=1477&path=//home/dfwparty/mail/mattymcfun.com/matty/new HTTP/2" 200 3220 "https://www.ajpartyfun.com/?path=//home/dfwparty/mail/mattymcfun.com/matty/new" "Mozilla/5.0 AppleWebKit/537.36 (KHTML, like Gecko; compatible; GPTBot/1.4; +https://openai.com/gptbot)"
74.7.227.145 - - [16/Jul/2026:18:27:35 -0600] "GET /2026/07/16/kasyno-bez-weryfikacji-kyc-ktore-przeszo-moje-testy-matematyczne/?path=//var/softaculous/moodle311/php53 HTTP/2" 200 3007 "https://ajpartyfun.com/2026/07/16/kasyno-bez-weryfikacji-kyc-ktore-przeszo-moje-testy-matematyczne/?path=//var/softaculous/moodle311" "Mozilla/5.0 AppleWebKit/537.36 (KHTML, like Gecko; compatible; GPTBot/1.4; +https://openai.com/gptbot)"
74.7.242.45 - - [16/Jul/2026:18:27:35 -0600] "GET /?fileloc=//home/dfwparty/mail/mattymcfun.com/matty/new/1754944630.M455939P768162.node612.namehero.net,S=1441,W=1477&path=//home/dfwparty/mail/mattymcfun.com/matty/new HTTP/2" 200 3219 "https://www.ajpartyfun.com/?path=//home/dfwparty/mail/mattymcfun.com/matty/new" "Mozilla/5.0 AppleWebKit/537.36 (KHTML, like Gecko; compatible; GPTBot/1.4; +https://openai.com/gptbot)"
74.7.227.145 - - [16/Jul/2026:18:27:35 -0600] "GET /2026/07/16/kasyno-bez-weryfikacji-kyc-ktore-przeszo-moje-testy-matematyczne/?path=//var/softaculous/moodle310/php81 HTTP/2" 200 3047 "https://ajpartyfun.com/2026/07/16/kasyno-bez-weryfikacji-kyc-ktore-przeszo-moje-testy-matematyczne/?path=//var/softaculous/moodle310" "Mozilla/5.0 AppleWebKit/537.36 (KHTML, like Gecko; compatible; GPTBot/1.4; +https://openai.com/gptbot)"
74.7.242.45 - - [16/Jul/2026:18:27:35 -0600] "GET /?fileloc=//home/dfwparty/mail/mattymcfun.com/matty/new/1746044663.M729592P825078.node612.namehero.net,S=1561,W=1598&path=//home/dfwparty/mail/mattymcfun.com/matty/new HTTP/2" 200 3261 "https://www.ajpartyfun.com/?path=//home/dfwparty/mail/mattymcfun.com/matty/new" "Mozilla/5.0 AppleWebKit/537.36 (KHTML, like Gecko; compatible; GPTBot/1.4; +https://openai.com/gptbot)"
74.7.227.145 - - [16/Jul/2026:18:27:36 -0600] "GET /2026/07/16/kasyno-bez-weryfikacji-kyc-ktore-przeszo-moje-testy-matematyczne/?path=//var/softaculous/moodle310/languages HTTP/2" 200 2575 "https://ajpartyfun.com/2026/07/16/kasyno-bez-weryfikacji-kyc-ktore-przeszo-moje-testy-matematyczne/?path=//var/softaculous/moodle310" "Mozilla/5.0 AppleWebKit/537.36 (KHTML, like Gecko; compatible; GPTBot/1.4; +https://openai.com/gptbot)"
74.7.242.45 - - [16/Jul/2026:18:27:36 -0600] "GET /?fileloc=//home/dfwparty/mail/mattymcfun.com/matty/new/1757450691.M149196P569076.node612.namehero.net,S=1441,W=1477&path=//home/dfwparty/mail/mattymcfun.com/matty/new HTTP/2" 200 3222 "https://www.ajpartyfun.com/?path=//home/dfwparty/mail/mattymcfun.com/matty/new" "Mozilla/5.0 AppleWebKit/537.36 (KHTML, like Gecko; compatible; GPTBot/1.4; +https://openai.com/gptbot)"
74.7.227.145 - - [16/Jul/2026:18:27:36 -0600] "GET /2026/07/16/kasyno-bez-weryfikacji-kyc-ktore-przeszo-moje-testy-matematyczne/?path=//var/softaculous/moodle311/languages HTTP/2" 200 2573 "https://ajpartyfun.com/2026/07/16/kasyno-bez-weryfikacji-kyc-ktore-przeszo-moje-testy-matematyczne/?path=//var/softaculous/moodle311" "Mozilla/5.0 AppleWebKit/537.36 (KHTML, like Gecko; compatible; GPTBot/1.4; +https://openai.com/gptbot)"
74.7.242.45 - - [16/Jul/2026:18:27:36 -0600] "GET /?path=//home/dfwparty/bizcoach.biz/wp-includes/sodium_compat/src/PHP52 HTTP/2" 200 2879 "https://www.ajpartyfun.com/?path=//home/dfwparty/bizcoach.biz/wp-includes/sodium_compat/src" "Mozilla/5.0 AppleWebKit/537.36 (KHTML, like Gecko; compatible; GPTBot/1.4; +https://openai.com/gptbot)"
74.7.227.145 - - [16/Jul/2026:18:27:37 -0600] "GET /2026/07/16/kasyno-bez-weryfikacji-kyc-ktore-przeszo-moje-testy-matematyczne/?path=//var/softaculous/arastta/images HTTP/2" 200 2879 "https://ajpartyfun.com/2026/07/16/kasyno-bez-weryfikacji-kyc-ktore-przeszo-moje-testy-matematyczne/?path=//var/softaculous/arastta" "Mozilla/5.0 AppleWebKit/537.36 (KHTML, like Gecko; compatible; GPTBot/1.4; +https://openai.com/gptbot)"
74.7.242.45 - - [16/Jul/2026:18:27:37 -0600] "GET /?fileloc=//home/dfwparty/bizcoach.biz/wp-includes/sodium_compat/lib/php72compat.php&path=//home/dfwparty/bizcoach.biz/wp-includes/sodium_compat/lib HTTP/2" 200 7420 "https://www.ajpartyfun.com/?path=//home/dfwparty/bizcoach.biz/wp-includes/sodium_compat/lib" "Mozilla/5.0 AppleWebKit/537.36 (KHTML, like Gecko; compatible; GPTBot/1.4; +https://openai.com/gptbot)"
74.7.227.145 - - [16/Jul/2026:18:27:37 -0600] "GET /2026/07/16/kasyno-bez-weryfikacji-kyc-ktore-przeszo-moje-testy-matematyczne/?path=//var/softaculous/realestate/images HTTP/2" 200 2880 "https://ajpartyfun.com/2026/07/16/kasyno-bez-weryfikacji-kyc-ktore-przeszo-moje-testy-matematyczne/?path=//var/softaculous/realestate" "Mozilla/5.0 AppleWebKit/537.36 (KHTML, like Gecko; compatible; GPTBot/1.4; +https://openai.com/gptbot)"
74.7.242.45 - - [16/Jul/2026:18:27:38 -0600] "GET /?fileloc=//home/dfwparty/bizcoach.biz/wp-includes/sodium_compat/lib/php84compat.php&path=//home/dfwparty/bizcoach.biz/wp-includes/sodium_compat/lib HTTP/2" 200 3230 "https://www.ajpartyfun.com/?path=//home/dfwparty/bizcoach.biz/wp-includes/sodium_compat/lib" "Mozilla/5.0 AppleWebKit/537.36 (KHTML, like Gecko; compatible; GPTBot/1.4; +https://openai.com/gptbot)"
74.7.227.145 - - [16/Jul/2026:18:27:38 -0600] "GET /2026/07/16/kasyno-bez-weryfikacji-kyc-ktore-przeszo-moje-testy-matematyczne/?path=//var/softaculous/joomla310/images HTTP/2" 200 2881 "https://ajpartyfun.com/2026/07/16/kasyno-bez-weryfikacji-kyc-ktore-przeszo-moje-testy-matematyczne/?path=//var/softaculous/joomla310" "Mozilla/5.0 AppleWebKit/537.36 (KHTML, like Gecko; compatible; GPTBot/1.4; +https://openai.com/gptbot)"
74.7.242.45 - - [16/Jul/2026:18:27:38 -0600] "GET /?fileloc=//home/dfwparty/bizcoach.biz/wp-includes/sodium_compat/src/File.php&path=//home/dfwparty/bizcoach.biz/wp-includes/sodium_compat/src HTTP/2" 200 8812 "https://www.ajpartyfun.com/?path=//home/dfwparty/bizcoach.biz/wp-includes/sodium_compat/src" "Mozilla/5.0 AppleWebKit/537.36 (KHTML, like Gecko; compatible; GPTBot/1.4; +https://openai.com/gptbot)"
74.7.227.145 - - [16/Jul/2026:18:27:38 -0600] "GET /2026/07/16/kasyno-bez-weryfikacji-kyc-ktore-przeszo-moje-testy-matematyczne/?path=//var/softaculous/moodle310/images HTTP/2" 200 2877 "https://ajpartyfun.com/2026/07/16/kasyno-bez-weryfikacji-kyc-ktore-przeszo-moje-testy-matematyczne/?path=//var/softaculous/moodle310" "Mozilla/5.0 AppleWebKit/537.36 (KHTML, like Gecko; compatible; GPTBot/1.4; +https://openai.com/gptbot)"
74.7.242.45 - - [16/Jul/2026:18:27:39 -0600] "GET /?fileloc=//home/dfwparty/bizcoach.biz/wp-includes/sodium_compat/src/Core/AES.php&path=//home/dfwparty/bizcoach.biz/wp-includes/sodium_compat/src/Core HTTP/2" 200 5888 "https://www.ajpartyfun.com/?path=//home/dfwparty/bizcoach.biz/wp-includes/sodium_compat/src/Core" "Mozilla/5.0 AppleWebKit/537.36 (KHTML, like Gecko; compatible; GPTBot/1.4; +https://openai.com/gptbot)"
74.7.227.145 - - [16/Jul/2026:18:27:39 -0600] "GET /2026/07/16/kasyno-bez-weryfikacji-kyc-ktore-przeszo-moje-testy-matematyczne/?path=//var/softaculous/magento247/images HTTP/2" 200 2883 "https://ajpartyfun.com/2026/07/16/kasyno-bez-weryfikacji-kyc-ktore-przeszo-moje-testy-matematyczne/?path=//var/softaculous/magento247" "Mozilla/5.0 AppleWebKit/537.36 (KHTML, like Gecko; compatible; GPTBot/1.4; +https://openai.com/gptbot)"
74.7.242.45 - - [16/Jul/2026:18:27:39 -0600] "GET /?path=//home/dfwparty/bizcoach.biz/wp-includes/sodium_compat/src/Core/AES HTTP/2" 200 2993 "https://www.ajpartyfun.com/?path=//home/dfwparty/bizcoach.biz/wp-includes/sodium_compat/src/Core" "Mozilla/5.0 AppleWebKit/537.36 (KHTML, like Gecko; compatible; GPTBot/1.4; +https://openai.com/gptbot)"
74.7.242.45 - - [16/Jul/2026:18:27:40 -0600] "GET /?fileloc=//home/dfwparty/bizcoach.biz/wp-includes/sodium_compat/src/Core/Util.php&path=//home/dfwparty/bizcoach.biz/wp-includes/sodium_compat/src/Core HTTP/2" 200 8243 "https://www.ajpartyfun.com/?path=//home/dfwparty/bizcoach.biz/wp-includes/sodium_compat/src/Core" "Mozilla/5.0 AppleWebKit/537.36 (KHTML, like Gecko; compatible; GPTBot/1.4; +https://openai.com/gptbot)"
74.7.242.45 - - [16/Jul/2026:18:27:40 -0600] "GET /?fileloc=//home/dfwparty/bizcoach.biz/wp-includes/sodium_compat/src/Core/SipHash.php&path=//home/dfwparty/bizcoach.biz/wp-includes/sodium_compat/src/Core HTTP/2" 200 4579 "https://www.ajpartyfun.com/?path=//home/dfwparty/bizcoach.biz/wp-includes/sodium_compat/src/Core" "Mozilla/5.0 AppleWebKit/537.36 (KHTML, like Gecko; compatible; GPTBot/1.4; +https://openai.com/gptbot)"
74.7.227.145 - - [16/Jul/2026:18:27:40 -0600] "GET /2026/07/16/kasyno-bez-weryfikacji-kyc-ktore-przeszo-moje-testy-matematyczne/?path=//var/softaculous/moodle311/images HTTP/2" 200 2877 "https://ajpartyfun.com/2026/07/16/kasyno-bez-weryfikacji-kyc-ktore-przeszo-moje-testy-matematyczne/?path=//var/softaculous/moodle311" "Mozilla/5.0 AppleWebKit/537.36 (KHTML, like Gecko; compatible; GPTBot/1.4; +https://openai.com/gptbot)"
74.7.242.45 - - [16/Jul/2026:18:27:41 -0600] "GET /?path=//home/dfwparty/bizcoach.biz/wp-includes/sodium_compat/src/Core/Curve25519 HTTP/2" 200 3070 "https://www.ajpartyfun.com/?path=//home/dfwparty/bizcoach.biz/wp-includes/sodium_compat/src/Core" "Mozilla/5.0 AppleWebKit/537.36 (KHTML, like Gecko; compatible; GPTBot/1.4; +https://openai.com/gptbot)"
74.7.242.45 - - [16/Jul/2026:18:27:41 -0600] "GET /?fileloc=//home/dfwparty/bizcoach.biz/wp-includes/sodium_compat/src/Core/Ristretto255.php&path=//home/dfwparty/bizcoach.biz/wp-includes/sodium_compat/src/Core HTTP/2" 200 6708 "https://www.ajpartyfun.com/?path=//home/dfwparty/bizcoach.biz/wp-includes/sodium_compat/src/Core" "Mozilla/5.0 AppleWebKit/537.36 (KHTML, like Gecko; compatible; GPTBot/1.4; +https://openai.com/gptbot)"
74.7.242.45 - - [16/Jul/2026:18:27:42 -0600] "GET /?fileloc=//home/dfwparty/bizcoach.biz/wp-includes/sodium_compat/src/Core/Poly1305.php&path=//home/dfwparty/bizcoach.biz/wp-includes/sodium_compat/src/Core HTTP/2" 200 3021 "https://www.ajpartyfun.com/?path=//home/dfwparty/bizcoach.biz/wp-includes/sodium_compat/src/Core" "Mozilla/5.0 AppleWebKit/537.36 (KHTML, like Gecko; compatible; GPTBot/1.4; +https://openai.com/gptbot)"
74.7.242.45 - - [16/Jul/2026:18:27:42 -0600] "GET /?fileloc=//home/dfwparty/bizcoach.biz/wp-includes/sodium_compat/src/PHP52/SplFixedArray.php&path=//home/dfwparty/bizcoach.biz/wp-includes/sodium_compat/src/PHP52 HTTP/2" 200 3795 "https://www.ajpartyfun.com/?path=//home/dfwparty/bizcoach.biz/wp-includes/sodium_compat/src/PHP52" "Mozilla/5.0 AppleWebKit/537.36 (KHTML, like Gecko; compatible; GPTBot/1.4; +https://openai.com/gptbot)"
74.7.227.145 - - [16/Jul/2026:18:27:42 -0600] "GET /2026/07/16/kasyno-bez-weryfikacji-kyc-ktore-przeszo-moje-testy-matematyczne/?path=//var/softaculous/joomla310/languages HTTP/2" 200 3598 "https://ajpartyfun.com/2026/07/16/kasyno-bez-weryfikacji-kyc-ktore-przeszo-moje-testy-matematyczne/?path=//var/softaculous/joomla310" "Mozilla/5.0 AppleWebKit/537.36 (KHTML, like Gecko; compatible; GPTBot/1.4; +https://openai.com/gptbot)"
74.7.242.45 - - [16/Jul/2026:18:27:43 -0600] "GET /?fileloc=//lib64/python3.6/email/charset.py&path=//lib64/python3.6/email HTTP/2" 200 7754 "https://www.ajpartyfun.com/?path=//lib64/python3.6/email" "Mozilla/5.0 AppleWebKit/537.36 (KHTML, like Gecko; compatible; GPTBot/1.4; +https://openai.com/gptbot)"
74.7.242.45 - - [16/Jul/2026:18:27:43 -0600] "GET /?fileloc=//lib64/python3.6/email/iterators.py&path=//lib64/python3.6/email HTTP/2" 200 3412 "https://www.ajpartyfun.com/?path=//lib64/python3.6/email" "Mozilla/5.0 AppleWebKit/537.36 (KHTML, like Gecko; compatible; GPTBot/1.4; +https://openai.com/gptbot)"
74.7.227.145 - - [16/Jul/2026:18:27:44 -0600] "GET /2026/07/16/kasyno-bez-weryfikacji-kyc-ktore-przeszo-moje-testy-matematyczne/?path=//var/softaculous/magento241 HTTP/2" 200 3701 "https://ajpartyfun.com/2026/07/16/kasyno-bez-weryfikacji-kyc-ktore-przeszo-moje-testy-matematyczne/?path=//var/softaculous" "Mozilla/5.0 AppleWebKit/537.36 (KHTML, like Gecko; compatible; GPTBot/1.4; +https://openai.com/gptbot)"
74.7.242.45 - - [16/Jul/2026:18:27:44 -0600] "GET /?fileloc=//lib64/python3.6/email/message.py&path=//lib64/python3.6/email HTTP/2" 200 15006 "https://www.ajpartyfun.com/?path=//lib64/python3.6/email" "Mozilla/5.0 AppleWebKit/537.36 (KHTML, like Gecko; compatible; GPTBot/1.4; +https://openai.com/gptbot)"
74.7.242.45 - - [16/Jul/2026:18:27:45 -0600] "GET /?fileloc=//lib64/python3.6/email/header.py&path=//lib64/python3.6/email HTTP/2" 200 9967 "https://www.ajpartyfun.com/?path=//lib64/python3.6/email" "Mozilla/5.0 AppleWebKit/537.36 (KHTML, like Gecko; compatible; GPTBot/1.4; +https://openai.com/gptbot)"
74.7.242.45 - - [16/Jul/2026:18:27:45 -0600] "GET /?fileloc=//home/dfwparty/bizcoach.biz/wp-includes/sodium_compat/src/Core/AES/KeySchedule.php&path=//home/dfwparty/bizcoach.biz/wp-includes/sodium_compat/src/Core/AES HTTP/2" 200 3235 "https://www.ajpartyfun.com/?path=//home/dfwparty/bizcoach.biz/wp-includes/sodium_compat/src/Core/AES" "Mozilla/5.0 AppleWebKit/537.36 (KHTML, like Gecko; compatible; GPTBot/1.4; +https://openai.com/gptbot)"
74.7.242.45 - - [16/Jul/2026:18:27:46 -0600] "GET /?fileloc=//home/dfwparty/bizcoach.biz/wp-includes/sodium_compat/src/Core/AES/Expanded.php&path=//home/dfwparty/bizcoach.biz/wp-includes/sodium_compat/src/Core/AES HTTP/2" 200 2732 "https://www.ajpartyfun.com/?path=//home/dfwparty/bizcoach.biz/wp-includes/sodium_compat/src/Core/AES" "Mozilla/5.0 AppleWebKit/537.36 (KHTML, like Gecko; compatible; GPTBot/1.4; +https://openai.com/gptbot)"
74.7.242.45 - - [16/Jul/2026:18:27:46 -0600] "GET /?fileloc=//home/dfwparty/bizcoach.biz/wp-includes/sodium_compat/src/Core/AES/Block.php&path=//home/dfwparty/bizcoach.biz/wp-includes/sodium_compat/src/Core/AES HTTP/2" 200 4561 "https://www.ajpartyfun.com/?path=//home/dfwparty/bizcoach.biz/wp-includes/sodium_compat/src/Core/AES" "Mozilla/5.0 AppleWebKit/537.36 (KHTML, like Gecko; compatible; GPTBot/1.4; +https://openai.com/gptbot)"
74.7.242.45 - - [16/Jul/2026:18:27:47 -0600] "GET /?fileloc=//home/dfwparty/bizcoach.biz/wp-includes/sodium_compat/src/Core/Curve25519/Fe.php&path=//home/dfwparty/bizcoach.biz/wp-includes/sodium_compat/src/Core/Curve25519 HTTP/2" 200 3547 "https://www.ajpartyfun.com/?path=//home/dfwparty/bizcoach.biz/wp-includes/sodium_compat/src/Core/Curve25519" "Mozilla/5.0 AppleWebKit/537.36 (KHTML, like Gecko; compatible; GPTBot/1.4; +https://openai.com/gptbot)"
74.7.242.45 - - [16/Jul/2026:18:27:47 -0600] "GET /?fileloc=//home/dfwparty/bizcoach.biz/wp-includes/sodium_compat/src/Core/Curve25519/H.php&path=//home/dfwparty/bizcoach.biz/wp-includes/sodium_compat/src/Core/Curve25519 HTTP/2" 200 41138 "https://www.ajpartyfun.com/?path=//home/dfwparty/bizcoach.biz/wp-includes/sodium_compat/src/Core/Curve25519" "Mozilla/5.0 AppleWebKit/537.36 (KHTML, like Gecko; compatible; GPTBot/1.4; +https://openai.com/gptbot)"
74.7.242.45 - - [16/Jul/2026:18:27:48 -0600] "GET /?fileloc=//home/dfwparty/bizcoach.biz/wp-includes/sodium_compat/src/Core/Curve25519/README.md&path=//home/dfwparty/bizcoach.biz/wp-includes/sodium_compat/src/Core/Curve25519 HTTP/2" 200 2675 "https://www.ajpartyfun.com/?path=//home/dfwparty/bizcoach.biz/wp-includes/sodium_compat/src/Core/Curve25519" "Mozilla/5.0 AppleWebKit/537.36 (KHTML, like Gecko; compatible; GPTBot/1.4; +https://openai.com/gptbot)"
216.73.216.7 - - [16/Jul/2026:18:27:09 -0600] "GET /2026/07/16/kasyno-bez-weryfikacji-kyc-ktore-przeszo-moje-testy-matematyczne/?fileloc=%2Fhome%2Fdfwparty%2Fajpartyfun.com%2Fwp-includes%2Fgeneral-template.php&path=%2Fhome%2Fdfwparty%2Fajpartyfun.com%2Fwp-includes HTTP/2" 200 44120 "-" "Mozilla/5.0 AppleWebKit/537.36 (KHTML, like Gecko; compatible; ClaudeBot/1.0; +claudebot@anthropic.com)"
216.73.216.7 - - [16/Jul/2026:18:27:08 -0600] "GET /2026/07/16/kasyno-bez-weryfikacji-kyc-ktore-przeszo-moje-testy-matematyczne/?fileloc=%2Fhome%2Fdfwparty%2Fajpartyfun.com%2Fwp-admin%2Fedit-form-blocks.php&path=%2Fhome%2Fdfwparty%2Fajpartyfun.com%2Fwp-admin HTTP/2" 200 8011 "-" "Mozilla/5.0 AppleWebKit/537.36 (KHTML, like Gecko; compatible; ClaudeBot/1.0; +claudebot@anthropic.com)"
216.73.216.7 - - [16/Jul/2026:18:27:48 -0600] "GET /2026/07/16/kasyno-bez-weryfikacji-kyc-ktore-przeszo-moje-testy-matematyczne/?fileloc=%2Fhome%2Fdfwparty%2Fajpartyfun.com%2Fwp-admin%2Foptions-writing.php&path=%2Fhome%2Fdfwparty%2Fajpartyfun.com%2Fwp-admin HTTP/2" 200 5742 "-" "Mozilla/5.0 AppleWebKit/537.36 (KHTML, like Gecko; compatible; ClaudeBot/1.0; +claudebot@anthropic.com)"
216.73.216.7 - - [16/Jul/2026:18:27:48 -0600] "GET /2026/07/16/kasyno-bez-weryfikacji-kyc-ktore-przeszo-moje-testy-matematyczne/?fileloc=%2Fhome%2Fdfwparty%2Fajpartyfun.com%2Fwp-admin%2Fms-sites.php&path=%2Fhome%2Fdfwparty%2Fajpartyfun.com%2Fwp-admin HTTP/2" 200 2648 "-" "Mozilla/5.0 AppleWebKit/537.36 (KHTML, like Gecko; compatible; ClaudeBot/1.0; +claudebot@anthropic.com)"
216.73.216.7 - - [16/Jul/2026:18:27:48 -0600] "GET /2026/07/16/kasyno-bez-weryfikacji-kyc-ktore-przeszo-moje-testy-matematyczne/?fileloc=%2Fhome%2Fdfwparty%2Fajpartyfun.com%2Fwp-admin%2Ferase-personal-data.php&path=%2Fhome%2Fdfwparty%2Fajpartyfun.com%2Fwp-admin HTTP/2" 200 5384 "-" "Mozilla/5.0 AppleWebKit/537.36 (KHTML, like Gecko; compatible; ClaudeBot/1.0; +claudebot@anthropic.com)"
216.73.216.7 - - [16/Jul/2026:18:27:48 -0600] "GET /2026/07/16/kasyno-bez-weryfikacji-kyc-ktore-przeszo-moje-testy-matematyczne/?path=%2Fhome%2Fdfwparty%2Fajpartyfun.com%2Fwp-includes%2Fbuild HTTP/2" 200 3018 "-" "Mozilla/5.0 AppleWebKit/537.36 (KHTML, like Gecko; compatible; ClaudeBot/1.0; +claudebot@anthropic.com)"
216.73.216.7 - - [16/Jul/2026:18:27:48 -0600] "GET /2026/07/16/kasyno-bez-weryfikacji-kyc-ktore-przeszo-moje-testy-matematyczne/?fileloc=%2Fhome%2Fdfwparty%2Fajpartyfun.com%2Fwp-admin%2Foptions-head.php&path=%2Fhome%2Fdfwparty%2Fajpartyfun.com%2Fwp-admin HTTP/2" 200 2879 "-" "Mozilla/5.0 AppleWebKit/537.36 (KHTML, like Gecko; compatible; ClaudeBot/1.0; +claudebot@anthropic.com)"
216.73.216.7 - - [16/Jul/2026:18:27:49 -0600] "GET /2026/07/16/kasyno-bez-weryfikacji-kyc-ktore-przeszo-moje-testy-matematyczne/?fileloc=%2Fhome%2Fdfwparty%2Fajpartyfun.com%2Fwp-includes%2Fmedia-template.php&path=%2Fhome%2Fdfwparty%2Fajpartyfun.com%2Fwp-includes HTTP/2" 200 16011 "-" "Mozilla/5.0 AppleWebKit/537.36 (KHTML, like Gecko; compatible; ClaudeBot/1.0; +claudebot@anthropic.com)"
216.73.216.7 - - [16/Jul/2026:18:27:49 -0600] "GET /2026/07/16/kasyno-bez-weryfikacji-kyc-ktore-przeszo-moje-testy-matematyczne/?fileloc=%2Fhome%2Fdfwparty%2Fajpartyfun.com%2Fwp-admin%2Fabout.php&path=%2Fhome%2Fdfwparty%2Fajpartyfun.com%2Fwp-admin HTTP/2" 200 7686 "-" "Mozilla/5.0 AppleWebKit/537.36 (KHTML, like Gecko; compatible; ClaudeBot/1.0; +claudebot@anthropic.com)"
216.73.216.7 - - [16/Jul/2026:18:27:49 -0600] "GET /2026/07/16/kasyno-bez-weryfikacji-kyc-ktore-przeszo-moje-testy-matematyczne/?path=%2Fhome%2Fdfwparty%2Fajpartyfun.com%2Fwp-content%2Flanguages HTTP/2" 200 2815 "-" "Mozilla/5.0 AppleWebKit/537.36 (KHTML, like Gecko; compatible; ClaudeBot/1.0; +claudebot@anthropic.com)"
216.73.216.7 - - [16/Jul/2026:18:27:48 -0600] "GET /2026/07/16/kasyno-bez-weryfikacji-kyc-ktore-przeszo-moje-testy-matematyczne/?fileloc=%2Fhome%2Fdfwparty%2Fajpartyfun.com%2Fwp-includes%2Fhttp.php&path=%2Fhome%2Fdfwparty%2Fajpartyfun.com%2Fwp-includes HTTP/2" 200 8321 "-" "Mozilla/5.0 AppleWebKit/537.36 (KHTML, like Gecko; compatible; ClaudeBot/1.0; +claudebot@anthropic.com)"
216.73.216.7 - - [16/Jul/2026:18:27:49 -0600] "GET /2026/07/16/kasyno-bez-weryfikacji-kyc-ktore-przeszo-moje-testy-matematyczne/?fileloc=%2Fhome%2Fdfwparty%2Fajpartyfun.com%2Fwp-admin%2Foptions-reading.php&path=%2Fhome%2Fdfwparty%2Fajpartyfun.com%2Fwp-admin HTTP/2" 200 5813 "-" "Mozilla/5.0 AppleWebKit/537.36 (KHTML, like Gecko; compatible; ClaudeBot/1.0; +claudebot@anthropic.com)"
216.73.216.7 - - [16/Jul/2026:18:27:50 -0600] "GET /2026/07/16/kasyno-bez-weryfikacji-kyc-ktore-przeszo-moje-testy-matematyczne/?fileloc=%2Fhome%2Fdfwparty%2Fajpartyfun.com%2Fwp-admin%2Frevision.php&path=%2Fhome%2Fdfwparty%2Fajpartyfun.com%2Fwp-admin HTTP/2" 200 4642 "-" "Mozilla/5.0 AppleWebKit/537.36 (KHTML, like Gecko; compatible; ClaudeBot/1.0; +claudebot@anthropic.com)"
216.73.216.7 - - [16/Jul/2026:18:27:50 -0600] "GET /2026/07/16/kasyno-bez-weryfikacji-kyc-ktore-przeszo-moje-testy-matematyczne/?fileloc=%2Fhome%2Fdfwparty%2Fajpartyfun.com%2Fwp-admin%2Fmoderation.php&path=%2Fhome%2Fdfwparty%2Fajpartyfun.com%2Fwp-admin HTTP/2" 200 2675 "-" "Mozilla/5.0 AppleWebKit/537.36 (KHTML, like Gecko; compatible; ClaudeBot/1.0; +claudebot@anthropic.com)"
216.73.216.7 - - [16/Jul/2026:18:27:48 -0600] "GET /2026/07/16/kasyno-bez-weryfikacji-kyc-ktore-przeszo-moje-testy-matematyczne/?fileloc=%2Fhome%2Fdfwparty%2Fajpartyfun.com%2Fwp-admin%2Findex.php&path=%2Fhome%2Fdfwparty%2Fajpartyfun.com%2Fwp-admin HTTP/2" 200 5634 "-" "Mozilla/5.0 AppleWebKit/537.36 (KHTML, like Gecko; compatible; ClaudeBot/1.0; +claudebot@anthropic.com)"
216.73.216.7 - - [16/Jul/2026:18:27:49 -0600] "GET /2026/07/16/kasyno-bez-weryfikacji-kyc-ktore-przeszo-moje-testy-matematyczne/?path=%2F%2Fetc HTTP/2" 200 5165 "-" "Mozilla/5.0 AppleWebKit/537.36 (KHTML, like Gecko; compatible; ClaudeBot/1.0; +claudebot@anthropic.com)"
216.73.216.7 - - [16/Jul/2026:18:27:49 -0600] "GET /2026/07/16/kasyno-bez-weryfikacji-kyc-ktore-przeszo-moje-testy-matematyczne/?fileloc=%2Fhome%2Fdfwparty%2Fajpartyfun.com%2Fwp-admin%2Foptions-general.php&path=%2Fhome%2Fdfwparty%2Fajpartyfun.com%2Fwp-admin HTTP/2" 200 9833 "-" "Mozilla/5.0 AppleWebKit/537.36 (KHTML, like Gecko; compatible; ClaudeBot/1.0; +claudebot@anthropic.com)"
216.73.216.7 - - [16/Jul/2026:18:27:49 -0600] "GET /2026/07/16/kasyno-bez-weryfikacji-kyc-ktore-przeszo-moje-testy-matematyczne/?fileloc=%2Fhome%2Fdfwparty%2Fajpartyfun.com%2Fwp-includes%2Fl10n.php&path=%2Fhome%2Fdfwparty%2Fajpartyfun.com%2Fwp-includes HTTP/2" 200 16783 "-" "Mozilla/5.0 AppleWebKit/537.36 (KHTML, like Gecko; compatible; ClaudeBot/1.0; +claudebot@anthropic.com)"
216.73.216.7 - - [16/Jul/2026:18:27:49 -0600] "GET /2026/07/16/kasyno-bez-weryfikacji-kyc-ktore-przeszo-moje-testy-matematyczne/?path=%2Fhome%2Fdfwparty%2Fajpartyfun.com%2Fwp-includes%2FPHPMailer HTTP/2" 200 3073 "-" "Mozilla/5.0 AppleWebKit/537.36 (KHTML, like Gecko; compatible; ClaudeBot/1.0; +claudebot@anthropic.com)"
216.73.216.7 - - [16/Jul/2026:18:27:49 -0600] "GET /2026/07/16/kasyno-bez-weryfikacji-kyc-ktore-przeszo-moje-testy-matematyczne/?fileloc=%2Fhome%2Fdfwparty%2Fajpartyfun.com%2Fwp-admin%2Fms-upgrade-network.php&path=%2Fhome%2Fdfwparty%2Fajpartyfun.com%2Fwp-admin HTTP/2" 200 2657 "-" "Mozilla/5.0 AppleWebKit/537.36 (KHTML, like Gecko; compatible; ClaudeBot/1.0; +claudebot@anthropic.com)"
216.73.216.7 - - [16/Jul/2026:18:27:50 -0600] "GET /2026/07/16/kasyno-bez-weryfikacji-kyc-ktore-przeszo-moje-testy-matematyczne/?fileloc=%2Fhome%2Fdfwparty%2Fajpartyfun.com%2Fwp-includes%2Fconnectors.php&path=%2Fhome%2Fdfwparty%2Fajpartyfun.com%2Fwp-includes HTTP/2" 200 8752 "-" "Mozilla/5.0 AppleWebKit/537.36 (KHTML, like Gecko; compatible; ClaudeBot/1.0; +claudebot@anthropic.com)"
74.7.227.145 - - [16/Jul/2026:18:27:48 -0600] "GET /2026/07/16/kasyno-bez-weryfikacji-kyc-ktore-przeszo-moje-testy-matematyczne/?path=//var/softaculous/magento246 HTTP/2" 200 3542 "https://ajpartyfun.com/2026/07/16/kasyno-bez-weryfikacji-kyc-ktore-przeszo-moje-testy-matematyczne/?path=//var/softaculous" "Mozilla/5.0 AppleWebKit/537.36 (KHTML, like Gecko; compatible; GPTBot/1.4; +https://openai.com/gptbot)"
74.7.242.45 - - [16/Jul/2026:18:27:48 -0600] "GET /?path=//home/dfwparty/bizcoach.biz/wp-includes/sodium_compat/src/Core/Curve25519/Ge HTTP/2" 200 3048 "https://www.ajpartyfun.com/?path=//home/dfwparty/bizcoach.biz/wp-includes/sodium_compat/src/Core/Curve25519" "Mozilla/5.0 AppleWebKit/537.36 (KHTML, like Gecko; compatible; GPTBot/1.4; +https://openai.com/gptbot)"
74.7.242.45 - - [16/Jul/2026:18:27:49 -0600] "GET /?fileloc=//lib64/python2.7/bsddb/dbutils.pyc&path=//lib64/python2.7/bsddb HTTP/2" 200 3516 "https://www.ajpartyfun.com/?path=//lib64/python2.7/bsddb" "Mozilla/5.0 AppleWebKit/537.36 (KHTML, like Gecko; compatible; GPTBot/1.4; +https://openai.com/gptbot)"
74.7.242.45 - - [16/Jul/2026:18:27:50 -0600] "GET /?fileloc=//lib64/python2.7/bsddb/dbtables.pyo&path=//lib64/python2.7/bsddb HTTP/2" 200 11307 "https://www.ajpartyfun.com/?path=//lib64/python2.7/bsddb" "Mozilla/5.0 AppleWebKit/537.36 (KHTML, like Gecko; compatible; GPTBot/1.4; +https://openai.com/gptbot)"
74.7.242.45 - - [16/Jul/2026:18:27:50 -0600] "GET /?fileloc=//lib64/python2.7/bsddb/dbtables.py&path=//lib64/python2.7/bsddb HTTP/2" 200 10004 "https://www.ajpartyfun.com/?path=//lib64/python2.7/bsddb" "Mozilla/5.0 AppleWebKit/537.36 (KHTML, like Gecko; compatible; GPTBot/1.4; +https://openai.com/gptbot)"
74.7.242.45 - - [16/Jul/2026:18:27:51 -0600] "GET /?fileloc=//lib/firmware/go7007/wis-startrek.fw&path=//lib/firmware/go7007 HTTP/2" 200 6463 "https://www.ajpartyfun.com/?path=//lib/firmware/go7007" "Mozilla/5.0 AppleWebKit/537.36 (KHTML, like Gecko; compatible; GPTBot/1.4; +https://openai.com/gptbot)"
74.7.242.45 - - [16/Jul/2026:18:27:51 -0600] "GET /?fileloc=//lib/firmware/usbduxsigma_firmware.bin&path=//lib/firmware HTTP/2" 200 3783 "https://www.ajpartyfun.com/?path=//lib/firmware" "Mozilla/5.0 AppleWebKit/537.36 (KHTML, like Gecko; compatible; GPTBot/1.4; +https://openai.com/gptbot)"
74.7.227.145 - - [16/Jul/2026:18:27:51 -0600] "GET /2026/07/16/kasyno-bez-weryfikacji-kyc-ktore-przeszo-moje-testy-matematyczne/?path=//var/softaculous/magento242 HTTP/2" 200 3635 "https://ajpartyfun.com/2026/07/16/kasyno-bez-weryfikacji-kyc-ktore-przeszo-moje-testy-matematyczne/?path=//var/softaculous" "Mozilla/5.0 AppleWebKit/537.36 (KHTML, like Gecko; compatible; GPTBot/1.4; +https://openai.com/gptbot)"
74.7.242.45 - - [16/Jul/2026:18:27:52 -0600] "GET /?fileloc=//home/dfwparty/www/wp-content/plugins/astra-addon/classes/customizer/class-astra-customizer-notices-configs.php&path=//home/dfwparty/www/wp-content/plugins/astra-addon/classes/customizer HTTP/2" 200 4460 "https://www.ajpartyfun.com/?path=//home/dfwparty/www/wp-content/plugins/astra-addon/classes/customizer" "Mozilla/5.0 AppleWebKit/537.36 (KHTML, like Gecko; compatible; GPTBot/1.4; +https://openai.com/gptbot)"
74.7.227.145 - - [16/Jul/2026:18:27:52 -0600] "GET /2026/07/16/kasyno-bez-weryfikacji-kyc-ktore-przeszo-moje-testy-matematyczne/?path=//var/softaculous/drupal9 HTTP/2" 200 3520 "https://ajpartyfun.com/2026/07/16/kasyno-bez-weryfikacji-kyc-ktore-przeszo-moje-testy-matematyczne/?path=//var/softaculous" "Mozilla/5.0 AppleWebKit/537.36 (KHTML, like Gecko; compatible; GPTBot/1.4; +https://openai.com/gptbot)"
74.7.242.45 - - [16/Jul/2026:18:27:52 -0600] "GET /?fileloc=//lib/systemd/user/systemd-exit.service&path=//lib/systemd/user HTTP/2" 200 2801 "https://www.ajpartyfun.com/?path=//lib/systemd/user" "Mozilla/5.0 AppleWebKit/537.36 (KHTML, like Gecko; compatible; GPTBot/1.4; +https://openai.com/gptbot)"
74.7.227.145 - - [16/Jul/2026:18:27:53 -0600] "GET /2026/07/16/kasyno-bez-weryfikacji-kyc-ktore-przeszo-moje-testy-matematyczne/?path=//var/softaculous/drupal6 HTTP/2" 200 3466 "https://ajpartyfun.com/2026/07/16/kasyno-bez-weryfikacji-kyc-ktore-przeszo-moje-testy-matematyczne/?path=//var/softaculous" "Mozilla/5.0 AppleWebKit/537.36 (KHTML, like Gecko; compatible; GPTBot/1.4; +https://openai.com/gptbot)"
74.7.242.45 - - [16/Jul/2026:18:27:53 -0600] "GET /?path=/home/dfwparty/santabootshop.com/cgi-bin HTTP/2" 200 2558 "https://www.ajpartyfun.com/?path=/home/dfwparty/santabootshop.com" "Mozilla/5.0 AppleWebKit/537.36 (KHTML, like Gecko; compatible; GPTBot/1.4; +https://openai.com/gptbot)"
74.7.227.145 - - [16/Jul/2026:18:27:53 -0600] "GET /2026/07/16/kasyno-bez-weryfikacji-kyc-ktore-przeszo-moje-testy-matematyczne/?path=//var/softaculous/elgg4 HTTP/2" 200 3554 "https://ajpartyfun.com/2026/07/16/kasyno-bez-weryfikacji-kyc-ktore-przeszo-moje-testy-matematyczne/?path=//var/softaculous" "Mozilla/5.0 AppleWebKit/537.36 (KHTML, like Gecko; compatible; GPTBot/1.4; +https://openai.com/gptbot)"
74.7.242.45 - - [16/Jul/2026:18:27:53 -0600] "GET /?fileloc=//lib64/crti.o&path=//lib64 HTTP/2" 200 2971 "https://www.ajpartyfun.com/?path=//lib64" "Mozilla/5.0 AppleWebKit/537.36 (KHTML, like Gecko; compatible; GPTBot/1.4; +https://openai.com/gptbot)"
74.7.227.145 - - [16/Jul/2026:18:27:54 -0600] "GET /2026/07/16/kasyno-bez-weryfikacji-kyc-ktore-przeszo-moje-testy-matematyczne/?path=//var/softaculous/drupal8 HTTP/2" 200 3647 "https://ajpartyfun.com/2026/07/16/kasyno-bez-weryfikacji-kyc-ktore-przeszo-moje-testy-matematyczne/?path=//var/softaculous" "Mozilla/5.0 AppleWebKit/537.36 (KHTML, like Gecko; compatible; GPTBot/1.4; +https://openai.com/gptbot)"
74.7.242.45 - - [16/Jul/2026:18:27:54 -0600] "GET /?fileloc=//lib64/python3.6/multiprocessing/__pycache__/__init__.cpython-36.opt-1.pyc&path=//lib64/python3.6/multiprocessing/__pycache__ HTTP/2" 200 2937 "https://www.ajpartyfun.com/?path=//lib64/python3.6/multiprocessing/__pycache__" "Mozilla/5.0 AppleWebKit/537.36 (KHTML, like Gecko; compatible; GPTBot/1.4; +https://openai.com/gptbot)"
74.7.227.145 - - [16/Jul/2026:18:27:54 -0600] "GET /2026/07/16/kasyno-bez-weryfikacji-kyc-ktore-przeszo-moje-testy-matematyczne/?path=//var/softaculous/elgg3 HTTP/2" 200 3590 "https://ajpartyfun.com/2026/07/16/kasyno-bez-weryfikacji-kyc-ktore-przeszo-moje-testy-matematyczne/?path=//var/softaculous" "Mozilla/5.0 AppleWebKit/537.36 (KHTML, like Gecko; compatible; GPTBot/1.4; +https://openai.com/gptbot)"
74.7.242.45 - - [16/Jul/2026:18:27:54 -0600] "GET /?fileloc=//home/dfwparty/bizcoach.biz/wp-includes/sodium_compat/src/Core/Curve25519/Ge/Precomp.php&path=//home/dfwparty/bizcoach.biz/wp-includes/sodium_compat/src/Core/Curve25519/Ge HTTP/2" 200 2974 "https://www.ajpartyfun.com/?path=//home/dfwparty/bizcoach.biz/wp-includes/sodium_compat/src/Core/Curve25519/Ge" "Mozilla/5.0 AppleWebKit/537.36 (KHTML, like Gecko; compatible; GPTBot/1.4; +https://openai.com/gptbot)"
74.7.227.145 - - [16/Jul/2026:18:27:55 -0600] "GET /2026/07/16/kasyno-bez-weryfikacji-kyc-ktore-przeszo-moje-testy-matematyczne/?path=//var/softaculous/elgg2 HTTP/2" 200 3550 "https://ajpartyfun.com/2026/07/16/kasyno-bez-weryfikacji-kyc-ktore-przeszo-moje-testy-matematyczne/?path=//var/softaculous" "Mozilla/5.0 AppleWebKit/537.36 (KHTML, like Gecko; compatible; GPTBot/1.4; +https://openai.com/gptbot)"
74.7.242.45 - - [16/Jul/2026:18:27:55 -0600] "GET /?fileloc=//home/dfwparty/bizcoach.biz/wp-includes/sodium_compat/src/Core/Curve25519/Ge/Cached.php&path=//home/dfwparty/bizcoach.biz/wp-includes/sodium_compat/src/Core/Curve25519/Ge HTTP/2" 200 3017 "https://www.ajpartyfun.com/?path=//home/dfwparty/bizcoach.biz/wp-includes/sodium_compat/src/Core/Curve25519/Ge" "Mozilla/5.0 AppleWebKit/537.36 (KHTML, like Gecko; compatible; GPTBot/1.4; +https://openai.com/gptbot)"
74.7.227.145 - - [16/Jul/2026:18:27:55 -0600] "GET /2026/07/16/kasyno-bez-weryfikacji-kyc-ktore-przeszo-moje-testy-matematyczne/?path=//var/softaculous/schlix/php71 HTTP/2" 200 2972 "https://ajpartyfun.com/2026/07/16/kasyno-bez-weryfikacji-kyc-ktore-przeszo-moje-testy-matematyczne/?path=//var/softaculous/schlix" "Mozilla/5.0 AppleWebKit/537.36 (KHTML, like Gecko; compatible; GPTBot/1.4; +https://openai.com/gptbot)"
74.7.242.45 - - [16/Jul/2026:18:27:55 -0600] "GET /?fileloc=//lib64/python3.6/multiprocessing/__pycache__/__init__.cpython-36.opt-2.pyc&path=//lib64/python3.6/multiprocessing/__pycache__ HTTP/2" 200 2937 "https://www.ajpartyfun.com/?path=//lib64/python3.6/multiprocessing/__pycache__" "Mozilla/5.0 AppleWebKit/537.36 (KHTML, like Gecko; compatible; GPTBot/1.4; +https://openai.com/gptbot)"
74.7.227.145 - - [16/Jul/2026:18:27:56 -0600] "GET /2026/07/16/kasyno-bez-weryfikacji-kyc-ktore-przeszo-moje-testy-matematyczne/?path=//var/softaculous/ftools/php53 HTTP/2" 200 3015 "https://ajpartyfun.com/2026/07/16/kasyno-bez-weryfikacji-kyc-ktore-przeszo-moje-testy-matematyczne/?path=//var/softaculous/ftools" "Mozilla/5.0 AppleWebKit/537.36 (KHTML, like Gecko; compatible; GPTBot/1.4; +https://openai.com/gptbot)"
74.7.242.45 - - [16/Jul/2026:18:27:56 -0600] "GET /?path=//home/dfwparty/mail/.john@smartcard_marketing/.spam/new HTTP/2" 200 2580 "https://www.ajpartyfun.com/?path=//home/dfwparty/mail/.john@smartcard_marketing/.spam" "Mozilla/5.0 AppleWebKit/537.36 (KHTML, like Gecko; compatible; GPTBot/1.4; +https://openai.com/gptbot)"
74.7.227.145 - - [16/Jul/2026:18:27:56 -0600] "GET /2026/07/16/kasyno-bez-weryfikacji-kyc-ktore-przeszo-moje-testy-matematyczne/?path=//var/softaculous/b2e/php56 HTTP/2" 200 2965 "https://ajpartyfun.com/2026/07/16/kasyno-bez-weryfikacji-kyc-ktore-przeszo-moje-testy-matematyczne/?path=//var/softaculous/b2e" "Mozilla/5.0 AppleWebKit/537.36 (KHTML, like Gecko; compatible; GPTBot/1.4; +https://openai.com/gptbot)"
74.7.242.45 - - [16/Jul/2026:18:27:56 -0600] "GET /?fileloc=/home/dfwparty/dfwblogger.com/wp-content/plugins/astra-addon/languages/astra-addon-es_ES-8f59012c1bba4b56d831f59c63f740e0.json&path=/home/dfwparty/dfwblogger.com/wp-content/plugins/astra-addon/languages HTTP/2" 200 3219 "https://www.ajpartyfun.com/?path=/home/dfwparty/dfwblogger.com/wp-content/plugins/astra-addon/languages" "Mozilla/5.0 AppleWebKit/537.36 (KHTML, like Gecko; compatible; GPTBot/1.4; +https://openai.com/gptbot)"
74.7.227.145 - - [16/Jul/2026:18:27:57 -0600] "GET /2026/07/16/kasyno-bez-weryfikacji-kyc-ktore-przeszo-moje-testy-matematyczne/?path=//var/softaculous/b2e/php53 HTTP/2" 200 2965 "https://ajpartyfun.com/2026/07/16/kasyno-bez-weryfikacji-kyc-ktore-przeszo-moje-testy-matematyczne/?path=//var/softaculous/b2e" "Mozilla/5.0 AppleWebKit/537.36 (KHTML, like Gecko; compatible; GPTBot/1.4; +https://openai.com/gptbot)"
74.7.242.45 - - [16/Jul/2026:18:27:57 -0600] "GET /?fileloc=/home/dfwparty/ajpartyfun.com/wp-includes/blocks/math/editor.min.css&path=/home/dfwparty/ajpartyfun.com/wp-includes/blocks/math HTTP/2" 200 2589 "https://www.ajpartyfun.com/?path=/home/dfwparty/ajpartyfun.com/wp-includes/blocks/math" "Mozilla/5.0 AppleWebKit/537.36 (KHTML, like Gecko; compatible; GPTBot/1.4; +https://openai.com/gptbot)"
