74.7.242.45 - - [16/Jul/2026:18:28:49 -0600] "GET /?fileloc=/home/dfwparty/ajpartyfun.com/wp-includes/blocks/quote/theme.min.css&path=/home/dfwparty/ajpartyfun.com/wp-includes/blocks/quote HTTP/2" 200 2697 "https://www.ajpartyfun.com/?path=/home/dfwparty/ajpartyfun.com/wp-includes/blocks/quote" "Mozilla/5.0 AppleWebKit/537.36 (KHTML, like Gecko; compatible; GPTBot/1.4; +https://openai.com/gptbot)"
74.7.227.145 - - [16/Jul/2026:18:28:50 -0600] "GET /2026/07/16/kasyno-bez-weryfikacji-kyc-ktore-przeszo-moje-testy-matematyczne/?path=//var/softaculous/drupal9/php71 HTTP/2" 200 3017 "https://ajpartyfun.com/2026/07/16/kasyno-bez-weryfikacji-kyc-ktore-przeszo-moje-testy-matematyczne/?path=//var/softaculous/drupal9" "Mozilla/5.0 AppleWebKit/537.36 (KHTML, like Gecko; compatible; GPTBot/1.4; +https://openai.com/gptbot)"
74.7.242.45 - - [16/Jul/2026:18:28:50 -0600] "GET /?fileloc=/home/dfwparty/dfwblogger.com/wp-includes/blocks/math/editor.css&path=/home/dfwparty/dfwblogger.com/wp-includes/blocks/math HTTP/2" 200 2963 "https://www.ajpartyfun.com/?path=/home/dfwparty/dfwblogger.com/wp-includes/blocks/math" "Mozilla/5.0 AppleWebKit/537.36 (KHTML, like Gecko; compatible; GPTBot/1.4; +https://openai.com/gptbot)"
74.7.227.145 - - [16/Jul/2026:18:28:50 -0600] "GET /2026/07/16/kasyno-bez-weryfikacji-kyc-ktore-przeszo-moje-testy-matematyczne/?path=//var/softaculous/drupal9/php82 HTTP/2" 200 3013 "https://ajpartyfun.com/2026/07/16/kasyno-bez-weryfikacji-kyc-ktore-przeszo-moje-testy-matematyczne/?path=//var/softaculous/drupal9" "Mozilla/5.0 AppleWebKit/537.36 (KHTML, like Gecko; compatible; GPTBot/1.4; +https://openai.com/gptbot)"
74.7.242.45 - - [16/Jul/2026:18:28:50 -0600] "GET /?fileloc=/home/dfwparty/ajpartyfun.com/wp-includes/blocks/group/theme.min.css&path=/home/dfwparty/ajpartyfun.com/wp-includes/blocks/group HTTP/2" 200 2568 "https://www.ajpartyfun.com/?path=/home/dfwparty/ajpartyfun.com/wp-includes/blocks/group" "Mozilla/5.0 AppleWebKit/537.36 (KHTML, like Gecko; compatible; GPTBot/1.4; +https://openai.com/gptbot)"
74.7.227.145 - - [16/Jul/2026:18:28:50 -0600] "GET /2026/07/16/kasyno-bez-weryfikacji-kyc-ktore-przeszo-moje-testy-matematyczne/?path=//var/softaculous/whmcs81/php56 HTTP/2" 200 3009 "https://ajpartyfun.com/2026/07/16/kasyno-bez-weryfikacji-kyc-ktore-przeszo-moje-testy-matematyczne/?path=//var/softaculous/whmcs81" "Mozilla/5.0 AppleWebKit/537.36 (KHTML, like Gecko; compatible; GPTBot/1.4; +https://openai.com/gptbot)"
74.7.242.45 - - [16/Jul/2026:18:28:51 -0600] "GET /?fileloc=/home/dfwparty/ajpartyfun.com/wp-includes/blocks/quote/style-rtl.css&path=/home/dfwparty/ajpartyfun.com/wp-includes/blocks/quote HTTP/2" 200 2699 "https://www.ajpartyfun.com/?path=/home/dfwparty/ajpartyfun.com/wp-includes/blocks/quote" "Mozilla/5.0 AppleWebKit/537.36 (KHTML, like Gecko; compatible; GPTBot/1.4; +https://openai.com/gptbot)"
74.7.227.145 - - [16/Jul/2026:18:28:51 -0600] "GET /2026/07/16/kasyno-bez-weryfikacji-kyc-ktore-przeszo-moje-testy-matematyczne/?path=//var/softaculous/drupal6/php82 HTTP/2" 200 2979 "https://ajpartyfun.com/2026/07/16/kasyno-bez-weryfikacji-kyc-ktore-przeszo-moje-testy-matematyczne/?path=//var/softaculous/drupal6" "Mozilla/5.0 AppleWebKit/537.36 (KHTML, like Gecko; compatible; GPTBot/1.4; +https://openai.com/gptbot)"
74.7.242.45 - - [16/Jul/2026:18:28:51 -0600] "GET /?fileloc=/home/dfwparty/ajpartyfun.com/wp-includes/blocks/audio/theme.min.css&path=/home/dfwparty/ajpartyfun.com/wp-includes/blocks/audio HTTP/2" 200 2602 "https://www.ajpartyfun.com/?path=/home/dfwparty/ajpartyfun.com/wp-includes/blocks/audio" "Mozilla/5.0 AppleWebKit/537.36 (KHTML, like Gecko; compatible; GPTBot/1.4; +https://openai.com/gptbot)"
74.7.227.145 - - [16/Jul/2026:18:28:52 -0600] "GET /2026/07/16/kasyno-bez-weryfikacji-kyc-ktore-przeszo-moje-testy-matematyczne/?fileloc=//var/softaculous/conc85/php53/install.php&path=//var/softaculous/conc85/php53 HTTP/2" 200 9145 "https://ajpartyfun.com/2026/07/16/kasyno-bez-weryfikacji-kyc-ktore-przeszo-moje-testy-matematyczne/?path=//var/softaculous/conc85/php53" "Mozilla/5.0 AppleWebKit/537.36 (KHTML, like Gecko; compatible; GPTBot/1.4; +https://openai.com/gptbot)"
74.7.242.45 - - [16/Jul/2026:18:28:52 -0600] "GET /?fileloc=/home/dfwparty/ajpartyfun.com/wp-includes/blocks/table/theme-rtl.css&path=/home/dfwparty/ajpartyfun.com/wp-includes/blocks/table HTTP/2" 200 3410 "https://www.ajpartyfun.com/?path=/home/dfwparty/ajpartyfun.com/wp-includes/blocks/table" "Mozilla/5.0 AppleWebKit/537.36 (KHTML, like Gecko; compatible; GPTBot/1.4; +https://openai.com/gptbot)"
74.7.227.145 - - [16/Jul/2026:18:28:52 -0600] "GET /2026/07/16/kasyno-bez-weryfikacji-kyc-ktore-przeszo-moje-testy-matematyczne/?path=//var/softaculous/whmcs89/php71 HTTP/2" 200 3011 "https://ajpartyfun.com/2026/07/16/kasyno-bez-weryfikacji-kyc-ktore-przeszo-moje-testy-matematyczne/?path=//var/softaculous/whmcs89" "Mozilla/5.0 AppleWebKit/537.36 (KHTML, like Gecko; compatible; GPTBot/1.4; +https://openai.com/gptbot)"
74.7.242.45 - - [16/Jul/2026:18:28:52 -0600] "GET /?fileloc=/home/dfwparty/ajpartyfun.com/wp-includes/blocks/avatar/style.css&path=/home/dfwparty/ajpartyfun.com/wp-includes/blocks/avatar HTTP/2" 200 2578 "https://www.ajpartyfun.com/?path=/home/dfwparty/ajpartyfun.com/wp-includes/blocks/avatar" "Mozilla/5.0 AppleWebKit/537.36 (KHTML, like Gecko; compatible; GPTBot/1.4; +https://openai.com/gptbot)"
74.7.227.145 - - [16/Jul/2026:18:28:53 -0600] "GET /2026/07/16/kasyno-bez-weryfikacji-kyc-ktore-przeszo-moje-testy-matematyczne/?path=//var/softaculous/whmcs83/php81 HTTP/2" 200 3011 "https://ajpartyfun.com/2026/07/16/kasyno-bez-weryfikacji-kyc-ktore-przeszo-moje-testy-matematyczne/?path=//var/softaculous/whmcs83" "Mozilla/5.0 AppleWebKit/537.36 (KHTML, like Gecko; compatible; GPTBot/1.4; +https://openai.com/gptbot)"
74.7.242.45 - - [16/Jul/2026:18:28:53 -0600] "GET /?fileloc=/home/dfwparty/ajpartyfun.com/wp-includes/blocks/table/style.min.css&path=/home/dfwparty/ajpartyfun.com/wp-includes/blocks/table HTTP/2" 200 3097 "https://www.ajpartyfun.com/?path=/home/dfwparty/ajpartyfun.com/wp-includes/blocks/table" "Mozilla/5.0 AppleWebKit/537.36 (KHTML, like Gecko; compatible; GPTBot/1.4; +https://openai.com/gptbot)"
74.7.227.145 - - [16/Jul/2026:18:28:53 -0600] "GET /2026/07/16/kasyno-bez-weryfikacji-kyc-ktore-przeszo-moje-testy-matematyczne/?path=//var/softaculous/magento242/php71 HTTP/2" 200 3008 "https://ajpartyfun.com/2026/07/16/kasyno-bez-weryfikacji-kyc-ktore-przeszo-moje-testy-matematyczne/?path=//var/softaculous/magento242" "Mozilla/5.0 AppleWebKit/537.36 (KHTML, like Gecko; compatible; GPTBot/1.4; +https://openai.com/gptbot)"
74.7.242.45 - - [16/Jul/2026:18:28:54 -0600] "GET /?fileloc=/home/dfwparty/ajpartyfun.com/wp-includes/blocks/image/theme.min.css&path=/home/dfwparty/ajpartyfun.com/wp-includes/blocks/image HTTP/2" 200 2606 "https://www.ajpartyfun.com/?path=/home/dfwparty/ajpartyfun.com/wp-includes/blocks/image" "Mozilla/5.0 AppleWebKit/537.36 (KHTML, like Gecko; compatible; GPTBot/1.4; +https://openai.com/gptbot)"
74.7.227.145 - - [16/Jul/2026:18:28:54 -0600] "GET /2026/07/16/kasyno-bez-weryfikacji-kyc-ktore-przeszo-moje-testy-matematyczne/?path=//var/softaculous/whmcs82/php82 HTTP/2" 200 2972 "https://ajpartyfun.com/2026/07/16/kasyno-bez-weryfikacji-kyc-ktore-przeszo-moje-testy-matematyczne/?path=//var/softaculous/whmcs82" "Mozilla/5.0 AppleWebKit/537.36 (KHTML, like Gecko; compatible; GPTBot/1.4; +https://openai.com/gptbot)"
74.7.242.45 - - [16/Jul/2026:18:28:54 -0600] "GET /?fileloc=/home/dfwparty/dfwblogger.com/wp-includes/blocks/quote/style.min.css&path=/home/dfwparty/dfwblogger.com/wp-includes/blocks/quote HTTP/2" 200 2697 "https://www.ajpartyfun.com/?path=/home/dfwparty/dfwblogger.com/wp-includes/blocks/quote" "Mozilla/5.0 AppleWebKit/537.36 (KHTML, like Gecko; compatible; GPTBot/1.4; +https://openai.com/gptbot)"
74.7.227.145 - - [16/Jul/2026:18:28:54 -0600] "GET /2026/07/16/kasyno-bez-weryfikacji-kyc-ktore-przeszo-moje-testy-matematyczne/?path=//var/softaculous/drupal6/php71 HTTP/2" 200 3016 "https://ajpartyfun.com/2026/07/16/kasyno-bez-weryfikacji-kyc-ktore-przeszo-moje-testy-matematyczne/?path=//var/softaculous/drupal6" "Mozilla/5.0 AppleWebKit/537.36 (KHTML, like Gecko; compatible; GPTBot/1.4; +https://openai.com/gptbot)"
74.7.242.45 - - [16/Jul/2026:18:28:55 -0600] "GET /?fileloc=/home/dfwparty/ajpartyfun.com/wp-includes/blocks/table/theme.min.css&path=/home/dfwparty/ajpartyfun.com/wp-includes/blocks/table HTTP/2" 200 2623 "https://www.ajpartyfun.com/?path=/home/dfwparty/ajpartyfun.com/wp-includes/blocks/table" "Mozilla/5.0 AppleWebKit/537.36 (KHTML, like Gecko; compatible; GPTBot/1.4; +https://openai.com/gptbot)"
74.7.227.145 - - [16/Jul/2026:18:28:55 -0600] "GET /2026/07/16/kasyno-bez-weryfikacji-kyc-ktore-przeszo-moje-testy-matematyczne/?path=//var/softaculous/vtiger72/php71 HTTP/2" 200 3021 "https://ajpartyfun.com/2026/07/16/kasyno-bez-weryfikacji-kyc-ktore-przeszo-moje-testy-matematyczne/?path=//var/softaculous/vtiger72" "Mozilla/5.0 AppleWebKit/537.36 (KHTML, like Gecko; compatible; GPTBot/1.4; +https://openai.com/gptbot)"
74.7.242.45 - - [16/Jul/2026:18:28:55 -0600] "GET /?fileloc=/home/dfwparty/ajpartyfun.com/wp-includes/blocks/button/style.css&path=/home/dfwparty/ajpartyfun.com/wp-includes/blocks/button HTTP/2" 200 3037 "https://www.ajpartyfun.com/?path=/home/dfwparty/ajpartyfun.com/wp-includes/blocks/button" "Mozilla/5.0 AppleWebKit/537.36 (KHTML, like Gecko; compatible; GPTBot/1.4; +https://openai.com/gptbot)"
74.7.227.145 - - [16/Jul/2026:18:28:55 -0600] "GET /2026/07/16/kasyno-bez-weryfikacji-kyc-ktore-przeszo-moje-testy-matematyczne/?path=//var/softaculous/conc85/images HTTP/2" 200 2876 "https://ajpartyfun.com/2026/07/16/kasyno-bez-weryfikacji-kyc-ktore-przeszo-moje-testy-matematyczne/?path=//var/softaculous/conc85" "Mozilla/5.0 AppleWebKit/537.36 (KHTML, like Gecko; compatible; GPTBot/1.4; +https://openai.com/gptbot)"
74.7.227.145 - - [16/Jul/2026:18:28:56 -0600] "GET /2026/07/16/kasyno-bez-weryfikacji-kyc-ktore-przeszo-moje-testy-matematyczne/?path=//var/softaculous/drupal6/images HTTP/2" 200 2867 "https://ajpartyfun.com/2026/07/16/kasyno-bez-weryfikacji-kyc-ktore-przeszo-moje-testy-matematyczne/?path=//var/softaculous/drupal6" "Mozilla/5.0 AppleWebKit/537.36 (KHTML, like Gecko; compatible; GPTBot/1.4; +https://openai.com/gptbot)"
74.7.242.45 - - [16/Jul/2026:18:28:56 -0600] "GET /?fileloc=/home/dfwparty/ajpartyfun.com/wp-includes/blocks/details/editor.css&path=/home/dfwparty/ajpartyfun.com/wp-includes/blocks/details HTTP/2" 200 2558 "https://www.ajpartyfun.com/?path=/home/dfwparty/ajpartyfun.com/wp-includes/blocks/details" "Mozilla/5.0 AppleWebKit/537.36 (KHTML, like Gecko; compatible; GPTBot/1.4; +https://openai.com/gptbot)"
74.7.227.145 - - [16/Jul/2026:18:28:56 -0600] "GET /2026/07/16/kasyno-bez-weryfikacji-kyc-ktore-przeszo-moje-testy-matematyczne/?path=//var/softaculous/whmcs82/images HTTP/2" 200 2876 "https://ajpartyfun.com/2026/07/16/kasyno-bez-weryfikacji-kyc-ktore-przeszo-moje-testy-matematyczne/?path=//var/softaculous/whmcs82" "Mozilla/5.0 AppleWebKit/537.36 (KHTML, like Gecko; compatible; GPTBot/1.4; +https://openai.com/gptbot)"
74.7.242.45 - - [16/Jul/2026:18:28:56 -0600] "GET /?fileloc=/home/dfwparty/ajpartyfun.com/wp-includes/blocks/cover/editor.css&path=/home/dfwparty/ajpartyfun.com/wp-includes/blocks/cover HTTP/2" 200 3454 "https://www.ajpartyfun.com/?path=/home/dfwparty/ajpartyfun.com/wp-includes/blocks/cover" "Mozilla/5.0 AppleWebKit/537.36 (KHTML, like Gecko; compatible; GPTBot/1.4; +https://openai.com/gptbot)"
74.7.227.145 - - [16/Jul/2026:18:28:57 -0600] "GET /2026/07/16/kasyno-bez-weryfikacji-kyc-ktore-przeszo-moje-testy-matematyczne/?path=//var/softaculous/whmcs83/images HTTP/2" 200 2876 "https://ajpartyfun.com/2026/07/16/kasyno-bez-weryfikacji-kyc-ktore-przeszo-moje-testy-matematyczne/?path=//var/softaculous/whmcs83" "Mozilla/5.0 AppleWebKit/537.36 (KHTML, like Gecko; compatible; GPTBot/1.4; +https://openai.com/gptbot)"
74.7.242.45 - - [16/Jul/2026:18:28:57 -0600] "GET /?fileloc=/home/dfwparty/dfwblogger.com/wp-includes/blocks/math/editor-rtl.css&path=/home/dfwparty/dfwblogger.com/wp-includes/blocks/math HTTP/2" 200 2951 "https://www.ajpartyfun.com/?path=/home/dfwparty/dfwblogger.com/wp-includes/blocks/math" "Mozilla/5.0 AppleWebKit/537.36 (KHTML, like Gecko; compatible; GPTBot/1.4; +https://openai.com/gptbot)"
74.7.227.145 - - [16/Jul/2026:18:28:57 -0600] "GET /2026/07/16/kasyno-bez-weryfikacji-kyc-ktore-przeszo-moje-testy-matematyczne/?path=//var/softaculous/vtiger72/upgrade HTTP/2" 200 2570 "https://ajpartyfun.com/2026/07/16/kasyno-bez-weryfikacji-kyc-ktore-przeszo-moje-testy-matematyczne/?path=//var/softaculous/vtiger72" "Mozilla/5.0 AppleWebKit/537.36 (KHTML, like Gecko; compatible; GPTBot/1.4; +https://openai.com/gptbot)"
74.7.242.45 - - [16/Jul/2026:18:28:57 -0600] "GET /?fileloc=//home/dfwparty/smartcardcontacts.com/wp-includes/blocks/post-navigation-link.php&path=//home/dfwparty/smartcardcontacts.com/wp-includes/blocks HTTP/2" 200 4181 "https://www.ajpartyfun.com/?path=//home/dfwparty/smartcardcontacts.com/wp-includes/blocks" "Mozilla/5.0 AppleWebKit/537.36 (KHTML, like Gecko; compatible; GPTBot/1.4; +https://openai.com/gptbot)"
74.7.227.145 - - [16/Jul/2026:18:28:58 -0600] "GET /2026/07/16/kasyno-bez-weryfikacji-kyc-ktore-przeszo-moje-testy-matematyczne/?path=//var/softaculous/drupal8/images HTTP/2" 200 2879 "https://ajpartyfun.com/2026/07/16/kasyno-bez-weryfikacji-kyc-ktore-przeszo-moje-testy-matematyczne/?path=//var/softaculous/drupal8" "Mozilla/5.0 AppleWebKit/537.36 (KHTML, like Gecko; compatible; GPTBot/1.4; +https://openai.com/gptbot)"
74.7.242.45 - - [16/Jul/2026:18:28:58 -0600] "GET /?fileloc=//home/dfwparty/www/wp-includes/images/icon-library/post-comments-count.svg&path=//home/dfwparty/www/wp-includes/images/icon-library HTTP/2" 200 2866 "https://www.ajpartyfun.com/?path=//home/dfwparty/www/wp-includes/images/icon-library" "Mozilla/5.0 AppleWebKit/537.36 (KHTML, like Gecko; compatible; GPTBot/1.4; +https://openai.com/gptbot)"
74.7.242.45 - - [16/Jul/2026:18:28:58 -0600] "GET /?path=/home/dfwparty/texashome.tips HTTP/2" 200 2940 "https://www.ajpartyfun.com/?path=/home/dfwparty" "Mozilla/5.0 AppleWebKit/537.36 (KHTML, like Gecko; compatible; GPTBot/1.4; +https://openai.com/gptbot)"
74.7.242.45 - - [16/Jul/2026:18:28:59 -0600] "GET /?path=/home/dfwparty/texashome.chat HTTP/2" 200 2940 "https://www.ajpartyfun.com/?path=/home/dfwparty" "Mozilla/5.0 AppleWebKit/537.36 (KHTML, like Gecko; compatible; GPTBot/1.4; +https://openai.com/gptbot)"
74.7.242.45 - - [16/Jul/2026:18:29:00 -0600] "GET /?path=/home/dfwparty/texashome.sale HTTP/2" 200 2941 "https://www.ajpartyfun.com/?path=/home/dfwparty" "Mozilla/5.0 AppleWebKit/537.36 (KHTML, like Gecko; compatible; GPTBot/1.4; +https://openai.com/gptbot)"
216.73.216.7 - - [16/Jul/2026:18:29:00 -0600] "GET /2026/07/16/kasyno-bez-weryfikacji-kyc-ktore-przeszo-moje-testy-matematyczne/?path=%2Fhome%2Fdfwparty%2Fmattymcfun.com HTTP/2" 200 3863 "-" "Mozilla/5.0 AppleWebKit/537.36 (KHTML, like Gecko; compatible; ClaudeBot/1.0; +claudebot@anthropic.com)"
216.73.216.7 - - [16/Jul/2026:18:29:00 -0600] "GET /2026/07/16/kasyno-bez-weryfikacji-kyc-ktore-przeszo-moje-testy-matematyczne/?path=%2Fhome%2Fdfwparty%2Fssl HTTP/2" 200 2969 "-" "Mozilla/5.0 AppleWebKit/537.36 (KHTML, like Gecko; compatible; ClaudeBot/1.0; +claudebot@anthropic.com)"
216.73.216.7 - - [16/Jul/2026:18:29:00 -0600] "GET /2026/07/16/kasyno-bez-weryfikacji-kyc-ktore-przeszo-moje-testy-matematyczne/?path=%2Fhome%2Fdfwparty%2Fsonicchocobliss.com HTTP/2" 200 3687 "-" "Mozilla/5.0 AppleWebKit/537.36 (KHTML, like Gecko; compatible; ClaudeBot/1.0; +claudebot@anthropic.com)"
216.73.216.7 - - [16/Jul/2026:18:29:00 -0600] "GET /2026/07/16/kasyno-bez-weryfikacji-kyc-ktore-przeszo-moje-testy-matematyczne/?path=%2Fhome%2Fdfwparty%2F.cpanel HTTP/2" 200 3310 "-" "Mozilla/5.0 AppleWebKit/537.36 (KHTML, like Gecko; compatible; ClaudeBot/1.0; +claudebot@anthropic.com)"
216.73.216.7 - - [16/Jul/2026:18:29:00 -0600] "GET /2026/07/16/kasyno-bez-weryfikacji-kyc-ktore-przeszo-moje-testy-matematyczne/?path=%2Fhome%2Fdfwparty%2Ftexashome.help HTTP/2" 200 2940 "-" "Mozilla/5.0 AppleWebKit/537.36 (KHTML, like Gecko; compatible; ClaudeBot/1.0; +claudebot@anthropic.com)"
74.7.227.145 - - [16/Jul/2026:18:29:00 -0600] "GET /2026/07/16/kasyno-bez-weryfikacji-kyc-ktore-przeszo-moje-testy-matematyczne/?path=//var/softaculous/drupal9/images HTTP/2" 200 2912 "https://ajpartyfun.com/2026/07/16/kasyno-bez-weryfikacji-kyc-ktore-przeszo-moje-testy-matematyczne/?path=//var/softaculous/drupal9" "Mozilla/5.0 AppleWebKit/537.36 (KHTML, like Gecko; compatible; GPTBot/1.4; +https://openai.com/gptbot)"
74.7.242.45 - - [16/Jul/2026:18:29:00 -0600] "GET /?fileloc=//home/dfwparty/smartcardcontacts.com/wp-includes/rest-api/endpoints/class-wp-rest-controller.php&path=//home/dfwparty/smartcardcontacts.com/wp-includes/rest-api/endpoints HTTP/2" 200 6628 "https://www.ajpartyfun.com/?path=//home/dfwparty/smartcardcontacts.com/wp-includes/rest-api/endpoints" "Mozilla/5.0 AppleWebKit/537.36 (KHTML, like Gecko; compatible; GPTBot/1.4; +https://openai.com/gptbot)"
216.73.216.7 - - [16/Jul/2026:18:29:00 -0600] "GET /2026/07/16/kasyno-bez-weryfikacji-kyc-ktore-przeszo-moje-testy-matematyczne/?path=%2Fhome%2Fdfwparty%2F.wp-toolkit HTTP/2" 200 2545 "-" "Mozilla/5.0 AppleWebKit/537.36 (KHTML, like Gecko; compatible; ClaudeBot/1.0; +claudebot@anthropic.com)"
216.73.216.7 - - [16/Jul/2026:18:29:00 -0600] "GET /2026/07/16/kasyno-bez-weryfikacji-kyc-ktore-przeszo-moje-testy-matematyczne/?path=%2Fhome%2Fdfwparty%2Fdfwsingingtelegrams.com HTTP/2" 200 3866 "-" "Mozilla/5.0 AppleWebKit/537.36 (KHTML, like Gecko; compatible; ClaudeBot/1.0; +claudebot@anthropic.com)"
216.73.216.7 - - [16/Jul/2026:18:29:00 -0600] "GET /2026/07/16/kasyno-bez-weryfikacji-kyc-ktore-przeszo-moje-testy-matematyczne/?path=%2Fhome%2Fdfwparty%2Fdfwgroups.net HTTP/2" 200 2926 "-" "Mozilla/5.0 AppleWebKit/537.36 (KHTML, like Gecko; compatible; ClaudeBot/1.0; +claudebot@anthropic.com)"
216.73.216.7 - - [16/Jul/2026:18:29:00 -0600] "GET /2026/07/16/kasyno-bez-weryfikacji-kyc-ktore-przeszo-moje-testy-matematyczne/?path=%2Fhome%2Fdfwparty%2F.ssh HTTP/2" 200 2531 "-" "Mozilla/5.0 AppleWebKit/537.36 (KHTML, like Gecko; compatible; ClaudeBot/1.0; +claudebot@anthropic.com)"
216.73.216.7 - - [16/Jul/2026:18:29:00 -0600] "GET /2026/07/16/kasyno-bez-weryfikacji-kyc-ktore-przeszo-moje-testy-matematyczne/?path=%2Fhome%2Fdfwparty%2Faskdfw.com HTTP/2" 200 2929 "-" "Mozilla/5.0 AppleWebKit/537.36 (KHTML, like Gecko; compatible; ClaudeBot/1.0; +claudebot@anthropic.com)"
74.7.242.45 - - [16/Jul/2026:18:29:01 -0600] "GET /?fileloc=//home/dfwparty/smartcardcontacts.com/wp-includes/rest-api/endpoints/class-wp-rest-font-faces-controller.php&path=//home/dfwparty/smartcardcontacts.com/wp-includes/rest-api/endpoints HTTP/2" 200 9765 "https://www.ajpartyfun.com/?path=//home/dfwparty/smartcardcontacts.com/wp-includes/rest-api/endpoints" "Mozilla/5.0 AppleWebKit/537.36 (KHTML, like Gecko; compatible; GPTBot/1.4; +https://openai.com/gptbot)"
74.7.242.45 - - [16/Jul/2026:18:29:01 -0600] "GET /?fileloc=//home/dfwparty/smartcardcontacts.com/wp-includes/rest-api/endpoints/class-wp-rest-widget-types-controller.php&path=//home/dfwparty/smartcardcontacts.com/wp-includes/rest-api/endpoints HTTP/2" 200 7608 "https://www.ajpartyfun.com/?path=//home/dfwparty/smartcardcontacts.com/wp-includes/rest-api/endpoints" "Mozilla/5.0 AppleWebKit/537.36 (KHTML, like Gecko; compatible; GPTBot/1.4; +https://openai.com/gptbot)"
74.7.242.45 - - [16/Jul/2026:18:29:02 -0600] "GET /?fileloc=//home/dfwparty/smartcardcontacts.com/wp-includes/rest-api/endpoints/class-wp-rest-blocks-controller.php&path=//home/dfwparty/smartcardcontacts.com/wp-includes/rest-api/endpoints HTTP/2" 200 3659 "https://www.ajpartyfun.com/?path=//home/dfwparty/smartcardcontacts.com/wp-includes/rest-api/endpoints" "Mozilla/5.0 AppleWebKit/537.36 (KHTML, like Gecko; compatible; GPTBot/1.4; +https://openai.com/gptbot)"
74.7.242.45 - - [16/Jul/2026:18:29:02 -0600] "GET /?fileloc=//home/dfwparty/smartcardcontacts.com/wp-includes/rest-api/endpoints/class-wp-rest-plugins-controller.php&path=//home/dfwparty/smartcardcontacts.com/wp-includes/rest-api/endpoints HTTP/2" 200 8415 "https://www.ajpartyfun.com/?path=//home/dfwparty/smartcardcontacts.com/wp-includes/rest-api/endpoints" "Mozilla/5.0 AppleWebKit/537.36 (KHTML, like Gecko; compatible; GPTBot/1.4; +https://openai.com/gptbot)"
74.7.242.45 - - [16/Jul/2026:18:29:03 -0600] "GET /?fileloc=//home/dfwparty/smartcardcontacts.com/wp-includes/rest-api/endpoints/class-wp-rest-users-controller.php&path=//home/dfwparty/smartcardcontacts.com/wp-includes/rest-api/endpoints HTTP/2" 200 12793 "https://www.ajpartyfun.com/?path=//home/dfwparty/smartcardcontacts.com/wp-includes/rest-api/endpoints" "Mozilla/5.0 AppleWebKit/537.36 (KHTML, like Gecko; compatible; GPTBot/1.4; +https://openai.com/gptbot)"
74.7.227.145 - - [16/Jul/2026:18:29:03 -0600] "GET /2026/07/16/kasyno-bez-weryfikacji-kyc-ktore-przeszo-moje-testy-matematyczne/?path=//var/softaculous/elgg33/images HTTP/2" 200 2875 "https://ajpartyfun.com/2026/07/16/kasyno-bez-weryfikacji-kyc-ktore-przeszo-moje-testy-matematyczne/?path=//var/softaculous/elgg33" "Mozilla/5.0 AppleWebKit/537.36 (KHTML, like Gecko; compatible; GPTBot/1.4; +https://openai.com/gptbot)"
74.7.242.45 - - [16/Jul/2026:18:29:03 -0600] "GET /?fileloc=/home/dfwparty/santabootshop.com/wp-includes/rest-api/endpoints/class-wp-rest-posts-controller.php&path=/home/dfwparty/santabootshop.com/wp-includes/rest-api/endpoints HTTP/2" 200 24506 "https://www.ajpartyfun.com/?path=/home/dfwparty/santabootshop.com/wp-includes/rest-api/endpoints" "Mozilla/5.0 AppleWebKit/537.36 (KHTML, like Gecko; compatible; GPTBot/1.4; +https://openai.com/gptbot)"
74.7.242.45 - - [16/Jul/2026:18:29:04 -0600] "GET /?fileloc=//home/dfwparty/smartcardcontacts.com/wp-includes/rest-api/endpoints/class-wp-rest-themes-controller.php&path=//home/dfwparty/smartcardcontacts.com/wp-includes/rest-api/endpoints HTTP/2" 200 7911 "https://www.ajpartyfun.com/?path=//home/dfwparty/smartcardcontacts.com/wp-includes/rest-api/endpoints" "Mozilla/5.0 AppleWebKit/537.36 (KHTML, like Gecko; compatible; GPTBot/1.4; +https://openai.com/gptbot)"
74.7.242.45 - - [16/Jul/2026:18:29:04 -0600] "GET /?path=/home/dfwparty/texashome.tips/cgi-bin HTTP/2" 200 2558 "https://www.ajpartyfun.com/?path=/home/dfwparty/texashome.tips" "Mozilla/5.0 AppleWebKit/537.36 (KHTML, like Gecko; compatible; GPTBot/1.4; +https://openai.com/gptbot)"
74.7.227.145 - - [16/Jul/2026:18:29:04 -0600] "GET /2026/07/16/kasyno-bez-weryfikacji-kyc-ktore-przeszo-moje-testy-matematyczne/?path=//var/softaculous/whmcs81/images HTTP/2" 200 2876 "https://ajpartyfun.com/2026/07/16/kasyno-bez-weryfikacji-kyc-ktore-przeszo-moje-testy-matematyczne/?path=//var/softaculous/whmcs81" "Mozilla/5.0 AppleWebKit/537.36 (KHTML, like Gecko; compatible; GPTBot/1.4; +https://openai.com/gptbot)"
74.7.242.45 - - [16/Jul/2026:18:29:05 -0600] "GET /?fileloc=/home/dfwparty/texashome.chat/.htaccess&path=/home/dfwparty/texashome.chat HTTP/2" 200 2659 "https://www.ajpartyfun.com/?path=/home/dfwparty/texashome.chat" "Mozilla/5.0 AppleWebKit/537.36 (KHTML, like Gecko; compatible; GPTBot/1.4; +https://openai.com/gptbot)"
74.7.227.145 - - [16/Jul/2026:18:29:05 -0600] "GET /2026/07/16/kasyno-bez-weryfikacji-kyc-ktore-przeszo-moje-testy-matematyczne/?path=//var/softaculous/conc85/php82 HTTP/2" 200 2973 "https://ajpartyfun.com/2026/07/16/kasyno-bez-weryfikacji-kyc-ktore-przeszo-moje-testy-matematyczne/?path=//var/softaculous/conc85" "Mozilla/5.0 AppleWebKit/537.36 (KHTML, like Gecko; compatible; GPTBot/1.4; +https://openai.com/gptbot)"
74.7.242.45 - - [16/Jul/2026:18:29:05 -0600] "GET /?path=/home/dfwparty/texashome.sale/cgi-bin HTTP/2" 200 2556 "https://www.ajpartyfun.com/?path=/home/dfwparty/texashome.sale" "Mozilla/5.0 AppleWebKit/537.36 (KHTML, like Gecko; compatible; GPTBot/1.4; +https://openai.com/gptbot)"
74.7.227.145 - - [16/Jul/2026:18:29:05 -0600] "GET /2026/07/16/kasyno-bez-weryfikacji-kyc-ktore-przeszo-moje-testy-matematyczne/?path=//var/softaculous/conc85/php56 HTTP/2" 200 2974 "https://ajpartyfun.com/2026/07/16/kasyno-bez-weryfikacji-kyc-ktore-przeszo-moje-testy-matematyczne/?path=//var/softaculous/conc85" "Mozilla/5.0 AppleWebKit/537.36 (KHTML, like Gecko; compatible; GPTBot/1.4; +https://openai.com/gptbot)"
74.7.242.45 - - [16/Jul/2026:18:29:06 -0600] "GET /?fileloc=/home/dfwparty/texashome.sale/.htaccess&path=/home/dfwparty/texashome.sale HTTP/2" 200 2659 "https://www.ajpartyfun.com/?path=/home/dfwparty/texashome.sale" "Mozilla/5.0 AppleWebKit/537.36 (KHTML, like Gecko; compatible; GPTBot/1.4; +https://openai.com/gptbot)"
74.7.227.145 - - [16/Jul/2026:18:29:06 -0600] "GET /2026/07/16/kasyno-bez-weryfikacji-kyc-ktore-przeszo-moje-testy-matematyczne/?path=//var/softaculous/elgg4/images HTTP/2" 200 2880 "https://ajpartyfun.com/2026/07/16/kasyno-bez-weryfikacji-kyc-ktore-przeszo-moje-testy-matematyczne/?path=//var/softaculous/elgg4" "Mozilla/5.0 AppleWebKit/537.36 (KHTML, like Gecko; compatible; GPTBot/1.4; +https://openai.com/gptbot)"
74.7.242.45 - - [16/Jul/2026:18:29:06 -0600] "GET /?path=/home/dfwparty/texashome.chat/cgi-bin HTTP/2" 200 2558 "https://www.ajpartyfun.com/?path=/home/dfwparty/texashome.chat" "Mozilla/5.0 AppleWebKit/537.36 (KHTML, like Gecko; compatible; GPTBot/1.4; +https://openai.com/gptbot)"
74.7.227.145 - - [16/Jul/2026:18:29:07 -0600] "GET /2026/07/16/kasyno-bez-weryfikacji-kyc-ktore-przeszo-moje-testy-matematyczne/?path=//var/softaculous/elgg3/images HTTP/2" 200 2880 "https://ajpartyfun.com/2026/07/16/kasyno-bez-weryfikacji-kyc-ktore-przeszo-moje-testy-matematyczne/?path=//var/softaculous/elgg3" "Mozilla/5.0 AppleWebKit/537.36 (KHTML, like Gecko; compatible; GPTBot/1.4; +https://openai.com/gptbot)"
74.7.242.45 - - [16/Jul/2026:18:29:07 -0600] "GET /?path=/home/dfwparty/texashome.sale/.well-known HTTP/2" 200 2821 "https://www.ajpartyfun.com/?path=/home/dfwparty/texashome.sale" "Mozilla/5.0 AppleWebKit/537.36 (KHTML, like Gecko; compatible; GPTBot/1.4; +https://openai.com/gptbot)"
74.7.227.145 - - [16/Jul/2026:18:29:07 -0600] "GET /2026/07/16/kasyno-bez-weryfikacji-kyc-ktore-przeszo-moje-testy-matematyczne/?path=//var/softaculous/whmcs89/images HTTP/2" 200 2875 "https://ajpartyfun.com/2026/07/16/kasyno-bez-weryfikacji-kyc-ktore-przeszo-moje-testy-matematyczne/?path=//var/softaculous/whmcs89" "Mozilla/5.0 AppleWebKit/537.36 (KHTML, like Gecko; compatible; GPTBot/1.4; +https://openai.com/gptbot)"
74.7.242.45 - - [16/Jul/2026:18:29:08 -0600] "GET /?fileloc=/home/dfwparty/santabootshop.com/wp-includes/rest-api/endpoints/class-wp-rest-url-details-controller.php&path=/home/dfwparty/santabootshop.com/wp-includes/rest-api/endpoints HTTP/2" 200 8362 "https://www.ajpartyfun.com/?path=/home/dfwparty/santabootshop.com/wp-includes/rest-api/endpoints" "Mozilla/5.0 AppleWebKit/537.36 (KHTML, like Gecko; compatible; GPTBot/1.4; +https://openai.com/gptbot)"
74.7.227.145 - - [16/Jul/2026:18:29:08 -0600] "GET /2026/07/16/kasyno-bez-weryfikacji-kyc-ktore-przeszo-moje-testy-matematyczne/?path=//var/softaculous/moodle50 HTTP/2" 200 3703 "https://ajpartyfun.com/2026/07/16/kasyno-bez-weryfikacji-kyc-ktore-przeszo-moje-testy-matematyczne/?path=//var/softaculous" "Mozilla/5.0 AppleWebKit/537.36 (KHTML, like Gecko; compatible; GPTBot/1.4; +https://openai.com/gptbot)"
74.7.242.45 - - [16/Jul/2026:18:29:08 -0600] "GET /?fileloc=//home/dfwparty/smartcardcontacts.com/wp-includes/rest-api/endpoints/class-wp-rest-block-types-controller.php&path=//home/dfwparty/smartcardcontacts.com/wp-includes/rest-api/endpoints HTTP/2" 200 8087 "https://www.ajpartyfun.com/?path=//home/dfwparty/smartcardcontacts.com/wp-includes/rest-api/endpoints" "Mozilla/5.0 AppleWebKit/537.36 (KHTML, like Gecko; compatible; GPTBot/1.4; +https://openai.com/gptbot)"
74.7.227.145 - - [16/Jul/2026:18:29:08 -0600] "GET /2026/07/16/kasyno-bez-weryfikacji-kyc-ktore-przeszo-moje-testy-matematyczne/?path=//var/softaculous/zikula15 HTTP/2" 200 3606 "https://ajpartyfun.com/2026/07/16/kasyno-bez-weryfikacji-kyc-ktore-przeszo-moje-testy-matematyczne/?path=//var/softaculous" "Mozilla/5.0 AppleWebKit/537.36 (KHTML, like Gecko; compatible; GPTBot/1.4; +https://openai.com/gptbot)"
74.7.242.45 - - [16/Jul/2026:18:29:09 -0600] "GET /?fileloc=//home/dfwparty/smartcardcontacts.com/wp-includes/rest-api/endpoints/class-wp-rest-font-families-controller.php&path=//home/dfwparty/smartcardcontacts.com/wp-includes/rest-api/endpoints HTTP/2" 200 7226 "https://www.ajpartyfun.com/?path=//home/dfwparty/smartcardcontacts.com/wp-includes/rest-api/endpoints" "Mozilla/5.0 AppleWebKit/537.36 (KHTML, like Gecko; compatible; GPTBot/1.4; +https://openai.com/gptbot)"
74.7.227.145 - - [16/Jul/2026:18:29:09 -0600] "GET /2026/07/16/kasyno-bez-weryfikacji-kyc-ktore-przeszo-moje-testy-matematyczne/?path=//var/softaculous/goffice67 HTTP/2" 200 3563 "https://ajpartyfun.com/2026/07/16/kasyno-bez-weryfikacji-kyc-ktore-przeszo-moje-testy-matematyczne/?path=//var/softaculous" "Mozilla/5.0 AppleWebKit/537.36 (KHTML, like Gecko; compatible; GPTBot/1.4; +https://openai.com/gptbot)"
216.73.216.7 - - [16/Jul/2026:18:24:57 -0600] "GET /2026/07/16/kasyno-bez-weryfikacji-kyc-ktore-przeszo-moje-testy-matematyczne/?fileloc=%2Fhome%2Fdfwparty%2Fajpartyfun.com%2Fwp-includes%2Fclass.wp-scripts.php&path=%2Fhome%2Fdfwparty%2Fajpartyfun.com%2Fwp-includes HTTP/2" 200 2695 "-" "Mozilla/5.0 AppleWebKit/537.36 (KHTML, like Gecko; compatible; ClaudeBot/1.0; +claudebot@anthropic.com)"
216.73.216.7 - - [16/Jul/2026:18:24:58 -0600] "GET /2026/07/16/kasyno-bez-weryfikacji-kyc-ktore-przeszo-moje-testy-matematyczne/?fileloc=%2Fhome%2Fdfwparty%2Fajpartyfun.com%2Fwp-includes%2Fhttps-detection.php&path=%2Fhome%2Fdfwparty%2Fajpartyfun.com%2Fwp-includes HTTP/2" 200 4516 "-" "Mozilla/5.0 AppleWebKit/537.36 (KHTML, like Gecko; compatible; ClaudeBot/1.0; +claudebot@anthropic.com)"
216.73.216.7 - - [16/Jul/2026:18:24:58 -0600] "GET /2026/07/16/kasyno-bez-weryfikacji-kyc-ktore-przeszo-moje-testy-matematyczne/?fileloc=%2Fhome%2Fdfwparty%2Fajpartyfun.com%2Fwp-includes%2Ffunctions.wp-scripts.php&path=%2Fhome%2Fdfwparty%2Fajpartyfun.com%2Fwp-includes HTTP/2" 200 7929 "-" "Mozilla/5.0 AppleWebKit/537.36 (KHTML, like Gecko; compatible; ClaudeBot/1.0; +claudebot@anthropic.com)"
216.73.216.7 - - [16/Jul/2026:18:24:58 -0600] "GET /2026/07/16/kasyno-bez-weryfikacji-kyc-ktore-przeszo-moje-testy-matematyczne/?path=%2Fhome%2Fdfwparty%2Fajpartyfun.com%2Fwp-includes%2Fhtml-api HTTP/2" 200 3389 "-" "Mozilla/5.0 AppleWebKit/537.36 (KHTML, like Gecko; compatible; ClaudeBot/1.0; +claudebot@anthropic.com)"
216.73.216.7 - - [16/Jul/2026:18:24:58 -0600] "GET /2026/07/16/kasyno-bez-weryfikacji-kyc-ktore-przeszo-moje-testy-matematyczne/?fileloc=%2Fhome%2Fdfwparty%2Fajpartyfun.com%2Fwp-includes%2Fscript-modules.php&path=%2Fhome%2Fdfwparty%2Fajpartyfun.com%2Fwp-includes HTTP/2" 200 5208 "-" "Mozilla/5.0 AppleWebKit/537.36 (KHTML, like Gecko; compatible; ClaudeBot/1.0; +claudebot@anthropic.com)"
216.73.216.7 - - [16/Jul/2026:18:24:58 -0600] "GET /2026/07/16/kasyno-bez-weryfikacji-kyc-ktore-przeszo-moje-testy-matematyczne/?fileloc=%2Fhome%2Fdfwparty%2Fajpartyfun.com%2Fwp-includes%2Fclass-wp-script-modules.php&path=%2Fhome%2Fdfwparty%2Fajpartyfun.com%2Fwp-includes HTTP/2" 200 12504 "-" "Mozilla/5.0 AppleWebKit/537.36 (KHTML, like Gecko; compatible; ClaudeBot/1.0; +claudebot@anthropic.com)"
216.73.216.7 - - [16/Jul/2026:18:24:59 -0600] "GET /2026/07/16/kasyno-bez-weryfikacji-kyc-ktore-przeszo-moje-testy-matematyczne/?fileloc=%2Fhome%2Fdfwparty%2Fajpartyfun.com%2Fwp-includes%2Fhttps-migration.php&path=%2Fhome%2Fdfwparty%2Fajpartyfun.com%2Fwp-includes HTTP/2" 200 4145 "-" "Mozilla/5.0 AppleWebKit/537.36 (KHTML, like Gecko; compatible; ClaudeBot/1.0; +claudebot@anthropic.com)"
216.73.216.7 - - [16/Jul/2026:18:29:09 -0600] "GET /2026/07/16/kasyno-bez-weryfikacji-kyc-ktore-przeszo-moje-testy-matematyczne/?path=%2Fhome%2Fdfwparty%2Frelationships.tips HTTP/2" 200 3160 "-" "Mozilla/5.0 AppleWebKit/537.36 (KHTML, like Gecko; compatible; ClaudeBot/1.0; +claudebot@anthropic.com)"
216.73.216.7 - - [16/Jul/2026:18:29:09 -0600] "GET /2026/07/16/kasyno-bez-weryfikacji-kyc-ktore-przeszo-moje-testy-matematyczne/?path=%2Fhome%2Fdfwparty%2Fdfwhomemasters.com HTTP/2" 200 2943 "-" "Mozilla/5.0 AppleWebKit/537.36 (KHTML, like Gecko; compatible; ClaudeBot/1.0; +claudebot@anthropic.com)"
216.73.216.7 - - [16/Jul/2026:18:29:09 -0600] "GET /2026/07/16/kasyno-bez-weryfikacji-kyc-ktore-przeszo-moje-testy-matematyczne/?path=%2Fhome%2Fdfwparty%2F.MirrorSearch HTTP/2" 200 2848 "-" "Mozilla/5.0 AppleWebKit/537.36 (KHTML, like Gecko; compatible; ClaudeBot/1.0; +claudebot@anthropic.com)"
216.73.216.7 - - [16/Jul/2026:18:29:09 -0600] "GET /2026/07/16/kasyno-bez-weryfikacji-kyc-ktore-przeszo-moje-testy-matematyczne/?path=%2Fhome%2Fdfwparty%2Fbin HTTP/2" 200 2548 "-" "Mozilla/5.0 AppleWebKit/537.36 (KHTML, like Gecko; compatible; ClaudeBot/1.0; +claudebot@anthropic.com)"
74.7.242.45 - - [16/Jul/2026:18:29:09 -0600] "GET /?fileloc=/home/dfwparty/santabootshop.com/wp-includes/rest-api/endpoints/class-wp-rest-icons-controller.php&path=/home/dfwparty/santabootshop.com/wp-includes/rest-api/endpoints HTTP/2" 200 4752 "https://www.ajpartyfun.com/?path=/home/dfwparty/santabootshop.com/wp-includes/rest-api/endpoints" "Mozilla/5.0 AppleWebKit/537.36 (KHTML, like Gecko; compatible; GPTBot/1.4; +https://openai.com/gptbot)"
74.7.227.145 - - [16/Jul/2026:18:29:09 -0600] "GET /2026/07/16/kasyno-bez-weryfikacji-kyc-ktore-przeszo-moje-testy-matematyczne/?path=//var/softaculous/moodle28 HTTP/2" 200 3556 "https://ajpartyfun.com/2026/07/16/kasyno-bez-weryfikacji-kyc-ktore-przeszo-moje-testy-matematyczne/?path=//var/softaculous" "Mozilla/5.0 AppleWebKit/537.36 (KHTML, like Gecko; compatible; GPTBot/1.4; +https://openai.com/gptbot)"
74.7.242.45 - - [16/Jul/2026:18:29:10 -0600] "GET /?fileloc=/home/dfwparty/santabootshop.com/wp-includes/rest-api/endpoints/class-wp-rest-users-controller.php&path=/home/dfwparty/santabootshop.com/wp-includes/rest-api/endpoints HTTP/2" 200 12787 "https://www.ajpartyfun.com/?path=/home/dfwparty/santabootshop.com/wp-includes/rest-api/endpoints" "Mozilla/5.0 AppleWebKit/537.36 (KHTML, like Gecko; compatible; GPTBot/1.4; +https://openai.com/gptbot)"
74.7.227.145 - - [16/Jul/2026:18:29:10 -0600] "GET /2026/07/16/kasyno-bez-weryfikacji-kyc-ktore-przeszo-moje-testy-matematyczne/?path=//var/softaculous/drupal10 HTTP/2" 200 3595 "https://ajpartyfun.com/2026/07/16/kasyno-bez-weryfikacji-kyc-ktore-przeszo-moje-testy-matematyczne/?path=//var/softaculous" "Mozilla/5.0 AppleWebKit/537.36 (KHTML, like Gecko; compatible; GPTBot/1.4; +https://openai.com/gptbot)"
74.7.242.45 - - [16/Jul/2026:18:29:10 -0600] "GET /?fileloc=//home/dfwparty/smartcardcontacts.com/wp-includes/rest-api/endpoints/class-wp-rest-site-health-controller.php&path=//home/dfwparty/smartcardcontacts.com/wp-includes/rest-api/endpoints HTTP/2" 200 4973 "https://www.ajpartyfun.com/?path=//home/dfwparty/smartcardcontacts.com/wp-includes/rest-api/endpoints" "Mozilla/5.0 AppleWebKit/537.36 (KHTML, like Gecko; compatible; GPTBot/1.4; +https://openai.com/gptbot)"
74.7.227.145 - - [16/Jul/2026:18:29:10 -0600] "GET /2026/07/16/kasyno-bez-weryfikacji-kyc-ktore-przeszo-moje-testy-matematyczne/?path=//var/softaculous/moodle51 HTTP/2" 200 3724 "https://ajpartyfun.com/2026/07/16/kasyno-bez-weryfikacji-kyc-ktore-przeszo-moje-testy-matematyczne/?path=//var/softaculous" "Mozilla/5.0 AppleWebKit/537.36 (KHTML, like Gecko; compatible; GPTBot/1.4; +https://openai.com/gptbot)"
74.7.242.45 - - [16/Jul/2026:18:29:11 -0600] "GET /?fileloc=//home/dfwparty/smartcardcontacts.com/wp-includes/rest-api/endpoints/class-wp-rest-menus-controller.php&path=//home/dfwparty/smartcardcontacts.com/wp-includes/rest-api/endpoints HTTP/2" 200 6442 "https://www.ajpartyfun.com/?path=//home/dfwparty/smartcardcontacts.com/wp-includes/rest-api/endpoints" "Mozilla/5.0 AppleWebKit/537.36 (KHTML, like Gecko; compatible; GPTBot/1.4; +https://openai.com/gptbot)"
74.7.227.145 - - [16/Jul/2026:18:29:11 -0600] "GET /2026/07/16/kasyno-bez-weryfikacji-kyc-ktore-przeszo-moje-testy-matematyczne/?path=//var/softaculous/magento18 HTTP/2" 200 3536 "https://ajpartyfun.com/2026/07/16/kasyno-bez-weryfikacji-kyc-ktore-przeszo-moje-testy-matematyczne/?path=//var/softaculous" "Mozilla/5.0 AppleWebKit/537.36 (KHTML, like Gecko; compatible; GPTBot/1.4; +https://openai.com/gptbot)"
74.7.242.45 - - [16/Jul/2026:18:29:11 -0600] "GET /?fileloc=//home/dfwparty/smartcardcontacts.com/wp-includes/rest-api/endpoints/class-wp-rest-menu-items-controller.php&path=//home/dfwparty/smartcardcontacts.com/wp-includes/rest-api/endpoints HTTP/2" 200 9780 "https://www.ajpartyfun.com/?path=//home/dfwparty/smartcardcontacts.com/wp-includes/rest-api/endpoints" "Mozilla/5.0 AppleWebKit/537.36 (KHTML, like Gecko; compatible; GPTBot/1.4; +https://openai.com/gptbot)"
74.7.227.145 - - [16/Jul/2026:18:29:12 -0600] "GET /2026/07/16/kasyno-bez-weryfikacji-kyc-ktore-przeszo-moje-testy-matematyczne/?path=//var/softaculous/joomla54 HTTP/2" 200 3600 "https://ajpartyfun.com/2026/07/16/kasyno-bez-weryfikacji-kyc-ktore-przeszo-moje-testy-matematyczne/?path=//var/softaculous" "Mozilla/5.0 AppleWebKit/537.36 (KHTML, like Gecko; compatible; GPTBot/1.4; +https://openai.com/gptbot)"
74.7.242.45 - - [16/Jul/2026:18:29:12 -0600] "GET /?fileloc=/home/dfwparty/santabootshop.com/wp-includes/rest-api/endpoints/class-wp-rest-font-faces-controller.php&path=/home/dfwparty/santabootshop.com/wp-includes/rest-api/endpoints HTTP/2" 200 9794 "https://www.ajpartyfun.com/?path=/home/dfwparty/santabootshop.com/wp-includes/rest-api/endpoints" "Mozilla/5.0 AppleWebKit/537.36 (KHTML, like Gecko; compatible; GPTBot/1.4; +https://openai.com/gptbot)"
74.7.227.145 - - [16/Jul/2026:18:29:12 -0600] "GET /2026/07/16/kasyno-bez-weryfikacji-kyc-ktore-przeszo-moje-testy-matematyczne/?path=//var/softaculous/moodle29 HTTP/2" 200 3607 "https://ajpartyfun.com/2026/07/16/kasyno-bez-weryfikacji-kyc-ktore-przeszo-moje-testy-matematyczne/?path=//var/softaculous" "Mozilla/5.0 AppleWebKit/537.36 (KHTML, like Gecko; compatible; GPTBot/1.4; +https://openai.com/gptbot)"
74.7.242.45 - - [16/Jul/2026:18:29:12 -0600] "GET /?fileloc=//home/dfwparty/smartcardcontacts.com/wp-includes/rest-api/endpoints/class-wp-rest-widgets-controller.php&path=//home/dfwparty/smartcardcontacts.com/wp-includes/rest-api/endpoints HTTP/2" 200 8464 "https://www.ajpartyfun.com/?path=//home/dfwparty/smartcardcontacts.com/wp-includes/rest-api/endpoints" "Mozilla/5.0 AppleWebKit/537.36 (KHTML, like Gecko; compatible; GPTBot/1.4; +https://openai.com/gptbot)"
74.7.227.145 - - [16/Jul/2026:18:29:13 -0600] "GET /2026/07/16/kasyno-bez-weryfikacji-kyc-ktore-przeszo-moje-testy-matematyczne/?path=//var/softaculous/moodle43 HTTP/2" 200 3680 "https://ajpartyfun.com/2026/07/16/kasyno-bez-weryfikacji-kyc-ktore-przeszo-moje-testy-matematyczne/?path=//var/softaculous" "Mozilla/5.0 AppleWebKit/537.36 (KHTML, like Gecko; compatible; GPTBot/1.4; +https://openai.com/gptbot)"
74.7.242.45 - - [16/Jul/2026:18:29:13 -0600] "GET /?path=/home/dfwparty/texashome.sale/.well-known/acme-challenge HTTP/2" 200 2573 "https://www.ajpartyfun.com/?path=/home/dfwparty/texashome.sale/.well-known" "Mozilla/5.0 AppleWebKit/537.36 (KHTML, like Gecko; compatible; GPTBot/1.4; +https://openai.com/gptbot)"
74.7.227.145 - - [16/Jul/2026:18:29:13 -0600] "GET /2026/07/16/kasyno-bez-weryfikacji-kyc-ktore-przeszo-moje-testy-matematyczne/?path=//var/softaculous/moodle38 HTTP/2" 200 3602 "https://ajpartyfun.com/2026/07/16/kasyno-bez-weryfikacji-kyc-ktore-przeszo-moje-testy-matematyczne/?path=//var/softaculous" "Mozilla/5.0 AppleWebKit/537.36 (KHTML, like Gecko; compatible; GPTBot/1.4; +https://openai.com/gptbot)"
74.7.242.45 - - [16/Jul/2026:18:29:13 -0600] "GET /?fileloc=/home/dfwparty/santabootshop.com/wp-includes/rest-api/endpoints/class-wp-rest-menu-items-controller.php&path=/home/dfwparty/santabootshop.com/wp-includes/rest-api/endpoints HTTP/2" 200 9798 "https://www.ajpartyfun.com/?path=/home/dfwparty/santabootshop.com/wp-includes/rest-api/endpoints" "Mozilla/5.0 AppleWebKit/537.36 (KHTML, like Gecko; compatible; GPTBot/1.4; +https://openai.com/gptbot)"
74.7.227.145 - - [16/Jul/2026:18:29:14 -0600] "GET /2026/07/16/kasyno-bez-weryfikacji-kyc-ktore-przeszo-moje-testy-matematyczne/?path=//var/softaculous/moodle44 HTTP/2" 200 3691 "https://ajpartyfun.com/2026/07/16/kasyno-bez-weryfikacji-kyc-ktore-przeszo-moje-testy-matematyczne/?path=//var/softaculous" "Mozilla/5.0 AppleWebKit/537.36 (KHTML, like Gecko; compatible; GPTBot/1.4; +https://openai.com/gptbot)"
74.7.242.45 - - [16/Jul/2026:18:29:14 -0600] "GET /?fileloc=/home/dfwparty/santabootshop.com/wp-includes/rest-api/endpoints/class-wp-rest-site-health-controller.php&path=/home/dfwparty/santabootshop.com/wp-includes/rest-api/endpoints HTTP/2" 200 4976 "https://www.ajpartyfun.com/?path=/home/dfwparty/santabootshop.com/wp-includes/rest-api/endpoints" "Mozilla/5.0 AppleWebKit/537.36 (KHTML, like Gecko; compatible; GPTBot/1.4; +https://openai.com/gptbot)"
74.7.227.145 - - [16/Jul/2026:18:29:14 -0600] "GET /2026/07/16/kasyno-bez-weryfikacji-kyc-ktore-przeszo-moje-testy-matematyczne/?path=//var/softaculous/moodle30 HTTP/2" 200 3913 "https://ajpartyfun.com/2026/07/16/kasyno-bez-weryfikacji-kyc-ktore-przeszo-moje-testy-matematyczne/?path=//var/softaculous" "Mozilla/5.0 AppleWebKit/537.36 (KHTML, like Gecko; compatible; GPTBot/1.4; +https://openai.com/gptbot)"
74.7.242.45 - - [16/Jul/2026:18:29:14 -0600] "GET /?fileloc=/home/dfwparty/santabootshop.com/wp-includes/rest-api/endpoints/class-wp-rest-menus-controller.php&path=/home/dfwparty/santabootshop.com/wp-includes/rest-api/endpoints HTTP/2" 200 6436 "https://www.ajpartyfun.com/?path=/home/dfwparty/santabootshop.com/wp-includes/rest-api/endpoints" "Mozilla/5.0 AppleWebKit/537.36 (KHTML, like Gecko; compatible; GPTBot/1.4; +https://openai.com/gptbot)"
74.7.227.145 - - [16/Jul/2026:18:29:15 -0600] "GET /2026/07/16/kasyno-bez-weryfikacji-kyc-ktore-przeszo-moje-testy-matematyczne/?path=//var/softaculous/moodle42 HTTP/2" 200 3678 "https://ajpartyfun.com/2026/07/16/kasyno-bez-weryfikacji-kyc-ktore-przeszo-moje-testy-matematyczne/?path=//var/softaculous" "Mozilla/5.0 AppleWebKit/537.36 (KHTML, like Gecko; compatible; GPTBot/1.4; +https://openai.com/gptbot)"
74.7.242.45 - - [16/Jul/2026:18:29:15 -0600] "GET /?fileloc=//home/dfwparty/smartcardcontacts.com/wp-includes/rest-api/endpoints/class-wp-rest-global-styles-controller.php&path=//home/dfwparty/smartcardcontacts.com/wp-includes/rest-api/endpoints HTTP/2" 200 8768 "https://www.ajpartyfun.com/?path=//home/dfwparty/smartcardcontacts.com/wp-includes/rest-api/endpoints" "Mozilla/5.0 AppleWebKit/537.36 (KHTML, like Gecko; compatible; GPTBot/1.4; +https://openai.com/gptbot)"
74.7.227.145 - - [16/Jul/2026:18:29:15 -0600] "GET /2026/07/16/kasyno-bez-weryfikacji-kyc-ktore-przeszo-moje-testy-matematyczne/?path=//var/softaculous/moodle41 HTTP/2" 200 3678 "https://ajpartyfun.com/2026/07/16/kasyno-bez-weryfikacji-kyc-ktore-przeszo-moje-testy-matematyczne/?path=//var/softaculous" "Mozilla/5.0 AppleWebKit/537.36 (KHTML, like Gecko; compatible; GPTBot/1.4; +https://openai.com/gptbot)"
74.7.242.45 - - [16/Jul/2026:18:29:16 -0600] "GET /?fileloc=//home/dfwparty/smartcardcontacts.com/wp-includes/rest-api/endpoints/class-wp-rest-url-details-controller.php&path=//home/dfwparty/smartcardcontacts.com/wp-includes/rest-api/endpoints HTTP/2" 200 8366 "https://www.ajpartyfun.com/?path=//home/dfwparty/smartcardcontacts.com/wp-includes/rest-api/endpoints" "Mozilla/5.0 AppleWebKit/537.36 (KHTML, like Gecko; compatible; GPTBot/1.4; +https://openai.com/gptbot)"
74.7.227.145 - - [16/Jul/2026:18:29:16 -0600] "GET /2026/07/16/kasyno-bez-weryfikacji-kyc-ktore-przeszo-moje-testy-matematyczne/?path=//var/softaculous/moodle39 HTTP/2" 200 3638 "https://ajpartyfun.com/2026/07/16/kasyno-bez-weryfikacji-kyc-ktore-przeszo-moje-testy-matematyczne/?path=//var/softaculous" "Mozilla/5.0 AppleWebKit/537.36 (KHTML, like Gecko; compatible; GPTBot/1.4; +https://openai.com/gptbot)"
74.7.242.45 - - [16/Jul/2026:18:29:16 -0600] "GET /?fileloc=//home/dfwparty/smartcardcontacts.com/wp-includes/rest-api/endpoints/class-wp-rest-edit-site-export-controller.php&path=//home/dfwparty/smartcardcontacts.com/wp-includes/rest-api/endpoints HTTP/2" 200 3416 "https://www.ajpartyfun.com/?path=//home/dfwparty/smartcardcontacts.com/wp-includes/rest-api/endpoints" "Mozilla/5.0 AppleWebKit/537.36 (KHTML, like Gecko; compatible; GPTBot/1.4; +https://openai.com/gptbot)"
74.7.227.145 - - [16/Jul/2026:18:29:16 -0600] "GET /2026/07/16/kasyno-bez-weryfikacji-kyc-ktore-przeszo-moje-testy-matematyczne/?path=//var/softaculous/moodle40 HTTP/2" 200 3640 "https://ajpartyfun.com/2026/07/16/kasyno-bez-weryfikacji-kyc-ktore-przeszo-moje-testy-matematyczne/?path=//var/softaculous" "Mozilla/5.0 AppleWebKit/537.36 (KHTML, like Gecko; compatible; GPTBot/1.4; +https://openai.com/gptbot)"
74.7.242.45 - - [16/Jul/2026:18:29:17 -0600] "GET /?fileloc=/home/dfwparty/santabootshop.com/wp-includes/rest-api/endpoints/class-wp-rest-edit-site-export-controller.php&path=/home/dfwparty/santabootshop.com/wp-includes/rest-api/endpoints HTTP/2" 200 3415 "https://www.ajpartyfun.com/?path=/home/dfwparty/santabootshop.com/wp-includes/rest-api/endpoints" "Mozilla/5.0 AppleWebKit/537.36 (KHTML, like Gecko; compatible; GPTBot/1.4; +https://openai.com/gptbot)"
74.7.227.145 - - [16/Jul/2026:18:29:17 -0600] "GET /2026/07/16/kasyno-bez-weryfikacji-kyc-ktore-przeszo-moje-testy-matematyczne/?path=//var/softaculous/wp51 HTTP/2" 200 3885 "https://ajpartyfun.com/2026/07/16/kasyno-bez-weryfikacji-kyc-ktore-przeszo-moje-testy-matematyczne/?path=//var/softaculous" "Mozilla/5.0 AppleWebKit/537.36 (KHTML, like Gecko; compatible; GPTBot/1.4; +https://openai.com/gptbot)"
74.7.242.45 - - [16/Jul/2026:18:29:17 -0600] "GET /?path=//home/dfwparty/smartcardcontacts.com/wp-includes/blocks/page-list HTTP/2" 200 3122 "https://www.ajpartyfun.com/?path=//home/dfwparty/smartcardcontacts.com/wp-includes/blocks" "Mozilla/5.0 AppleWebKit/537.36 (KHTML, like Gecko; compatible; GPTBot/1.4; +https://openai.com/gptbot)"
74.7.227.145 - - [16/Jul/2026:18:29:17 -0600] "GET /2026/07/16/kasyno-bez-weryfikacji-kyc-ktore-przeszo-moje-testy-matematyczne/?path=//var/softaculous/mw35 HTTP/2" 200 3493 "https://ajpartyfun.com/2026/07/16/kasyno-bez-weryfikacji-kyc-ktore-przeszo-moje-testy-matematyczne/?path=//var/softaculous" "Mozilla/5.0 AppleWebKit/537.36 (KHTML, like Gecko; compatible; GPTBot/1.4; +https://openai.com/gptbot)"
74.7.242.45 - - [16/Jul/2026:18:29:18 -0600] "GET /?fileloc=//home/dfwparty/smartcardcontacts.com/wp-includes/blocks/comments-pagination/block.json&path=//home/dfwparty/smartcardcontacts.com/wp-includes/blocks/comments-pagination HTTP/2" 200 3114 "https://www.ajpartyfun.com/?path=//home/dfwparty/smartcardcontacts.com/wp-includes/blocks/comments-pagination" "Mozilla/5.0 AppleWebKit/537.36 (KHTML, like Gecko; compatible; GPTBot/1.4; +https://openai.com/gptbot)"
74.7.227.145 - - [16/Jul/2026:18:29:18 -0600] "GET /2026/07/16/kasyno-bez-weryfikacji-kyc-ktore-przeszo-moje-testy-matematyczne/?path=//var/softaculous/wp63 HTTP/2" 200 4004 "https://ajpartyfun.com/2026/07/16/kasyno-bez-weryfikacji-kyc-ktore-przeszo-moje-testy-matematyczne/?path=//var/softaculous" "Mozilla/5.0 AppleWebKit/537.36 (KHTML, like Gecko; compatible; GPTBot/1.4; +https://openai.com/gptbot)"
74.7.242.45 - - [16/Jul/2026:18:29:18 -0600] "GET /?path=//home/dfwparty/smartcardcontacts.com/wp-includes/php-ai-client/src/Files/Enums HTTP/2" 200 2939 "https://www.ajpartyfun.com/?path=//home/dfwparty/smartcardcontacts.com/wp-includes/php-ai-client/src/Files" "Mozilla/5.0 AppleWebKit/537.36 (KHTML, like Gecko; compatible; GPTBot/1.4; +https://openai.com/gptbot)"
74.7.227.145 - - [16/Jul/2026:18:29:18 -0600] "GET /2026/07/16/kasyno-bez-weryfikacji-kyc-ktore-przeszo-moje-testy-matematyczne/?path=//var/softaculous/wp53 HTTP/2" 200 3921 "https://ajpartyfun.com/2026/07/16/kasyno-bez-weryfikacji-kyc-ktore-przeszo-moje-testy-matematyczne/?path=//var/softaculous" "Mozilla/5.0 AppleWebKit/537.36 (KHTML, like Gecko; compatible; GPTBot/1.4; +https://openai.com/gptbot)"
74.7.242.45 - - [16/Jul/2026:18:29:19 -0600] "GET /?fileloc=//home/dfwparty/www/wp-content/uploads/2022/09/Stonebriar-westin-768x327.jpg&path=//home/dfwparty/www/wp-content/uploads/2022/09 HTTP/2" 200 49682 "https://www.ajpartyfun.com/?path=//home/dfwparty/www/wp-content/uploads/2022/09" "Mozilla/5.0 AppleWebKit/537.36 (KHTML, like Gecko; compatible; GPTBot/1.4; +https://openai.com/gptbot)"
74.7.227.145 - - [16/Jul/2026:18:29:19 -0600] "GET /2026/07/16/kasyno-bez-weryfikacji-kyc-ktore-przeszo-moje-testy-matematyczne/?path=//var/softaculous/wp57 HTTP/2" 200 3949 "https://ajpartyfun.com/2026/07/16/kasyno-bez-weryfikacji-kyc-ktore-przeszo-moje-testy-matematyczne/?path=//var/softaculous" "Mozilla/5.0 AppleWebKit/537.36 (KHTML, like Gecko; compatible; GPTBot/1.4; +https://openai.com/gptbot)"
74.7.242.45 - - [16/Jul/2026:18:29:19 -0600] "GET /?fileloc=/home/dfwparty/smartcardcontacts.com/wp-content/themes/astra/archive.php&path=/home/dfwparty/smartcardcontacts.com/wp-content/themes/astra HTTP/2" 200 2864 "https://www.ajpartyfun.com/?path=/home/dfwparty/smartcardcontacts.com/wp-content/themes/astra" "Mozilla/5.0 AppleWebKit/537.36 (KHTML, like Gecko; compatible; GPTBot/1.4; +https://openai.com/gptbot)"
74.7.227.145 - - [16/Jul/2026:18:29:20 -0600] "GET /2026/07/16/kasyno-bez-weryfikacji-kyc-ktore-przeszo-moje-testy-matematyczne/?path=//var/softaculous/wp49 HTTP/2" 200 3892 "https://ajpartyfun.com/2026/07/16/kasyno-bez-weryfikacji-kyc-ktore-przeszo-moje-testy-matematyczne/?path=//var/softaculous" "Mozilla/5.0 AppleWebKit/537.36 (KHTML, like Gecko; compatible; GPTBot/1.4; +https://openai.com/gptbot)"
