HEX
Server: LiteSpeed
System: Linux node612.namehero.net 4.18.0-553.121.1.lve.el8.x86_64 #1 SMP Thu Apr 30 16:40:41 UTC 2026 x86_64
User: dfwparty (1186)
PHP: 8.3.31
Disabled: NONE
Upload Files
File: //home/dfwparty/access-logs/candytheclown.dfw.party-ssl_log
198.175.150.9 - - [16/Jul/2026:18:30:26 -0600] "POST /wp-cron.php?doing_wp_cron=1784248226.3593149185180664062500 HTTP/1.1" 200 0 "-" "WordPress/7.0.1; https://candytheclown.com"
3.226.202.248 - - [16/Jul/2026:18:30:25 -0600] "GET /robots.txt HTTP/1.1" 200 128 "-" "Mozilla/5.0 (Macintosh; Intel Mac OS X 10_10_1) AppleWebKit/600.2.5 (KHTML, like Gecko) Version/8.0.2 Safari/600.2.5 (Gort)"
17.246.19.196 - - [16/Jul/2026:18:51:04 -0600] "GET /robots.txt HTTP/2" 200 128 "-" "Mozilla/5.0 (Macintosh; Intel Mac OS X 10_15_7) AppleWebKit/605.1.15 (KHTML, like Gecko) Version/17.4 Safari/605.1.15 (Applebot/0.1; +http://www.apple.com/go/applebot)"
17.246.19.196 - - [16/Jul/2026:18:51:05 -0600] "GET /2025/03/07/candy-the-clown-the-ultimate-kids-party-entertainer-in-coppell-texas/ HTTP/2" 200 30985 "-" "Mozilla/5.0 (Macintosh; Intel Mac OS X 10_15_7) AppleWebKit/605.1.15 (KHTML, like Gecko) Version/17.4 Safari/605.1.15 (Applebot/0.1; +http://www.apple.com/go/applebot)"
17.246.19.177 - - [16/Jul/2026:19:21:25 -0600] "GET /wp-content/plugins/elementor/assets/lib/eicons/css/elementor-icons.min.css?ver=5.50.0 HTTP/2" 200 4123 "https://candytheclown.com/2025/03/07/candy-the-clown-the-ultimate-kids-party-entertainer-in-coppell-texas/" "Mozilla/5.0 (Macintosh; Intel Mac OS X 10_15_7) AppleWebKit/605.1.15 (KHTML, like Gecko) Version/17.4 Safari/605.1.15 (Applebot/0.1; +http://www.apple.com/go/applebot)"
17.246.19.177 - - [16/Jul/2026:19:21:26 -0600] "GET /wp-content/uploads/astra-addon/astra-addon-6a439ac31ec5c0-46925815.css?ver=4.13.5 HTTP/2" 200 2401 "https://candytheclown.com/2025/03/07/candy-the-clown-the-ultimate-kids-party-entertainer-in-coppell-texas/" "Mozilla/5.0 (Macintosh; Intel Mac OS X 10_15_7) AppleWebKit/605.1.15 (KHTML, like Gecko) Version/17.4 Safari/605.1.15 (Applebot/0.1; +http://www.apple.com/go/applebot)"
17.246.19.177 - - [16/Jul/2026:19:21:28 -0600] "GET /wp-content/plugins/elementor/assets/css/widget-image.min.css?ver=4.1.5 HTTP/2" 200 96 "https://candytheclown.com/2025/03/07/candy-the-clown-the-ultimate-kids-party-entertainer-in-coppell-texas/" "Mozilla/5.0 (Macintosh; Intel Mac OS X 10_15_7) AppleWebKit/605.1.15 (KHTML, like Gecko) Version/17.4 Safari/605.1.15 (Applebot/0.1; +http://www.apple.com/go/applebot)"
17.246.19.177 - - [16/Jul/2026:19:21:29 -0600] "GET /wp-content/themes/astra/assets/css/minified/main.min.css?ver=4.13.6 HTTP/2" 200 8389 "https://candytheclown.com/2025/03/07/candy-the-clown-the-ultimate-kids-party-entertainer-in-coppell-texas/" "Mozilla/5.0 (Macintosh; Intel Mac OS X 10_15_7) AppleWebKit/605.1.15 (KHTML, like Gecko) Version/17.4 Safari/605.1.15 (Applebot/0.1; +http://www.apple.com/go/applebot)"
17.246.19.177 - - [16/Jul/2026:19:21:31 -0600] "GET /wp-content/uploads/elementor/css/post-9.css?ver=1784198710 HTTP/2" 200 342 "https://candytheclown.com/2025/03/07/candy-the-clown-the-ultimate-kids-party-entertainer-in-coppell-texas/" "Mozilla/5.0 (Macintosh; Intel Mac OS X 10_15_7) AppleWebKit/605.1.15 (KHTML, like Gecko) Version/17.4 Safari/605.1.15 (Applebot/0.1; +http://www.apple.com/go/applebot)"
17.246.19.177 - - [16/Jul/2026:19:21:32 -0600] "GET /wp-content/plugins/elementor/assets/css/frontend.min.css?ver=4.1.5 HTTP/2" 200 6613 "https://candytheclown.com/2025/03/07/candy-the-clown-the-ultimate-kids-party-entertainer-in-coppell-texas/" "Mozilla/5.0 (Macintosh; Intel Mac OS X 10_15_7) AppleWebKit/605.1.15 (KHTML, like Gecko) Version/17.4 Safari/605.1.15 (Applebot/0.1; +http://www.apple.com/go/applebot)"
17.246.19.177 - - [16/Jul/2026:19:21:33 -0600] "GET /wp-content/uploads/elementor/css/post-542.css?ver=1784249466 HTTP/2" 200 172 "https://candytheclown.com/2025/03/07/candy-the-clown-the-ultimate-kids-party-entertainer-in-coppell-texas/" "Mozilla/5.0 (Macintosh; Intel Mac OS X 10_15_7) AppleWebKit/605.1.15 (KHTML, like Gecko) Version/17.4 Safari/605.1.15 (Applebot/0.1; +http://www.apple.com/go/applebot)"
17.246.19.177 - - [16/Jul/2026:19:21:35 -0600] "GET /wp-content/uploads/elementor/google-fonts/css/roboto.css?ver=1742234071 HTTP/2" 200 1872 "https://candytheclown.com/2025/03/07/candy-the-clown-the-ultimate-kids-party-entertainer-in-coppell-texas/" "Mozilla/5.0 (Macintosh; Intel Mac OS X 10_15_7) AppleWebKit/605.1.15 (KHTML, like Gecko) Version/17.4 Safari/605.1.15 (Applebot/0.1; +http://www.apple.com/go/applebot)"
17.246.19.177 - - [16/Jul/2026:19:21:36 -0600] "GET /wp-content/uploads/elementor/google-fonts/css/robotoslab.css?ver=1742234078 HTTP/2" 200 708 "https://candytheclown.com/2025/03/07/candy-the-clown-the-ultimate-kids-party-entertainer-in-coppell-texas/" "Mozilla/5.0 (Macintosh; Intel Mac OS X 10_15_7) AppleWebKit/605.1.15 (KHTML, like Gecko) Version/17.4 Safari/605.1.15 (Applebot/0.1; +http://www.apple.com/go/applebot)"
17.246.19.177 - - [16/Jul/2026:19:21:38 -0600] "GET /wp-includes/js/jquery/jquery.min.js?ver=3.7.1 HTTP/2" 200 29744 "https://candytheclown.com/2025/03/07/candy-the-clown-the-ultimate-kids-party-entertainer-in-coppell-texas/" "Mozilla/5.0 (Macintosh; Intel Mac OS X 10_15_7) AppleWebKit/605.1.15 (KHTML, like Gecko) Version/17.4 Safari/605.1.15 (Applebot/0.1; +http://www.apple.com/go/applebot)"
17.246.19.177 - - [16/Jul/2026:19:21:39 -0600] "GET /wp-includes/js/jquery/jquery-migrate.min.js?ver=3.4.1 HTTP/2" 200 4678 "https://candytheclown.com/2025/03/07/candy-the-clown-the-ultimate-kids-party-entertainer-in-coppell-texas/" "Mozilla/5.0 (Macintosh; Intel Mac OS X 10_15_7) AppleWebKit/605.1.15 (KHTML, like Gecko) Version/17.4 Safari/605.1.15 (Applebot/0.1; +http://www.apple.com/go/applebot)"
17.246.19.177 - - [16/Jul/2026:19:21:41 -0600] "GET /wp-content/themes/astra/assets/js/minified/frontend.min.js?ver=4.13.6 HTTP/2" 200 5693 "https://candytheclown.com/2025/03/07/candy-the-clown-the-ultimate-kids-party-entertainer-in-coppell-texas/" "Mozilla/5.0 (Macintosh; Intel Mac OS X 10_15_7) AppleWebKit/605.1.15 (KHTML, like Gecko) Version/17.4 Safari/605.1.15 (Applebot/0.1; +http://www.apple.com/go/applebot)"
17.246.19.177 - - [16/Jul/2026:19:21:42 -0600] "GET /wp-content/uploads/astra-addon/astra-addon-6a439ac31f2be8-55963754.js?ver=4.13.5 HTTP/2" 200 3191 "https://candytheclown.com/2025/03/07/candy-the-clown-the-ultimate-kids-party-entertainer-in-coppell-texas/" "Mozilla/5.0 (Macintosh; Intel Mac OS X 10_15_7) AppleWebKit/605.1.15 (KHTML, like Gecko) Version/17.4 Safari/605.1.15 (Applebot/0.1; +http://www.apple.com/go/applebot)"
17.246.19.177 - - [16/Jul/2026:19:21:44 -0600] "GET /wp-content/plugins/astra-addon/assets/js/minified/purify.min.js?ver=4.13.5 HTTP/2" 200 10151 "https://candytheclown.com/2025/03/07/candy-the-clown-the-ultimate-kids-party-entertainer-in-coppell-texas/" "Mozilla/5.0 (Macintosh; Intel Mac OS X 10_15_7) AppleWebKit/605.1.15 (KHTML, like Gecko) Version/17.4 Safari/605.1.15 (Applebot/0.1; +http://www.apple.com/go/applebot)"
17.246.19.177 - - [16/Jul/2026:19:21:45 -0600] "GET /wp-content/plugins/elementor/assets/js/webpack.runtime.min.js?ver=4.1.5 HTTP/2" 200 2338 "https://candytheclown.com/2025/03/07/candy-the-clown-the-ultimate-kids-party-entertainer-in-coppell-texas/" "Mozilla/5.0 (Macintosh; Intel Mac OS X 10_15_7) AppleWebKit/605.1.15 (KHTML, like Gecko) Version/17.4 Safari/605.1.15 (Applebot/0.1; +http://www.apple.com/go/applebot)"
17.246.19.177 - - [16/Jul/2026:19:21:46 -0600] "GET /wp-content/plugins/elementor/assets/js/frontend-modules.min.js?ver=4.1.5 HTTP/2" 200 15445 "https://candytheclown.com/2025/03/07/candy-the-clown-the-ultimate-kids-party-entertainer-in-coppell-texas/" "Mozilla/5.0 (Macintosh; Intel Mac OS X 10_15_7) AppleWebKit/605.1.15 (KHTML, like Gecko) Version/17.4 Safari/605.1.15 (Applebot/0.1; +http://www.apple.com/go/applebot)"
17.246.19.177 - - [16/Jul/2026:19:21:48 -0600] "GET /wp-includes/js/jquery/ui/core.min.js?ver=1.13.3 HTTP/2" 200 6812 "https://candytheclown.com/2025/03/07/candy-the-clown-the-ultimate-kids-party-entertainer-in-coppell-texas/" "Mozilla/5.0 (Macintosh; Intel Mac OS X 10_15_7) AppleWebKit/605.1.15 (KHTML, like Gecko) Version/17.4 Safari/605.1.15 (Applebot/0.1; +http://www.apple.com/go/applebot)"
17.246.19.177 - - [16/Jul/2026:19:21:49 -0600] "GET /wp-content/plugins/elementor/assets/js/frontend.min.js?ver=4.1.5 HTTP/2" 200 10124 "https://candytheclown.com/2025/03/07/candy-the-clown-the-ultimate-kids-party-entertainer-in-coppell-texas/" "Mozilla/5.0 (Macintosh; Intel Mac OS X 10_15_7) AppleWebKit/605.1.15 (KHTML, like Gecko) Version/17.4 Safari/605.1.15 (Applebot/0.1; +http://www.apple.com/go/applebot)"
17.246.19.177 - - [16/Jul/2026:19:21:51 -0600] "GET /wp-content/plugins/elementor-pro/assets/js/webpack-pro.runtime.min.js?ver=4.1.3 HTTP/2" 200 2606 "https://candytheclown.com/2025/03/07/candy-the-clown-the-ultimate-kids-party-entertainer-in-coppell-texas/" "Mozilla/5.0 (Macintosh; Intel Mac OS X 10_15_7) AppleWebKit/605.1.15 (KHTML, like Gecko) Version/17.4 Safari/605.1.15 (Applebot/0.1; +http://www.apple.com/go/applebot)"
17.246.19.177 - - [16/Jul/2026:19:21:52 -0600] "GET /wp-includes/js/dist/hooks.min.js?ver=7496969728ca0f95732d HTTP/2" 200 1734 "https://candytheclown.com/2025/03/07/candy-the-clown-the-ultimate-kids-party-entertainer-in-coppell-texas/" "Mozilla/5.0 (Macintosh; Intel Mac OS X 10_15_7) AppleWebKit/605.1.15 (KHTML, like Gecko) Version/17.4 Safari/605.1.15 (Applebot/0.1; +http://www.apple.com/go/applebot)"
17.246.19.177 - - [16/Jul/2026:19:21:54 -0600] "GET /wp-includes/js/dist/i18n.min.js?ver=781d11515ad3d91786ec HTTP/2" 200 2354 "https://candytheclown.com/2025/03/07/candy-the-clown-the-ultimate-kids-party-entertainer-in-coppell-texas/" "Mozilla/5.0 (Macintosh; Intel Mac OS X 10_15_7) AppleWebKit/605.1.15 (KHTML, like Gecko) Version/17.4 Safari/605.1.15 (Applebot/0.1; +http://www.apple.com/go/applebot)"
17.246.19.177 - - [16/Jul/2026:19:21:55 -0600] "GET /wp-content/plugins/elementor-pro/assets/js/frontend.min.js?ver=4.1.3 HTTP/2" 200 6191 "https://candytheclown.com/2025/03/07/candy-the-clown-the-ultimate-kids-party-entertainer-in-coppell-texas/" "Mozilla/5.0 (Macintosh; Intel Mac OS X 10_15_7) AppleWebKit/605.1.15 (KHTML, like Gecko) Version/17.4 Safari/605.1.15 (Applebot/0.1; +http://www.apple.com/go/applebot)"
17.246.19.177 - - [16/Jul/2026:19:21:57 -0600] "GET /wp-content/plugins/elementor-pro/assets/js/elements-handlers.min.js?ver=4.1.3 HTTP/2" 200 10079 "https://candytheclown.com/2025/03/07/candy-the-clown-the-ultimate-kids-party-entertainer-in-coppell-texas/" "Mozilla/5.0 (Macintosh; Intel Mac OS X 10_15_7) AppleWebKit/605.1.15 (KHTML, like Gecko) Version/17.4 Safari/605.1.15 (Applebot/0.1; +http://www.apple.com/go/applebot)"
17.246.19.177 - - [16/Jul/2026:19:21:58 -0600] "GET /wp-content/plugins/elementor/assets/js/section-frontend-handlers.d85ab872da118940910d.bundle.min.js HTTP/2" 200 229 "https://candytheclown.com/2025/03/07/candy-the-clown-the-ultimate-kids-party-entertainer-in-coppell-texas/" "Mozilla/5.0 (Macintosh; Intel Mac OS X 10_15_7) AppleWebKit/605.1.15 (KHTML, like Gecko) Version/17.4 Safari/605.1.15 (Applebot/0.1; +http://www.apple.com/go/applebot)"
17.246.19.177 - - [16/Jul/2026:19:21:59 -0600] "GET /wp-content/plugins/elementor/assets/js/shared-frontend-handlers.03caa53373b56d3bab67.bundle.min.js HTTP/2" 200 2511 "https://candytheclown.com/2025/03/07/candy-the-clown-the-ultimate-kids-party-entertainer-in-coppell-texas/" "Mozilla/5.0 (Macintosh; Intel Mac OS X 10_15_7) AppleWebKit/605.1.15 (KHTML, like Gecko) Version/17.4 Safari/605.1.15 (Applebot/0.1; +http://www.apple.com/go/applebot)"
17.246.19.177 - - [16/Jul/2026:19:22:01 -0600] "GET /wp-content/plugins/elementor/assets/js/text-editor.45609661e409413f1cef.bundle.min.js HTTP/2" 200 592 "https://candytheclown.com/2025/03/07/candy-the-clown-the-ultimate-kids-party-entertainer-in-coppell-texas/" "Mozilla/5.0 (Macintosh; Intel Mac OS X 10_15_7) AppleWebKit/605.1.15 (KHTML, like Gecko) Version/17.4 Safari/605.1.15 (Applebot/0.1; +http://www.apple.com/go/applebot)"
17.246.19.177 - - [16/Jul/2026:19:22:02 -0600] "GET /wp-includes/js/wp-emoji-release.min.js?ver=7.0.1 HTTP/2" 200 4974 "https://candytheclown.com/2025/03/07/candy-the-clown-the-ultimate-kids-party-entertainer-in-coppell-texas/" "Mozilla/5.0 (Macintosh; Intel Mac OS X 10_15_7) AppleWebKit/605.1.15 (KHTML, like Gecko) Version/17.4 Safari/605.1.15 (Applebot/0.1; +http://www.apple.com/go/applebot)"
198.175.150.9 - - [16/Jul/2026:19:36:11 -0600] "POST /wp-cron.php?doing_wp_cron=1784252171.1838240623474121093750 HTTP/1.1" 200 0 "-" "WordPress/7.0.1; https://candytheclown.com"
40.77.167.38 - - [16/Jul/2026:19:36:09 -0600] "GET /sitemap_index.xml HTTP/2" 200 314 "-" "Mozilla/5.0 AppleWebKit/537.36 (KHTML, like Gecko; compatible; bingbot/2.0; +http://www.bing.com/bingbot.htm) Chrome/116.0.1938.76 Safari/537.36"
198.175.150.9 - - [16/Jul/2026:19:45:02 -0600] "POST /wp-cron.php?doing_wp_cron=1784252702.4359080791473388671875 HTTP/1.1" 200 0 "-" "WordPress/7.0.1; https://candytheclown.com"
66.249.70.136 - - [16/Jul/2026:19:45:01 -0600] "GET /ads.txt HTTP/1.1" 404 18451 "-" "Mozilla/5.0 (compatible; Googlebot/2.1; +http://www.google.com/bot.html)"
49.233.45.47 - - [16/Jul/2026:19:45:20 -0600] "GET / HTTP/1.1" 301 0 "http://www.candytheclown.com" "Mozilla/5.0 (iPhone; CPU iPhone OS 13_2_3 like Mac OS X) AppleWebKit/605.1.15 (KHTML, like Gecko) Version/13.0.3 Mobile/15E148 Safari/604.1"
49.233.45.47 - - [16/Jul/2026:19:45:22 -0600] "GET / HTTP/1.1" 200 24764 "https://www.candytheclown.com/" "Mozilla/5.0 (iPhone; CPU iPhone OS 13_2_3 like Mac OS X) AppleWebKit/605.1.15 (KHTML, like Gecko) Version/13.0.3 Mobile/15E148 Safari/604.1"
66.249.70.138 - - [16/Jul/2026:19:46:03 -0600] "GET /wp-content/themes/astra/assets/js/minified/frontend.min.js?ver=4.13.6 HTTP/1.1" 200 5693 "https://candytheclown.com/" "Mozilla/5.0 (Linux; Android 6.0.1; Nexus 5X Build/MMB29P) AppleWebKit/537.36 (KHTML, like Gecko) Chrome/150.0.7871.124 Mobile Safari/537.36 (compatible; Googlebot/2.1; +http://www.google.com/bot.html)"
66.249.70.138 - - [16/Jul/2026:19:46:03 -0600] "GET /wp-content/plugins/elementor/assets/js/frontend-modules.min.js?ver=4.1.5 HTTP/1.1" 200 15445 "https://candytheclown.com/" "Mozilla/5.0 (Linux; Android 6.0.1; Nexus 5X Build/MMB29P) AppleWebKit/537.36 (KHTML, like Gecko) Chrome/150.0.7871.124 Mobile Safari/537.36 (compatible; Googlebot/2.1; +http://www.google.com/bot.html)"
66.249.70.138 - - [16/Jul/2026:19:46:04 -0600] "GET /wp-content/plugins/elementor-pro/assets/js/frontend.min.js?ver=4.1.3 HTTP/1.1" 200 6191 "https://candytheclown.com/" "Mozilla/5.0 (Linux; Android 6.0.1; Nexus 5X Build/MMB29P) AppleWebKit/537.36 (KHTML, like Gecko) Chrome/150.0.7871.124 Mobile Safari/537.36 (compatible; Googlebot/2.1; +http://www.google.com/bot.html)"
66.249.70.138 - - [16/Jul/2026:19:46:04 -0600] "GET /wp-content/plugins/elementor/assets/js/webpack.runtime.min.js?ver=4.1.5 HTTP/1.1" 200 2338 "https://candytheclown.com/" "Mozilla/5.0 (Linux; Android 6.0.1; Nexus 5X Build/MMB29P) AppleWebKit/537.36 (KHTML, like Gecko) Chrome/150.0.7871.124 Mobile Safari/537.36 (compatible; Googlebot/2.1; +http://www.google.com/bot.html)"
66.249.70.138 - - [16/Jul/2026:19:46:05 -0600] "GET /wp-content/plugins/elementor/assets/js/section-frontend-handlers.d85ab872da118940910d.bundle.min.js HTTP/1.1" 200 229 "https://candytheclown.com/" "Mozilla/5.0 (Linux; Android 6.0.1; Nexus 5X Build/MMB29P) AppleWebKit/537.36 (KHTML, like Gecko) Chrome/150.0.7871.124 Mobile Safari/537.36 (compatible; Googlebot/2.1; +http://www.google.com/bot.html)"
198.175.150.9 - - [16/Jul/2026:19:45:02 -0600] "POST /wp-cron.php?doing_wp_cron=1784252702.4543919563293457031250 HTTP/1.1" 200 0 "-" "WordPress/7.0.1; https://candytheclown.com"
66.249.70.138 - - [16/Jul/2026:19:46:03 -0600] "GET /wp-content/plugins/elementor/assets/css/widget-video.min.css?ver=4.1.5 HTTP/1.1" 200 328 "https://candytheclown.com/" "Mozilla/5.0 (Linux; Android 6.0.1; Nexus 5X Build/MMB29P) AppleWebKit/537.36 (KHTML, like Gecko) Chrome/150.0.7871.124 Mobile Safari/537.36 (compatible; Googlebot/2.1; +http://www.google.com/bot.html)"
66.249.70.136 - - [16/Jul/2026:19:46:03 -0600] "GET /wp-content/plugins/astra-addon/assets/js/minified/purify.min.js?ver=4.13.5 HTTP/1.1" 200 10151 "https://candytheclown.com/" "Mozilla/5.0 (Linux; Android 6.0.1; Nexus 5X Build/MMB29P) AppleWebKit/537.36 (KHTML, like Gecko) Chrome/150.0.7871.124 Mobile Safari/537.36 (compatible; Googlebot/2.1; +http://www.google.com/bot.html)"
66.249.70.136 - - [16/Jul/2026:19:46:03 -0600] "GET /wp-content/plugins/elementor/assets/js/frontend.min.js?ver=4.1.5 HTTP/1.1" 200 10124 "https://candytheclown.com/" "Mozilla/5.0 (Linux; Android 6.0.1; Nexus 5X Build/MMB29P) AppleWebKit/537.36 (KHTML, like Gecko) Chrome/150.0.7871.124 Mobile Safari/537.36 (compatible; Googlebot/2.1; +http://www.google.com/bot.html)"
66.249.70.136 - - [16/Jul/2026:19:46:03 -0600] "GET /wp-content/plugins/elementor-pro/assets/js/elements-handlers.min.js?ver=4.1.3 HTTP/1.1" 200 10079 "https://candytheclown.com/" "Mozilla/5.0 (Linux; Android 6.0.1; Nexus 5X Build/MMB29P) AppleWebKit/537.36 (KHTML, like Gecko) Chrome/150.0.7871.124 Mobile Safari/537.36 (compatible; Googlebot/2.1; +http://www.google.com/bot.html)"
66.249.70.136 - - [16/Jul/2026:19:46:04 -0600] "GET /wp-content/plugins/elementor/assets/css/frontend.min.css?ver=4.1.5 HTTP/1.1" 200 6613 "https://candytheclown.com/" "Mozilla/5.0 (Linux; Android 6.0.1; Nexus 5X Build/MMB29P) AppleWebKit/537.36 (KHTML, like Gecko) Chrome/150.0.7871.124 Mobile Safari/537.36 (compatible; Googlebot/2.1; +http://www.google.com/bot.html)"
66.249.70.136 - - [16/Jul/2026:19:46:04 -0600] "GET /wp-content/uploads/elementor/google-fonts/css/roboto.css?ver=1742234071 HTTP/1.1" 200 1872 "https://candytheclown.com/" "Mozilla/5.0 (Linux; Android 6.0.1; Nexus 5X Build/MMB29P) AppleWebKit/537.36 (KHTML, like Gecko) Chrome/150.0.7871.124 Mobile Safari/537.36 (compatible; Googlebot/2.1; +http://www.google.com/bot.html)"
66.249.70.136 - - [16/Jul/2026:19:46:04 -0600] "GET /wp-content/plugins/elementor-pro/assets/js/webpack-pro.runtime.min.js?ver=4.1.3 HTTP/1.1" 200 2606 "https://candytheclown.com/" "Mozilla/5.0 (Linux; Android 6.0.1; Nexus 5X Build/MMB29P) AppleWebKit/537.36 (KHTML, like Gecko) Chrome/150.0.7871.124 Mobile Safari/537.36 (compatible; Googlebot/2.1; +http://www.google.com/bot.html)"
17.246.23.53 - - [16/Jul/2026:20:10:22 -0600] "GET /favicon.ico HTTP/2" 404 4985 "-" "Mozilla/5.0 (Macintosh; Intel Mac OS X 10_15_7) AppleWebKit/605.1.15 (KHTML, like Gecko) Version/17.4 Safari/605.1.15 (Applebot/0.1; +http://www.apple.com/go/applebot)"
66.249.70.136 - - [16/Jul/2026:19:45:57 -0600] "GET / HTTP/1.1" 200 21405 "-" "Mozilla/5.0 (Linux; Android 6.0.1; Nexus 5X Build/MMB29P) AppleWebKit/537.36 (KHTML, like Gecko) Chrome/150.0.7871.124 Mobile Safari/537.36 (compatible; Googlebot/2.1; +http://www.google.com/bot.html)"
66.249.70.137 - - [16/Jul/2026:19:46:03 -0600] "GET /wp-includes/js/jquery/jquery-migrate.min.js?ver=3.4.1 HTTP/1.1" 200 4678 "https://candytheclown.com/" "Mozilla/5.0 (Linux; Android 6.0.1; Nexus 5X Build/MMB29P) AppleWebKit/537.36 (KHTML, like Gecko) Chrome/150.0.7871.124 Mobile Safari/537.36 (compatible; Googlebot/2.1; +http://www.google.com/bot.html)"
66.249.70.137 - - [16/Jul/2026:19:46:03 -0600] "GET /wp-includes/js/jquery/jquery.min.js?ver=3.7.1 HTTP/1.1" 200 29744 "https://candytheclown.com/" "Mozilla/5.0 (Linux; Android 6.0.1; Nexus 5X Build/MMB29P) AppleWebKit/537.36 (KHTML, like Gecko) Chrome/150.0.7871.124 Mobile Safari/537.36 (compatible; Googlebot/2.1; +http://www.google.com/bot.html)"
45.89.242.5 - - [16/Jul/2026:20:05:35 -0600] "GET /000.php HTTP/2" 404 21666 "http://candytheclown.com/000.php" "Go-http-client/2.0"
87.56.13.115 - - [16/Jul/2026:19:06:35 -0600] "GET /wp-content/uploads/2025/03/Candy-farmers-branch-768x461.jpg HTTP/1.1" 200 72326 "-" "Mozilla/5.0 (compatible; crawler)"
198.175.150.9 - - [16/Jul/2026:20:45:16 -0600] "POST /wp-cron.php?doing_wp_cron=1784256316.2756190299987792968750 HTTP/1.1" 200 0 "-" "WordPress/7.0.1; https://candytheclown.com"
52.167.144.183 - - [16/Jul/2026:20:45:15 -0600] "GET /sitemap_index.xml HTTP/2" 200 314 "-" "Mozilla/5.0 AppleWebKit/537.36 (KHTML, like Gecko; compatible; bingbot/2.0; +http://www.bing.com/bingbot.htm) Chrome/116.0.1938.76 Safari/537.36"
198.175.150.9 - - [16/Jul/2026:22:02:10 -0600] "POST /wp-cron.php?doing_wp_cron=1784260930.9785211086273193359375 HTTP/1.1" 200 0 "-" "WordPress/7.0.1; https://candytheclown.com"
198.175.150.9 - - [16/Jul/2026:22:02:10 -0600] "POST /wp-cron.php?doing_wp_cron=1784260930.9507629871368408203125 HTTP/1.1" 200 0 "-" "WordPress/7.0.1; https://candytheclown.com"
198.175.150.9 - - [16/Jul/2026:22:02:11 -0600] "POST /wp-cron.php?doing_wp_cron=1784260931.5643239021301269531250 HTTP/1.1" 200 0 "-" "WordPress/7.0.1; https://candytheclown.com"
15.235.98.211 - - [16/Jul/2026:22:02:08 -0600] "GET / HTTP/2" 200 21434 "-" "Mozilla/5.0 (compatible; AhrefsBot/7.0; +http://ahrefs.com/robot/)"
148.113.128.160 - - [16/Jul/2026:22:05:25 -0600] "GET /wp-content/uploads/elementor/css/post-9.css?ver=1784198710 HTTP/2" 200 342 "-" "Mozilla/5.0 (compatible; AhrefsBot/7.0; +http://ahrefs.com/robot/)"
142.44.220.175 - - [16/Jul/2026:22:05:26 -0600] "GET /wp-content/plugins/elementor/assets/js/frontend-modules.min.js?ver=4.1.5 HTTP/2" 200 15445 "-" "Mozilla/5.0 (compatible; AhrefsBot/7.0; +http://ahrefs.com/robot/)"
15.235.27.116 - - [16/Jul/2026:22:05:42 -0600] "GET /wp-content/plugins/elementor-pro/assets/js/elements-handlers.min.js?ver=4.1.3 HTTP/2" 200 10079 "-" "Mozilla/5.0 (compatible; AhrefsBot/7.0; +http://ahrefs.com/robot/)"
54.39.136.92 - - [16/Jul/2026:22:05:24 -0600] "GET /wp-content/plugins/elementor/assets/css/widget-video.min.css?ver=4.1.5 HTTP/2" 200 328 "-" "Mozilla/5.0 (compatible; AhrefsBot/7.0; +http://ahrefs.com/robot/)"
2a06:98c0:3600::103 - - [16/Jul/2026:22:18:27 -0600] "GET / HTTP/1.1" 200 17582 "-" "Mozilla/5.0 (Macintosh; Intel Mac OS X 10_15_7) AppleWebKit/537.36 (KHTML, like Gecko) Chrome/147.0.0.0 Safari/537.36 CloudflareWebScanner/1.0"
142.44.233.243 - - [16/Jul/2026:22:05:22 -0600] "GET /wp-content/plugins/elementor-pro/assets/js/webpack-pro.runtime.min.js?ver=4.1.3 HTTP/2" 200 2606 "-" "Mozilla/5.0 (compatible; AhrefsBot/7.0; +http://ahrefs.com/robot/)"
15.235.98.140 - - [16/Jul/2026:22:05:27 -0600] "GET /wp-content/plugins/elementor/assets/js/frontend.min.js?ver=4.1.5 HTTP/2" 200 10124 "-" "Mozilla/5.0 (compatible; AhrefsBot/7.0; +http://ahrefs.com/robot/)"
148.113.130.138 - - [16/Jul/2026:22:05:41 -0600] "GET /wp-content/plugins/elementor-pro/assets/js/frontend.min.js?ver=4.1.3 HTTP/2" 200 6191 "-" "Mozilla/5.0 (compatible; AhrefsBot/7.0; +http://ahrefs.com/robot/)"
198.175.150.9 - - [16/Jul/2026:22:18:28 -0600] "POST /wp-cron.php?doing_wp_cron=1784261908.9751000404357910156250 HTTP/1.1" 200 0 "-" "WordPress/7.0.1; https://candytheclown.com"
40.77.167.19 - - [16/Jul/2026:22:03:17 -0600] "GET /2025/ HTTP/2" 200 22318 "-" "Mozilla/5.0 AppleWebKit/537.36 (KHTML, like Gecko; compatible; bingbot/2.0; +http://www.bing.com/bingbot.htm) Chrome/116.0.1938.76 Safari/537.36"
54.39.0.36 - - [16/Jul/2026:22:05:22 -0600] "GET /wp-content/plugins/elementor/assets/css/frontend.min.css?ver=4.1.5 HTTP/2" 200 6613 "-" "Mozilla/5.0 (compatible; AhrefsBot/7.0; +http://ahrefs.com/robot/)"
51.161.37.32 - - [16/Jul/2026:22:05:23 -0600] "GET /wp-content/plugins/elementor/assets/js/webpack.runtime.min.js?ver=4.1.5 HTTP/2" 200 2338 "-" "Mozilla/5.0 (compatible; AhrefsBot/7.0; +http://ahrefs.com/robot/)"
15.235.98.167 - - [16/Jul/2026:22:05:25 -0600] "GET /wp-content/uploads/elementor/css/post-38.css?ver=1784200719 HTTP/2" 200 108 "-" "Mozilla/5.0 (compatible; AhrefsBot/7.0; +http://ahrefs.com/robot/)"
69.171.249.5 - - [16/Jul/2026:22:24:53 -0600] "GET /robots.txt HTTP/2" 200 175 "-" "facebookexternalhit/1.1 (+http://www.facebook.com/externalhit_uatext.php)"
85.208.96.206 - - [16/Jul/2026:22:25:40 -0600] "GET /category/areas/page/5/ HTTP/1.1" 200 26658 "-" "Mozilla/5.0 (compatible; SemrushBot/7~bl; +http://www.semrush.com/bot.html)"
198.175.150.9 - - [16/Jul/2026:22:24:53 -0600] "POST /wp-cron.php?doing_wp_cron=1784262293.8783369064331054687500 HTTP/1.1" 200 0 "-" "WordPress/7.0.1; https://candytheclown.com"
85.208.96.199 - - [16/Jul/2026:22:25:38 -0600] "GET /robots.txt HTTP/1.1" 200 128 "-" "Mozilla/5.0 (compatible; SemrushBot/7~bl; +http://www.semrush.com/bot.html)"
43.162.103.165 - - [16/Jul/2026:22:38:56 -0600] "GET / HTTP/1.1" 200 24764 "http://candytheclown.com" "Mozilla/5.0 (iPhone; CPU iPhone OS 13_2_3 like Mac OS X) AppleWebKit/605.1.15 (KHTML, like Gecko) Version/13.0.3 Mobile/15E148 Safari/604.1"
188.166.86.81 - - [16/Jul/2026:22:57:35 -0600] "GET / HTTP/1.1" 200 12526 "-" "Mozilla/5.0 (X11; Linux x86_64) AppleWebKit/537.36 (KHTML, like Gecko) Chrome/142.0.0.0 Safari/537.36"
198.175.150.9 - - [16/Jul/2026:23:03:11 -0600] "POST /wp-cron.php?doing_wp_cron=1784264591.8930470943450927734375 HTTP/1.1" 200 0 "-" "WordPress/7.0.1; https://candytheclown.com"
104.28.165.20 - - [16/Jul/2026:23:03:12 -0600] "GET /wp-content/themes/astra/assets/css/minified/main.min.css?ver=4.13.6 HTTP/2" 200 8389 "https://candytheclown.com/" "Mozilla/5.0 (X11; Linux x86_64) AppleWebKit/537.36 (KHTML, like Gecko) Chrome/101.0.4951.54 Safari/537.36"
104.28.165.20 - - [16/Jul/2026:23:03:12 -0600] "GET /wp-content/uploads/astra-addon/astra-addon-6a439ac31ec5c0-46925815.css?ver=4.13.5 HTTP/2" 200 2401 "https://candytheclown.com/" "Mozilla/5.0 (X11; Linux x86_64) AppleWebKit/537.36 (KHTML, like Gecko) Chrome/101.0.4951.54 Safari/537.36"
104.28.165.20 - - [16/Jul/2026:23:03:11 -0600] "GET / HTTP/2" 200 21445 "-" "Mozilla/5.0 (Windows NT 10.0; Win64; x64) AppleWebKit/537.36 (KHTML, like Gecko) Chrome/145.0.7632.6 Safari/537.36"
104.28.165.20 - - [16/Jul/2026:23:03:12 -0600] "GET /wp-content/uploads/elementor/css/post-9.css?ver=1784198710 HTTP/2" 200 342 "https://candytheclown.com/" "Mozilla/5.0 (X11; Linux x86_64) AppleWebKit/537.36 (KHTML, like Gecko) Chrome/101.0.4951.54 Safari/537.36"
104.28.165.20 - - [16/Jul/2026:23:03:12 -0600] "GET /wp-content/plugins/elementor/assets/css/widget-video.min.css?ver=4.1.5 HTTP/2" 200 328 "https://candytheclown.com/" "Mozilla/5.0 (X11; Linux x86_64) AppleWebKit/537.36 (KHTML, like Gecko) Chrome/101.0.4951.54 Safari/537.36"
104.28.165.20 - - [16/Jul/2026:23:03:12 -0600] "GET /wp-content/uploads/elementor/css/post-38.css?ver=1784200719 HTTP/2" 200 108 "https://candytheclown.com/" "Mozilla/5.0 (X11; Linux x86_64) AppleWebKit/537.36 (KHTML, like Gecko) Chrome/101.0.4951.54 Safari/537.36"
104.28.165.20 - - [16/Jul/2026:23:03:12 -0600] "GET /wp-content/uploads/elementor/google-fonts/css/roboto.css?ver=1742234071 HTTP/2" 200 1872 "https://candytheclown.com/" "Mozilla/5.0 (X11; Linux x86_64) AppleWebKit/537.36 (KHTML, like Gecko) Chrome/101.0.4951.54 Safari/537.36"
104.28.165.20 - - [16/Jul/2026:23:03:12 -0600] "GET /wp-content/uploads/elementor/google-fonts/css/robotoslab.css?ver=1742234078 HTTP/2" 200 708 "https://candytheclown.com/" "Mozilla/5.0 (X11; Linux x86_64) AppleWebKit/537.36 (KHTML, like Gecko) Chrome/101.0.4951.54 Safari/537.36"
104.28.165.20 - - [16/Jul/2026:23:03:12 -0600] "GET /wp-includes/js/jquery/jquery.min.js?ver=3.7.1 HTTP/2" 200 29744 "https://candytheclown.com/" "Mozilla/5.0 (X11; Linux x86_64) AppleWebKit/537.36 (KHTML, like Gecko) Chrome/101.0.4951.54 Safari/537.36"
104.28.165.20 - - [16/Jul/2026:23:03:12 -0600] "GET /wp-includes/js/jquery/jquery-migrate.min.js?ver=3.4.1 HTTP/2" 200 4678 "https://candytheclown.com/" "Mozilla/5.0 (X11; Linux x86_64) AppleWebKit/537.36 (KHTML, like Gecko) Chrome/101.0.4951.54 Safari/537.36"
104.28.165.20 - - [16/Jul/2026:23:03:12 -0600] "GET /wp-content/themes/astra/assets/js/minified/frontend.min.js?ver=4.13.6 HTTP/2" 200 5693 "https://candytheclown.com/" "Mozilla/5.0 (X11; Linux x86_64) AppleWebKit/537.36 (KHTML, like Gecko) Chrome/101.0.4951.54 Safari/537.36"
104.28.165.20 - - [16/Jul/2026:23:03:12 -0600] "GET /wp-content/uploads/astra-addon/astra-addon-6a439ac31f2be8-55963754.js?ver=4.13.5 HTTP/2" 200 3191 "https://candytheclown.com/" "Mozilla/5.0 (X11; Linux x86_64) AppleWebKit/537.36 (KHTML, like Gecko) Chrome/101.0.4951.54 Safari/537.36"
104.28.165.20 - - [16/Jul/2026:23:03:12 -0600] "GET /wp-content/plugins/elementor/assets/lib/eicons/css/elementor-icons.min.css?ver=5.50.0 HTTP/2" 200 4123 "https://candytheclown.com/" "Mozilla/5.0 (X11; Linux x86_64) AppleWebKit/537.36 (KHTML, like Gecko) Chrome/101.0.4951.54 Safari/537.36"
104.28.165.20 - - [16/Jul/2026:23:03:12 -0600] "GET /wp-content/plugins/elementor/assets/css/frontend.min.css?ver=4.1.5 HTTP/2" 200 6613 "https://candytheclown.com/" "Mozilla/5.0 (X11; Linux x86_64) AppleWebKit/537.36 (KHTML, like Gecko) Chrome/101.0.4951.54 Safari/537.36"
198.175.150.9 - - [16/Jul/2026:23:03:11 -0600] "POST /wp-cron.php?doing_wp_cron=1784264591.9179151058197021484375 HTTP/1.1" 200 0 "-" "WordPress/7.0.1; https://candytheclown.com"
104.28.165.20 - - [16/Jul/2026:23:03:12 -0600] "GET /wp-content/plugins/astra-addon/assets/js/minified/purify.min.js?ver=4.13.5 HTTP/2" 200 10151 "https://candytheclown.com/" "Mozilla/5.0 (X11; Linux x86_64) AppleWebKit/537.36 (KHTML, like Gecko) Chrome/101.0.4951.54 Safari/537.36"
104.28.165.20 - - [16/Jul/2026:23:03:12 -0600] "GET /wp-content/plugins/elementor/assets/js/webpack.runtime.min.js?ver=4.1.5 HTTP/2" 200 2338 "https://candytheclown.com/" "Mozilla/5.0 (X11; Linux x86_64) AppleWebKit/537.36 (KHTML, like Gecko) Chrome/101.0.4951.54 Safari/537.36"
104.28.165.20 - - [16/Jul/2026:23:03:12 -0600] "GET /wp-content/plugins/elementor/assets/js/frontend-modules.min.js?ver=4.1.5 HTTP/2" 200 15445 "https://candytheclown.com/" "Mozilla/5.0 (X11; Linux x86_64) AppleWebKit/537.36 (KHTML, like Gecko) Chrome/101.0.4951.54 Safari/537.36"
104.28.165.20 - - [16/Jul/2026:23:03:12 -0600] "GET /wp-includes/js/jquery/ui/core.min.js?ver=1.13.3 HTTP/2" 200 6812 "https://candytheclown.com/" "Mozilla/5.0 (X11; Linux x86_64) AppleWebKit/537.36 (KHTML, like Gecko) Chrome/101.0.4951.54 Safari/537.36"
104.28.165.20 - - [16/Jul/2026:23:03:12 -0600] "GET /wp-content/plugins/elementor/assets/js/frontend.min.js?ver=4.1.5 HTTP/2" 200 10124 "https://candytheclown.com/" "Mozilla/5.0 (X11; Linux x86_64) AppleWebKit/537.36 (KHTML, like Gecko) Chrome/101.0.4951.54 Safari/537.36"
104.28.165.20 - - [16/Jul/2026:23:03:12 -0600] "GET /wp-content/plugins/elementor-pro/assets/js/webpack-pro.runtime.min.js?ver=4.1.3 HTTP/2" 200 2606 "https://candytheclown.com/" "Mozilla/5.0 (X11; Linux x86_64) AppleWebKit/537.36 (KHTML, like Gecko) Chrome/101.0.4951.54 Safari/537.36"
104.28.165.20 - - [16/Jul/2026:23:03:12 -0600] "GET /wp-includes/js/dist/hooks.min.js?ver=7496969728ca0f95732d HTTP/2" 200 1734 "https://candytheclown.com/" "Mozilla/5.0 (X11; Linux x86_64) AppleWebKit/537.36 (KHTML, like Gecko) Chrome/101.0.4951.54 Safari/537.36"
104.28.165.20 - - [16/Jul/2026:23:03:12 -0600] "GET /wp-includes/js/dist/i18n.min.js?ver=781d11515ad3d91786ec HTTP/2" 200 2354 "https://candytheclown.com/" "Mozilla/5.0 (X11; Linux x86_64) AppleWebKit/537.36 (KHTML, like Gecko) Chrome/101.0.4951.54 Safari/537.36"
104.28.165.20 - - [16/Jul/2026:23:03:12 -0600] "GET /wp-content/plugins/elementor-pro/assets/js/frontend.min.js?ver=4.1.3 HTTP/2" 200 6191 "https://candytheclown.com/" "Mozilla/5.0 (X11; Linux x86_64) AppleWebKit/537.36 (KHTML, like Gecko) Chrome/101.0.4951.54 Safari/537.36"
104.28.165.20 - - [16/Jul/2026:23:03:12 -0600] "GET /wp-content/plugins/elementor-pro/assets/js/elements-handlers.min.js?ver=4.1.3 HTTP/2" 200 10079 "https://candytheclown.com/" "Mozilla/5.0 (X11; Linux x86_64) AppleWebKit/537.36 (KHTML, like Gecko) Chrome/101.0.4951.54 Safari/537.36"
104.28.165.20 - - [16/Jul/2026:23:03:12 -0600] "GET /wp-content/plugins/elementor/assets/js/shared-frontend-handlers.03caa53373b56d3bab67.bundle.min.js HTTP/2" 200 2511 "https://candytheclown.com/" "Mozilla/5.0 (X11; Linux x86_64) AppleWebKit/537.36 (KHTML, like Gecko) Chrome/101.0.4951.54 Safari/537.36"
104.28.165.20 - - [16/Jul/2026:23:03:12 -0600] "GET /wp-content/plugins/elementor/assets/js/section-frontend-handlers.d85ab872da118940910d.bundle.min.js HTTP/2" 200 229 "https://candytheclown.com/" "Mozilla/5.0 (X11; Linux x86_64) AppleWebKit/537.36 (KHTML, like Gecko) Chrome/101.0.4951.54 Safari/537.36"
104.28.165.20 - - [16/Jul/2026:23:03:12 -0600] "GET /wp-content/plugins/elementor/assets/js/video.86d44e46e43d0807e708.bundle.min.js HTTP/2" 200 1186 "https://candytheclown.com/" "Mozilla/5.0 (X11; Linux x86_64) AppleWebKit/537.36 (KHTML, like Gecko) Chrome/101.0.4951.54 Safari/537.36"
103.131.71.54 - - [16/Jul/2026:23:10:17 -0600] "GET /post/ HTTP/1.1" 403 72 "-" "Mozilla/5.0 (X11; Linux x86_64) AppleWebKit/537.36 (KHTML, like Gecko) Chrome/103.0.5060.53 Safari/537.36"
103.131.71.228 - - [16/Jul/2026:23:10:21 -0600] "GET /post/ HTTP/1.1" 403 72 "-" "Mozilla/5.0 (X11; Linux x86_64) AppleWebKit/537.36 (KHTML, like Gecko) Chrome/103.0.5060.53 Safari/537.36"
103.131.71.54 - - [16/Jul/2026:23:10:14 -0600] "GET / HTTP/1.1" 403 72 "-" "Mozilla/5.0 (X11; Linux x86_64) AppleWebKit/537.36 (KHTML, like Gecko) Chrome/103.0.5060.53 Safari/537.36"
103.131.71.228 - - [16/Jul/2026:23:10:19 -0600] "GET / HTTP/1.1" 403 72 "-" "Mozilla/5.0 (X11; Linux x86_64) AppleWebKit/537.36 (KHTML, like Gecko) Chrome/103.0.5060.53 Safari/537.36"
91.192.240.96 - - [16/Jul/2026:23:11:33 -0600] "GET /wp-content/uploads/2022/08/face-painting-by-carol11.jpg HTTP/2" 200 125769 "https://candytheclown.com/2022/09/01/face-painting/" "Mozilla/5.0 (Macintosh; Intel Mac OS X 10_15_7) AppleWebKit/537.36 (KHTML, like Gecko) Chrome/131.0.0.0 Safari/537.36"
103.131.71.226 - - [16/Jul/2026:23:10:06 -0600] "GET /robots.txt HTTP/1.1" 403 72 "-" "Mozilla/5.0 (compatible; coccocbot-web/1.0; +http://help.coccoc.com/searchengine)"
198.175.150.9 - - [16/Jul/2026:23:10:25 -0600] "POST /wp-cron.php?doing_wp_cron=1784265025.3617510795593261718750 HTTP/1.1" 200 0 "-" "WordPress/7.0.1; https://candytheclown.com"
103.131.71.226 - - [16/Jul/2026:23:10:08 -0600] "GET /robots.txt HTTP/1.1" 403 72 "-" "Mozilla/5.0 (X11; Linux x86_64) AppleWebKit/537.36 (KHTML, like Gecko) Chrome/103.0.5060.53 Safari/537.36"
103.131.71.190 - - [16/Jul/2026:23:10:10 -0600] "GET / HTTP/1.1" 403 72 "-" "Mozilla/5.0 (X11; Linux x86_64) AppleWebKit/537.36 (KHTML, like Gecko) Chrome/103.0.5060.53 Safari/537.36"
103.131.71.190 - - [16/Jul/2026:23:10:12 -0600] "GET /post/ HTTP/1.1" 403 72 "-" "Mozilla/5.0 (X11; Linux x86_64) AppleWebKit/537.36 (KHTML, like Gecko) Chrome/103.0.5060.53 Safari/537.36"
139.59.230.198 - - [16/Jul/2026:23:10:23 -0600] "GET / HTTP/1.1" 200 24763 "-" "Mozilla/5.0 (X11; Linux x86_64) AppleWebKit/537.36 (KHTML, like Gecko) Chrome/103.0.5060.53 Safari/537.36"
168.144.97.154 - - [16/Jul/2026:23:10:26 -0600] "GET /post/ HTTP/1.1" 200 27210 "-" "Mozilla/5.0 (X11; Linux x86_64) AppleWebKit/537.36 (KHTML, like Gecko) Chrome/103.0.5060.53 Safari/537.36"
48.45.163.138 - - [16/Jul/2026:23:11:25 -0600] "GET /wp-content/uploads/2022/08/face-painting-by-carol11.jpg HTTP/2" 200 125769 "https://candytheclown.com/2022/09/01/face-painting/" "Mozilla/5.0 (Macintosh; Intel Mac OS X 10_15_7) AppleWebKit/537.36 (KHTML, like Gecko) Chrome/131.0.0.0 Safari/537.36"
198.175.150.9 - - [17/Jul/2026:00:03:27 -0600] "POST /wp-cron.php?doing_wp_cron=1784268207.8130729198455810546875 HTTP/1.1" 200 0 "-" "WordPress/7.0.1; https://candytheclown.com"
34.162.111.10 - - [17/Jul/2026:02:06:49 -0600] "HEAD /backup/ HTTP/2" 404 0 "https://www.candytheclown.com/backup/" "Mozilla/5.0 (Macintosh; Intel Mac OS X 15_0) AppleWebKit/537.36 (KHTML, like Gecko) Chrome/125.0.6422.141 Safari/537.36"
34.162.111.10 - - [17/Jul/2026:02:06:51 -0600] "HEAD / HTTP/2" 200 0 "https://www.candytheclown.com/" "Mozilla/5.0 (Linux; Android 14; OnePlus 12) AppleWebKit/537.36 (KHTML, like Gecko) Chrome/125.0.6422.102 Mobile Safari/537.36"
34.162.111.10 - - [17/Jul/2026:02:06:53 -0600] "HEAD /wordpress/ HTTP/2" 404 0 "https://www.candytheclown.com/wordpress/" "Mozilla/5.0 (Linux; Android 14; RMX3842) AppleWebKit/537.36 (KHTML, like Gecko) Chrome/126.0.6478.44 Mobile Safari/537.36"
34.162.111.10 - - [17/Jul/2026:02:06:55 -0600] "HEAD /blog/ HTTP/2" 404 0 "https://www.candytheclown.com/blog/" "Mozilla/5.0 (Linux; Android 14; SM-A146P) AppleWebKit/537.36 (KHTML, like Gecko) SamsungBrowser/25.0 Chrome/123.0.6312.120 Mobile Safari/537.36"
34.162.111.10 - - [17/Jul/2026:02:06:57 -0600] "HEAD /wp/ HTTP/2" 404 0 "https://www.candytheclown.com/wp/" "Mozilla/5.0 (Macintosh; Intel Mac OS X 14_5) AppleWebKit/605.1.15 (KHTML, like Gecko) Version/17.5 Safari/605.1.15"
34.162.111.10 - - [17/Jul/2026:02:06:59 -0600] "HEAD /old/ HTTP/2" 404 0 "https://www.candytheclown.com/old/" "Mozilla/5.0 (Linux; Android 13; Pixel 7a) AppleWebKit/537.36 (KHTML, like Gecko) Chrome/124.0.6367.82 Mobile Safari/537.36"
34.162.111.10 - - [17/Jul/2026:02:07:01 -0600] "HEAD /new/ HTTP/2" 404 0 "https://www.candytheclown.com/new/" "Mozilla/5.0 (Linux; Android 14; RMX3842) AppleWebKit/537.36 (KHTML, like Gecko) Chrome/126.0.6478.44 Mobile Safari/537.36"
198.175.150.9 - - [17/Jul/2026:02:41:30 -0600] "POST /wp-cron.php?doing_wp_cron=1784277690.4712190628051757812500 HTTP/1.1" 200 0 "-" "WordPress/7.0.1; https://candytheclown.com"
198.175.150.9 - - [17/Jul/2026:02:41:30 -0600] "POST /wp-cron.php?doing_wp_cron=1784277690.5179450511932373046875 HTTP/1.1" 200 0 "-" "WordPress/7.0.1; https://candytheclown.com"
198.175.150.9 - - [16/Jul/2026:23:56:13 -0600] "POST /wp-cron.php?doing_wp_cron=1784267773.4551711082458496093750 HTTP/1.1" 200 0 "-" "WordPress/7.0.1; https://candytheclown.com"
167.99.204.136 - - [17/Jul/2026:00:03:25 -0600] "GET / HTTP/2" 200 21405 "-" "Mozilla/5.0 (iPhone; CPU iPhone OS 26_0 like Mac OS X) AppleWebKit/605.1.15 (KHTML, like Gecko) Version/26.0 Mobile/15E148 Safari/604.1"
216.73.217.13 - - [17/Jul/2026:00:48:41 -0600] "GET /robots.txt HTTP/2" 200 112 "-" "Mozilla/5.0 AppleWebKit/537.36 (KHTML, like Gecko; compatible; ClaudeBot/1.0; +claudebot@anthropic.com)"
216.73.217.13 - - [17/Jul/2026:00:48:42 -0600] "GET /sitemap_index.xml HTTP/2" 200 314 "-" "Mozilla/5.0 AppleWebKit/537.36 (KHTML, like Gecko; compatible; ClaudeBot/1.0; +claudebot@anthropic.com)"
45.115.193.7 - - [17/Jul/2026:02:02:27 -0600] "GET /wp-content/uploads/2025/03/Candy-bedford.jpg HTTP/2" 200 109276 "https://candytheclown.com/2025/03/07/candy-the-clown-the-best-childrens-entertainer-in-bedford-texas/" "Mozilla/5.0 (Macintosh; Intel Mac OS X 10_15_7) AppleWebKit/537.36 (KHTML, like Gecko) Chrome/131.0.0.0 Safari/537.36"
48.47.41.240 - - [17/Jul/2026:02:02:31 -0600] "GET /wp-content/uploads/2025/03/Candy-bedford.jpg HTTP/2" 200 109276 "https://candytheclown.com/2025/03/07/candy-the-clown-the-best-childrens-entertainer-in-bedford-texas/" "Mozilla/5.0 (Macintosh; Intel Mac OS X 10_15_7) AppleWebKit/537.36 (KHTML, like Gecko) Chrome/131.0.0.0 Safari/537.36"
140.150.235.88 - - [17/Jul/2026:02:26:28 -0600] "GET /wp-content/uploads/2025/03/Candy-colleyville-768x461.jpg HTTP/1.1" 200 70755 "-" "Mozilla/5.0 (compatible; crawler)"
15.235.98.20 - - [16/Jul/2026:23:56:14 -0600] "GET /2025/03/ HTTP/2" 200 22328 "-" "Mozilla/5.0 (compatible; AhrefsBot/7.0; +http://ahrefs.com/robot/)"
198.175.150.9 - - [17/Jul/2026:00:12:54 -0600] "POST /wp-cron.php?doing_wp_cron=1784268774.3890390396118164062500 HTTP/1.1" 200 0 "-" "WordPress/7.0.1; https://candytheclown.com"
198.175.150.9 - - [17/Jul/2026:01:08:44 -0600] "POST /wp-cron.php?doing_wp_cron=1784272124.0039830207824707031250 HTTP/1.1" 200 0 "-" "WordPress/7.0.1; https://candytheclown.com"
198.175.150.9 - - [17/Jul/2026:01:21:22 -0600] "POST /wp-cron.php?doing_wp_cron=1784272881.9958920478820800781250 HTTP/1.1" 200 0 "-" "WordPress/7.0.1; https://candytheclown.com"
138.246.253.24 - - [17/Jul/2026:01:48:21 -0600] "GET /robots.txt HTTP/1.1" 400 52 "-" "Mozilla/5.0 (Windows NT 10.0; Win64; x64) AppleWebKit/537.36 (KHTML, like Gecko) Chrome/103.0.5060.134 Safari/537.36"
34.162.111.10 - - [17/Jul/2026:02:06:47 -0600] "HEAD /backup/ HTTP/2" 301 0 "http://www.candytheclown.com/backup/" "Mozilla/5.0 (Macintosh; Intel Mac OS X 15_0) AppleWebKit/537.36 (KHTML, like Gecko) Chrome/125.0.6422.141 Safari/537.36"
34.162.111.10 - - [17/Jul/2026:02:06:50 -0600] "HEAD / HTTP/2" 301 0 "http://www.candytheclown.com/" "Mozilla/5.0 (Linux; Android 14; OnePlus 12) AppleWebKit/537.36 (KHTML, like Gecko) Chrome/125.0.6422.102 Mobile Safari/537.36"
34.162.111.10 - - [17/Jul/2026:02:06:52 -0600] "HEAD /wordpress/ HTTP/2" 301 0 "http://www.candytheclown.com/wordpress/" "Mozilla/5.0 (Linux; Android 14; RMX3842) AppleWebKit/537.36 (KHTML, like Gecko) Chrome/126.0.6478.44 Mobile Safari/537.36"
34.162.111.10 - - [17/Jul/2026:02:06:54 -0600] "HEAD /blog/ HTTP/2" 301 0 "http://www.candytheclown.com/blog/" "Mozilla/5.0 (Linux; Android 14; SM-A146P) AppleWebKit/537.36 (KHTML, like Gecko) SamsungBrowser/25.0 Chrome/123.0.6312.120 Mobile Safari/537.36"
34.162.111.10 - - [17/Jul/2026:02:06:56 -0600] "HEAD /wp/ HTTP/2" 301 0 "http://www.candytheclown.com/wp/" "Mozilla/5.0 (Macintosh; Intel Mac OS X 14_5) AppleWebKit/605.1.15 (KHTML, like Gecko) Version/17.5 Safari/605.1.15"
34.162.111.10 - - [17/Jul/2026:02:06:58 -0600] "HEAD /old/ HTTP/2" 301 0 "http://www.candytheclown.com/old/" "Mozilla/5.0 (Linux; Android 13; Pixel 7a) AppleWebKit/537.36 (KHTML, like Gecko) Chrome/124.0.6367.82 Mobile Safari/537.36"
34.162.111.10 - - [17/Jul/2026:02:07:00 -0600] "HEAD /new/ HTTP/2" 301 0 "http://www.candytheclown.com/new/" "Mozilla/5.0 (Linux; Android 14; RMX3842) AppleWebKit/537.36 (KHTML, like Gecko) Chrome/126.0.6478.44 Mobile Safari/537.36"
51.68.247.211 - - [16/Jul/2026:23:56:12 -0600] "GET /robots.txt HTTP/2" 200 112 "-" "Mozilla/5.0 (compatible; AhrefsBot/7.0; +http://ahrefs.com/robot/)"
198.175.150.9 - - [17/Jul/2026:00:03:27 -0600] "POST /wp-cron.php?doing_wp_cron=1784268207.7930300235748291015625 HTTP/1.1" 200 0 "-" "WordPress/7.0.1; https://candytheclown.com"
104.210.140.134 - - [17/Jul/2026:00:12:53 -0600] "GET /robots.txt HTTP/2" 200 112 "-" "Mozilla/5.0 (Macintosh; Intel Mac OS X 10_15_7) AppleWebKit/537.36 (KHTML, like Gecko) Chrome/131.0.0.0 Safari/537.36; compatible; OAI-SearchBot/1.0; +https://openai.com/searchbot"
138.118.179.181 - - [17/Jul/2026:00:17:06 -0600] "GET / HTTP/2" 200 21434 "-" "Mozilla/5.0 (Macintosh; Intel Mac OS X 10.15; rv:138.0) Gecko/20100101 Firefox/138.0"
198.175.150.9 - - [17/Jul/2026:00:48:42 -0600] "POST /wp-cron.php?doing_wp_cron=1784270922.6156189441680908203125 HTTP/1.1" 200 0 "-" "WordPress/7.0.1; https://candytheclown.com"
198.175.150.9 - - [17/Jul/2026:01:08:43 -0600] "POST /wp-cron.php?doing_wp_cron=1784272123.9844191074371337890625 HTTP/1.1" 200 0 "-" "WordPress/7.0.1; https://candytheclown.com"
198.175.150.9 - - [17/Jul/2026:01:08:44 -0600] "POST /wp-cron.php?doing_wp_cron=1784272124.0205049514770507812500 HTTP/1.1" 200 0 "-" "WordPress/7.0.1; https://candytheclown.com"
136.67.62.59 - - [17/Jul/2026:01:08:43 -0600] "HEAD /backup/ HTTP/2" 404 0 "http://candytheclown.com/backup/" "Mozilla/5.0 (Windows NT 11.0; Win64; x64) AppleWebKit/537.36 (KHTML, like Gecko) Edg/128.0.2790.25 Chrome/128.0.6540.22 Safari/537.36"
136.67.62.59 - - [17/Jul/2026:01:08:44 -0600] "HEAD / HTTP/2" 200 0 "http://candytheclown.com/" "Mozilla/5.0 (X11; Fedora; Linux x86_64; rv:125.0) Gecko/20100101 Firefox/125.0"
136.67.62.59 - - [17/Jul/2026:01:08:45 -0600] "HEAD /wp/ HTTP/2" 404 0 "http://candytheclown.com/wp/" "Mozilla/5.0 (X11; Linux x86_64) AppleWebKit/537.36 (KHTML, like Gecko) Chrome/125.0.6422.76 Safari/537.36"
136.67.62.59 - - [17/Jul/2026:01:08:46 -0600] "HEAD /wordpress/ HTTP/2" 404 0 "http://candytheclown.com/wordpress/" "Mozilla/5.0 (Linux; Android 14; Samsung SM-A546B) AppleWebKit/537.36 (KHTML, like Gecko) Chrome/126.0.6478.14 Mobile Safari/537.36"
136.67.62.59 - - [17/Jul/2026:01:08:47 -0600] "HEAD /old/ HTTP/2" 404 0 "http://candytheclown.com/old/" "Mozilla/5.0 (X11; Linux x86_64; rv:127.0) Gecko/20100101 Firefox/127.0"
136.67.62.59 - - [17/Jul/2026:01:08:48 -0600] "HEAD /blog/ HTTP/2" 404 0 "http://candytheclown.com/blog/" "Mozilla/5.0 (iPhone; CPU iPhone OS 16_7 like Mac OS X) AppleWebKit/605.1.15 (KHTML, like Gecko) Version/16.7 Mobile/15E148 Safari/604.1"
136.67.62.59 - - [17/Jul/2026:01:08:49 -0600] "HEAD /new/ HTTP/2" 404 0 "http://candytheclown.com/new/" "Mozilla/5.0 (iPhone; CPU iPhone OS 17_5 like Mac OS X) AppleWebKit/605.1.15 (KHTML, like Gecko) Version/17.5 Mobile/15E148 Safari/604.1"
2a06:98c0:3600::103 - - [17/Jul/2026:01:21:20 -0600] "GET / HTTP/1.1" 200 15654 "-" "Mozilla/5.0 (Macintosh; Intel Mac OS X 10_15_7) AppleWebKit/537.36 (KHTML, like Gecko) Chrome/147.0.0.0 Safari/537.36 CloudflareWebScanner/1.0"
198.175.150.9 - - [17/Jul/2026:02:41:30 -0600] "POST /wp-cron.php?doing_wp_cron=1784277690.4984180927276611328125 HTTP/1.1" 200 0 "-" "WordPress/7.0.1; https://candytheclown.com"
216.73.217.13 - - [17/Jul/2026:02:41:29 -0600] "GET /robots.txt HTTP/2" 200 112 "-" "Mozilla/5.0 AppleWebKit/537.36 (KHTML, like Gecko; compatible; ClaudeBot/1.0; +claudebot@anthropic.com)"
216.73.217.13 - - [17/Jul/2026:02:41:30 -0600] "GET /sitemap_index.xml HTTP/2" 200 314 "-" "Mozilla/5.0 AppleWebKit/537.36 (KHTML, like Gecko; compatible; ClaudeBot/1.0; +claudebot@anthropic.com)"
138.246.253.24 - - [17/Jul/2026:03:11:31 -0600] "GET /robots.txt HTTP/1.1" 200 175 "-" "Mozilla/5.0 (Windows NT 10.0; Win64; x64) AppleWebKit/537.36 (KHTML, like Gecko) Chrome/103.0.5060.134 Safari/537.36"
198.175.150.9 - - [17/Jul/2026:03:23:04 -0600] "POST /wp-cron.php?doing_wp_cron=1784280184.2721850872039794921875 HTTP/1.1" 200 0 "-" "WordPress/7.0.1; https://candytheclown.com"
198.175.150.9 - - [17/Jul/2026:03:11:21 -0600] "POST /wp-cron.php?doing_wp_cron=1784279481.2411530017852783203125 HTTP/1.1" 200 0 "-" "WordPress/7.0.1; https://candytheclown.com"
66.249.70.137 - - [17/Jul/2026:03:11:19 -0600] "GET /ads.txt HTTP/1.1" 404 18451 "-" "Mozilla/5.0 (compatible; Googlebot/2.1; +http://www.google.com/bot.html)"
20.191.45.212 - - [17/Jul/2026:03:23:03 -0600] "GET / HTTP/1.1" 200 24763 "http://candytheclown.com" "DuckDuckBot/1.1; (+http://duckduckgo.com/duckduckbot.html)"
20.191.45.212 - - [17/Jul/2026:03:23:04 -0600] "GET /favicon.ico HTTP/1.1" 404 4984 "-" "DuckDuckBot/1.1; (+http://duckduckgo.com/duckduckbot.html)"
198.175.150.9 - - [17/Jul/2026:03:53:13 -0600] "POST /wp-cron.php?doing_wp_cron=1784281993.3012669086456298828125 HTTP/1.1" 200 0 "-" "WordPress/7.0.1; https://candytheclown.com"
20.191.45.212 - - [17/Jul/2026:03:59:06 -0600] "GET /favicon.ico HTTP/1.1" 404 4984 "-" "DuckDuckBot/1.1; (+http://duckduckgo.com/duckduckbot.html)"
138.246.253.24 - - [17/Jul/2026:03:53:12 -0600] "GET /robots.txt HTTP/1.1" 301 0 "-" "Mozilla/5.0 (Windows NT 10.0; Win64; x64) AppleWebKit/537.36 (KHTML, like Gecko) Chrome/103.0.5060.134 Safari/537.36"
20.191.45.212 - - [17/Jul/2026:03:59:05 -0600] "GET / HTTP/1.1" 200 24763 "http://candytheclown.com" "DuckDuckBot/1.1; (+http://duckduckgo.com/duckduckbot.html)"
198.175.150.9 - - [17/Jul/2026:03:53:13 -0600] "POST /wp-cron.php?doing_wp_cron=1784281993.3249840736389160156250 HTTP/1.1" 200 0 "-" "WordPress/7.0.1; https://candytheclown.com"
216.76.52.10 - - [17/Jul/2026:03:59:59 -0600] "GET / HTTP/2" 200 0 "-" "Mozilla/5.0 (iPhone; CPU iPhone OS 18_7 like Mac OS X) AppleWebKit/605.1.15 (KHTML, like Gecko) Version/26.5.2 Mobile/15E148 Safari/604.1"
43.159.145.153 - - [17/Jul/2026:04:11:41 -0600] "GET / HTTP/1.1" 200 24764 "http://candytheclown.com" "Mozilla/5.0 (iPhone; CPU iPhone OS 13_2_3 like Mac OS X) AppleWebKit/605.1.15 (KHTML, like Gecko) Version/13.0.3 Mobile/15E148 Safari/604.1"
198.175.150.9 - - [17/Jul/2026:04:11:43 -0600] "POST /wp-cron.php?doing_wp_cron=1784283103.1474730968475341796875 HTTP/1.1" 200 0 "-" "WordPress/7.0.1; https://candytheclown.com"
198.175.150.9 - - [17/Jul/2026:04:24:57 -0600] "POST /wp-cron.php?doing_wp_cron=1784283897.5111179351806640625000 HTTP/1.1" 200 0 "-" "WordPress/7.0.1; https://candytheclown.com"
216.73.216.179 - - [17/Jul/2026:04:42:35 -0600] "GET /robots.txt HTTP/2" 200 112 "-" "Mozilla/5.0 AppleWebKit/537.36 (KHTML, like Gecko; compatible; ClaudeBot/1.0; +claudebot@anthropic.com)"
216.73.216.179 - - [17/Jul/2026:04:42:37 -0600] "GET /sitemap_index.xml HTTP/2" 200 314 "-" "Mozilla/5.0 AppleWebKit/537.36 (KHTML, like Gecko; compatible; ClaudeBot/1.0; +claudebot@anthropic.com)"
198.175.150.9 - - [17/Jul/2026:05:10:32 -0600] "POST /wp-cron.php?doing_wp_cron=1784286632.3650949001312255859375 HTTP/1.1" 200 0 "-" "WordPress/7.0.1; https://candytheclown.com"
43.165.2.110 - - [17/Jul/2026:05:10:30 -0600] "GET / HTTP/1.1" 301 0 "http://www.candytheclown.com" "Mozilla/5.0 (iPhone; CPU iPhone OS 13_2_3 like Mac OS X) AppleWebKit/605.1.15 (KHTML, like Gecko) Version/13.0.3 Mobile/15E148 Safari/604.1"
43.165.2.110 - - [17/Jul/2026:05:10:33 -0600] "GET / HTTP/1.1" 200 24764 "https://www.candytheclown.com/" "Mozilla/5.0 (iPhone; CPU iPhone OS 13_2_3 like Mac OS X) AppleWebKit/605.1.15 (KHTML, like Gecko) Version/13.0.3 Mobile/15E148 Safari/604.1"
198.175.150.9 - - [17/Jul/2026:05:10:32 -0600] "POST /wp-cron.php?doing_wp_cron=1784286632.3217899799346923828125 HTTP/1.1" 200 0 "-" "WordPress/7.0.1; https://candytheclown.com"
198.175.150.9 - - [17/Jul/2026:05:10:32 -0600] "POST /wp-cron.php?doing_wp_cron=1784286632.3487238883972167968750 HTTP/1.1" 200 0 "-" "WordPress/7.0.1; https://candytheclown.com"
5.161.79.102 - - [17/Jul/2026:05:18:19 -0600] "GET /2023/12/09/mrs-clause HTTP/2" 301 0 "-" "Mozilla/5.0 (Macintosh; Intel Mac OS X 10_15_7) AppleWebKit/537.36 (KHTML, like Gecko) Chrome/146.0.0.0 Safari/537.36"
