17.241.75.237 - - [17/Jul/2026:04:35:17 -0600] "GET /wp-content/plugins/elementor/assets/css/widget-image.min.css?ver=4.1.5 HTTP/2" 200 96 "https://dfwmagic.com/checkers-the-magician-bringing-laughter-and-magic-to-kids-church-events-in-dallas-fort-worth-and-north-texas/" "Mozilla/5.0 (Macintosh; Intel Mac OS X 10_15_7) AppleWebKit/605.1.15 (KHTML, like Gecko) Version/17.4 Safari/605.1.15 (Applebot/0.1; +http://www.apple.com/go/applebot)"
198.175.150.9 - - [17/Jul/2026:04:42:12 -0600] "POST /wp-cron.php?doing_wp_cron=1784284932.9878580570220947265625 HTTP/1.1" 200 0 "-" "WordPress/7.0.1; https://dfwmagic.com"
17.22.237.118 - - [17/Jul/2026:04:42:24 -0600] "GET /robots.txt HTTP/2" 200 109 "-" "Mozilla/5.0 (Macintosh; Intel Mac OS X 10_15_7) AppleWebKit/605.1.15 (KHTML, like Gecko) Version/17.4 Safari/605.1.15 (Applebot/0.1; +http://www.apple.com/go/applebot)"
17.22.237.118 - - [17/Jul/2026:04:42:28 -0600] "GET /garland-birthday-party-magic-show/ HTTP/2" 200 36862 "-" "Mozilla/5.0 (Macintosh; Intel Mac OS X 10_15_7) AppleWebKit/605.1.15 (KHTML, like Gecko) Version/17.4 Safari/605.1.15 (Applebot/0.1; +http://www.apple.com/go/applebot)"
216.73.216.208 - - [17/Jul/2026:04:42:36 -0600] "GET /category/areas/page/5/ HTTP/2" 200 26447 "-" "Mozilla/5.0 AppleWebKit/537.36 (KHTML, like Gecko; compatible; ClaudeBot/1.0; +claudebot@anthropic.com)"
216.73.216.208 - - [17/Jul/2026:04:42:36 -0600] "GET /author/johnfite/page/5/ HTTP/2" 200 26429 "-" "Mozilla/5.0 AppleWebKit/537.36 (KHTML, like Gecko; compatible; ClaudeBot/1.0; +claudebot@anthropic.com)"
17.241.227.93 - - [17/Jul/2026:04:42:46 -0600] "GET /fort-worth-birthday-party-magic-show/ HTTP/2" 200 36788 "-" "Mozilla/5.0 (Macintosh; Intel Mac OS X 10_15_7) AppleWebKit/605.1.15 (KHTML, like Gecko) Version/17.4 Safari/605.1.15 (Applebot/0.1; +http://www.apple.com/go/applebot)"
216.73.216.208 - - [17/Jul/2026:04:45:57 -0600] "GET /lewisville-birthday-party-magic-show/ HTTP/2" 200 30867 "-" "Mozilla/5.0 AppleWebKit/537.36 (KHTML, like Gecko; compatible; ClaudeBot/1.0; +claudebot@anthropic.com)"
216.73.216.208 - - [17/Jul/2026:04:46:12 -0600] "GET /kids-magic-shows-in-highland-park/ HTTP/2" 200 30726 "-" "Mozilla/5.0 AppleWebKit/537.36 (KHTML, like Gecko; compatible; ClaudeBot/1.0; +claudebot@anthropic.com)"
216.73.216.208 - - [17/Jul/2026:04:46:43 -0600] "GET /elementor-1764kids-magic-shows-in-farmers-branch/ HTTP/2" 200 30807 "-" "Mozilla/5.0 AppleWebKit/537.36 (KHTML, like Gecko; compatible; ClaudeBot/1.0; +claudebot@anthropic.com)"
216.73.216.208 - - [17/Jul/2026:04:48:02 -0600] "GET /greenville-birthday-party-magic-show/ HTTP/2" 200 30673 "-" "Mozilla/5.0 AppleWebKit/537.36 (KHTML, like Gecko; compatible; ClaudeBot/1.0; +claudebot@anthropic.com)"
216.73.216.208 - - [17/Jul/2026:04:42:51 -0600] "GET /plano-birthday-party-magic-show/ HTTP/2" 200 29952 "-" "Mozilla/5.0 AppleWebKit/537.36 (KHTML, like Gecko; compatible; ClaudeBot/1.0; +claudebot@anthropic.com)"
216.73.216.208 - - [17/Jul/2026:04:42:52 -0600] "GET /kids-magic-shows-in-grapevine/ HTTP/2" 200 30731 "-" "Mozilla/5.0 AppleWebKit/537.36 (KHTML, like Gecko; compatible; ClaudeBot/1.0; +claudebot@anthropic.com)"
92.222.108.108 - - [17/Jul/2026:04:43:43 -0600] "GET /about-checkers-the-magician/ HTTP/2" 200 27981 "-" "Mozilla/5.0 (compatible; AhrefsBot/7.0; +http://ahrefs.com/robot/)"
216.73.216.208 - - [17/Jul/2026:04:44:17 -0600] "GET /flower-mound-birthday-party-magic-show/ HTTP/2" 200 31344 "-" "Mozilla/5.0 AppleWebKit/537.36 (KHTML, like Gecko; compatible; ClaudeBot/1.0; +claudebot@anthropic.com)"
216.73.216.208 - - [17/Jul/2026:04:44:18 -0600] "GET /carrollton-birthday-party-magic-show/ HTTP/2" 200 29571 "-" "Mozilla/5.0 AppleWebKit/537.36 (KHTML, like Gecko; compatible; ClaudeBot/1.0; +claudebot@anthropic.com)"
216.73.216.208 - - [17/Jul/2026:04:44:38 -0600] "GET /kids-magic-shows-in-flower-mound/ HTTP/2" 200 30585 "-" "Mozilla/5.0 AppleWebKit/537.36 (KHTML, like Gecko; compatible; ClaudeBot/1.0; +claudebot@anthropic.com)"
216.73.216.208 - - [17/Jul/2026:04:45:42 -0600] "GET /kids-magic-shows-in-duncanville/ HTTP/2" 200 30548 "-" "Mozilla/5.0 AppleWebKit/537.36 (KHTML, like Gecko; compatible; ClaudeBot/1.0; +claudebot@anthropic.com)"
37.59.204.158 - - [17/Jul/2026:04:45:51 -0600] "GET /wp-content/uploads/elementor/css/post-256.css?ver=1784284935 HTTP/2" 200 446 "-" "Mozilla/5.0 (compatible; AhrefsBot/7.0; +http://ahrefs.com/robot/)"
216.73.216.208 - - [17/Jul/2026:04:46:53 -0600] "GET /university-park-birthday-party-magic-show/ HTTP/2" 200 30124 "-" "Mozilla/5.0 AppleWebKit/537.36 (KHTML, like Gecko; compatible; ClaudeBot/1.0; +claudebot@anthropic.com)"
216.73.216.208 - - [17/Jul/2026:04:47:16 -0600] "GET /frisco-birthday-party-magic-show/ HTTP/2" 200 31576 "-" "Mozilla/5.0 AppleWebKit/537.36 (KHTML, like Gecko; compatible; ClaudeBot/1.0; +claudebot@anthropic.com)"
216.73.216.208 - - [17/Jul/2026:04:47:49 -0600] "GET /garland-birthday-party-magic-show/ HTTP/2" 200 31050 "-" "Mozilla/5.0 AppleWebKit/537.36 (KHTML, like Gecko; compatible; ClaudeBot/1.0; +claudebot@anthropic.com)"
216.73.216.208 - - [17/Jul/2026:04:47:49 -0600] "GET /irving-birthday-party-magic-show/ HTTP/2" 200 31309 "-" "Mozilla/5.0 AppleWebKit/537.36 (KHTML, like Gecko; compatible; ClaudeBot/1.0; +claudebot@anthropic.com)"
216.73.216.208 - - [17/Jul/2026:04:49:11 -0600] "GET /?p=1822 HTTP/2" 301 0 "-" "Mozilla/5.0 AppleWebKit/537.36 (KHTML, like Gecko; compatible; ClaudeBot/1.0; +claudebot@anthropic.com)"
216.73.216.208 - - [17/Jul/2026:04:49:12 -0600] "GET /kids-magic-shows-in-grapevine/ HTTP/2" 200 30731 "https://dfwmagic.com/?p=1822" "Mozilla/5.0 AppleWebKit/537.36 (KHTML, like Gecko; compatible; ClaudeBot/1.0; +claudebot@anthropic.com)"
216.73.216.208 - - [17/Jul/2026:04:49:28 -0600] "GET /highland-park-birthday-party-magic-show/ HTTP/2" 200 30948 "-" "Mozilla/5.0 AppleWebKit/537.36 (KHTML, like Gecko; compatible; ClaudeBot/1.0; +claudebot@anthropic.com)"
216.73.216.208 - - [17/Jul/2026:04:49:28 -0600] "GET /fort-worth-birthday-party-magic-show/ HTTP/2" 200 30928 "-" "Mozilla/5.0 AppleWebKit/537.36 (KHTML, like Gecko; compatible; ClaudeBot/1.0; +claudebot@anthropic.com)"
216.73.216.208 - - [17/Jul/2026:04:53:12 -0600] "GET /category/blog/page/4/ HTTP/2" 200 26316 "-" "Mozilla/5.0 AppleWebKit/537.36 (KHTML, like Gecko; compatible; ClaudeBot/1.0; +claudebot@anthropic.com)"
18.205.93.211 - - [17/Jul/2026:04:53:22 -0600] "GET /wp-content/themes/astra/assets/css/minified/frontend.min.css?ver=4.13.6 HTTP/2" 200 9111 "https://dfwmagic.com/" "Mozilla/5.0 (Macintosh; Intel Mac OS X 10_15_7) AppleWebKit/537.36 (KHTML, like Gecko) Chrome/136.0.0.0 Safari/537.36"
18.205.93.211 - - [17/Jul/2026:04:53:22 -0600] "GET /wp-content/uploads/astra-addon/astra-addon-6a439d3ba7c902-10687543.css?ver=4.13.5 HTTP/2" 200 6887 "https://dfwmagic.com/" "Mozilla/5.0 (Macintosh; Intel Mac OS X 10_15_7) AppleWebKit/537.36 (KHTML, like Gecko) Chrome/136.0.0.0 Safari/537.36"
18.205.93.211 - - [17/Jul/2026:04:53:22 -0600] "GET /wp-content/uploads/elementor/css/post-256.css?ver=1784284935 HTTP/2" 200 446 "https://dfwmagic.com/" "Mozilla/5.0 (Macintosh; Intel Mac OS X 10_15_7) AppleWebKit/537.36 (KHTML, like Gecko) Chrome/136.0.0.0 Safari/537.36"
18.205.93.211 - - [17/Jul/2026:04:53:22 -0600] "GET /wp-content/plugins/ultimate-elementor/assets/min-css/uael-frontend.min.css?ver=1.45.1 HTTP/2" 200 76022 "https://dfwmagic.com/" "Mozilla/5.0 (Macintosh; Intel Mac OS X 10_15_7) AppleWebKit/537.36 (KHTML, like Gecko) Chrome/136.0.0.0 Safari/537.36"
18.205.93.211 - - [17/Jul/2026:04:53:22 -0600] "GET /wp-content/plugins/elementor/assets/css/widget-social-icons.min.css?ver=3.24.0 HTTP/2" 200 1039 "https://dfwmagic.com/" "Mozilla/5.0 (Macintosh; Intel Mac OS X 10_15_7) AppleWebKit/537.36 (KHTML, like Gecko) Chrome/136.0.0.0 Safari/537.36"
18.205.93.211 - - [17/Jul/2026:04:53:22 -0600] "GET /wp-content/plugins/elementor/assets/lib/font-awesome/css/brands.css?ver=5.15.3 HTTP/2" 200 296 "https://dfwmagic.com/" "Mozilla/5.0 (Macintosh; Intel Mac OS X 10_15_7) AppleWebKit/537.36 (KHTML, like Gecko) Chrome/136.0.0.0 Safari/537.36"
18.205.93.211 - - [17/Jul/2026:04:53:22 -0600] "GET /wp-content/plugins/elementor/assets/lib/font-awesome/css/solid.css?ver=5.15.3 HTTP/2" 200 296 "https://dfwmagic.com/" "Mozilla/5.0 (Macintosh; Intel Mac OS X 10_15_7) AppleWebKit/537.36 (KHTML, like Gecko) Chrome/136.0.0.0 Safari/537.36"
18.205.93.211 - - [17/Jul/2026:04:53:22 -0600] "GET /wp-content/plugins/elementor/assets/css/widget-image.min.css?ver=4.1.5 HTTP/2" 200 96 "https://dfwmagic.com/" "Mozilla/5.0 (Macintosh; Intel Mac OS X 10_15_7) AppleWebKit/537.36 (KHTML, like Gecko) Chrome/136.0.0.0 Safari/537.36"
18.205.93.211 - - [17/Jul/2026:04:53:22 -0600] "GET /wp-content/plugins/elementor/assets/css/frontend.min.css?ver=4.1.5 HTTP/2" 200 6613 "https://dfwmagic.com/" "Mozilla/5.0 (Macintosh; Intel Mac OS X 10_15_7) AppleWebKit/537.36 (KHTML, like Gecko) Chrome/136.0.0.0 Safari/537.36"
18.205.93.211 - - [17/Jul/2026:04:53:22 -0600] "GET /wp-content/plugins/elementor/assets/css/conditionals/e-swiper.min.css?ver=4.1.5 HTTP/2" 200 699 "https://dfwmagic.com/" "Mozilla/5.0 (Macintosh; Intel Mac OS X 10_15_7) AppleWebKit/537.36 (KHTML, like Gecko) Chrome/136.0.0.0 Safari/537.36"
18.205.93.211 - - [17/Jul/2026:04:53:22 -0600] "GET /wp-content/plugins/elementor-pro/assets/css/widget-testimonial-carousel.min.css?ver=4.1.3 HTTP/2" 200 1398 "https://dfwmagic.com/" "Mozilla/5.0 (Macintosh; Intel Mac OS X 10_15_7) AppleWebKit/537.36 (KHTML, like Gecko) Chrome/136.0.0.0 Safari/537.36"
18.205.93.211 - - [17/Jul/2026:04:53:22 -0600] "GET /wp-content/plugins/elementor-pro/assets/css/widget-carousel-module-base.min.css?ver=4.1.3 HTTP/2" 200 584 "https://dfwmagic.com/" "Mozilla/5.0 (Macintosh; Intel Mac OS X 10_15_7) AppleWebKit/537.36 (KHTML, like Gecko) Chrome/136.0.0.0 Safari/537.36"
18.205.93.211 - - [17/Jul/2026:04:53:22 -0600] "GET /wp-content/uploads/elementor/google-fonts/css/roboto.css?ver=1742235209 HTTP/2" 200 1862 "https://dfwmagic.com/" "Mozilla/5.0 (Macintosh; Intel Mac OS X 10_15_7) AppleWebKit/537.36 (KHTML, like Gecko) Chrome/136.0.0.0 Safari/537.36"
18.205.93.211 - - [17/Jul/2026:04:53:22 -0600] "GET /wp-content/uploads/elementor/google-fonts/css/robotoslab.css?ver=1742235216 HTTP/2" 200 698 "https://dfwmagic.com/" "Mozilla/5.0 (Macintosh; Intel Mac OS X 10_15_7) AppleWebKit/537.36 (KHTML, like Gecko) Chrome/136.0.0.0 Safari/537.36"
18.205.93.211 - - [17/Jul/2026:04:53:22 -0600] "GET /wp-content/uploads/2025/11/Checkers-the-Magician-kids.jpg HTTP/2" 200 38446 "https://dfwmagic.com/" "Mozilla/5.0 (Macintosh; Intel Mac OS X 10_15_7) AppleWebKit/537.36 (KHTML, like Gecko) Chrome/136.0.0.0 Safari/537.36"
18.205.93.211 - - [17/Jul/2026:04:53:22 -0600] "GET /wp-includes/js/jquery/jquery.min.js?ver=3.7.1 HTTP/2" 200 29744 "https://dfwmagic.com/" "Mozilla/5.0 (Macintosh; Intel Mac OS X 10_15_7) AppleWebKit/537.36 (KHTML, like Gecko) Chrome/136.0.0.0 Safari/537.36"
18.205.93.211 - - [17/Jul/2026:04:53:22 -0600] "GET /wp-includes/js/jquery/jquery-migrate.min.js?ver=3.4.1 HTTP/2" 200 4678 "https://dfwmagic.com/" "Mozilla/5.0 (Macintosh; Intel Mac OS X 10_15_7) AppleWebKit/537.36 (KHTML, like Gecko) Chrome/136.0.0.0 Safari/537.36"
18.205.93.211 - - [17/Jul/2026:04:53:22 -0600] "GET /wp-content/plugins/elementor/assets/lib/eicons/css/elementor-icons.min.css?ver=5.50.0 HTTP/2" 200 4123 "https://dfwmagic.com/" "Mozilla/5.0 (Macintosh; Intel Mac OS X 10_15_7) AppleWebKit/537.36 (KHTML, like Gecko) Chrome/136.0.0.0 Safari/537.36"
18.205.93.211 - - [17/Jul/2026:04:53:22 -0600] "GET /wp-content/plugins/elementor/assets/lib/font-awesome/css/fontawesome.css?ver=5.15.3 HTTP/2" 200 12526 "https://dfwmagic.com/" "Mozilla/5.0 (Macintosh; Intel Mac OS X 10_15_7) AppleWebKit/537.36 (KHTML, like Gecko) Chrome/136.0.0.0 Safari/537.36"
18.205.93.211 - - [17/Jul/2026:04:53:22 -0600] "GET /wp-content/plugins/elementor/assets/lib/swiper/v8/css/swiper.min.css?ver=8.4.5 HTTP/2" 200 4248 "https://dfwmagic.com/" "Mozilla/5.0 (Macintosh; Intel Mac OS X 10_15_7) AppleWebKit/537.36 (KHTML, like Gecko) Chrome/136.0.0.0 Safari/537.36"
18.205.93.211 - - [17/Jul/2026:04:53:22 -0600] "GET /wp-content/uploads/elementor/css/post-380.css?ver=1784285602 HTTP/2" 200 651 "https://dfwmagic.com/" "Mozilla/5.0 (Macintosh; Intel Mac OS X 10_15_7) AppleWebKit/537.36 (KHTML, like Gecko) Chrome/136.0.0.0 Safari/537.36"
18.205.93.211 - - [17/Jul/2026:04:53:22 -0600] "GET /wp-content/plugins/astra-addon/addons/nav-menu/assets/css/minified/magamenu-frontend.min.css?ver=4.13.5 HTTP/2" 200 0 "https://dfwmagic.com/" "Mozilla/5.0 (Macintosh; Intel Mac OS X 10_15_7) AppleWebKit/537.36 (KHTML, like Gecko) Chrome/136.0.0.0 Safari/537.36"
18.205.93.211 - - [17/Jul/2026:04:53:20 -0600] "GET / HTTP/2" 200 29046 "-" "Mozilla/5.0 (Macintosh; Intel Mac OS X 10_15_7) AppleWebKit/537.36 (KHTML, like Gecko) Chrome/136.0.0.0 Safari/537.36"
18.205.93.211 - - [17/Jul/2026:04:53:22 -0600] "GET /wp-content/themes/astra/assets/js/minified/frontend.min.js?ver=4.13.6 HTTP/2" 200 5693 "https://dfwmagic.com/" "Mozilla/5.0 (Macintosh; Intel Mac OS X 10_15_7) AppleWebKit/537.36 (KHTML, like Gecko) Chrome/136.0.0.0 Safari/537.36"
18.205.93.211 - - [17/Jul/2026:04:53:22 -0600] "GET /wp-content/uploads/astra-addon/astra-addon-6a439d3ba85c10-33209755.js?ver=4.13.5 HTTP/2" 200 8448 "https://dfwmagic.com/" "Mozilla/5.0 (Macintosh; Intel Mac OS X 10_15_7) AppleWebKit/537.36 (KHTML, like Gecko) Chrome/136.0.0.0 Safari/537.36"
18.205.93.211 - - [17/Jul/2026:04:53:22 -0600] "GET /wp-content/plugins/astra-addon/assets/js/minified/purify.min.js?ver=4.13.5 HTTP/2" 200 10151 "https://dfwmagic.com/" "Mozilla/5.0 (Macintosh; Intel Mac OS X 10_15_7) AppleWebKit/537.36 (KHTML, like Gecko) Chrome/136.0.0.0 Safari/537.36"
18.205.93.211 - - [17/Jul/2026:04:53:22 -0600] "GET /wp-content/plugins/elementor/assets/js/webpack.runtime.min.js?ver=4.1.5 HTTP/2" 200 2338 "https://dfwmagic.com/" "Mozilla/5.0 (Macintosh; Intel Mac OS X 10_15_7) AppleWebKit/537.36 (KHTML, like Gecko) Chrome/136.0.0.0 Safari/537.36"
18.205.93.211 - - [17/Jul/2026:04:53:22 -0600] "GET /wp-content/plugins/elementor-pro/assets/js/webpack-pro.runtime.min.js?ver=4.1.3 HTTP/2" 200 2606 "https://dfwmagic.com/" "Mozilla/5.0 (Macintosh; Intel Mac OS X 10_15_7) AppleWebKit/537.36 (KHTML, like Gecko) Chrome/136.0.0.0 Safari/537.36"
18.205.93.211 - - [17/Jul/2026:04:53:22 -0600] "GET /wp-includes/js/dist/hooks.min.js?ver=7496969728ca0f95732d HTTP/2" 200 1734 "https://dfwmagic.com/" "Mozilla/5.0 (Macintosh; Intel Mac OS X 10_15_7) AppleWebKit/537.36 (KHTML, like Gecko) Chrome/136.0.0.0 Safari/537.36"
18.205.93.211 - - [17/Jul/2026:04:53:22 -0600] "GET /wp-includes/js/dist/i18n.min.js?ver=781d11515ad3d91786ec HTTP/2" 200 2354 "https://dfwmagic.com/" "Mozilla/5.0 (Macintosh; Intel Mac OS X 10_15_7) AppleWebKit/537.36 (KHTML, like Gecko) Chrome/136.0.0.0 Safari/537.36"
18.205.93.211 - - [17/Jul/2026:04:53:22 -0600] "GET /wp-content/plugins/elementor/assets/js/frontend-modules.min.js?ver=4.1.5 HTTP/2" 200 15445 "https://dfwmagic.com/" "Mozilla/5.0 (Macintosh; Intel Mac OS X 10_15_7) AppleWebKit/537.36 (KHTML, like Gecko) Chrome/136.0.0.0 Safari/537.36"
18.205.93.211 - - [17/Jul/2026:04:53:22 -0600] "GET /wp-includes/js/jquery/ui/core.min.js?ver=1.13.3 HTTP/2" 200 6812 "https://dfwmagic.com/" "Mozilla/5.0 (Macintosh; Intel Mac OS X 10_15_7) AppleWebKit/537.36 (KHTML, like Gecko) Chrome/136.0.0.0 Safari/537.36"
18.205.93.211 - - [17/Jul/2026:04:53:22 -0600] "GET /wp-content/plugins/elementor/assets/js/frontend.min.js?ver=4.1.5 HTTP/2" 200 10124 "https://dfwmagic.com/" "Mozilla/5.0 (Macintosh; Intel Mac OS X 10_15_7) AppleWebKit/537.36 (KHTML, like Gecko) Chrome/136.0.0.0 Safari/537.36"
18.205.93.211 - - [17/Jul/2026:04:53:22 -0600] "GET /wp-content/plugins/elementor/assets/lib/swiper/v8/swiper.min.js?ver=8.4.5 HTTP/2" 200 38152 "https://dfwmagic.com/" "Mozilla/5.0 (Macintosh; Intel Mac OS X 10_15_7) AppleWebKit/537.36 (KHTML, like Gecko) Chrome/136.0.0.0 Safari/537.36"
18.205.93.211 - - [17/Jul/2026:04:53:22 -0600] "GET /wp-content/plugins/elementor-pro/assets/js/frontend.min.js?ver=4.1.3 HTTP/2" 200 6191 "https://dfwmagic.com/" "Mozilla/5.0 (Macintosh; Intel Mac OS X 10_15_7) AppleWebKit/537.36 (KHTML, like Gecko) Chrome/136.0.0.0 Safari/537.36"
18.205.93.211 - - [17/Jul/2026:04:53:22 -0600] "GET /wp-content/plugins/elementor-pro/assets/js/elements-handlers.min.js?ver=4.1.3 HTTP/2" 200 10079 "https://dfwmagic.com/" "Mozilla/5.0 (Macintosh; Intel Mac OS X 10_15_7) AppleWebKit/537.36 (KHTML, like Gecko) Chrome/136.0.0.0 Safari/537.36"
18.205.93.211 - - [17/Jul/2026:04:53:22 -0600] "GET /wp-content/themes/astra/assets/fonts/astra.woff HTTP/2" 200 3304 "https://dfwmagic.com/" "Mozilla/5.0 (Macintosh; Intel Mac OS X 10_15_7) AppleWebKit/537.36 (KHTML, like Gecko) Chrome/136.0.0.0 Safari/537.36"
18.205.93.211 - - [17/Jul/2026:04:53:22 -0600] "GET /wp-content/plugins/elementor/assets/lib/eicons/fonts/eicons.woff2?5.50.0 HTTP/2" 200 106500 "https://dfwmagic.com/wp-content/plugins/elementor/assets/lib/eicons/css/elementor-icons.min.css?ver=5.50.0" "Mozilla/5.0 (Macintosh; Intel Mac OS X 10_15_7) AppleWebKit/537.36 (KHTML, like Gecko) Chrome/136.0.0.0 Safari/537.36"
18.205.93.211 - - [17/Jul/2026:04:53:22 -0600] "GET /wp-content/plugins/elementor/assets/js/section-frontend-handlers.d85ab872da118940910d.bundle.min.js HTTP/2" 200 229 "https://dfwmagic.com/" "Mozilla/5.0 (Macintosh; Intel Mac OS X 10_15_7) AppleWebKit/537.36 (KHTML, like Gecko) Chrome/136.0.0.0 Safari/537.36"
18.205.93.211 - - [17/Jul/2026:04:53:22 -0600] "GET /wp-content/plugins/elementor/assets/js/shared-frontend-handlers.03caa53373b56d3bab67.bundle.min.js HTTP/2" 200 2511 "https://dfwmagic.com/" "Mozilla/5.0 (Macintosh; Intel Mac OS X 10_15_7) AppleWebKit/537.36 (KHTML, like Gecko) Chrome/136.0.0.0 Safari/537.36"
18.205.93.211 - - [17/Jul/2026:04:53:22 -0600] "GET /wp-content/plugins/elementor-pro/assets/js/carousel.e2af910b095554625156.bundle.min.js HTTP/2" 200 1586 "https://dfwmagic.com/" "Mozilla/5.0 (Macintosh; Intel Mac OS X 10_15_7) AppleWebKit/537.36 (KHTML, like Gecko) Chrome/136.0.0.0 Safari/537.36"
17.22.237.36 - - [17/Jul/2026:04:54:19 -0600] "GET /wp-content/themes/astra/assets/css/minified/frontend.min.css?ver=4.13.6 HTTP/2" 200 9111 "https://dfwmagic.com/garland-birthday-party-magic-show/" "Mozilla/5.0 (Macintosh; Intel Mac OS X 10_15_7) AppleWebKit/605.1.15 (KHTML, like Gecko) Version/17.4 Safari/605.1.15 (Applebot/0.1; +http://www.apple.com/go/applebot)"
17.22.237.36 - - [17/Jul/2026:04:54:20 -0600] "GET /wp-content/uploads/astra-addon/astra-addon-6a439d3ba7c902-10687543.css?ver=4.13.5 HTTP/2" 200 6887 "https://dfwmagic.com/garland-birthday-party-magic-show/" "Mozilla/5.0 (Macintosh; Intel Mac OS X 10_15_7) AppleWebKit/605.1.15 (KHTML, like Gecko) Version/17.4 Safari/605.1.15 (Applebot/0.1; +http://www.apple.com/go/applebot)"
17.22.237.36 - - [17/Jul/2026:04:54:22 -0600] "GET /wp-content/uploads/elementor/css/post-256.css?ver=1784284935 HTTP/2" 200 446 "https://dfwmagic.com/garland-birthday-party-magic-show/" "Mozilla/5.0 (Macintosh; Intel Mac OS X 10_15_7) AppleWebKit/605.1.15 (KHTML, like Gecko) Version/17.4 Safari/605.1.15 (Applebot/0.1; +http://www.apple.com/go/applebot)"
17.22.237.36 - - [17/Jul/2026:04:54:23 -0600] "GET /wp-content/plugins/elementor/assets/lib/eicons/css/elementor-icons.min.css?ver=5.50.0 HTTP/2" 200 4123 "https://dfwmagic.com/garland-birthday-party-magic-show/" "Mozilla/5.0 (Macintosh; Intel Mac OS X 10_15_7) AppleWebKit/605.1.15 (KHTML, like Gecko) Version/17.4 Safari/605.1.15 (Applebot/0.1; +http://www.apple.com/go/applebot)"
17.22.237.36 - - [17/Jul/2026:04:54:25 -0600] "GET /wp-content/plugins/ultimate-elementor/assets/min-css/uael-frontend.min.css?ver=1.45.1 HTTP/2" 200 76022 "https://dfwmagic.com/garland-birthday-party-magic-show/" "Mozilla/5.0 (Macintosh; Intel Mac OS X 10_15_7) AppleWebKit/605.1.15 (KHTML, like Gecko) Version/17.4 Safari/605.1.15 (Applebot/0.1; +http://www.apple.com/go/applebot)"
17.22.237.36 - - [17/Jul/2026:04:54:27 -0600] "GET /wp-content/plugins/elementor/assets/css/widget-social-icons.min.css?ver=3.24.0 HTTP/2" 200 1039 "https://dfwmagic.com/garland-birthday-party-magic-show/" "Mozilla/5.0 (Macintosh; Intel Mac OS X 10_15_7) AppleWebKit/605.1.15 (KHTML, like Gecko) Version/17.4 Safari/605.1.15 (Applebot/0.1; +http://www.apple.com/go/applebot)"
17.22.237.36 - - [17/Jul/2026:04:54:28 -0600] "GET /wp-content/plugins/elementor/assets/lib/font-awesome/css/brands.css?ver=5.15.3 HTTP/2" 200 296 "https://dfwmagic.com/garland-birthday-party-magic-show/" "Mozilla/5.0 (Macintosh; Intel Mac OS X 10_15_7) AppleWebKit/605.1.15 (KHTML, like Gecko) Version/17.4 Safari/605.1.15 (Applebot/0.1; +http://www.apple.com/go/applebot)"
17.22.237.36 - - [17/Jul/2026:04:54:29 -0600] "GET /wp-content/plugins/elementor/assets/lib/font-awesome/css/fontawesome.css?ver=5.15.3 HTTP/2" 200 12526 "https://dfwmagic.com/garland-birthday-party-magic-show/" "Mozilla/5.0 (Macintosh; Intel Mac OS X 10_15_7) AppleWebKit/605.1.15 (KHTML, like Gecko) Version/17.4 Safari/605.1.15 (Applebot/0.1; +http://www.apple.com/go/applebot)"
17.22.237.36 - - [17/Jul/2026:04:54:31 -0600] "GET /wp-content/plugins/elementor/assets/lib/font-awesome/css/solid.css?ver=5.15.3 HTTP/2" 200 296 "https://dfwmagic.com/garland-birthday-party-magic-show/" "Mozilla/5.0 (Macintosh; Intel Mac OS X 10_15_7) AppleWebKit/605.1.15 (KHTML, like Gecko) Version/17.4 Safari/605.1.15 (Applebot/0.1; +http://www.apple.com/go/applebot)"
17.22.237.36 - - [17/Jul/2026:04:54:32 -0600] "GET /wp-content/uploads/elementor/google-fonts/css/roboto.css?ver=1742235209 HTTP/2" 200 1862 "https://dfwmagic.com/garland-birthday-party-magic-show/" "Mozilla/5.0 (Macintosh; Intel Mac OS X 10_15_7) AppleWebKit/605.1.15 (KHTML, like Gecko) Version/17.4 Safari/605.1.15 (Applebot/0.1; +http://www.apple.com/go/applebot)"
17.22.237.36 - - [17/Jul/2026:04:54:34 -0600] "GET /wp-content/uploads/elementor/google-fonts/css/robotoslab.css?ver=1742235216 HTTP/2" 200 698 "https://dfwmagic.com/garland-birthday-party-magic-show/" "Mozilla/5.0 (Macintosh; Intel Mac OS X 10_15_7) AppleWebKit/605.1.15 (KHTML, like Gecko) Version/17.4 Safari/605.1.15 (Applebot/0.1; +http://www.apple.com/go/applebot)"
17.22.237.36 - - [17/Jul/2026:04:54:36 -0600] "GET /wp-includes/js/jquery/jquery.min.js?ver=3.7.1 HTTP/2" 200 29744 "https://dfwmagic.com/garland-birthday-party-magic-show/" "Mozilla/5.0 (Macintosh; Intel Mac OS X 10_15_7) AppleWebKit/605.1.15 (KHTML, like Gecko) Version/17.4 Safari/605.1.15 (Applebot/0.1; +http://www.apple.com/go/applebot)"
17.22.237.36 - - [17/Jul/2026:04:54:37 -0600] "GET /wp-includes/js/jquery/jquery-migrate.min.js?ver=3.4.1 HTTP/2" 200 4678 "https://dfwmagic.com/garland-birthday-party-magic-show/" "Mozilla/5.0 (Macintosh; Intel Mac OS X 10_15_7) AppleWebKit/605.1.15 (KHTML, like Gecko) Version/17.4 Safari/605.1.15 (Applebot/0.1; +http://www.apple.com/go/applebot)"
17.22.237.36 - - [17/Jul/2026:04:54:38 -0600] "GET /wp-content/plugins/astra-addon/addons/nav-menu/assets/css/minified/magamenu-frontend.min.css?ver=4.13.5 HTTP/2" 200 0 "https://dfwmagic.com/garland-birthday-party-magic-show/" "Mozilla/5.0 (Macintosh; Intel Mac OS X 10_15_7) AppleWebKit/605.1.15 (KHTML, like Gecko) Version/17.4 Safari/605.1.15 (Applebot/0.1; +http://www.apple.com/go/applebot)"
17.22.237.36 - - [17/Jul/2026:04:54:40 -0600] "GET /wp-content/themes/astra/assets/js/minified/frontend.min.js?ver=4.13.6 HTTP/2" 200 5693 "https://dfwmagic.com/garland-birthday-party-magic-show/" "Mozilla/5.0 (Macintosh; Intel Mac OS X 10_15_7) AppleWebKit/605.1.15 (KHTML, like Gecko) Version/17.4 Safari/605.1.15 (Applebot/0.1; +http://www.apple.com/go/applebot)"
17.22.237.36 - - [17/Jul/2026:04:54:41 -0600] "GET /wp-content/uploads/astra-addon/astra-addon-6a439d3ba85c10-33209755.js?ver=4.13.5 HTTP/2" 200 8448 "https://dfwmagic.com/garland-birthday-party-magic-show/" "Mozilla/5.0 (Macintosh; Intel Mac OS X 10_15_7) AppleWebKit/605.1.15 (KHTML, like Gecko) Version/17.4 Safari/605.1.15 (Applebot/0.1; +http://www.apple.com/go/applebot)"
17.22.237.36 - - [17/Jul/2026:04:54:43 -0600] "GET /wp-content/plugins/astra-addon/assets/js/minified/purify.min.js?ver=4.13.5 HTTP/2" 200 10151 "https://dfwmagic.com/garland-birthday-party-magic-show/" "Mozilla/5.0 (Macintosh; Intel Mac OS X 10_15_7) AppleWebKit/605.1.15 (KHTML, like Gecko) Version/17.4 Safari/605.1.15 (Applebot/0.1; +http://www.apple.com/go/applebot)"
17.22.237.36 - - [17/Jul/2026:04:54:44 -0600] "GET /wp-includes/js/jquery/ui/core.min.js?ver=1.13.3 HTTP/2" 200 6812 "https://dfwmagic.com/garland-birthday-party-magic-show/" "Mozilla/5.0 (Macintosh; Intel Mac OS X 10_15_7) AppleWebKit/605.1.15 (KHTML, like Gecko) Version/17.4 Safari/605.1.15 (Applebot/0.1; +http://www.apple.com/go/applebot)"
17.22.237.36 - - [17/Jul/2026:04:54:46 -0600] "GET /wp-includes/js/dist/hooks.min.js?ver=7496969728ca0f95732d HTTP/2" 200 1734 "https://dfwmagic.com/garland-birthday-party-magic-show/" "Mozilla/5.0 (Macintosh; Intel Mac OS X 10_15_7) AppleWebKit/605.1.15 (KHTML, like Gecko) Version/17.4 Safari/605.1.15 (Applebot/0.1; +http://www.apple.com/go/applebot)"
17.22.237.36 - - [17/Jul/2026:04:54:47 -0600] "GET /wp-includes/js/dist/i18n.min.js?ver=781d11515ad3d91786ec HTTP/2" 200 2354 "https://dfwmagic.com/garland-birthday-party-magic-show/" "Mozilla/5.0 (Macintosh; Intel Mac OS X 10_15_7) AppleWebKit/605.1.15 (KHTML, like Gecko) Version/17.4 Safari/605.1.15 (Applebot/0.1; +http://www.apple.com/go/applebot)"
17.22.237.36 - - [17/Jul/2026:04:54:49 -0600] "GET /wp-content/plugins/elementor/assets/js/section-frontend-handlers.d85ab872da118940910d.bundle.min.js HTTP/2" 200 229 "https://dfwmagic.com/garland-birthday-party-magic-show/" "Mozilla/5.0 (Macintosh; Intel Mac OS X 10_15_7) AppleWebKit/605.1.15 (KHTML, like Gecko) Version/17.4 Safari/605.1.15 (Applebot/0.1; +http://www.apple.com/go/applebot)"
216.73.216.208 - - [17/Jul/2026:04:51:02 -0600] "GET /grapevine-birthday-party-magic-show/ HTTP/2" 200 31212 "-" "Mozilla/5.0 AppleWebKit/537.36 (KHTML, like Gecko; compatible; ClaudeBot/1.0; +claudebot@anthropic.com)"
77.75.76.165 - - [17/Jul/2026:04:56:34 -0600] "GET /forney-kids-magic-show-checkers-the-magician-makes-birthday-parties-and-family-events-magical/ HTTP/1.1" 200 37385 "-" "Mozilla/5.0 (compatible; SeznamBot/4.0; +https://o-seznam.cz/napoveda/vyhledavani/en/seznambot-crawler/)"
216.73.216.208 - - [17/Jul/2026:05:01:37 -0600] "GET /robots.txt HTTP/2" 200 96 "-" "Mozilla/5.0 AppleWebKit/537.36 (KHTML, like Gecko; compatible; ClaudeBot/1.0; +claudebot@anthropic.com)"
216.73.216.208 - - [17/Jul/2026:05:01:38 -0600] "GET /checkers-the-magician-the-best-kids-magic-show-in-grand-prairie-texas/ HTTP/2" 200 30812 "-" "Mozilla/5.0 AppleWebKit/537.36 (KHTML, like Gecko; compatible; ClaudeBot/1.0; +claudebot@anthropic.com)"
216.73.216.208 - - [17/Jul/2026:05:01:54 -0600] "GET /checkers-the-magician-the-ultimate-kids-magic-show-in-mckinney-texas/ HTTP/2" 200 30084 "-" "Mozilla/5.0 AppleWebKit/537.36 (KHTML, like Gecko; compatible; ClaudeBot/1.0; +claudebot@anthropic.com)"
18.205.93.211 - - [17/Jul/2026:04:53:22 -0600] "GET /wp-content/uploads/2025/03/cropped-icon-32x32.png HTTP/2" 200 1815 "https://dfwmagic.com/" "Mozilla/5.0 (Macintosh; Intel Mac OS X 10_15_7) AppleWebKit/537.36 (KHTML, like Gecko) Chrome/136.0.0.0 Safari/537.36"
18.205.93.211 - - [17/Jul/2026:04:53:22 -0600] "GET /wp-includes/js/wp-emoji-release.min.js?ver=7.0.1 HTTP/2" 200 4974 "https://dfwmagic.com/" "Mozilla/5.0 (Macintosh; Intel Mac OS X 10_15_7) AppleWebKit/537.36 (KHTML, like Gecko) Chrome/136.0.0.0 Safari/537.36"
18.205.93.211 - - [17/Jul/2026:04:53:26 -0600] "GET /robots.txt HTTP/2" 200 96 "-" "Mozilla/5.0 (X11; Linux x86_64) AppleWebKit/537.36 (KHTML, like Gecko) HeadlessChrome/120.0.0.0 Safari/537.36"
18.205.93.211 - - [17/Jul/2026:04:53:27 -0600] "GET /wp-content/plugins/elementor/assets/lib/swiper/v8/swiper-bundle.min.js.map HTTP/2" 404 23687 "-" "Mozilla/5.0 (X11; Linux x86_64) AppleWebKit/537.36 (KHTML, like Gecko) HeadlessChrome/120.0.0.0 Safari/537.36"
185.191.171.16 - - [17/Jul/2026:05:00:38 -0600] "GET /robots.txt HTTP/1.1" 200 109 "-" "Mozilla/5.0 (compatible; SemrushBot/7~bl; +http://www.semrush.com/bot.html)"
216.73.216.208 - - [17/Jul/2026:05:02:40 -0600] "GET /checkers-the-magician-friscos-favorite-kids-magician-and-balloon-artist/ HTTP/2" 200 29920 "-" "Mozilla/5.0 AppleWebKit/537.36 (KHTML, like Gecko; compatible; ClaudeBot/1.0; +claudebot@anthropic.com)"
17.22.237.36 - - [17/Jul/2026:04:54:50 -0600] "GET /wp-content/plugins/elementor/assets/js/shared-frontend-handlers.03caa53373b56d3bab67.bundle.min.js HTTP/2" 200 2511 "https://dfwmagic.com/garland-birthday-party-magic-show/" "Mozilla/5.0 (Macintosh; Intel Mac OS X 10_15_7) AppleWebKit/605.1.15 (KHTML, like Gecko) Version/17.4 Safari/605.1.15 (Applebot/0.1; +http://www.apple.com/go/applebot)"
17.22.237.36 - - [17/Jul/2026:04:54:52 -0600] "GET /wp-includes/js/wp-emoji-release.min.js?ver=7.0.1 HTTP/2" 200 4974 "https://dfwmagic.com/garland-birthday-party-magic-show/" "Mozilla/5.0 (Macintosh; Intel Mac OS X 10_15_7) AppleWebKit/605.1.15 (KHTML, like Gecko) Version/17.4 Safari/605.1.15 (Applebot/0.1; +http://www.apple.com/go/applebot)"
17.22.237.36 - - [17/Jul/2026:04:54:53 -0600] "GET /wp-content/plugins/elementor/assets/js/text-editor.45609661e409413f1cef.bundle.min.js HTTP/2" 200 592 "https://dfwmagic.com/garland-birthday-party-magic-show/" "Mozilla/5.0 (Macintosh; Intel Mac OS X 10_15_7) AppleWebKit/605.1.15 (KHTML, like Gecko) Version/17.4 Safari/605.1.15 (Applebot/0.1; +http://www.apple.com/go/applebot)"
85.208.96.207 - - [17/Jul/2026:05:00:40 -0600] "GET /category/blog/page/7/ HTTP/1.1" 200 32330 "-" "Mozilla/5.0 (compatible; SemrushBot/7~bl; +http://www.semrush.com/bot.html)"
216.73.216.208 - - [17/Jul/2026:05:03:43 -0600] "GET /checkers-the-magician-the-best-kids-magic-show-in-southlake-tx/ HTTP/2" 200 30644 "-" "Mozilla/5.0 AppleWebKit/537.36 (KHTML, like Gecko; compatible; ClaudeBot/1.0; +claudebot@anthropic.com)"
216.73.216.208 - - [17/Jul/2026:05:04:27 -0600] "GET /checkers-the-magician-magic-shows-for-daycare-schools-libraries-and-more-in-dallas-fort-worth-and-north-texas/ HTTP/2" 200 31691 "-" "Mozilla/5.0 AppleWebKit/537.36 (KHTML, like Gecko; compatible; ClaudeBot/1.0; +claudebot@anthropic.com)"
216.73.216.208 - - [17/Jul/2026:05:04:28 -0600] "GET /checkers-the-magician-the-ultimate-kids-magic-show-in-highland-park-tx/ HTTP/2" 200 29868 "-" "Mozilla/5.0 AppleWebKit/537.36 (KHTML, like Gecko; compatible; ClaudeBot/1.0; +claudebot@anthropic.com)"
216.73.216.208 - - [17/Jul/2026:05:03:48 -0600] "GET /checkers-the-magician-bringing-joy-and-laughter-to-kids-and-families-in-university-park-tx/ HTTP/2" 200 31149 "-" "Mozilla/5.0 AppleWebKit/537.36 (KHTML, like Gecko; compatible; ClaudeBot/1.0; +claudebot@anthropic.com)"
216.73.216.208 - - [17/Jul/2026:05:03:49 -0600] "GET /category/blog/page/8/ HTTP/2" 200 26755 "-" "Mozilla/5.0 AppleWebKit/537.36 (KHTML, like Gecko; compatible; ClaudeBot/1.0; +claudebot@anthropic.com)"
185.191.171.6 - - [17/Jul/2026:05:15:57 -0600] "GET /make-your-childs-birthday-party-magical-with-checkers-the-magician/ HTTP/1.1" 200 37121 "-" "Mozilla/5.0 (compatible; SemrushBot/7~bl; +http://www.semrush.com/bot.html)"
57.141.0.67 - - [17/Jul/2026:05:21:56 -0600] "GET /page-sitemap.xml/page/16/ HTTP/2" 404 139068 "-" "Mozilla/5.0 (Windows NT 10.0; Win64; x64) AppleWebKit/537.36 (KHTML, like Gecko) Chrome/145.0.0.0 Safari/537.36 (compatible; meta-externalagent/1.1 (+https://developers.facebook.com/docs/sharing/webmasters/crawler))"
85.208.96.208 - - [17/Jul/2026:05:24:58 -0600] "GET /checkers-the-magician-the-ultimate-kids-magic-show-in-allen-tx/ HTTP/1.1" 200 35998 "-" "Mozilla/5.0 (compatible; SemrushBot/7~bl; +http://www.semrush.com/bot.html)"
198.175.150.9 - - [17/Jul/2026:05:33:48 -0600] "POST /wp-cron.php?doing_wp_cron=1784288028.8537170886993408203125 HTTP/1.1" 200 0 "-" "WordPress/7.0.1; https://dfwmagic.com"
216.73.216.208 - - [17/Jul/2026:05:35:05 -0600] "GET /?p=1771 HTTP/2" 301 0 "-" "Mozilla/5.0 AppleWebKit/537.36 (KHTML, like Gecko; compatible; ClaudeBot/1.0; +claudebot@anthropic.com)"
216.73.216.208 - - [17/Jul/2026:05:35:06 -0600] "GET /kids-magic-shows-in-bedford/ HTTP/2" 200 30347 "https://dfwmagic.com/?p=1771" "Mozilla/5.0 AppleWebKit/537.36 (KHTML, like Gecko; compatible; ClaudeBot/1.0; +claudebot@anthropic.com)"
216.73.216.208 - - [17/Jul/2026:05:36:12 -0600] "GET /garland-birthday-party-magic-show/ HTTP/2" 200 31050 "-" "Mozilla/5.0 AppleWebKit/537.36 (KHTML, like Gecko; compatible; ClaudeBot/1.0; +claudebot@anthropic.com)"
216.73.216.208 - - [17/Jul/2026:05:36:13 -0600] "GET /dallas-birthday-party-magic-show/ HTTP/2" 200 30999 "-" "Mozilla/5.0 AppleWebKit/537.36 (KHTML, like Gecko; compatible; ClaudeBot/1.0; +claudebot@anthropic.com)"
216.73.216.208 - - [17/Jul/2026:05:36:14 -0600] "GET /kids-magic-shows-in-denton/ HTTP/2" 200 30645 "-" "Mozilla/5.0 AppleWebKit/537.36 (KHTML, like Gecko; compatible; ClaudeBot/1.0; +claudebot@anthropic.com)"
216.73.216.208 - - [17/Jul/2026:05:36:15 -0600] "GET /forney-birthday-party-magic-show/ HTTP/2" 200 30901 "-" "Mozilla/5.0 AppleWebKit/537.36 (KHTML, like Gecko; compatible; ClaudeBot/1.0; +claudebot@anthropic.com)"
216.73.216.208 - - [17/Jul/2026:05:39:34 -0600] "GET /kids-magic-shows-in-lewisville/ HTTP/2" 200 30504 "-" "Mozilla/5.0 AppleWebKit/537.36 (KHTML, like Gecko; compatible; ClaudeBot/1.0; +claudebot@anthropic.com)"
216.73.216.208 - - [17/Jul/2026:05:40:01 -0600] "GET /author/johnfite/page/6/ HTTP/2" 200 26931 "-" "Mozilla/5.0 AppleWebKit/537.36 (KHTML, like Gecko; compatible; ClaudeBot/1.0; +claudebot@anthropic.com)"
216.73.216.208 - - [17/Jul/2026:05:36:01 -0600] "GET /?p=1388 HTTP/2" 301 0 "-" "Mozilla/5.0 AppleWebKit/537.36 (KHTML, like Gecko; compatible; ClaudeBot/1.0; +claudebot@anthropic.com)"
216.73.216.208 - - [17/Jul/2026:05:36:02 -0600] "GET /grand-prairie-birthday-party-magic-show/ HTTP/2" 200 30766 "https://dfwmagic.com/?p=1388" "Mozilla/5.0 AppleWebKit/537.36 (KHTML, like Gecko; compatible; ClaudeBot/1.0; +claudebot@anthropic.com)"
216.73.216.208 - - [17/Jul/2026:05:37:05 -0600] "GET /kids-magic-shows-in-little-elm/ HTTP/2" 200 30544 "-" "Mozilla/5.0 AppleWebKit/537.36 (KHTML, like Gecko; compatible; ClaudeBot/1.0; +claudebot@anthropic.com)"
216.73.216.208 - - [17/Jul/2026:05:41:04 -0600] "GET /checkers-the-magician-the-best-kids-magic-show-in-southlake-tx/ HTTP/2" 200 30644 "-" "Mozilla/5.0 AppleWebKit/537.36 (KHTML, like Gecko; compatible; ClaudeBot/1.0; +claudebot@anthropic.com)"
216.73.216.208 - - [17/Jul/2026:05:33:47 -0600] "GET /?p=1812 HTTP/2" 301 0 "-" "Mozilla/5.0 AppleWebKit/537.36 (KHTML, like Gecko; compatible; ClaudeBot/1.0; +claudebot@anthropic.com)"
216.73.216.208 - - [17/Jul/2026:05:33:47 -0600] "GET /grapevine-birthday-party-magic-show/ HTTP/2" 200 31212 "-" "Mozilla/5.0 AppleWebKit/537.36 (KHTML, like Gecko; compatible; ClaudeBot/1.0; +claudebot@anthropic.com)"
216.73.216.208 - - [17/Jul/2026:05:33:49 -0600] "GET /kids-magic-shows-in-highland-park/ HTTP/2" 200 30726 "https://dfwmagic.com/?p=1812" "Mozilla/5.0 AppleWebKit/537.36 (KHTML, like Gecko; compatible; ClaudeBot/1.0; +claudebot@anthropic.com)"
216.73.216.208 - - [17/Jul/2026:05:34:02 -0600] "GET /wp-sitemap.xml HTTP/2" 200 197 "-" "Mozilla/5.0 AppleWebKit/537.36 (KHTML, like Gecko; compatible; ClaudeBot/1.0; +claudebot@anthropic.com)"
216.73.216.208 - - [17/Jul/2026:05:35:50 -0600] "GET /category/blog/page/5/ HTTP/2" 200 26182 "-" "Mozilla/5.0 AppleWebKit/537.36 (KHTML, like Gecko; compatible; ClaudeBot/1.0; +claudebot@anthropic.com)"
5.161.99.240 - - [17/Jul/2026:05:35:57 -0600] "GET / HTTP/2" 200 29046 "-" "Mozilla/5.0 (Macintosh; Intel Mac OS X 10_15_7) AppleWebKit/605.1.15 (KHTML, like Gecko) Version/26.0.1 Safari/605.1.15"
178.156.237.49 - - [17/Jul/2026:05:36:55 -0600] "GET / HTTP/2" 200 29046 "-" "Mozilla/5.0 (Macintosh; Intel Mac OS X 10_15_7) AppleWebKit/605.1.15 (KHTML, like Gecko) Version/26.0.1 Safari/605.1.15"
185.191.171.3 - - [17/Jul/2026:05:37:03 -0600] "GET /category/areas/page/6/ HTTP/1.1" 200 31665 "-" "Mozilla/5.0 (compatible; SemrushBot/7~bl; +http://www.semrush.com/bot.html)"
198.175.150.9 - - [17/Jul/2026:05:39:30 -0600] "POST /wp-cron.php?doing_wp_cron=1784288370.5907869338989257812500 HTTP/1.1" 200 0 "-" "WordPress/7.0.1; https://dfwmagic.com"
216.73.216.208 - - [17/Jul/2026:05:39:29 -0600] "GET /?p=1822 HTTP/2" 301 0 "-" "Mozilla/5.0 AppleWebKit/537.36 (KHTML, like Gecko; compatible; ClaudeBot/1.0; +claudebot@anthropic.com)"
216.73.216.208 - - [17/Jul/2026:05:39:30 -0600] "GET /kids-magic-shows-in-grapevine/ HTTP/2" 200 30731 "https://dfwmagic.com/?p=1822" "Mozilla/5.0 AppleWebKit/537.36 (KHTML, like Gecko; compatible; ClaudeBot/1.0; +claudebot@anthropic.com)"
198.175.150.9 - - [17/Jul/2026:05:33:48 -0600] "POST /wp-cron.php?doing_wp_cron=1784288028.8159248828887939453125 HTTP/1.1" 200 0 "-" "WordPress/7.0.1; https://dfwmagic.com"
198.175.150.9 - - [17/Jul/2026:05:33:48 -0600] "POST /wp-cron.php?doing_wp_cron=1784288028.9819629192352294921875 HTTP/1.1" 200 0 "-" "WordPress/7.0.1; https://dfwmagic.com"
216.73.216.208 - - [17/Jul/2026:05:34:50 -0600] "GET /elementor-1764kids-magic-shows-in-farmers-branch/ HTTP/2" 200 30807 "-" "Mozilla/5.0 AppleWebKit/537.36 (KHTML, like Gecko; compatible; ClaudeBot/1.0; +claudebot@anthropic.com)"
5.78.201.140 - - [17/Jul/2026:05:35:56 -0600] "GET /blog HTTP/2" 301 0 "-" "Mozilla/5.0 (Macintosh; Intel Mac OS X 10_15_7) AppleWebKit/605.1.15 (KHTML, like Gecko) Version/26.0.1 Safari/605.1.15"
5.78.201.140 - - [17/Jul/2026:05:35:58 -0600] "GET /blog/ HTTP/2" 200 29665 "-" "Mozilla/5.0 (Macintosh; Intel Mac OS X 10_15_7) AppleWebKit/605.1.15 (KHTML, like Gecko) Version/26.0.1 Safari/605.1.15"
173.252.69.14 - - [17/Jul/2026:05:44:54 -0600] "GET / HTTP/2" 200 165582 "-" "facebookexternalhit/1.1 (+http://www.facebook.com/externalhit_uatext.php)"
216.73.216.208 - - [17/Jul/2026:05:46:15 -0600] "GET /checkers-the-magician-the-ultimate-kids-magic-show-in-highland-park-tx/ HTTP/2" 200 29868 "-" "Mozilla/5.0 AppleWebKit/537.36 (KHTML, like Gecko; compatible; ClaudeBot/1.0; +claudebot@anthropic.com)"
216.73.216.208 - - [17/Jul/2026:05:46:15 -0600] "GET /checkers-the-magician-a-magical-experience-for-kids-in-hurst-euless-and-bedford/ HTTP/2" 200 31750 "-" "Mozilla/5.0 AppleWebKit/537.36 (KHTML, like Gecko; compatible; ClaudeBot/1.0; +claudebot@anthropic.com)"
216.73.216.208 - - [17/Jul/2026:05:49:32 -0600] "GET /checkers-the-magician-the-perfect-entertainment-for-family-reunions-and-kids-parties-in-dallas-and-fort-worth/ HTTP/2" 200 31764 "-" "Mozilla/5.0 AppleWebKit/537.36 (KHTML, like Gecko; compatible; ClaudeBot/1.0; +claudebot@anthropic.com)"
77.75.77.72 - - [17/Jul/2026:05:49:45 -0600] "GET /magic-shows-near-me-in-allen-texas/ HTTP/1.1" 200 35163 "-" "Mozilla/5.0 (compatible; SeznamBot/4.0; +https://o-seznam.cz/napoveda/vyhledavani/en/seznambot-crawler/)"
216.73.216.208 - - [17/Jul/2026:05:42:44 -0600] "GET /checkers-the-magician-bringing-joy-and-laughter-to-kids-and-families-in-university-park-tx/ HTTP/2" 200 31149 "-" "Mozilla/5.0 AppleWebKit/537.36 (KHTML, like Gecko; compatible; ClaudeBot/1.0; +claudebot@anthropic.com)"
69.171.234.28 - - [17/Jul/2026:05:44:59 -0600] "GET / HTTP/2" 200 0 "-" "facebookexternalhit/1.1 (+http://www.facebook.com/externalhit_uatext.php)"
216.73.216.208 - - [17/Jul/2026:05:45:37 -0600] "GET /bring-magic-and-laughter-to-your-childs-birthday-party-with-checkers-the-magician-in-denton-texas/ HTTP/2" 200 31581 "-" "Mozilla/5.0 AppleWebKit/537.36 (KHTML, like Gecko; compatible; ClaudeBot/1.0; +claudebot@anthropic.com)"
216.73.216.208 - - [17/Jul/2026:05:46:36 -0600] "GET /bring-magic-and-laughter-to-your-event-with-checkers-the-magician-in-grapevine-texas/ HTTP/2" 200 31530 "-" "Mozilla/5.0 AppleWebKit/537.36 (KHTML, like Gecko; compatible; ClaudeBot/1.0; +claudebot@anthropic.com)"
216.73.216.208 - - [17/Jul/2026:05:46:37 -0600] "GET /checkers-the-magician-bringing-laughter-and-magic-to-rockwall-tx/ HTTP/2" 200 30696 "-" "Mozilla/5.0 AppleWebKit/537.36 (KHTML, like Gecko; compatible; ClaudeBot/1.0; +claudebot@anthropic.com)"
216.73.216.208 - - [17/Jul/2026:05:48:36 -0600] "GET /checkers-the-magician-bringing-fun-and-laughter-to-prosper-texas-with-magic-shows-and-balloon-animals/ HTTP/2" 200 31251 "-" "Mozilla/5.0 AppleWebKit/537.36 (KHTML, like Gecko; compatible; ClaudeBot/1.0; +claudebot@anthropic.com)"
173.252.82.1 - - [17/Jul/2026:05:44:53 -0600] "GET / HTTP/2" 200 0 "-" "facebookexternalhit/1.1 (+http://www.facebook.com/externalhit_uatext.php)"
173.252.105.70 - - [17/Jul/2026:05:44:54 -0600] "GET / HTTP/2" 200 165582 "-" "facebookexternalhit/1.1 (+http://www.facebook.com/externalhit_uatext.php)"
69.171.230.16 - - [17/Jul/2026:05:45:00 -0600] "GET / HTTP/2" 200 165582 "-" "facebookexternalhit/1.1 (+http://www.facebook.com/externalhit_uatext.php)"
216.73.216.208 - - [17/Jul/2026:05:46:29 -0600] "GET /category/blog/page/7/ HTTP/2" 200 26747 "-" "Mozilla/5.0 AppleWebKit/537.36 (KHTML, like Gecko; compatible; ClaudeBot/1.0; +claudebot@anthropic.com)"
216.73.216.208 - - [17/Jul/2026:05:49:02 -0600] "GET /make-your-event-magical-with-checkers-the-magician-in-little-elm-texas/ HTTP/2" 200 31954 "-" "Mozilla/5.0 AppleWebKit/537.36 (KHTML, like Gecko; compatible; ClaudeBot/1.0; +claudebot@anthropic.com)"
216.73.216.208 - - [17/Jul/2026:05:43:05 -0600] "GET /checkers-the-magician-the-ultimate-kids-magic-show-in-allen-tx/ HTTP/2" 200 30324 "-" "Mozilla/5.0 AppleWebKit/537.36 (KHTML, like Gecko; compatible; ClaudeBot/1.0; +claudebot@anthropic.com)"
85.208.96.196 - - [17/Jul/2026:05:44:30 -0600] "GET /forney-kids-magic-show-checkers-the-magician-makes-birthday-parties-and-family-events-magical/ HTTP/1.1" 200 37385 "-" "Mozilla/5.0 (compatible; SemrushBot/7~bl; +http://www.semrush.com/bot.html)"
173.252.95.28 - - [17/Jul/2026:05:44:52 -0600] "GET / HTTP/2" 200 0 "-" "facebookexternalhit/1.1 (+http://www.facebook.com/externalhit_uatext.php)"
216.73.216.208 - - [17/Jul/2026:05:47:33 -0600] "GET /checkers-the-magician-the-ultimate-kids-magic-show-in-melissa-texas/ HTTP/2" 200 30844 "-" "Mozilla/5.0 AppleWebKit/537.36 (KHTML, like Gecko; compatible; ClaudeBot/1.0; +claudebot@anthropic.com)"
85.208.96.205 - - [17/Jul/2026:06:00:37 -0600] "GET /tag/kids-organizations/ HTTP/1.1" 200 28773 "-" "Mozilla/5.0 (compatible; SemrushBot/7~bl; +http://www.semrush.com/bot.html)"
198.175.150.9 - - [17/Jul/2026:06:11:51 -0600] "POST /wp-cron.php?doing_wp_cron=1784290311.1705739498138427734375 HTTP/1.1" 200 0 "-" "WordPress/7.0.1; https://dfwmagic.com"
17.241.227.194 - - [17/Jul/2026:06:16:53 -0600] "GET /kids-magic-shows-in-flower-mound/ HTTP/2" 200 36243 "-" "Mozilla/5.0 (Macintosh; Intel Mac OS X 10_15_7) AppleWebKit/605.1.15 (KHTML, like Gecko) Version/17.4 Safari/605.1.15 (Applebot/0.1; +http://www.apple.com/go/applebot)"
216.73.216.208 - - [17/Jul/2026:06:24:43 -0600] "GET /robots.txt HTTP/2" 200 96 "-" "Mozilla/5.0 AppleWebKit/537.36 (KHTML, like Gecko; compatible; ClaudeBot/1.0; +claudebot@anthropic.com)"
216.73.216.208 - - [17/Jul/2026:06:24:44 -0600] "GET /category/blog/page/6/ HTTP/2" 200 27074 "-" "Mozilla/5.0 AppleWebKit/537.36 (KHTML, like Gecko; compatible; ClaudeBot/1.0; +claudebot@anthropic.com)"
216.73.216.208 - - [17/Jul/2026:06:25:55 -0600] "GET /kids-magic-shows-in-lewisville/ HTTP/2" 200 30503 "-" "Mozilla/5.0 AppleWebKit/537.36 (KHTML, like Gecko; compatible; ClaudeBot/1.0; +claudebot@anthropic.com)"
43.161.233.190 - - [17/Jul/2026:06:33:51 -0600] "GET / HTTP/1.1" 200 34500 "http://dfwmagic.com" "Mozilla/5.0 (iPhone; CPU iPhone OS 13_2_3 like Mac OS X) AppleWebKit/605.1.15 (KHTML, like Gecko) Version/13.0.3 Mobile/15E148 Safari/604.1"
216.73.216.208 - - [17/Jul/2026:06:35:24 -0600] "GET /make-your-childs-6th-birthday-unforgettable-with-checkers-the-magician-the-ultimate-kids-magic-show-experience-in-dallas-fort-worth/ HTTP/2" 200 32126 "-" "Mozilla/5.0 AppleWebKit/537.36 (KHTML, like Gecko; compatible; ClaudeBot/1.0; +claudebot@anthropic.com)"
216.73.216.208 - - [17/Jul/2026:06:35:24 -0600] "GET /make-your-childs-party-magical-with-checkers-the-magician-in-richardson-texas/ HTTP/2" 200 31560 "-" "Mozilla/5.0 AppleWebKit/537.36 (KHTML, like Gecko; compatible; ClaudeBot/1.0; +claudebot@anthropic.com)"
216.73.216.208 - - [17/Jul/2026:06:35:27 -0600] "GET /make-your-carrollton-texas-event-magical-with-checkers-the-magician/ HTTP/2" 200 31477 "-" "Mozilla/5.0 AppleWebKit/537.36 (KHTML, like Gecko; compatible; ClaudeBot/1.0; +claudebot@anthropic.com)"
216.73.216.208 - - [17/Jul/2026:06:37:43 -0600] "GET /checkers-the-magician-a-magical-experience-for-kids-and-families-in-mansfield-texas/ HTTP/2" 200 31562 "-" "Mozilla/5.0 AppleWebKit/537.36 (KHTML, like Gecko; compatible; ClaudeBot/1.0; +claudebot@anthropic.com)"
198.175.150.9 - - [17/Jul/2026:06:38:21 -0600] "POST /wp-cron.php?doing_wp_cron=1784291901.6963820457458496093750 HTTP/1.1" 200 0 "-" "WordPress/7.0.1; https://dfwmagic.com"
216.73.216.208 - - [17/Jul/2026:06:38:19 -0600] "GET /forney-kids-magic-show-checkers-the-magician-makes-birthday-parties-and-family-events-magical/ HTTP/2" 200 31546 "-" "Mozilla/5.0 AppleWebKit/537.36 (KHTML, like Gecko; compatible; ClaudeBot/1.0; +claudebot@anthropic.com)"
216.73.216.208 - - [17/Jul/2026:06:38:20 -0600] "GET /make-your-childs-birthday-party-magical-with-checkers-the-magician/ HTTP/2" 200 31264 "-" "Mozilla/5.0 AppleWebKit/537.36 (KHTML, like Gecko; compatible; ClaudeBot/1.0; +claudebot@anthropic.com)"
216.73.216.208 - - [17/Jul/2026:06:44:23 -0600] "GET /?p=1229 HTTP/2" 301 0 "-" "Mozilla/5.0 AppleWebKit/537.36 (KHTML, like Gecko; compatible; ClaudeBot/1.0; +claudebot@anthropic.com)"
216.73.216.208 - - [17/Jul/2026:06:44:24 -0600] "GET /checkers-the-magician-the-perfect-entertainment-for-family-reunions-and-kids-parties-in-dallas-and-fort-worth/ HTTP/2" 200 31766 "https://dfwmagic.com/?p=1229" "Mozilla/5.0 AppleWebKit/537.36 (KHTML, like Gecko; compatible; ClaudeBot/1.0; +claudebot@anthropic.com)"
52.167.144.228 - - [17/Jul/2026:07:02:17 -0600] "GET /wp-sitemap-posts-post-1.xml HTTP/2" 200 2629 "-" "Mozilla/5.0 AppleWebKit/537.36 (KHTML, like Gecko; compatible; bingbot/2.0; +http://www.bing.com/bingbot.htm) Chrome/116.0.1938.76 Safari/537.36"
185.210.43.175 - - [17/Jul/2026:07:19:23 -0600] "GET /kids-magic-shows-in-fort-worth/ HTTP/2" 200 30498 "-" "Mozilla/5.0 (Linux; Android 5.0; SM-G900P Build/LRX21T) AppleWebKit/537.36 (KHTML, like Gecko) Chrome/50.0.2605.1124 Mobile Safari/537.36"
185.210.43.175 - - [17/Jul/2026:07:19:26 -0600] "GET /wp-content/plugins/elementor/assets/css/frontend.min.css?ver=4.1.5 HTTP/2" 200 6613 "https://dfwmagic.com/kids-magic-shows-in-fort-worth/" "Mozilla/5.0 (Linux; Android 5.0; SM-G900P Build/LRX21T) AppleWebKit/537.36 (KHTML, like Gecko) Chrome/50.0.2605.1124 Mobile Safari/537.36"
185.210.43.175 - - [17/Jul/2026:07:19:26 -0600] "GET /wp-content/plugins/elementor/assets/lib/eicons/css/elementor-icons.min.css?ver=5.50.0 HTTP/2" 200 4123 "https://dfwmagic.com/kids-magic-shows-in-fort-worth/" "Mozilla/5.0 (Linux; Android 5.0; SM-G900P Build/LRX21T) AppleWebKit/537.36 (KHTML, like Gecko) Chrome/50.0.2605.1124 Mobile Safari/537.36"
185.210.43.175 - - [17/Jul/2026:07:19:26 -0600] "GET /wp-content/uploads/elementor/css/post-256.css?ver=1784284935 HTTP/2" 200 446 "https://dfwmagic.com/kids-magic-shows-in-fort-worth/" "Mozilla/5.0 (Linux; Android 5.0; SM-G900P Build/LRX21T) AppleWebKit/537.36 (KHTML, like Gecko) Chrome/50.0.2605.1124 Mobile Safari/537.36"
185.210.43.175 - - [17/Jul/2026:07:19:26 -0600] "GET /wp-content/plugins/ultimate-elementor/assets/min-css/uael-frontend.min.css?ver=1.45.1 HTTP/2" 200 76022 "https://dfwmagic.com/kids-magic-shows-in-fort-worth/" "Mozilla/5.0 (Linux; Android 5.0; SM-G900P Build/LRX21T) AppleWebKit/537.36 (KHTML, like Gecko) Chrome/50.0.2605.1124 Mobile Safari/537.36"
185.210.43.175 - - [17/Jul/2026:07:19:26 -0600] "GET /wp-content/plugins/elementor/assets/lib/font-awesome/css/brands.css?ver=5.15.3 HTTP/2" 200 296 "https://dfwmagic.com/kids-magic-shows-in-fort-worth/" "Mozilla/5.0 (Linux; Android 5.0; SM-G900P Build/LRX21T) AppleWebKit/537.36 (KHTML, like Gecko) Chrome/50.0.2605.1124 Mobile Safari/537.36"
185.210.43.175 - - [17/Jul/2026:07:19:26 -0600] "GET /wp-content/plugins/elementor/assets/css/widget-social-icons.min.css?ver=3.24.0 HTTP/2" 200 1039 "https://dfwmagic.com/kids-magic-shows-in-fort-worth/" "Mozilla/5.0 (Linux; Android 5.0; SM-G900P Build/LRX21T) AppleWebKit/537.36 (KHTML, like Gecko) Chrome/50.0.2605.1124 Mobile Safari/537.36"
185.210.43.175 - - [17/Jul/2026:07:19:26 -0600] "GET /wp-content/plugins/elementor/assets/lib/font-awesome/css/solid.css?ver=5.15.3 HTTP/2" 200 296 "https://dfwmagic.com/kids-magic-shows-in-fort-worth/" "Mozilla/5.0 (Linux; Android 5.0; SM-G900P Build/LRX21T) AppleWebKit/537.36 (KHTML, like Gecko) Chrome/50.0.2605.1124 Mobile Safari/537.36"
185.210.43.175 - - [17/Jul/2026:07:19:26 -0600] "GET /wp-content/plugins/elementor/assets/lib/font-awesome/css/fontawesome.css?ver=5.15.3 HTTP/2" 200 12526 "https://dfwmagic.com/kids-magic-shows-in-fort-worth/" "Mozilla/5.0 (Linux; Android 5.0; SM-G900P Build/LRX21T) AppleWebKit/537.36 (KHTML, like Gecko) Chrome/50.0.2605.1124 Mobile Safari/537.36"
185.210.43.175 - - [17/Jul/2026:07:19:26 -0600] "GET /wp-content/uploads/elementor/google-fonts/css/roboto.css?ver=1742235209 HTTP/2" 200 1862 "https://dfwmagic.com/kids-magic-shows-in-fort-worth/" "Mozilla/5.0 (Linux; Android 5.0; SM-G900P Build/LRX21T) AppleWebKit/537.36 (KHTML, like Gecko) Chrome/50.0.2605.1124 Mobile Safari/537.36"
