77.75.76.169 - - [17/Jul/2026:01:05:22 -0600] "GET /robots.txt HTTP/1.1" 200 109 "-" "Mozilla/5.0 (compatible; SeznamBot/4.0; +https://o-seznam.cz/napoveda/vyhledavani/en/seznambot-crawler/)"
216.73.216.45 - - [17/Jul/2026:01:25:54 -0600] "GET /robots.txt HTTP/2" 200 96 "-" "Mozilla/5.0 AppleWebKit/537.36 (KHTML, like Gecko; compatible; ClaudeBot/1.0; +claudebot@anthropic.com)"
216.73.216.45 - - [17/Jul/2026:01:25:56 -0600] "GET /wp-sitemap.xml HTTP/2" 200 197 "-" "Mozilla/5.0 AppleWebKit/537.36 (KHTML, like Gecko; compatible; ClaudeBot/1.0; +claudebot@anthropic.com)"
85.208.96.208 - - [17/Jul/2026:01:28:13 -0600] "GET /checkers-the-magician-the-ultimate-kids-magic-show-experience-in-plano-tx/ HTTP/1.1" 200 36408 "-" "Mozilla/5.0 (compatible; SemrushBot/7~bl; +http://www.semrush.com/bot.html)"
198.175.150.9 - - [17/Jul/2026:01:47:23 -0600] "POST /wp-cron.php?doing_wp_cron=1784274443.2890028953552246093750 HTTP/1.1" 200 0 "-" "WordPress/7.0.1; https://dfwmagic.com"
77.75.76.169 - - [17/Jul/2026:01:54:27 -0600] "GET /magic-shows-near-me-in-coppell-texas/ HTTP/1.1" 200 35309 "-" "Mozilla/5.0 (compatible; SeznamBot/4.0; +https://o-seznam.cz/napoveda/vyhledavani/en/seznambot-crawler/)"
216.73.216.45 - - [17/Jul/2026:01:54:32 -0600] "GET /wp-sitemap.xml HTTP/2" 200 197 "-" "Mozilla/5.0 AppleWebKit/537.36 (KHTML, like Gecko; compatible; ClaudeBot/1.0; +claudebot@anthropic.com)"
216.73.216.45 - - [17/Jul/2026:02:06:46 -0600] "GET /author/johnfite/feed/ HTTP/2" 200 14831 "-" "Mozilla/5.0 AppleWebKit/537.36 (KHTML, like Gecko; compatible; ClaudeBot/1.0; +claudebot@anthropic.com)"
216.73.216.45 - - [17/Jul/2026:02:06:47 -0600] "GET /author/johnfite/ HTTP/2" 200 26160 "-" "Mozilla/5.0 AppleWebKit/537.36 (KHTML, like Gecko; compatible; ClaudeBot/1.0; +claudebot@anthropic.com)"
216.73.216.45 - - [17/Jul/2026:02:07:57 -0600] "GET /kids-magic-shows-in-corinth/ HTTP/2" 200 30472 "-" "Mozilla/5.0 AppleWebKit/537.36 (KHTML, like Gecko; compatible; ClaudeBot/1.0; +claudebot@anthropic.com)"
77.75.78.166 - - [17/Jul/2026:02:08:28 -0600] "GET /coppell-birthday-party-magic-show/ HTTP/1.1" 200 35192 "-" "Mozilla/5.0 (compatible; SeznamBot/4.0; +https://o-seznam.cz/napoveda/vyhledavani/en/seznambot-crawler/)"
216.73.216.45 - - [17/Jul/2026:02:09:17 -0600] "GET /kids-magic-shows-in-wylie/ HTTP/2" 200 30583 "-" "Mozilla/5.0 AppleWebKit/537.36 (KHTML, like Gecko; compatible; ClaudeBot/1.0; +claudebot@anthropic.com)"
216.73.216.45 - - [17/Jul/2026:02:10:10 -0600] "GET /magic-shows-near-me-in-mckinney-texas/ HTTP/2" 200 29964 "-" "Mozilla/5.0 AppleWebKit/537.36 (KHTML, like Gecko; compatible; ClaudeBot/1.0; +claudebot@anthropic.com)"
216.73.216.45 - - [17/Jul/2026:02:10:31 -0600] "GET /magic-shows-near-me-in-little-elm-texas/ HTTP/2" 200 29823 "-" "Mozilla/5.0 AppleWebKit/537.36 (KHTML, like Gecko; compatible; ClaudeBot/1.0; +claudebot@anthropic.com)"
216.73.216.45 - - [17/Jul/2026:02:11:31 -0600] "GET /checkers-the-magician-bringing-laughter-and-magic-to-kids-church-events-in-dallas-fort-worth-and-north-texas/ HTTP/2" 200 31812 "-" "Mozilla/5.0 AppleWebKit/537.36 (KHTML, like Gecko; compatible; ClaudeBot/1.0; +claudebot@anthropic.com)"
198.175.150.9 - - [17/Jul/2026:02:28:18 -0600] "POST /wp-cron.php?doing_wp_cron=1784276898.1070029735565185546875 HTTP/1.1" 200 0 "-" "WordPress/7.0.1; https://dfwmagic.com"
198.175.150.9 - - [17/Jul/2026:02:28:18 -0600] "POST /wp-cron.php?doing_wp_cron=1784276898.1418490409851074218750 HTTP/1.1" 200 0 "-" "WordPress/7.0.1; https://dfwmagic.com"
74.7.227.147 - - [17/Jul/2026:02:28:17 -0600] "GET /wp-sitemap.xml HTTP/2" 200 197 "-" "Mozilla/5.0 AppleWebKit/537.36 (KHTML, like Gecko; compatible; GPTBot/1.4; +https://openai.com/gptbot)"
85.208.96.210 - - [17/Jul/2026:02:29:17 -0600] "GET /robots.txt HTTP/1.1" 200 109 "-" "Mozilla/5.0 (compatible; SemrushBot/7~bl; +http://www.semrush.com/bot.html)"
150.129.92.169 - - [16/Jul/2026:23:34:24 -0600] "GET /category/blog/ HTTP/2" 403 72 "-" "Mozilla/5.0 (Linux; Android 5.0; SM-G900P Build/LRX21T) AppleWebKit/537.36 (KHTML, like Gecko) Chrome/40.0.3763.1875 Mobile Safari/537.36"
51.68.247.205 - - [16/Jul/2026:23:41:04 -0600] "GET /checkers-the-magician-bringing-fun-and-laughter-to-prosper-texas-with-magic-shows-and-balloon-animals/ HTTP/2" 200 31249 "-" "Mozilla/5.0 (compatible; AhrefsBot/7.0; +http://ahrefs.com/robot/)"
5.102.107.211 - - [17/Jul/2026:01:10:23 -0600] "GET /wp-content/uploads/2025/03/Crowley-Birthday-Party-magic-Show.jpg HTTP/2" 200 63303 "https://dfwmagic.com/crowley-birthday-party-magic-show/" "Mozilla/5.0 (Macintosh; Intel Mac OS X 10_15_7) AppleWebKit/537.36 (KHTML, like Gecko) Chrome/131.0.0.0 Safari/537.36"
198.175.150.9 - - [17/Jul/2026:01:25:55 -0600] "POST /wp-cron.php?doing_wp_cron=1784273154.9991331100463867187500 HTTP/1.1" 200 0 "-" "WordPress/7.0.1; https://dfwmagic.com"
198.175.150.9 - - [17/Jul/2026:01:28:12 -0600] "POST /wp-cron.php?doing_wp_cron=1784273292.9027900695800781250000 HTTP/1.1" 200 0 "-" "WordPress/7.0.1; https://dfwmagic.com"
185.223.59.83 - - [17/Jul/2026:01:33:04 -0600] "GET /denton-birthday-party-magic-show/ HTTP/2" 200 31438 "-" "Mozilla/5.0 (Linux; Android 8.0; Pixel 2 Build/OPD3.170816.012) AppleWebKit/537.36 (KHTML, like Gecko) Chrome/49.0.4260.1911 Mobile Safari/537.36"
185.223.59.83 - - [17/Jul/2026:01:33:08 -0600] "GET /wp-content/uploads/2025/03/Denton-Birthday-Party-magic-Show-768x461.jpg HTTP/2" 206 500 "https://dfwmagic.com/denton-birthday-party-magic-show/" "Mozilla/5.0 (Linux; Android 8.0; Pixel 2 Build/OPD3.170816.012) AppleWebKit/537.36 (KHTML, like Gecko) Chrome/49.0.4260.1911 Mobile Safari/537.36"
185.223.59.83 - - [17/Jul/2026:01:33:09 -0600] "GET /wp-content/plugins/astra-addon/addons/nav-menu/assets/css/minified/magamenu-frontend.min.css?ver=4.13.5 HTTP/2" 200 0 "https://dfwmagic.com/denton-birthday-party-magic-show/" "Mozilla/5.0 (Linux; Android 8.0; Pixel 2 Build/OPD3.170816.012) AppleWebKit/537.36 (KHTML, like Gecko) Chrome/49.0.4260.1911 Mobile Safari/537.36"
85.208.96.199 - - [17/Jul/2026:01:47:21 -0600] "GET /bring-magic-and-laughter-to-your-childs-birthday-party-with-checkers-the-magician-in-denton-texas/ HTTP/1.1" 200 37407 "-" "Mozilla/5.0 (compatible; SemrushBot/7~bl; +http://www.semrush.com/bot.html)"
216.73.216.45 - - [17/Jul/2026:02:07:03 -0600] "GET /?p=1256 HTTP/2" 301 0 "-" "Mozilla/5.0 AppleWebKit/537.36 (KHTML, like Gecko; compatible; ClaudeBot/1.0; +claudebot@anthropic.com)"
216.73.216.45 - - [17/Jul/2026:02:07:03 -0600] "GET /category/areas/feed/ HTTP/2" 200 13418 "-" "Mozilla/5.0 AppleWebKit/537.36 (KHTML, like Gecko; compatible; ClaudeBot/1.0; +claudebot@anthropic.com)"
216.73.216.45 - - [17/Jul/2026:02:07:04 -0600] "GET /addison-birthday-party-magic-show/ HTTP/2" 200 30362 "https://dfwmagic.com/?p=1256" "Mozilla/5.0 AppleWebKit/537.36 (KHTML, like Gecko; compatible; ClaudeBot/1.0; +claudebot@anthropic.com)"
37.59.204.137 - - [17/Jul/2026:02:07:18 -0600] "GET /dallas-birthday-party-magic-show/ HTTP/2" 200 30998 "-" "Mozilla/5.0 (compatible; AhrefsBot/7.0; +http://ahrefs.com/robot/)"
216.73.216.45 - - [17/Jul/2026:02:09:37 -0600] "GET /magic-shows-near-me-in-sachse-texas/ HTTP/2" 200 29698 "-" "Mozilla/5.0 AppleWebKit/537.36 (KHTML, like Gecko; compatible; ClaudeBot/1.0; +claudebot@anthropic.com)"
216.73.216.45 - - [17/Jul/2026:02:11:20 -0600] "GET /magic-shows-near-me-in-university-park-texas-a-fun-experience-for-kids-and-families/ HTTP/2" 200 31240 "-" "Mozilla/5.0 AppleWebKit/537.36 (KHTML, like Gecko; compatible; ClaudeBot/1.0; +claudebot@anthropic.com)"
198.175.150.9 - - [17/Jul/2026:02:28:18 -0600] "POST /wp-cron.php?doing_wp_cron=1784276898.1073589324951171875000 HTTP/1.1" 200 0 "-" "WordPress/7.0.1; https://dfwmagic.com"
198.175.150.9 - - [17/Jul/2026:02:28:18 -0600] "POST /wp-cron.php?doing_wp_cron=1784276898.1422340869903564453125 HTTP/1.1" 200 0 "-" "WordPress/7.0.1; https://dfwmagic.com"
198.175.150.9 - - [16/Jul/2026:23:30:18 -0600] "POST /wp-cron.php?doing_wp_cron=1784266218.9702920913696289062500 HTTP/1.1" 200 0 "-" "WordPress/7.0.1; https://dfwmagic.com"
58.68.221.96 - - [16/Jul/2026:23:38:27 -0600] "GET /category/blog/ HTTP/2" 403 72 "-" "Mozilla/5.0 (Linux; Android 5.0; SM-G900P Build/LRX21T) AppleWebKit/537.36 (KHTML, like Gecko) Chrome/46.0.1852.1526 Mobile Safari/537.36"
185.191.171.1 - - [16/Jul/2026:23:54:40 -0600] "GET /robots.txt HTTP/1.1" 200 109 "-" "Mozilla/5.0 (compatible; SemrushBot/7~bl; +http://www.semrush.com/bot.html)"
185.191.171.15 - - [16/Jul/2026:23:54:41 -0600] "GET /make-your-carrollton-texas-event-magical-with-checkers-the-magician/ HTTP/1.1" 200 37356 "-" "Mozilla/5.0 (compatible; SemrushBot/7~bl; +http://www.semrush.com/bot.html)"
34.162.210.203 - - [17/Jul/2026:00:22:50 -0600] "HEAD / HTTP/2" 200 0 "http://www.dfwmagic.com/" "Mozilla/5.0 (Linux; Android 13; Infinix X688B) AppleWebKit/537.36 (KHTML, like Gecko) Chrome/124.0.6367.48 Mobile Safari/537.36"
92.222.104.195 - - [17/Jul/2026:01:03:10 -0600] "GET /checkers-the-magician-the-ultimate-kids-magic-show-in-melissa-texas/ HTTP/2" 200 30842 "-" "Mozilla/5.0 (compatible; AhrefsBot/7.0; +http://ahrefs.com/robot/)"
77.75.76.169 - - [17/Jul/2026:01:05:22 -0600] "GET /forney-birthday-party-magic-show/ HTTP/1.1" 200 36658 "-" "Mozilla/5.0 (compatible; SeznamBot/4.0; +https://o-seznam.cz/napoveda/vyhledavani/en/seznambot-crawler/)"
91.192.240.99 - - [17/Jul/2026:01:10:31 -0600] "GET /wp-content/uploads/2025/03/Crowley-Birthday-Party-magic-Show.jpg HTTP/2" 200 63303 "https://dfwmagic.com/crowley-birthday-party-magic-show/" "Mozilla/5.0 (Macintosh; Intel Mac OS X 10_15_7) AppleWebKit/537.36 (KHTML, like Gecko) Chrome/131.0.0.0 Safari/537.36"
198.175.150.9 - - [17/Jul/2026:01:25:55 -0600] "POST /wp-cron.php?doing_wp_cron=1784273155.0293869972229003906250 HTTP/1.1" 200 0 "-" "WordPress/7.0.1; https://dfwmagic.com"
216.73.216.45 - - [17/Jul/2026:02:07:51 -0600] "GET /category/areas/page/7/ HTTP/2" 200 24596 "-" "Mozilla/5.0 AppleWebKit/537.36 (KHTML, like Gecko; compatible; ClaudeBot/1.0; +claudebot@anthropic.com)"
216.73.216.45 - - [17/Jul/2026:02:08:20 -0600] "GET /kids-magic-shows-in-allen/ HTTP/2" 200 30585 "-" "Mozilla/5.0 AppleWebKit/537.36 (KHTML, like Gecko; compatible; ClaudeBot/1.0; +claudebot@anthropic.com)"
216.73.216.45 - - [17/Jul/2026:02:11:00 -0600] "GET /magic-shows-near-me-in-southlake-texas/ HTTP/2" 200 29655 "-" "Mozilla/5.0 AppleWebKit/537.36 (KHTML, like Gecko; compatible; ClaudeBot/1.0; +claudebot@anthropic.com)"
94.23.188.222 - - [17/Jul/2026:02:14:42 -0600] "GET /author/johnfite/ HTTP/2" 200 26160 "-" "Mozilla/5.0 (compatible; AhrefsBot/7.0; +http://ahrefs.com/robot/)"
198.175.150.9 - - [17/Jul/2026:02:28:18 -0600] "POST /wp-cron.php?doing_wp_cron=1784276898.1800339221954345703125 HTTP/1.1" 200 0 "-" "WordPress/7.0.1; https://dfwmagic.com"
74.7.241.145 - - [17/Jul/2026:02:28:17 -0600] "GET /robots.txt HTTP/2" 200 96 "-" "Mozilla/5.0 (Macintosh; Intel Mac OS X 10_15_7) AppleWebKit/537.36 (KHTML, like Gecko) Chrome/131.0.0.0 Safari/537.36; compatible; OAI-SearchBot/1.4; robots.txt; +https://openai.com/searchbot"
85.208.96.203 - - [17/Jul/2026:02:29:18 -0600] "GET /checkers-the-magician-bringing-walk-around-magic-and-balloon-animals-for-your-dallas-fort-worth-event/ HTTP/1.1" 200 37551 "-" "Mozilla/5.0 (compatible; SemrushBot/7~bl; +http://www.semrush.com/bot.html)"
45.156.128.157 - - [17/Jul/2026:02:33:14 -0600] "GET / HTTP/1.1" 200 34498 "http://dfwmagic.com/" "Mozilla/5.0 AppleWebKit/537.36 (KHTML, like Gecko) Chrome/123.0.6312.86 Safari/537.36"
37.59.204.143 - - [17/Jul/2026:02:34:16 -0600] "GET /kids-magic-shows-in-sachse/ HTTP/2" 200 30653 "-" "Mozilla/5.0 (compatible; AhrefsBot/7.0; +http://ahrefs.com/robot/)"
85.208.96.198 - - [16/Jul/2026:23:30:17 -0600] "GET /checkers-the-magician-magic-shows-for-daycare-schools-libraries-and-more-in-dallas-fort-worth-and-north-texas/ HTTP/1.1" 200 37683 "-" "Mozilla/5.0 (compatible; SemrushBot/7~bl; +http://www.semrush.com/bot.html)"
198.175.150.9 - - [16/Jul/2026:23:41:06 -0600] "POST /wp-cron.php?doing_wp_cron=1784266866.0887980461120605468750 HTTP/1.1" 200 0 "-" "WordPress/7.0.1; https://dfwmagic.com"
216.73.216.45 - - [16/Jul/2026:23:46:10 -0600] "GET /robots.txt HTTP/2" 200 96 "-" "Mozilla/5.0 AppleWebKit/537.36 (KHTML, like Gecko; compatible; ClaudeBot/1.0; +claudebot@anthropic.com)"
216.73.216.45 - - [16/Jul/2026:23:46:11 -0600] "GET /wp-sitemap.xml HTTP/2" 200 197 "-" "Mozilla/5.0 AppleWebKit/537.36 (KHTML, like Gecko; compatible; ClaudeBot/1.0; +claudebot@anthropic.com)"
92.222.104.221 - - [17/Jul/2026:01:10:18 -0600] "GET /magic-shows-near-me-in-university-park-texas-a-fun-experience-for-kids-and-families/ HTTP/2" 200 31240 "-" "Mozilla/5.0 (compatible; AhrefsBot/7.0; +http://ahrefs.com/robot/)"
185.191.171.1 - - [17/Jul/2026:01:28:11 -0600] "GET /robots.txt HTTP/1.1" 200 109 "-" "Mozilla/5.0 (compatible; SemrushBot/7~bl; +http://www.semrush.com/bot.html)"
58.68.221.216 - - [17/Jul/2026:01:29:28 -0600] "GET /denton-birthday-party-magic-show/ HTTP/2" 403 72 "-" "Mozilla/5.0 (Macintosh; Intel Mac OS X 10_14_0) AppleWebKit/537.36 (KHTML, like Gecko) Chrome/59.0.2629.1723 Safari/537.36"
43.165.170.119 - - [17/Jul/2026:01:52:13 -0600] "GET / HTTP/1.1" 200 34497 "http://dfwmagic.com" "Mozilla/5.0 (iPhone; CPU iPhone OS 13_2_3 like Mac OS X) AppleWebKit/605.1.15 (KHTML, like Gecko) Version/13.0.3 Mobile/15E148 Safari/604.1"
216.73.216.45 - - [17/Jul/2026:02:07:09 -0600] "GET /category/areas/page/2/ HTTP/2" 200 26665 "-" "Mozilla/5.0 AppleWebKit/537.36 (KHTML, like Gecko; compatible; ClaudeBot/1.0; +claudebot@anthropic.com)"
216.73.216.45 - - [17/Jul/2026:02:07:10 -0600] "GET /author/johnfite/page/16/ HTTP/2" 200 27340 "-" "Mozilla/5.0 AppleWebKit/537.36 (KHTML, like Gecko; compatible; ClaudeBot/1.0; +claudebot@anthropic.com)"
216.73.216.45 - - [17/Jul/2026:02:07:50 -0600] "GET /kids-magic-shows-in-murphy/ HTTP/2" 200 30421 "-" "Mozilla/5.0 AppleWebKit/537.36 (KHTML, like Gecko; compatible; ClaudeBot/1.0; +claudebot@anthropic.com)"
216.73.216.45 - - [17/Jul/2026:02:09:01 -0600] "GET /kids-magic-shows-in-roanoke/ HTTP/2" 200 30536 "-" "Mozilla/5.0 AppleWebKit/537.36 (KHTML, like Gecko; compatible; ClaudeBot/1.0; +claudebot@anthropic.com)"
216.73.216.45 - - [17/Jul/2026:02:13:38 -0600] "GET /category/blog/ HTTP/2" 200 25984 "-" "Mozilla/5.0 AppleWebKit/537.36 (KHTML, like Gecko; compatible; ClaudeBot/1.0; +claudebot@anthropic.com)"
45.156.128.156 - - [17/Jul/2026:02:31:04 -0600] "GET / HTTP/1.1" 200 34498 "http://dfwmagic.com/" "Mozilla/5.0 AppleWebKit/537.36 (KHTML, like Gecko) Chrome/123.0.6312.86 Safari/537.36"
45.156.128.159 - - [17/Jul/2026:02:31:55 -0600] "GET / HTTP/1.1" 200 34498 "http://dfwmagic.com/" "Mozilla/5.0 AppleWebKit/537.36 (KHTML, like Gecko) Chrome/123.0.6312.86 Safari/537.36"
216.73.216.45 - - [17/Jul/2026:03:02:04 -0600] "GET /category/areas/page/6/ HTTP/2" 200 26161 "-" "Mozilla/5.0 AppleWebKit/537.36 (KHTML, like Gecko; compatible; ClaudeBot/1.0; +claudebot@anthropic.com)"
216.73.216.45 - - [17/Jul/2026:03:03:39 -0600] "GET /checkers-offers-dallas-kids-magic-entertaining-and-enchanting-shows-with-dallas-magician-checkers/ HTTP/2" 200 20267 "-" "Mozilla/5.0 AppleWebKit/537.36 (KHTML, like Gecko; compatible; ClaudeBot/1.0; +claudebot@anthropic.com)"
216.73.216.45 - - [17/Jul/2026:03:03:39 -0600] "GET /category/areas/page/3/ HTTP/2" 200 26424 "-" "Mozilla/5.0 AppleWebKit/537.36 (KHTML, like Gecko; compatible; ClaudeBot/1.0; +claudebot@anthropic.com)"
216.73.216.45 - - [17/Jul/2026:03:04:38 -0600] "GET /dallas-kids-magician-bringing-joy-and-wonder-to-childrens-parties/ HTTP/2" 200 29939 "-" "Mozilla/5.0 AppleWebKit/537.36 (KHTML, like Gecko; compatible; ClaudeBot/1.0; +claudebot@anthropic.com)"
216.73.216.45 - - [17/Jul/2026:03:04:38 -0600] "GET /checkers-the-magician-the-best-kids-magic-show-in-dallas/ HTTP/2" 200 30158 "-" "Mozilla/5.0 AppleWebKit/537.36 (KHTML, like Gecko; compatible; ClaudeBot/1.0; +claudebot@anthropic.com)"
216.73.216.45 - - [17/Jul/2026:03:04:40 -0600] "GET /kids-magic-shows-in-aledo/ HTTP/2" 200 30577 "-" "Mozilla/5.0 AppleWebKit/537.36 (KHTML, like Gecko; compatible; ClaudeBot/1.0; +claudebot@anthropic.com)"
216.73.216.45 - - [17/Jul/2026:03:05:53 -0600] "GET /?p=1249 HTTP/2" 301 0 "-" "Mozilla/5.0 AppleWebKit/537.36 (KHTML, like Gecko; compatible; ClaudeBot/1.0; +claudebot@anthropic.com)"
216.73.216.45 - - [17/Jul/2026:03:05:53 -0600] "GET /prices-availability/ HTTP/2" 200 59734 "-" "Mozilla/5.0 AppleWebKit/537.36 (KHTML, like Gecko; compatible; ClaudeBot/1.0; +claudebot@anthropic.com)"
216.73.216.45 - - [17/Jul/2026:03:05:54 -0600] "GET /checkers-the-magician-bringing-laughter-and-magic-to-kids-church-events-in-dallas-fort-worth-and-north-texas/ HTTP/2" 200 31812 "https://dfwmagic.com/?p=1249" "Mozilla/5.0 AppleWebKit/537.36 (KHTML, like Gecko; compatible; ClaudeBot/1.0; +claudebot@anthropic.com)"
216.73.216.45 - - [17/Jul/2026:03:07:53 -0600] "GET /kids-magic-shows-in-midlothian/ HTTP/2" 200 30482 "-" "Mozilla/5.0 AppleWebKit/537.36 (KHTML, like Gecko; compatible; ClaudeBot/1.0; +claudebot@anthropic.com)"
216.73.216.45 - - [17/Jul/2026:03:08:02 -0600] "GET /arlington-birthday-party-magic-show/ HTTP/2" 200 29838 "-" "Mozilla/5.0 AppleWebKit/537.36 (KHTML, like Gecko; compatible; ClaudeBot/1.0; +claudebot@anthropic.com)"
216.73.216.45 - - [17/Jul/2026:03:09:29 -0600] "GET /kids-magic-shows-in-waxahachie/ HTTP/2" 200 30541 "-" "Mozilla/5.0 AppleWebKit/537.36 (KHTML, like Gecko; compatible; ClaudeBot/1.0; +claudebot@anthropic.com)"
198.175.150.9 - - [17/Jul/2026:03:28:36 -0600] "POST /wp-cron.php?doing_wp_cron=1784280516.5301899909973144531250 HTTP/1.1" 200 0 "-" "WordPress/7.0.1; https://dfwmagic.com"
198.175.150.9 - - [17/Jul/2026:03:28:36 -0600] "POST /wp-cron.php?doing_wp_cron=1784280516.5763390064239501953125 HTTP/1.1" 200 0 "-" "WordPress/7.0.1; https://dfwmagic.com"
216.73.216.45 - - [17/Jul/2026:03:29:38 -0600] "GET /wp-sitemap.xml HTTP/2" 200 197 "-" "Mozilla/5.0 AppleWebKit/537.36 (KHTML, like Gecko; compatible; ClaudeBot/1.0; +claudebot@anthropic.com)"
216.73.216.45 - - [17/Jul/2026:03:02:39 -0600] "GET /checkers-the-magician-entertaining-dallas-kids-for-years/ HTTP/2" 200 30914 "-" "Mozilla/5.0 AppleWebKit/537.36 (KHTML, like Gecko; compatible; ClaudeBot/1.0; +claudebot@anthropic.com)"
216.73.216.45 - - [17/Jul/2026:03:03:51 -0600] "GET /?p=1615 HTTP/2" 301 0 "-" "Mozilla/5.0 AppleWebKit/537.36 (KHTML, like Gecko; compatible; ClaudeBot/1.0; +claudebot@anthropic.com)"
216.73.216.45 - - [17/Jul/2026:03:03:52 -0600] "GET /magic-shows-near-me-in-mckinney-texas/ HTTP/2" 200 29964 "https://dfwmagic.com/?p=1615" "Mozilla/5.0 AppleWebKit/537.36 (KHTML, like Gecko; compatible; ClaudeBot/1.0; +claudebot@anthropic.com)"
216.73.216.45 - - [17/Jul/2026:03:06:39 -0600] "GET /category/blog/page/10/ HTTP/2" 200 26211 "-" "Mozilla/5.0 AppleWebKit/537.36 (KHTML, like Gecko; compatible; ClaudeBot/1.0; +claudebot@anthropic.com)"
216.73.216.45 - - [17/Jul/2026:03:06:39 -0600] "GET /category/blog/page/2/ HTTP/2" 200 26050 "-" "Mozilla/5.0 AppleWebKit/537.36 (KHTML, like Gecko; compatible; ClaudeBot/1.0; +claudebot@anthropic.com)"
216.73.216.45 - - [17/Jul/2026:03:07:06 -0600] "GET /halloween-party-wacky-wizard-comedy-magic-experience/ HTTP/2" 200 28249 "-" "Mozilla/5.0 AppleWebKit/537.36 (KHTML, like Gecko; compatible; ClaudeBot/1.0; +claudebot@anthropic.com)"
216.73.216.45 - - [17/Jul/2026:03:07:58 -0600] "GET /kids-magic-shows-in-richardson/ HTTP/2" 200 30435 "-" "Mozilla/5.0 AppleWebKit/537.36 (KHTML, like Gecko; compatible; ClaudeBot/1.0; +claudebot@anthropic.com)"
216.73.216.45 - - [17/Jul/2026:03:11:06 -0600] "GET /kids-magic-shows-in-dallas/ HTTP/2" 200 30870 "-" "Mozilla/5.0 AppleWebKit/537.36 (KHTML, like Gecko; compatible; ClaudeBot/1.0; +claudebot@anthropic.com)"
198.175.150.9 - - [17/Jul/2026:03:01:16 -0600] "POST /wp-cron.php?doing_wp_cron=1784278876.7053179740905761718750 HTTP/1.1" 200 0 "-" "WordPress/7.0.1; https://dfwmagic.com"
216.73.216.45 - - [17/Jul/2026:03:04:14 -0600] "GET /?p=1932 HTTP/2" 301 0 "-" "Mozilla/5.0 AppleWebKit/537.36 (KHTML, like Gecko; compatible; ClaudeBot/1.0; +claudebot@anthropic.com)"
216.73.216.45 - - [17/Jul/2026:03:04:15 -0600] "GET /kids-magic-shows-in-corinth/ HTTP/2" 200 30472 "https://dfwmagic.com/?p=1932" "Mozilla/5.0 AppleWebKit/537.36 (KHTML, like Gecko; compatible; ClaudeBot/1.0; +claudebot@anthropic.com)"
216.73.216.45 - - [17/Jul/2026:03:05:01 -0600] "GET /author/johnfite/page/15/ HTTP/2" 200 0 "-" "Mozilla/5.0 AppleWebKit/537.36 (KHTML, like Gecko; compatible; ClaudeBot/1.0; +claudebot@anthropic.com)"
216.73.216.45 - - [17/Jul/2026:03:06:00 -0600] "GET /author/johnfite/page/3/ HTTP/2" 200 26445 "-" "Mozilla/5.0 AppleWebKit/537.36 (KHTML, like Gecko; compatible; ClaudeBot/1.0; +claudebot@anthropic.com)"
216.73.216.45 - - [17/Jul/2026:03:06:01 -0600] "GET /category/blog/feed/ HTTP/2" 200 14794 "-" "Mozilla/5.0 AppleWebKit/537.36 (KHTML, like Gecko; compatible; ClaudeBot/1.0; +claudebot@anthropic.com)"
216.73.216.45 - - [17/Jul/2026:03:07:14 -0600] "GET /kids-magic-shows-in-heath/ HTTP/2" 200 30604 "-" "Mozilla/5.0 AppleWebKit/537.36 (KHTML, like Gecko; compatible; ClaudeBot/1.0; +claudebot@anthropic.com)"
216.73.216.45 - - [17/Jul/2026:03:08:42 -0600] "GET /kids-magic-shows-in-melissa/ HTTP/2" 200 30461 "-" "Mozilla/5.0 AppleWebKit/537.36 (KHTML, like Gecko; compatible; ClaudeBot/1.0; +claudebot@anthropic.com)"
216.73.216.45 - - [17/Jul/2026:03:09:04 -0600] "GET /magic-shows-near-me-in-rockwall-texas/ HTTP/2" 200 29906 "-" "Mozilla/5.0 AppleWebKit/537.36 (KHTML, like Gecko; compatible; ClaudeBot/1.0; +claudebot@anthropic.com)"
216.73.216.45 - - [17/Jul/2026:03:09:56 -0600] "GET /make-your-indian-birthday-party-magical-with-checkers-the-magician-in-dallas-fort-worth/ HTTP/2" 200 31697 "-" "Mozilla/5.0 AppleWebKit/537.36 (KHTML, like Gecko; compatible; ClaudeBot/1.0; +claudebot@anthropic.com)"
77.75.76.164 - - [17/Jul/2026:03:28:35 -0600] "GET /carrollton-birthday-party-magic-show/ HTTP/1.1" 200 35360 "-" "Mozilla/5.0 (compatible; SeznamBot/4.0; +https://o-seznam.cz/napoveda/vyhledavani/en/seznambot-crawler/)"
216.73.216.45 - - [17/Jul/2026:03:01:15 -0600] "GET /robots.txt HTTP/2" 200 96 "-" "Mozilla/5.0 AppleWebKit/537.36 (KHTML, like Gecko; compatible; ClaudeBot/1.0; +claudebot@anthropic.com)"
216.73.216.45 - - [17/Jul/2026:03:01:16 -0600] "GET /checkers-the-magician-the-best-kids-magic-show-in-fort-worth/ HTTP/2" 200 30337 "-" "Mozilla/5.0 AppleWebKit/537.36 (KHTML, like Gecko; compatible; ClaudeBot/1.0; +claudebot@anthropic.com)"
216.73.216.45 - - [17/Jul/2026:03:01:41 -0600] "GET /category/landing/ HTTP/2" 200 23775 "-" "Mozilla/5.0 AppleWebKit/537.36 (KHTML, like Gecko; compatible; ClaudeBot/1.0; +claudebot@anthropic.com)"
216.73.216.45 - - [17/Jul/2026:03:04:17 -0600] "GET /?p=1609 HTTP/2" 301 0 "-" "Mozilla/5.0 AppleWebKit/537.36 (KHTML, like Gecko; compatible; ClaudeBot/1.0; +claudebot@anthropic.com)"
216.73.216.45 - - [17/Jul/2026:03:04:18 -0600] "GET /magic-shows-near-me-in-little-elm-texas/ HTTP/2" 200 29823 "https://dfwmagic.com/?p=1609" "Mozilla/5.0 AppleWebKit/537.36 (KHTML, like Gecko; compatible; ClaudeBot/1.0; +claudebot@anthropic.com)"
216.73.216.45 - - [17/Jul/2026:03:06:42 -0600] "GET /kids-magic-shows-in-hurst/ HTTP/2" 200 30514 "-" "Mozilla/5.0 AppleWebKit/537.36 (KHTML, like Gecko; compatible; ClaudeBot/1.0; +claudebot@anthropic.com)"
216.73.216.45 - - [17/Jul/2026:03:06:42 -0600] "GET /kids-magic-shows-in-euless/ HTTP/2" 200 30594 "-" "Mozilla/5.0 AppleWebKit/537.36 (KHTML, like Gecko; compatible; ClaudeBot/1.0; +claudebot@anthropic.com)"
216.73.216.45 - - [17/Jul/2026:03:08:46 -0600] "GET /kids-magic-shows-in-the-colony/ HTTP/2" 200 30477 "-" "Mozilla/5.0 AppleWebKit/537.36 (KHTML, like Gecko; compatible; ClaudeBot/1.0; +claudebot@anthropic.com)"
216.73.216.45 - - [17/Jul/2026:03:09:30 -0600] "GET /kids-magic-shows-in-university-park/ HTTP/2" 200 30469 "-" "Mozilla/5.0 AppleWebKit/537.36 (KHTML, like Gecko; compatible; ClaudeBot/1.0; +claudebot@anthropic.com)"
198.175.150.9 - - [17/Jul/2026:03:28:37 -0600] "POST /wp-cron.php?doing_wp_cron=1784280517.7754859924316406250000 HTTP/1.1" 200 0 "-" "WordPress/7.0.1; https://dfwmagic.com"
185.191.171.17 - - [17/Jul/2026:03:42:55 -0600] "GET /robots.txt HTTP/1.1" 200 109 "-" "Mozilla/5.0 (compatible; SemrushBot/7~bl; +http://www.semrush.com/bot.html)"
198.175.150.9 - - [17/Jul/2026:03:42:56 -0600] "POST /wp-cron.php?doing_wp_cron=1784281376.2109100818634033203125 HTTP/1.1" 200 0 "-" "WordPress/7.0.1; https://dfwmagic.com"
185.191.171.19 - - [17/Jul/2026:03:42:56 -0600] "GET /checkers-the-magician-the-best-kids-magic-show-in-fort-worth/ HTTP/1.1" 200 36175 "-" "Mozilla/5.0 (compatible; SemrushBot/7~bl; +http://www.semrush.com/bot.html)"
216.73.216.208 - - [17/Jul/2026:03:52:37 -0600] "GET /?p=1062 HTTP/2" 301 0 "-" "Mozilla/5.0 AppleWebKit/537.36 (KHTML, like Gecko; compatible; ClaudeBot/1.0; +claudebot@anthropic.com)"
216.73.216.208 - - [17/Jul/2026:03:52:37 -0600] "GET /crowley-birthday-party-magic-show/ HTTP/2" 200 29969 "-" "Mozilla/5.0 AppleWebKit/537.36 (KHTML, like Gecko; compatible; ClaudeBot/1.0; +claudebot@anthropic.com)"
216.73.216.208 - - [17/Jul/2026:03:52:38 -0600] "GET /checkers-the-magician-the-best-kids-magic-show-in-fort-worth/ HTTP/2" 200 30337 "https://dfwmagic.com/?p=1062" "Mozilla/5.0 AppleWebKit/537.36 (KHTML, like Gecko; compatible; ClaudeBot/1.0; +claudebot@anthropic.com)"
216.73.216.208 - - [17/Jul/2026:03:54:45 -0600] "GET /farmers-branch-birthday-party-magic-show/ HTTP/2" 200 30804 "-" "Mozilla/5.0 AppleWebKit/537.36 (KHTML, like Gecko; compatible; ClaudeBot/1.0; +claudebot@anthropic.com)"
216.73.216.208 - - [17/Jul/2026:03:54:45 -0600] "GET /bedford-birthday-party-magic-show/ HTTP/2" 200 29317 "-" "Mozilla/5.0 AppleWebKit/537.36 (KHTML, like Gecko; compatible; ClaudeBot/1.0; +claudebot@anthropic.com)"
216.73.216.208 - - [17/Jul/2026:03:54:49 -0600] "GET / HTTP/2" 200 29047 "http://www.dfwmagic.com/" "Mozilla/5.0 AppleWebKit/537.36 (KHTML, like Gecko; compatible; ClaudeBot/1.0; +claudebot@anthropic.com)"
216.73.216.208 - - [17/Jul/2026:03:56:24 -0600] "GET /coppell-birthday-party-magic-show/ HTTP/2" 200 29519 "-" "Mozilla/5.0 AppleWebKit/537.36 (KHTML, like Gecko; compatible; ClaudeBot/1.0; +claudebot@anthropic.com)"
216.73.216.208 - - [17/Jul/2026:03:56:25 -0600] "GET /category/areas/page/5/ HTTP/2" 200 26447 "-" "Mozilla/5.0 AppleWebKit/537.36 (KHTML, like Gecko; compatible; ClaudeBot/1.0; +claudebot@anthropic.com)"
216.73.216.208 - - [17/Jul/2026:03:57:21 -0600] "GET /?p=1882 HTTP/2" 301 0 "-" "Mozilla/5.0 AppleWebKit/537.36 (KHTML, like Gecko; compatible; ClaudeBot/1.0; +claudebot@anthropic.com)"
216.73.216.208 - - [17/Jul/2026:03:57:21 -0600] "GET /?p=1872 HTTP/2" 301 0 "-" "Mozilla/5.0 AppleWebKit/537.36 (KHTML, like Gecko; compatible; ClaudeBot/1.0; +claudebot@anthropic.com)"
216.73.216.208 - - [17/Jul/2026:03:57:22 -0600] "GET /kids-magic-shows-in-hurst/ HTTP/2" 200 30514 "https://dfwmagic.com/?p=1882" "Mozilla/5.0 AppleWebKit/537.36 (KHTML, like Gecko; compatible; ClaudeBot/1.0; +claudebot@anthropic.com)"
216.73.216.208 - - [17/Jul/2026:03:57:22 -0600] "GET /kids-magic-shows-in-euless/ HTTP/2" 200 30594 "https://dfwmagic.com/?p=1872" "Mozilla/5.0 AppleWebKit/537.36 (KHTML, like Gecko; compatible; ClaudeBot/1.0; +claudebot@anthropic.com)"
216.73.216.208 - - [17/Jul/2026:03:59:02 -0600] "GET /sachse-birthday-party-magic-show/ HTTP/2" 200 30191 "-" "Mozilla/5.0 AppleWebKit/537.36 (KHTML, like Gecko; compatible; ClaudeBot/1.0; +claudebot@anthropic.com)"
216.73.216.208 - - [17/Jul/2026:03:59:50 -0600] "GET /kids-magic-shows-in-mckinney/ HTTP/2" 200 30484 "-" "Mozilla/5.0 AppleWebKit/537.36 (KHTML, like Gecko; compatible; ClaudeBot/1.0; +claudebot@anthropic.com)"
216.73.216.208 - - [17/Jul/2026:04:00:11 -0600] "GET /kids-magic-shows-in-carrollton/ HTTP/2" 200 30525 "-" "Mozilla/5.0 AppleWebKit/537.36 (KHTML, like Gecko; compatible; ClaudeBot/1.0; +claudebot@anthropic.com)"
3.232.69.254 - - [17/Jul/2026:03:57:44 -0600] "GET /robots.txt HTTP/1.1" 200 109 "-" "Mozilla/5.0 (Macintosh; Intel Mac OS X 10_10_1) AppleWebKit/600.2.5 (KHTML, like Gecko) Version/8.0.2 Safari/600.2.5 (Gort)"
216.73.216.208 - - [17/Jul/2026:03:58:02 -0600] "GET /kids-magic-shows-in-forney/ HTTP/2" 200 30634 "-" "Mozilla/5.0 AppleWebKit/537.36 (KHTML, like Gecko; compatible; ClaudeBot/1.0; +claudebot@anthropic.com)"
216.73.216.208 - - [17/Jul/2026:03:58:03 -0600] "GET /kids-magic-shows-in-grapevine/ HTTP/2" 200 30645 "-" "Mozilla/5.0 AppleWebKit/537.36 (KHTML, like Gecko; compatible; ClaudeBot/1.0; +claudebot@anthropic.com)"
216.73.216.208 - - [17/Jul/2026:03:58:36 -0600] "GET /kids-magic-shows-in-irving/ HTTP/2" 200 30629 "-" "Mozilla/5.0 AppleWebKit/537.36 (KHTML, like Gecko; compatible; ClaudeBot/1.0; +claudebot@anthropic.com)"
216.73.216.208 - - [17/Jul/2026:03:59:03 -0600] "GET /richardson-birthday-party-magic-show/ HTTP/2" 200 29443 "-" "Mozilla/5.0 AppleWebKit/537.36 (KHTML, like Gecko; compatible; ClaudeBot/1.0; +claudebot@anthropic.com)"
216.73.216.208 - - [17/Jul/2026:04:00:17 -0600] "GET /kids-magic-shows-in-colleyville/ HTTP/2" 200 30597 "-" "Mozilla/5.0 AppleWebKit/537.36 (KHTML, like Gecko; compatible; ClaudeBot/1.0; +claudebot@anthropic.com)"
216.73.216.208 - - [17/Jul/2026:03:58:16 -0600] "GET /rockwall-birthday-party-magic-show/ HTTP/2" 200 30283 "-" "Mozilla/5.0 AppleWebKit/537.36 (KHTML, like Gecko; compatible; ClaudeBot/1.0; +claudebot@anthropic.com)"
216.73.216.208 - - [17/Jul/2026:03:58:16 -0600] "GET /kids-magic-shows-in-plano/ HTTP/2" 200 30633 "-" "Mozilla/5.0 AppleWebKit/537.36 (KHTML, like Gecko; compatible; ClaudeBot/1.0; +claudebot@anthropic.com)"
216.73.216.208 - - [17/Jul/2026:03:59:51 -0600] "GET /wylie-birthday-party-magic-show/ HTTP/2" 200 31201 "-" "Mozilla/5.0 AppleWebKit/537.36 (KHTML, like Gecko; compatible; ClaudeBot/1.0; +claudebot@anthropic.com)"
92.222.104.200 - - [17/Jul/2026:03:44:30 -0600] "GET /kids-magic-shows-in-irving/ HTTP/2" 200 30629 "-" "Mozilla/5.0 (compatible; AhrefsBot/7.0; +http://ahrefs.com/robot/)"
216.73.216.208 - - [17/Jul/2026:03:53:54 -0600] "GET /denton-birthday-party-magic-show/ HTTP/2" 200 31421 "-" "Mozilla/5.0 AppleWebKit/537.36 (KHTML, like Gecko; compatible; ClaudeBot/1.0; +claudebot@anthropic.com)"
216.73.216.208 - - [17/Jul/2026:03:54:08 -0600] "GET /corinth-birthday-party-magic-show/ HTTP/2" 200 29795 "-" "Mozilla/5.0 AppleWebKit/537.36 (KHTML, like Gecko; compatible; ClaudeBot/1.0; +claudebot@anthropic.com)"
216.73.216.208 - - [17/Jul/2026:03:55:36 -0600] "GET /checkers-the-magician-the-ultimate-kids-magic-show-in-irving-tx/ HTTP/2" 200 30077 "-" "Mozilla/5.0 AppleWebKit/537.36 (KHTML, like Gecko; compatible; ClaudeBot/1.0; +claudebot@anthropic.com)"
216.73.216.208 - - [17/Jul/2026:03:55:37 -0600] "GET /category/landing/feed/ HTTP/2" 200 2185 "-" "Mozilla/5.0 AppleWebKit/537.36 (KHTML, like Gecko; compatible; ClaudeBot/1.0; +claudebot@anthropic.com)"
216.73.216.208 - - [17/Jul/2026:03:56:44 -0600] "GET /carrollton-birthday-party-magic-show/ HTTP/2" 200 29569 "-" "Mozilla/5.0 AppleWebKit/537.36 (KHTML, like Gecko; compatible; ClaudeBot/1.0; +claudebot@anthropic.com)"
216.73.216.208 - - [17/Jul/2026:03:57:39 -0600] "GET /category/areas/page/4/ HTTP/2" 200 26383 "-" "Mozilla/5.0 AppleWebKit/537.36 (KHTML, like Gecko; compatible; ClaudeBot/1.0; +claudebot@anthropic.com)"
216.73.216.208 - - [17/Jul/2026:03:57:39 -0600] "GET /author/johnfite/page/4/ HTTP/2" 200 26527 "-" "Mozilla/5.0 AppleWebKit/537.36 (KHTML, like Gecko; compatible; ClaudeBot/1.0; +claudebot@anthropic.com)"
216.73.216.208 - - [17/Jul/2026:03:58:42 -0600] "GET /kids-magic-shows-in-crowley/ HTTP/2" 200 30593 "-" "Mozilla/5.0 AppleWebKit/537.36 (KHTML, like Gecko; compatible; ClaudeBot/1.0; +claudebot@anthropic.com)"
216.73.216.208 - - [17/Jul/2026:03:59:27 -0600] "GET /kids-magic-shows-in-arlington/ HTTP/2" 200 30581 "-" "Mozilla/5.0 AppleWebKit/537.36 (KHTML, like Gecko; compatible; ClaudeBot/1.0; +claudebot@anthropic.com)"
216.73.216.208 - - [17/Jul/2026:04:00:39 -0600] "GET /southlake-birthday-party-magic-show/ HTTP/2" 200 31006 "-" "Mozilla/5.0 AppleWebKit/537.36 (KHTML, like Gecko; compatible; ClaudeBot/1.0; +claudebot@anthropic.com)"
216.73.216.208 - - [17/Jul/2026:04:00:44 -0600] "GET /kids-magic-shows-in-highland-village/ HTTP/2" 200 30643 "-" "Mozilla/5.0 AppleWebKit/537.36 (KHTML, like Gecko; compatible; ClaudeBot/1.0; +claudebot@anthropic.com)"
17.241.219.144 - - [17/Jul/2026:04:14:47 -0600] "GET /robots.txt HTTP/2" 200 109 "-" "Mozilla/5.0 (Macintosh; Intel Mac OS X 10_15_7) AppleWebKit/605.1.15 (KHTML, like Gecko) Version/17.4 Safari/605.1.15 (Applebot/0.1; +http://www.apple.com/go/applebot)"
17.241.219.144 - - [17/Jul/2026:04:14:48 -0600] "GET /magic-shows-near-me-in-little-elm-texas/ HTTP/2" 200 35558 "-" "Mozilla/5.0 (Macintosh; Intel Mac OS X 10_15_7) AppleWebKit/605.1.15 (KHTML, like Gecko) Version/17.4 Safari/605.1.15 (Applebot/0.1; +http://www.apple.com/go/applebot)"
216.73.216.208 - - [17/Jul/2026:04:06:51 -0600] "GET /checkers-the-magician-the-perfect-entertainment-for-hoa-events-and-kids-parties-in-the-dfw-metroplex-area/ HTTP/2" 200 31770 "-" "Mozilla/5.0 AppleWebKit/537.36 (KHTML, like Gecko; compatible; ClaudeBot/1.0; +claudebot@anthropic.com)"
216.73.216.208 - - [17/Jul/2026:04:06:51 -0600] "GET /category/blog/page/9/ HTTP/2" 200 26395 "-" "Mozilla/5.0 AppleWebKit/537.36 (KHTML, like Gecko; compatible; ClaudeBot/1.0; +claudebot@anthropic.com)"
216.73.216.208 - - [17/Jul/2026:04:02:15 -0600] "GET /category/blog/page/3/ HTTP/2" 200 26238 "-" "Mozilla/5.0 AppleWebKit/537.36 (KHTML, like Gecko; compatible; ClaudeBot/1.0; +claudebot@anthropic.com)"
54.37.118.82 - - [17/Jul/2026:04:06:59 -0600] "GET /kids-magic-shows-in-southlake/ HTTP/2" 200 30513 "-" "Mozilla/5.0 (compatible; AhrefsBot/7.0; +http://ahrefs.com/robot/)"
216.73.216.208 - - [17/Jul/2026:04:01:04 -0600] "GET /?p=1877 HTTP/2" 301 0 "-" "Mozilla/5.0 AppleWebKit/537.36 (KHTML, like Gecko; compatible; ClaudeBot/1.0; +claudebot@anthropic.com)"
216.73.216.208 - - [17/Jul/2026:04:01:05 -0600] "GET /kids-magic-shows-in-waxahachie/ HTTP/2" 200 30541 "https://dfwmagic.com/?p=1877" "Mozilla/5.0 AppleWebKit/537.36 (KHTML, like Gecko; compatible; ClaudeBot/1.0; +claudebot@anthropic.com)"
216.73.216.208 - - [17/Jul/2026:04:01:27 -0600] "GET /robots.txt HTTP/2" 200 96 "-" "Mozilla/5.0 AppleWebKit/537.36 (KHTML, like Gecko; compatible; ClaudeBot/1.0; +claudebot@anthropic.com)"
216.73.216.208 - - [17/Jul/2026:04:01:28 -0600] "GET /wp-sitemap.xml HTTP/2" 200 197 "-" "Mozilla/5.0 AppleWebKit/537.36 (KHTML, like Gecko; compatible; ClaudeBot/1.0; +claudebot@anthropic.com)"
17.241.219.199 - - [17/Jul/2026:04:23:41 -0600] "GET /wp-content/themes/astra/assets/css/minified/frontend.min.css?ver=4.13.6 HTTP/2" 200 9111 "https://dfwmagic.com/magic-shows-near-me-in-denton-texas/" "Mozilla/5.0 (Macintosh; Intel Mac OS X 10_15_7) AppleWebKit/605.1.15 (KHTML, like Gecko) Version/17.4 Safari/605.1.15 (Applebot/0.1; +http://www.apple.com/go/applebot)"
17.241.219.199 - - [17/Jul/2026:04:23:42 -0600] "GET /wp-content/uploads/astra-addon/astra-addon-6a439d3ba7c902-10687543.css?ver=4.13.5 HTTP/2" 200 6887 "https://dfwmagic.com/magic-shows-near-me-in-denton-texas/" "Mozilla/5.0 (Macintosh; Intel Mac OS X 10_15_7) AppleWebKit/605.1.15 (KHTML, like Gecko) Version/17.4 Safari/605.1.15 (Applebot/0.1; +http://www.apple.com/go/applebot)"
17.241.219.199 - - [17/Jul/2026:04:23:43 -0600] "GET /wp-content/plugins/ultimate-elementor/assets/min-css/uael-frontend.min.css?ver=1.45.1 HTTP/2" 200 76022 "https://dfwmagic.com/magic-shows-near-me-in-denton-texas/" "Mozilla/5.0 (Macintosh; Intel Mac OS X 10_15_7) AppleWebKit/605.1.15 (KHTML, like Gecko) Version/17.4 Safari/605.1.15 (Applebot/0.1; +http://www.apple.com/go/applebot)"
17.241.219.199 - - [17/Jul/2026:04:23:45 -0600] "GET /wp-content/plugins/elementor/assets/lib/eicons/css/elementor-icons.min.css?ver=5.50.0 HTTP/2" 200 4123 "https://dfwmagic.com/magic-shows-near-me-in-denton-texas/" "Mozilla/5.0 (Macintosh; Intel Mac OS X 10_15_7) AppleWebKit/605.1.15 (KHTML, like Gecko) Version/17.4 Safari/605.1.15 (Applebot/0.1; +http://www.apple.com/go/applebot)"
17.241.219.199 - - [17/Jul/2026:04:23:46 -0600] "GET /wp-content/plugins/elementor/assets/lib/font-awesome/css/brands.css?ver=5.15.3 HTTP/2" 200 296 "https://dfwmagic.com/magic-shows-near-me-in-denton-texas/" "Mozilla/5.0 (Macintosh; Intel Mac OS X 10_15_7) AppleWebKit/605.1.15 (KHTML, like Gecko) Version/17.4 Safari/605.1.15 (Applebot/0.1; +http://www.apple.com/go/applebot)"
17.241.219.199 - - [17/Jul/2026:04:23:48 -0600] "GET /wp-content/plugins/elementor/assets/css/widget-social-icons.min.css?ver=3.24.0 HTTP/2" 200 1039 "https://dfwmagic.com/magic-shows-near-me-in-denton-texas/" "Mozilla/5.0 (Macintosh; Intel Mac OS X 10_15_7) AppleWebKit/605.1.15 (KHTML, like Gecko) Version/17.4 Safari/605.1.15 (Applebot/0.1; +http://www.apple.com/go/applebot)"
17.241.219.199 - - [17/Jul/2026:04:23:50 -0600] "GET /wp-content/plugins/elementor/assets/lib/font-awesome/css/fontawesome.css?ver=5.15.3 HTTP/2" 200 12526 "https://dfwmagic.com/magic-shows-near-me-in-denton-texas/" "Mozilla/5.0 (Macintosh; Intel Mac OS X 10_15_7) AppleWebKit/605.1.15 (KHTML, like Gecko) Version/17.4 Safari/605.1.15 (Applebot/0.1; +http://www.apple.com/go/applebot)"
17.241.219.199 - - [17/Jul/2026:04:23:51 -0600] "GET /wp-content/plugins/elementor/assets/lib/font-awesome/css/solid.css?ver=5.15.3 HTTP/2" 200 296 "https://dfwmagic.com/magic-shows-near-me-in-denton-texas/" "Mozilla/5.0 (Macintosh; Intel Mac OS X 10_15_7) AppleWebKit/605.1.15 (KHTML, like Gecko) Version/17.4 Safari/605.1.15 (Applebot/0.1; +http://www.apple.com/go/applebot)"
17.241.219.199 - - [17/Jul/2026:04:23:53 -0600] "GET /wp-content/uploads/elementor/google-fonts/css/roboto.css?ver=1742235209 HTTP/2" 200 1862 "https://dfwmagic.com/magic-shows-near-me-in-denton-texas/" "Mozilla/5.0 (Macintosh; Intel Mac OS X 10_15_7) AppleWebKit/605.1.15 (KHTML, like Gecko) Version/17.4 Safari/605.1.15 (Applebot/0.1; +http://www.apple.com/go/applebot)"
17.241.219.199 - - [17/Jul/2026:04:23:54 -0600] "GET /wp-content/uploads/elementor/google-fonts/css/robotoslab.css?ver=1742235216 HTTP/2" 200 698 "https://dfwmagic.com/magic-shows-near-me-in-denton-texas/" "Mozilla/5.0 (Macintosh; Intel Mac OS X 10_15_7) AppleWebKit/605.1.15 (KHTML, like Gecko) Version/17.4 Safari/605.1.15 (Applebot/0.1; +http://www.apple.com/go/applebot)"
17.241.219.199 - - [17/Jul/2026:04:23:56 -0600] "GET /wp-includes/js/jquery/jquery.min.js?ver=3.7.1 HTTP/2" 200 29744 "https://dfwmagic.com/magic-shows-near-me-in-denton-texas/" "Mozilla/5.0 (Macintosh; Intel Mac OS X 10_15_7) AppleWebKit/605.1.15 (KHTML, like Gecko) Version/17.4 Safari/605.1.15 (Applebot/0.1; +http://www.apple.com/go/applebot)"
17.241.219.199 - - [17/Jul/2026:04:23:57 -0600] "GET /wp-includes/js/jquery/jquery-migrate.min.js?ver=3.4.1 HTTP/2" 200 4678 "https://dfwmagic.com/magic-shows-near-me-in-denton-texas/" "Mozilla/5.0 (Macintosh; Intel Mac OS X 10_15_7) AppleWebKit/605.1.15 (KHTML, like Gecko) Version/17.4 Safari/605.1.15 (Applebot/0.1; +http://www.apple.com/go/applebot)"
17.241.219.199 - - [17/Jul/2026:04:23:59 -0600] "GET /wp-content/plugins/astra-addon/addons/nav-menu/assets/css/minified/magamenu-frontend.min.css?ver=4.13.5 HTTP/2" 200 0 "https://dfwmagic.com/magic-shows-near-me-in-denton-texas/" "Mozilla/5.0 (Macintosh; Intel Mac OS X 10_15_7) AppleWebKit/605.1.15 (KHTML, like Gecko) Version/17.4 Safari/605.1.15 (Applebot/0.1; +http://www.apple.com/go/applebot)"
17.241.219.199 - - [17/Jul/2026:04:24:00 -0600] "GET /wp-content/themes/astra/assets/js/minified/frontend.min.js?ver=4.13.6 HTTP/2" 200 5693 "https://dfwmagic.com/magic-shows-near-me-in-denton-texas/" "Mozilla/5.0 (Macintosh; Intel Mac OS X 10_15_7) AppleWebKit/605.1.15 (KHTML, like Gecko) Version/17.4 Safari/605.1.15 (Applebot/0.1; +http://www.apple.com/go/applebot)"
17.241.219.199 - - [17/Jul/2026:04:24:02 -0600] "GET /wp-content/uploads/astra-addon/astra-addon-6a439d3ba85c10-33209755.js?ver=4.13.5 HTTP/2" 200 8448 "https://dfwmagic.com/magic-shows-near-me-in-denton-texas/" "Mozilla/5.0 (Macintosh; Intel Mac OS X 10_15_7) AppleWebKit/605.1.15 (KHTML, like Gecko) Version/17.4 Safari/605.1.15 (Applebot/0.1; +http://www.apple.com/go/applebot)"
17.241.219.199 - - [17/Jul/2026:04:24:03 -0600] "GET /wp-content/plugins/astra-addon/assets/js/minified/purify.min.js?ver=4.13.5 HTTP/2" 200 10151 "https://dfwmagic.com/magic-shows-near-me-in-denton-texas/" "Mozilla/5.0 (Macintosh; Intel Mac OS X 10_15_7) AppleWebKit/605.1.15 (KHTML, like Gecko) Version/17.4 Safari/605.1.15 (Applebot/0.1; +http://www.apple.com/go/applebot)"
17.241.219.199 - - [17/Jul/2026:04:24:05 -0600] "GET /wp-includes/js/jquery/ui/core.min.js?ver=1.13.3 HTTP/2" 200 6812 "https://dfwmagic.com/magic-shows-near-me-in-denton-texas/" "Mozilla/5.0 (Macintosh; Intel Mac OS X 10_15_7) AppleWebKit/605.1.15 (KHTML, like Gecko) Version/17.4 Safari/605.1.15 (Applebot/0.1; +http://www.apple.com/go/applebot)"
17.241.219.199 - - [17/Jul/2026:04:24:06 -0600] "GET /wp-includes/js/dist/hooks.min.js?ver=7496969728ca0f95732d HTTP/2" 200 1734 "https://dfwmagic.com/magic-shows-near-me-in-denton-texas/" "Mozilla/5.0 (Macintosh; Intel Mac OS X 10_15_7) AppleWebKit/605.1.15 (KHTML, like Gecko) Version/17.4 Safari/605.1.15 (Applebot/0.1; +http://www.apple.com/go/applebot)"
17.241.219.199 - - [17/Jul/2026:04:24:08 -0600] "GET /wp-includes/js/dist/i18n.min.js?ver=781d11515ad3d91786ec HTTP/2" 200 2354 "https://dfwmagic.com/magic-shows-near-me-in-denton-texas/" "Mozilla/5.0 (Macintosh; Intel Mac OS X 10_15_7) AppleWebKit/605.1.15 (KHTML, like Gecko) Version/17.4 Safari/605.1.15 (Applebot/0.1; +http://www.apple.com/go/applebot)"
17.241.219.199 - - [17/Jul/2026:04:24:10 -0600] "GET /wp-content/plugins/elementor/assets/js/text-editor.45609661e409413f1cef.bundle.min.js HTTP/2" 200 592 "https://dfwmagic.com/magic-shows-near-me-in-denton-texas/" "Mozilla/5.0 (Macintosh; Intel Mac OS X 10_15_7) AppleWebKit/605.1.15 (KHTML, like Gecko) Version/17.4 Safari/605.1.15 (Applebot/0.1; +http://www.apple.com/go/applebot)"
17.241.219.199 - - [17/Jul/2026:04:24:11 -0600] "GET /wp-content/plugins/elementor/assets/js/section-frontend-handlers.d85ab872da118940910d.bundle.min.js HTTP/2" 200 229 "https://dfwmagic.com/magic-shows-near-me-in-denton-texas/" "Mozilla/5.0 (Macintosh; Intel Mac OS X 10_15_7) AppleWebKit/605.1.15 (KHTML, like Gecko) Version/17.4 Safari/605.1.15 (Applebot/0.1; +http://www.apple.com/go/applebot)"
198.175.150.9 - - [17/Jul/2026:04:32:16 -0600] "POST /wp-cron.php?doing_wp_cron=1784284336.2041919231414794921875 HTTP/1.1" 200 0 "-" "WordPress/7.0.1; https://dfwmagic.com"
52.167.144.169 - - [17/Jul/2026:04:32:15 -0600] "GET /wp-sitemap.xml HTTP/2" 200 197 "-" "Mozilla/5.0 AppleWebKit/537.36 (KHTML, like Gecko; compatible; bingbot/2.0; +http://www.bing.com/bingbot.htm) Chrome/116.0.1938.76 Safari/537.36"
17.241.219.193 - - [17/Jul/2026:04:21:54 -0600] "GET /magic-shows-near-me-in-denton-texas/ HTTP/2" 200 35463 "-" "Mozilla/5.0 (Macintosh; Intel Mac OS X 10_15_7) AppleWebKit/605.1.15 (KHTML, like Gecko) Version/17.4 Safari/605.1.15 (Applebot/0.1; +http://www.apple.com/go/applebot)"
17.241.219.72 - - [17/Jul/2026:04:26:41 -0600] "GET /checkers-the-magician-bringing-laughter-and-magic-to-kids-church-events-in-dallas-fort-worth-and-north-texas/ HTTP/2" 200 37773 "-" "Mozilla/5.0 (Macintosh; Intel Mac OS X 10_15_7) AppleWebKit/605.1.15 (KHTML, like Gecko) Version/17.4 Safari/605.1.15 (Applebot/0.1; +http://www.apple.com/go/applebot)"
177.221.5.201 - - [17/Jul/2026:04:17:52 -0600] "GET /robots.txt HTTP/1.1" 200 109 "-" "Mozilla/5.0 (Macintosh; Intel Mac OS X 13_4_1) AppleWebKit/537.36 (KHTML, like Gecko) Chrome/126.0.6478.182 Safari/537.36"
198.175.150.9 - - [17/Jul/2026:04:26:47 -0600] "POST /wp-cron.php?doing_wp_cron=1784284007.9906830787658691406250 HTTP/1.1" 200 0 "-" "WordPress/7.0.1; https://dfwmagic.com"
17.241.219.199 - - [17/Jul/2026:04:24:13 -0600] "GET /wp-includes/js/wp-emoji-release.min.js?ver=7.0.1 HTTP/2" 200 4974 "https://dfwmagic.com/magic-shows-near-me-in-denton-texas/" "Mozilla/5.0 (Macintosh; Intel Mac OS X 10_15_7) AppleWebKit/605.1.15 (KHTML, like Gecko) Version/17.4 Safari/605.1.15 (Applebot/0.1; +http://www.apple.com/go/applebot)"
17.241.219.199 - - [17/Jul/2026:04:24:14 -0600] "GET /wp-content/plugins/elementor/assets/js/shared-frontend-handlers.03caa53373b56d3bab67.bundle.min.js HTTP/2" 200 2511 "https://dfwmagic.com/magic-shows-near-me-in-denton-texas/" "Mozilla/5.0 (Macintosh; Intel Mac OS X 10_15_7) AppleWebKit/605.1.15 (KHTML, like Gecko) Version/17.4 Safari/605.1.15 (Applebot/0.1; +http://www.apple.com/go/applebot)"
198.175.150.9 - - [17/Jul/2026:04:32:16 -0600] "POST /wp-cron.php?doing_wp_cron=1784284336.2276649475097656250000 HTTP/1.1" 200 0 "-" "WordPress/7.0.1; https://dfwmagic.com"
216.73.216.208 - - [17/Jul/2026:04:42:11 -0600] "GET /?p=1327 HTTP/2" 301 0 "-" "Mozilla/5.0 AppleWebKit/537.36 (KHTML, like Gecko; compatible; ClaudeBot/1.0; +claudebot@anthropic.com)"
216.73.216.208 - - [17/Jul/2026:04:42:11 -0600] "GET /?p=1817 HTTP/2" 301 0 "-" "Mozilla/5.0 AppleWebKit/537.36 (KHTML, like Gecko; compatible; ClaudeBot/1.0; +claudebot@anthropic.com)"
216.73.216.208 - - [17/Jul/2026:04:42:13 -0600] "GET /crowley-birthday-party-magic-show/ HTTP/2" 200 29970 "https://dfwmagic.com/?p=1327" "Mozilla/5.0 AppleWebKit/537.36 (KHTML, like Gecko; compatible; ClaudeBot/1.0; +claudebot@anthropic.com)"
216.73.216.208 - - [17/Jul/2026:04:42:13 -0600] "GET /kids-magic-shows-in-plano/ HTTP/2" 200 30633 "https://dfwmagic.com/?p=1817" "Mozilla/5.0 AppleWebKit/537.36 (KHTML, like Gecko; compatible; ClaudeBot/1.0; +claudebot@anthropic.com)"
216.73.216.208 - - [17/Jul/2026:04:42:43 -0600] "GET /kids-magic-shows-in-prosper/ HTTP/2" 200 30415 "-" "Mozilla/5.0 AppleWebKit/537.36 (KHTML, like Gecko; compatible; ClaudeBot/1.0; +claudebot@anthropic.com)"
216.73.216.208 - - [17/Jul/2026:04:42:43 -0600] "GET /prosper-birthday-party-magic-show/ HTTP/2" 200 29667 "-" "Mozilla/5.0 AppleWebKit/537.36 (KHTML, like Gecko; compatible; ClaudeBot/1.0; +claudebot@anthropic.com)"
216.73.216.208 - - [17/Jul/2026:04:43:07 -0600] "GET /mansfield-birthday-party-magic-show/ HTTP/2" 200 30673 "-" "Mozilla/5.0 AppleWebKit/537.36 (KHTML, like Gecko; compatible; ClaudeBot/1.0; +claudebot@anthropic.com)"
216.73.216.208 - - [17/Jul/2026:04:43:07 -0600] "GET /midlothian-birthday-party-magic-show/ HTTP/2" 200 30048 "-" "Mozilla/5.0 AppleWebKit/537.36 (KHTML, like Gecko; compatible; ClaudeBot/1.0; +claudebot@anthropic.com)"
216.73.216.208 - - [17/Jul/2026:04:43:28 -0600] "GET /melissa-birthday-party-magic-show/ HTTP/2" 200 29997 "-" "Mozilla/5.0 AppleWebKit/537.36 (KHTML, like Gecko; compatible; ClaudeBot/1.0; +claudebot@anthropic.com)"
216.73.216.208 - - [17/Jul/2026:04:43:29 -0600] "GET /kids-magic-shows-in-coppell/ HTTP/2" 200 30565 "-" "Mozilla/5.0 AppleWebKit/537.36 (KHTML, like Gecko; compatible; ClaudeBot/1.0; +claudebot@anthropic.com)"
216.73.216.208 - - [17/Jul/2026:04:43:52 -0600] "GET /kids-magic-shows-in-bedford/ HTTP/2" 200 30347 "-" "Mozilla/5.0 AppleWebKit/537.36 (KHTML, like Gecko; compatible; ClaudeBot/1.0; +claudebot@anthropic.com)"
216.73.216.208 - - [17/Jul/2026:04:43:53 -0600] "GET /mesquite-birthday-party-magic-show/ HTTP/2" 200 29843 "-" "Mozilla/5.0 AppleWebKit/537.36 (KHTML, like Gecko; compatible; ClaudeBot/1.0; +claudebot@anthropic.com)"
216.73.216.208 - - [17/Jul/2026:04:43:57 -0600] "GET /dallas-birthday-party-magic-show/ HTTP/2" 200 30999 "-" "Mozilla/5.0 AppleWebKit/537.36 (KHTML, like Gecko; compatible; ClaudeBot/1.0; +claudebot@anthropic.com)"
216.73.216.208 - - [17/Jul/2026:04:43:58 -0600] "GET /mckinney-birthday-party-magic-show/ HTTP/2" 200 31191 "-" "Mozilla/5.0 AppleWebKit/537.36 (KHTML, like Gecko; compatible; ClaudeBot/1.0; +claudebot@anthropic.com)"
17.241.227.167 - - [17/Jul/2026:04:44:56 -0600] "GET /wp-content/uploads/elementor/css/post-256.css?ver=1784284935 HTTP/2" 200 446 "https://dfwmagic.com/fort-worth-birthday-party-magic-show/" "Mozilla/5.0 (Macintosh; Intel Mac OS X 10_15_7) AppleWebKit/605.1.15 (KHTML, like Gecko) Version/17.4 Safari/605.1.15 (Applebot/0.1; +http://www.apple.com/go/applebot)"
216.73.216.208 - - [17/Jul/2026:04:46:38 -0600] "GET /little-elm-birthday-party-magic-show/ HTTP/2" 200 30871 "-" "Mozilla/5.0 AppleWebKit/537.36 (KHTML, like Gecko; compatible; ClaudeBot/1.0; +claudebot@anthropic.com)"
216.73.216.208 - - [17/Jul/2026:04:45:25 -0600] "GET /kids-magic-shows-in-garland/ HTTP/2" 200 30510 "-" "Mozilla/5.0 AppleWebKit/537.36 (KHTML, like Gecko; compatible; ClaudeBot/1.0; +claudebot@anthropic.com)"
92.222.108.124 - - [17/Jul/2026:04:45:50 -0600] "GET /wp-content/uploads/elementor/css/post-1973.css?ver=1784285024 HTTP/2" 200 33 "-" "Mozilla/5.0 (compatible; AhrefsBot/7.0; +http://ahrefs.com/robot/)"
216.73.216.208 - - [17/Jul/2026:04:47:20 -0600] "GET /?p=1339 HTTP/2" 301 0 "-" "Mozilla/5.0 AppleWebKit/537.36 (KHTML, like Gecko; compatible; ClaudeBot/1.0; +claudebot@anthropic.com)"
216.73.216.208 - - [17/Jul/2026:04:47:21 -0600] "GET /denton-birthday-party-magic-show/ HTTP/2" 200 31421 "https://dfwmagic.com/?p=1339" "Mozilla/5.0 AppleWebKit/537.36 (KHTML, like Gecko; compatible; ClaudeBot/1.0; +claudebot@anthropic.com)"
216.73.216.208 - - [17/Jul/2026:04:48:24 -0600] "GET /forney-birthday-party-magic-show/ HTTP/2" 200 30901 "-" "Mozilla/5.0 AppleWebKit/537.36 (KHTML, like Gecko; compatible; ClaudeBot/1.0; +claudebot@anthropic.com)"
216.73.216.208 - - [17/Jul/2026:04:48:38 -0600] "GET /grand-prairie-birthday-party-magic-show/ HTTP/2" 200 30766 "-" "Mozilla/5.0 AppleWebKit/537.36 (KHTML, like Gecko; compatible; ClaudeBot/1.0; +claudebot@anthropic.com)"
