HEX
Server: LiteSpeed
System: Linux node612.namehero.net 4.18.0-553.121.1.lve.el8.x86_64 #1 SMP Thu Apr 30 16:40:41 UTC 2026 x86_64
User: dfwparty (1186)
PHP: 8.3.31
Disabled: NONE
Upload Files
File: /home/dfwparty/access-logs/ajpartyfun.com.dfw.party-ssl_log
209.50.180.118 - - [15/Jul/2026:06:08:53 -0600] "POST /xmlrpc.php HTTP/2" 200 107 "-" "Mozilla/5.0 (Windows NT 10.0; Win64; x64; rv:133.0) Gecko/20100101 Firefox/133.0"
198.175.150.9 - - [15/Jul/2026:06:13:03 -0600] "POST /wp-cron.php?doing_wp_cron=1784117583.9616119861602783203125 HTTP/1.1" 200 0 "-" "WordPress/7.0.1; https://ajpartyfun.com"
216.26.255.29 - - [15/Jul/2026:06:18:14 -0600] "POST /xmlrpc.php HTTP/2" 200 107 "-" "Mozilla/5.0 (Windows NT 10.0; Win64; x64) AppleWebKit/537.36 (KHTML, like Gecko) Chrome/124.0.0.0 Safari/537.36"
216.26.255.29 - - [15/Jul/2026:06:18:15 -0600] "POST /xmlrpc.php HTTP/2" 200 2686 "-" "Mozilla/5.0 (Windows NT 10.0; Win64; x64; rv:133.0) Gecko/20100101 Firefox/133.0"
104.207.63.16 - - [15/Jul/2026:06:20:12 -0600] "GET /wp-login.php?wp_lang=en_US HTTP/2" 200 1731 "-" "Mozilla/5.0 (Windows NT 10.0; Win64; x64; rv:133.0) Gecko/20100101 Firefox/133.0"
104.207.63.16 - - [15/Jul/2026:06:20:13 -0600] "POST /wp-login.php HTTP/2" 302 0 "https://ajpartyfun.com/wp-login.php" "Mozilla/5.0 (Windows NT 10.0; Win64; x64; rv:133.0) Gecko/20100101 Firefox/133.0"
104.207.63.16 - - [15/Jul/2026:06:20:14 -0600] "GET /wp-admin/ HTTP/2" 200 22355 "https://ajpartyfun.com/wp-login.php" "Mozilla/5.0 (Windows NT 10.0; Win64; x64; rv:133.0) Gecko/20100101 Firefox/133.0"
104.207.63.16 - - [15/Jul/2026:06:20:16 -0600] "GET /wp-admin/ HTTP/2" 200 22389 "-" "Mozilla/5.0 (Windows NT 10.0; Win64; x64; rv:133.0) Gecko/20100101 Firefox/133.0"
104.207.63.16 - - [15/Jul/2026:06:20:18 -0600] "GET /wp-admin/ HTTP/2" 200 22389 "-" "Mozilla/5.0 (Windows NT 10.0; Win64; x64; rv:133.0) Gecko/20100101 Firefox/133.0"
104.207.63.16 - - [15/Jul/2026:06:20:19 -0600] "GET /wp-admin/admin-ajax.php?action=rest-nonce HTTP/2" 200 14 "-" "Mozilla/5.0 (Windows NT 10.0; Win64; x64; rv:133.0) Gecko/20100101 Firefox/133.0"
104.207.63.16 - - [15/Jul/2026:06:20:20 -0600] "GET /wp-admin/options-permalink.php HTTP/2" 403 1242 "-" "Mozilla/5.0 (Windows NT 10.0; Win64; x64; rv:133.0) Gecko/20100101 Firefox/133.0"
209.50.180.118 - - [15/Jul/2026:06:08:51 -0600] "GET /wp-admin/admin-ajax.php?action=rest-nonce HTTP/2" 400 5 "-" "Mozilla/5.0 (Windows NT 10.0; Win64; x64) AppleWebKit/537.36 (KHTML, like Gecko) Chrome/124.0.0.0 Safari/537.36"
209.50.180.118 - - [15/Jul/2026:06:08:52 -0600] "GET /wp-admin/admin-ajax.php?action=rest-nonce HTTP/2" 400 5 "-" "Mozilla/5.0 (Windows NT 10.0; Win64; x64) AppleWebKit/537.36 (KHTML, like Gecko) Chrome/124.0.0.0 Safari/537.36"
198.175.150.9 - - [15/Jul/2026:06:08:54 -0600] "POST /wp-cron.php?doing_wp_cron=1784117334.1848680973052978515625 HTTP/1.1" 200 0 "-" "WordPress/7.0.1; https://ajpartyfun.com"
65.111.10.192 - - [15/Jul/2026:06:12:54 -0600] "GET /wp-admin/admin-ajax.php?action=rest-nonce HTTP/2" 400 5 "-" "Mozilla/5.0 (Windows NT 10.0; Win64; x64) AppleWebKit/537.36 (KHTML, like Gecko) Chrome/124.0.0.0 Safari/537.36"
65.111.10.192 - - [15/Jul/2026:06:12:56 -0600] "GET /wp-admin/admin-ajax.php?action=rest-nonce HTTP/2" 400 5 "-" "Mozilla/5.0 (Windows NT 10.0; Win64; x64) AppleWebKit/537.36 (KHTML, like Gecko) Chrome/124.0.0.0 Safari/537.36"
216.26.255.29 - - [15/Jul/2026:06:18:09 -0600] "GET /wp-login.php?wp_lang=en_US HTTP/2" 200 1731 "-" "Mozilla/5.0 (Windows NT 10.0; Win64; x64) AppleWebKit/537.36 (KHTML, like Gecko) Chrome/124.0.0.0 Safari/537.36"
216.26.255.29 - - [15/Jul/2026:06:18:09 -0600] "POST /wp-login.php HTTP/2" 302 0 "https://ajpartyfun.com/wp-login.php" "Mozilla/5.0 (Windows NT 10.0; Win64; x64) AppleWebKit/537.36 (KHTML, like Gecko) Chrome/124.0.0.0 Safari/537.36"
216.26.255.29 - - [15/Jul/2026:06:18:10 -0600] "GET /wp-admin/ HTTP/2" 200 22397 "https://ajpartyfun.com/wp-login.php" "Mozilla/5.0 (Windows NT 10.0; Win64; x64) AppleWebKit/537.36 (KHTML, like Gecko) Chrome/124.0.0.0 Safari/537.36"
216.26.255.29 - - [15/Jul/2026:06:18:10 -0600] "GET /wp-admin/ HTTP/2" 200 22398 "-" "Mozilla/5.0 (Windows NT 10.0; Win64; x64) AppleWebKit/537.36 (KHTML, like Gecko) Chrome/124.0.0.0 Safari/537.36"
216.26.255.29 - - [15/Jul/2026:06:18:12 -0600] "GET /wp-admin/ HTTP/2" 200 22398 "-" "Mozilla/5.0 (Windows NT 10.0; Win64; x64) AppleWebKit/537.36 (KHTML, like Gecko) Chrome/124.0.0.0 Safari/537.36"
216.26.255.29 - - [15/Jul/2026:06:18:13 -0600] "GET /wp-admin/admin-ajax.php?action=rest-nonce HTTP/2" 200 14 "-" "Mozilla/5.0 (Windows NT 10.0; Win64; x64) AppleWebKit/537.36 (KHTML, like Gecko) Chrome/124.0.0.0 Safari/537.36"
216.26.255.29 - - [15/Jul/2026:06:18:13 -0600] "GET /wp-admin/options-permalink.php HTTP/2" 403 1242 "-" "Mozilla/5.0 (Windows NT 10.0; Win64; x64) AppleWebKit/537.36 (KHTML, like Gecko) Chrome/124.0.0.0 Safari/537.36"
198.175.150.9 - - [15/Jul/2026:06:18:15 -0600] "POST /wp-cron.php?doing_wp_cron=1784117895.1887619495391845703125 HTTP/1.1" 200 0 "-" "WordPress/7.0.1; https://ajpartyfun.com"
104.207.63.16 - - [15/Jul/2026:06:20:21 -0600] "POST /xmlrpc.php HTTP/2" 200 108 "-" "Mozilla/5.0 (Windows NT 10.0; Win64; x64; rv:133.0) Gecko/20100101 Firefox/133.0"
104.207.63.16 - - [15/Jul/2026:06:20:22 -0600] "POST /xmlrpc.php HTTP/2" 200 2873 "-" "Mozilla/5.0 (Windows NT 10.0; Win64; x64) AppleWebKit/537.36 (KHTML, like Gecko) Chrome/124.0.0.0 Safari/537.36"
209.50.180.118 - - [15/Jul/2026:06:08:54 -0600] "POST /xmlrpc.php HTTP/2" 200 2630 "-" "Mozilla/5.0 (Windows NT 10.0; Win64; x64; rv:133.0) Gecko/20100101 Firefox/133.0"
198.175.150.9 - - [15/Jul/2026:06:12:51 -0600] "POST /wp-cron.php?doing_wp_cron=1784117571.7585670948028564453125 HTTP/1.1" 200 0 "-" "WordPress/7.0.1; https://ajpartyfun.com"
65.111.10.192 - - [15/Jul/2026:06:12:51 -0600] "GET /wp-login.php?wp_lang=en_US HTTP/2" 200 1731 "-" "Mozilla/5.0 (Windows NT 10.0; Win64; x64) AppleWebKit/537.36 (KHTML, like Gecko) Chrome/124.0.0.0 Safari/537.36"
65.111.10.192 - - [15/Jul/2026:06:12:51 -0600] "POST /wp-login.php HTTP/2" 302 0 "https://ajpartyfun.com/wp-login.php" "Mozilla/5.0 (Windows NT 10.0; Win64; x64) AppleWebKit/537.36 (KHTML, like Gecko) Chrome/124.0.0.0 Safari/537.36"
65.111.10.192 - - [15/Jul/2026:06:12:52 -0600] "GET /wp-admin/ HTTP/2" 200 22398 "https://ajpartyfun.com/wp-login.php" "Mozilla/5.0 (Windows NT 10.0; Win64; x64) AppleWebKit/537.36 (KHTML, like Gecko) Chrome/124.0.0.0 Safari/537.36"
65.111.10.192 - - [15/Jul/2026:06:12:53 -0600] "GET /wp-admin/ HTTP/2" 200 22397 "-" "Mozilla/5.0 (Windows NT 10.0; Win64; x64) AppleWebKit/537.36 (KHTML, like Gecko) Chrome/124.0.0.0 Safari/537.36"
65.111.10.192 - - [15/Jul/2026:06:12:55 -0600] "GET /wp-admin/ HTTP/2" 200 22397 "-" "Mozilla/5.0 (Windows NT 10.0; Win64; x64) AppleWebKit/537.36 (KHTML, like Gecko) Chrome/124.0.0.0 Safari/537.36"
65.111.10.192 - - [15/Jul/2026:06:12:56 -0600] "GET /wp-admin/admin-ajax.php?action=rest-nonce HTTP/2" 200 14 "-" "Mozilla/5.0 (Windows NT 10.0; Win64; x64) AppleWebKit/537.36 (KHTML, like Gecko) Chrome/124.0.0.0 Safari/537.36"
65.111.10.192 - - [15/Jul/2026:06:12:57 -0600] "GET /wp-admin/options-permalink.php HTTP/2" 403 1242 "-" "Mozilla/5.0 (Windows NT 10.0; Win64; x64) AppleWebKit/537.36 (KHTML, like Gecko) Chrome/124.0.0.0 Safari/537.36"
65.111.10.192 - - [15/Jul/2026:06:13:02 -0600] "GET /wp-admin/admin-ajax.php?action=rest-nonce HTTP/2" 200 14 "-" "Mozilla/5.0 (Windows NT 10.0; Win64; x64) AppleWebKit/537.36 (KHTML, like Gecko) Chrome/124.0.0.0 Safari/537.36"
65.111.10.192 - - [15/Jul/2026:06:13:03 -0600] "GET /wp-admin/options-permalink.php HTTP/2" 403 1242 "-" "Mozilla/5.0 (Windows NT 10.0; Win64; x64) AppleWebKit/537.36 (KHTML, like Gecko) Chrome/124.0.0.0 Safari/537.36"
65.111.10.192 - - [15/Jul/2026:06:13:03 -0600] "POST /wp-json/wp/v2/posts HTTP/2" 201 3045 "https://ajpartyfun.com/wp-json/wp/v2/posts" "Mozilla/5.0 (Windows NT 10.0; Win64; x64) AppleWebKit/537.36 (KHTML, like Gecko) Chrome/124.0.0.0 Safari/537.36"
216.26.255.29 - - [15/Jul/2026:06:18:11 -0600] "GET /wp-admin/admin-ajax.php?action=rest-nonce HTTP/2" 400 5 "-" "Mozilla/5.0 (Windows NT 10.0; Win64; x64) AppleWebKit/537.36 (KHTML, like Gecko) Chrome/124.0.0.0 Safari/537.36"
216.26.255.29 - - [15/Jul/2026:06:18:12 -0600] "GET /wp-admin/admin-ajax.php?action=rest-nonce HTTP/2" 400 5 "-" "Mozilla/5.0 (Windows NT 10.0; Win64; x64) AppleWebKit/537.36 (KHTML, like Gecko) Chrome/124.0.0.0 Safari/537.36"
104.207.63.16 - - [15/Jul/2026:06:20:17 -0600] "GET /wp-admin/admin-ajax.php?action=rest-nonce HTTP/2" 400 5 "-" "Mozilla/5.0 (Windows NT 10.0; Win64; x64; rv:133.0) Gecko/20100101 Firefox/133.0"
104.207.63.16 - - [15/Jul/2026:06:20:19 -0600] "GET /wp-admin/admin-ajax.php?action=rest-nonce HTTP/2" 400 5 "-" "Mozilla/5.0 (Windows NT 10.0; Win64; x64; rv:133.0) Gecko/20100101 Firefox/133.0"
209.50.180.118 - - [15/Jul/2026:06:08:47 -0600] "GET /wp-login.php?wp_lang=en_US HTTP/2" 200 1731 "-" "Mozilla/5.0 (Windows NT 10.0; Win64; x64) AppleWebKit/537.36 (KHTML, like Gecko) Chrome/124.0.0.0 Safari/537.36"
209.50.180.118 - - [15/Jul/2026:06:08:47 -0600] "POST /wp-login.php HTTP/2" 302 0 "https://ajpartyfun.com/wp-login.php" "Mozilla/5.0 (Windows NT 10.0; Win64; x64) AppleWebKit/537.36 (KHTML, like Gecko) Chrome/124.0.0.0 Safari/537.36"
209.50.180.118 - - [15/Jul/2026:06:08:48 -0600] "GET /wp-admin/ HTTP/2" 200 22395 "https://ajpartyfun.com/wp-login.php" "Mozilla/5.0 (Windows NT 10.0; Win64; x64) AppleWebKit/537.36 (KHTML, like Gecko) Chrome/124.0.0.0 Safari/537.36"
209.50.180.118 - - [15/Jul/2026:06:08:50 -0600] "GET /wp-admin/ HTTP/2" 200 22394 "-" "Mozilla/5.0 (Windows NT 10.0; Win64; x64) AppleWebKit/537.36 (KHTML, like Gecko) Chrome/124.0.0.0 Safari/537.36"
209.50.180.118 - - [15/Jul/2026:06:08:51 -0600] "GET /wp-admin/ HTTP/2" 200 22396 "-" "Mozilla/5.0 (Windows NT 10.0; Win64; x64) AppleWebKit/537.36 (KHTML, like Gecko) Chrome/124.0.0.0 Safari/537.36"
209.50.180.118 - - [15/Jul/2026:06:08:52 -0600] "GET /wp-admin/admin-ajax.php?action=rest-nonce HTTP/2" 200 14 "-" "Mozilla/5.0 (Windows NT 10.0; Win64; x64) AppleWebKit/537.36 (KHTML, like Gecko) Chrome/124.0.0.0 Safari/537.36"
209.50.180.118 - - [15/Jul/2026:06:08:53 -0600] "GET /wp-admin/options-permalink.php HTTP/2" 403 1242 "-" "Mozilla/5.0 (Windows NT 10.0; Win64; x64) AppleWebKit/537.36 (KHTML, like Gecko) Chrome/124.0.0.0 Safari/537.36"
198.175.150.9 - - [15/Jul/2026:06:20:21 -0600] "POST /wp-cron.php?doing_wp_cron=1784118021.5259249210357666015625 HTTP/1.1" 200 0 "-" "WordPress/7.0.1; https://ajpartyfun.com"
217.181.92.184 - - [15/Jul/2026:06:21:48 -0600] "POST /xmlrpc.php HTTP/2" 200 108 "-" "Mozilla/5.0 (Windows NT 10.0; Win64; x64; rv:133.0) Gecko/20100101 Firefox/133.0"
15.235.27.196 - - [15/Jul/2026:06:33:49 -0600] "GET /sitemap.xml HTTP/2" 200 1971 "-" "Mozilla/5.0 (compatible; AhrefsBot/7.0; +http://ahrefs.com/robot/)"
74.7.229.92 - - [15/Jul/2026:06:39:35 -0600] "GET /?product%2Freview%2F3505326501100 HTTP/2" 301 6 "-" "Mozilla/5.0 (Macintosh; Intel Mac OS X 10_15_7) AppleWebKit/537.36 (KHTML, like Gecko) Chrome/131.0.0.0 Safari/537.36; compatible; OAI-SearchBot/1.4; +https://openai.com/searchbot"
104.207.44.221 - - [15/Jul/2026:06:41:03 -0600] "GET /wp-login.php HTTP/2" 200 1731 "-" "Mozilla/5.0 (Windows NT 10.0; Win64; x64) AppleWebKit/537.36 (KHTML, like Gecko) Chrome/124.0.0.0 Safari/537.36"
45.154.138.132 - - [15/Jul/2026:07:05:52 -0600] "GET / HTTP/1.1" 200 31285 "-" "Mozilla/5.0 (Windows NT 10.0; Win64; x64; rv:136.0) Gecko/20100101 Firefox/138.0"
45.154.138.132 - - [15/Jul/2026:07:05:56 -0600] "GET //wp-json/wp/v2/users/ HTTP/1.1" 200 1522 "-" "Mozilla/5.0 (Windows NT 10.0; Win64; x64; rv:136.0) Gecko/20100101 Firefox/138.0"
45.154.138.132 - - [15/Jul/2026:07:06:01 -0600] "POST //xmlrpc.php HTTP/1.1" 200 0 "-" "Mozilla/5.0 (Macintosh; Intel Mac OS X 10_15_7) AppleWebKit/537.36 (KHTML, like Gecko) Chrome/140.0.0.0 Safari/537.36"
45.154.138.132 - - [15/Jul/2026:07:06:02 -0600] "POST //xmlrpc.php HTTP/1.1" 200 0 "-" "Mozilla/5.0 (Macintosh; Intel Mac OS X 14_7_4) AppleWebKit/605.1.15 (KHTML, like Gecko) Version/18.3 Safari/605.1.15"
172.212.172.171 - - [15/Jul/2026:06:24:03 -0600] "GET /?product/review/3505326501100= HTTP/2" 301 6 "-" "Mozilla/5.0 AppleWebKit/537.36 (KHTML, like Gecko); compatible; ChatGPT-User/1.0; +https://openai.com/bot"
74.7.242.174 - - [15/Jul/2026:06:27:22 -0600] "GET /?product%2Fcategory%2Fview_more%2F13984649901100 HTTP/2" 301 6 "-" "Mozilla/5.0 (Macintosh; Intel Mac OS X 10_15_7) AppleWebKit/537.36 (KHTML, like Gecko) Chrome/131.0.0.0 Safari/537.36; compatible; OAI-SearchBot/1.4; +https://openai.com/searchbot"
46.138.250.165 - - [15/Jul/2026:06:28:40 -0600] "GET / HTTP/2" 200 31285 "https://aisearchindex.space" "Mozilla/5.0 (Windows NT 10.0; Win64; x64) AppleWebKit/537.36 (KHTML, like Gecko) Chrome/123.0.0.0 Safari/537.36 Edg/123.0.2420.81"
46.138.250.165 - - [15/Jul/2026:06:28:42 -0600] "GET / HTTP/1.1" 200 31285 "-" "-"
49.51.47.100 - - [15/Jul/2026:06:39:06 -0600] "GET / HTTP/1.1" 200 9525 "http://www.ajpartyfun.com" "Mozilla/5.0 (iPhone; CPU iPhone OS 13_2_3 like Mac OS X) AppleWebKit/605.1.15 (KHTML, like Gecko) Version/13.0.3 Mobile/15E148 Safari/604.1"
64.23.241.29 - - [15/Jul/2026:07:21:54 -0600] "GET /favicon.ico HTTP/1.1" 401 53 "https://webdisk.ajpartyfun.com/" "Mozilla/5.0 (X11; Linux x86_64) AppleWebKit/537.36 (KHTML, like Gecko) Chrome/142.0.0.0 Safari/537.36"
217.181.92.184 - - [15/Jul/2026:06:21:45 -0600] "GET /wp-admin/admin-ajax.php?action=rest-nonce HTTP/2" 400 5 "-" "Mozilla/5.0 (Windows NT 10.0; Win64; x64; rv:133.0) Gecko/20100101 Firefox/133.0"
217.181.92.184 - - [15/Jul/2026:06:21:46 -0600] "GET /wp-admin/admin-ajax.php?action=rest-nonce HTTP/2" 400 5 "-" "Mozilla/5.0 (Windows NT 10.0; Win64; x64; rv:133.0) Gecko/20100101 Firefox/133.0"
198.175.150.9 - - [15/Jul/2026:06:21:48 -0600] "POST /wp-cron.php?doing_wp_cron=1784118108.6467540264129638671875 HTTP/1.1" 200 0 "-" "WordPress/7.0.1; https://ajpartyfun.com"
172.212.172.171 - - [15/Jul/2026:06:24:03 -0600] "GET /?product/review/3505326501100 HTTP/2" 301 6 "-" "Mozilla/5.0 AppleWebKit/537.36 (KHTML, like Gecko); compatible; ChatGPT-User/1.0; +https://openai.com/bot"
74.7.229.100 - - [15/Jul/2026:06:27:23 -0600] "GET /?product%2Fcategory%2Fview_more%2F13984649901100 HTTP/2" 200 8722 "https://www.ajpartyfun.com" "Mozilla/5.0 (Macintosh; Intel Mac OS X 10_15_7) AppleWebKit/537.36 (KHTML, like Gecko) Chrome/131.0.0.0 Safari/537.36; compatible; OAI-SearchBot/1.4; +https://openai.com/searchbot"
74.7.242.145 - - [15/Jul/2026:06:39:39 -0600] "GET /?product%2Freview%2F3505326501100 HTTP/2" 200 8722 "https://www.ajpartyfun.com" "Mozilla/5.0 (Macintosh; Intel Mac OS X 10_15_7) AppleWebKit/537.36 (KHTML, like Gecko) Chrome/131.0.0.0 Safari/537.36; compatible; OAI-SearchBot/1.4; +https://openai.com/searchbot"
217.181.92.184 - - [15/Jul/2026:06:21:42 -0600] "GET /wp-login.php?wp_lang=en_US HTTP/2" 200 1731 "-" "Mozilla/5.0 (Windows NT 10.0; Win64; x64; rv:133.0) Gecko/20100101 Firefox/133.0"
217.181.92.184 - - [15/Jul/2026:06:21:43 -0600] "POST /wp-login.php HTTP/2" 302 0 "https://ajpartyfun.com/wp-login.php" "Mozilla/5.0 (Windows NT 10.0; Win64; x64; rv:133.0) Gecko/20100101 Firefox/133.0"
217.181.92.184 - - [15/Jul/2026:06:21:44 -0600] "GET /wp-admin/ HTTP/2" 200 22397 "https://ajpartyfun.com/wp-login.php" "Mozilla/5.0 (Windows NT 10.0; Win64; x64; rv:133.0) Gecko/20100101 Firefox/133.0"
217.181.92.184 - - [15/Jul/2026:06:21:44 -0600] "GET /wp-admin/ HTTP/2" 200 22397 "-" "Mozilla/5.0 (Windows NT 10.0; Win64; x64; rv:133.0) Gecko/20100101 Firefox/133.0"
217.181.92.184 - - [15/Jul/2026:06:21:46 -0600] "GET /wp-admin/ HTTP/2" 200 22397 "-" "Mozilla/5.0 (Windows NT 10.0; Win64; x64; rv:133.0) Gecko/20100101 Firefox/133.0"
217.181.92.184 - - [15/Jul/2026:06:21:47 -0600] "GET /wp-admin/admin-ajax.php?action=rest-nonce HTTP/2" 200 14 "-" "Mozilla/5.0 (Windows NT 10.0; Win64; x64; rv:133.0) Gecko/20100101 Firefox/133.0"
217.181.92.184 - - [15/Jul/2026:06:21:47 -0600] "GET /wp-admin/options-permalink.php HTTP/2" 403 1242 "-" "Mozilla/5.0 (Windows NT 10.0; Win64; x64; rv:133.0) Gecko/20100101 Firefox/133.0"
217.181.92.184 - - [15/Jul/2026:06:21:49 -0600] "POST /xmlrpc.php HTTP/2" 200 2660 "-" "Mozilla/5.0 (Windows NT 10.0; Win64; x64) AppleWebKit/537.36 (KHTML, like Gecko) Chrome/124.0.0.0 Safari/537.36"
64.23.241.29 - - [15/Jul/2026:07:21:53 -0600] "GET / HTTP/1.1" 401 53 "-" "Mozilla/5.0 (X11; Linux x86_64) AppleWebKit/537.36 (KHTML, like Gecko) Chrome/142.0.0.0 Safari/537.36"
168.144.156.210 - - [15/Jul/2026:07:34:12 -0600] "GET / HTTP/1.1" 200 9525 "-" "Mozilla/5.0 (X11; Linux x86_64; rv:142.0) Gecko/20100101 Firefox/142.0"
168.144.156.210 - - [15/Jul/2026:07:34:18 -0600] "GET /favicon.ico HTTP/1.1" 404 1251 "https://ajpartyfun.com/" "Mozilla/5.0 (X11; Linux x86_64; rv:142.0) Gecko/20100101 Firefox/142.0"
37.59.204.158 - - [15/Jul/2026:08:10:10 -0600] "GET /robots.txt HTTP/2" 200 72 "-" "Mozilla/5.0 (compatible; AhrefsBot/7.0; +http://ahrefs.com/robot/)"
146.75.165.23 - - [15/Jul/2026:08:33:24 -0600] "GET /?productSearch/pictureSearch?id=630245201100 HTTP/2" 301 6 "https://www.google.com/" "Mozilla/5.0 (Macintosh; Intel Mac OS X 10_15_7) AppleWebKit/605.1.15 (KHTML, like Gecko) Version/26.5.2 Safari/605.1.15"
65.111.11.174 - - [15/Jul/2026:08:41:04 -0600] "POST /xmlrpc.php HTTP/2" 200 643 "-" "WordPress/6.0"
216.73.216.7 - - [15/Jul/2026:07:45:33 -0600] "GET /robots.txt HTTP/2" 200 72 "-" "Mozilla/5.0 AppleWebKit/537.36 (KHTML, like Gecko; compatible; ClaudeBot/1.0; +claudebot@anthropic.com)"
216.73.216.7 - - [15/Jul/2026:07:45:33 -0600] "GET / HTTP/2" 200 8737 "-" "Mozilla/5.0 AppleWebKit/537.36 (KHTML, like Gecko; compatible; ClaudeBot/1.0; +claudebot@anthropic.com)"
51.161.65.212 - - [15/Jul/2026:08:10:11 -0600] "GET /sitemap.xml HTTP/2" 200 1970 "-" "Mozilla/5.0 (compatible; AhrefsBot/7.0; +http://ahrefs.com/robot/)"
85.208.96.208 - - [15/Jul/2026:08:24:12 -0600] "GET /robots.txt HTTP/1.1" 200 72 "-" "Mozilla/5.0 (compatible; SemrushBot/7~bl; +http://www.semrush.com/bot.html)"
198.175.150.9 - - [15/Jul/2026:08:24:13 -0600] "POST /wp-cron.php?doing_wp_cron=1784125453.2911250591278076171875 HTTP/1.1" 200 0 "-" "WordPress/7.0.1; https://ajpartyfun.com"
185.191.171.19 - - [15/Jul/2026:08:24:12 -0600] "GET /2025/07/13/varnost-in-zanesljivost-pri-spletnih-stavah-pomen-ustreznih-licenc/ HTTP/1.1" 200 10354 "-" "Mozilla/5.0 (compatible; SemrushBot/7~bl; +http://www.semrush.com/bot.html)"
216.73.216.7 - - [15/Jul/2026:08:59:41 -0600] "GET /robots.txt HTTP/2" 200 72 "-" "Mozilla/5.0 AppleWebKit/537.36 (KHTML, like Gecko; compatible; ClaudeBot/1.0; +claudebot@anthropic.com)"
216.73.216.7 - - [15/Jul/2026:08:59:41 -0600] "GET /2026/07/15/miten-uudet-nettikasinot-malta-todella-toimivat/ HTTP/2" 200 12534 "-" "Mozilla/5.0 AppleWebKit/537.36 (KHTML, like Gecko; compatible; ClaudeBot/1.0; +claudebot@anthropic.com)"
216.73.216.7 - - [15/Jul/2026:09:37:09 -0600] "GET / HTTP/2" 200 8737 "http://www.ajpartyfun.com/" "Mozilla/5.0 AppleWebKit/537.36 (KHTML, like Gecko; compatible; ClaudeBot/1.0; +claudebot@anthropic.com)"
216.250.255.116 - - [15/Jul/2026:09:53:15 -0600] "GET / HTTP/1.1" 200 9525 "-" "Mozilla/5.0 (Macintosh; Intel Mac OS X 10_15_7) AppleWebKit/537.36 (KHTML, like Gecko) Chrome/103.0.0.0 Safari/537.36"
185.191.171.3 - - [15/Jul/2026:09:59:54 -0600] "GET /robots.txt HTTP/1.1" 200 72 "-" "Mozilla/5.0 (compatible; SemrushBot/7~bl; +http://www.semrush.com/bot.html)"
20.169.78.167 - - [15/Jul/2026:10:03:10 -0600] "GET /?t=7936071001100 HTTP/2" 200 8722 "-" "Mozilla/5.0 AppleWebKit/537.36 (KHTML, like Gecko); compatible; ChatGPT-User/1.0; +https://openai.com/bot"
216.73.216.7 - - [15/Jul/2026:10:03:30 -0600] "GET /robots.txt HTTP/2" 200 72 "-" "Mozilla/5.0 AppleWebKit/537.36 (KHTML, like Gecko; compatible; ClaudeBot/1.0; +claudebot@anthropic.com)"
216.73.216.7 - - [15/Jul/2026:10:03:30 -0600] "GET /?p=913 HTTP/2" 301 6 "-" "Mozilla/5.0 AppleWebKit/537.36 (KHTML, like Gecko; compatible; ClaudeBot/1.0; +claudebot@anthropic.com)"
216.73.216.7 - - [15/Jul/2026:10:03:30 -0600] "GET /2026/07/15/miten-uudet-nettikasinot-malta-todella-toimivat/ HTTP/2" 200 12534 "https://ajpartyfun.com/?p=913" "Mozilla/5.0 AppleWebKit/537.36 (KHTML, like Gecko; compatible; ClaudeBot/1.0; +claudebot@anthropic.com)"
216.73.216.7 - - [15/Jul/2026:10:04:13 -0600] "GET /author/chaunguyenytoaichaugmail-com/ HTTP/2" 200 10083 "-" "Mozilla/5.0 AppleWebKit/537.36 (KHTML, like Gecko; compatible; ClaudeBot/1.0; +claudebot@anthropic.com)"
52.154.22.51 - - [15/Jul/2026:10:21:59 -0600] "GET /?t=251557801100 HTTP/2" 301 6 "-" "Mozilla/5.0 AppleWebKit/537.36 (KHTML, like Gecko); compatible; ChatGPT-User/1.0; +https://openai.com/bot"
137.116.60.13 - - [15/Jul/2026:10:29:48 -0600] "GET /robots.txt HTTP/1.1" 200 72 "-" "Mozilla/5.0 (Macintosh; Intel Mac OS X 10_15_7) AppleWebKit/537.36 (KHTML, like Gecko) Chrome/124.0.0.0 Safari/537.36"
137.116.60.13 - - [15/Jul/2026:10:29:48 -0600] "GET / HTTP/1.1" 200 8737 "-" "Mozilla/5.0 (Macintosh; Intel Mac OS X 10_15_7) AppleWebKit/537.36 (KHTML, like Gecko) Chrome/124.0.0.0 Safari/537.36"
137.116.60.13 - - [15/Jul/2026:10:29:48 -0600] "GET /llms.txt HTTP/1.1" 404 8834 "-" "Mozilla/5.0 (Macintosh; Intel Mac OS X 10_15_7) AppleWebKit/537.36 (KHTML, like Gecko) Chrome/124.0.0.0 Safari/537.36"
198.175.150.9 - - [15/Jul/2026:10:40:59 -0600] "POST /wp-cron.php?doing_wp_cron=1784133659.5277690887451171875000 HTTP/1.1" 200 0 "-" "WordPress/7.0.1; https://ajpartyfun.com"
17.22.245.79 - - [15/Jul/2026:10:41:08 -0600] "GET /wp-content/themes/mh-magazine/style.css?ver=3.10.0 HTTP/2" 200 14892 "https://ajpartyfun.com/2026/07/10/candybet-casino-spusta-okamzite-krypto-vybery/" "Mozilla/5.0 (Macintosh; Intel Mac OS X 10_15_7) AppleWebKit/605.1.15 (KHTML, like Gecko) Version/17.4 Safari/605.1.15 (Applebot/0.1; +http://www.apple.com/go/applebot)"
17.22.245.79 - - [15/Jul/2026:10:41:09 -0600] "GET /wp-content/themes/mh-magazine/includes/font-awesome.min.css HTTP/2" 200 6658 "https://ajpartyfun.com/2026/07/10/candybet-casino-spusta-okamzite-krypto-vybery/" "Mozilla/5.0 (Macintosh; Intel Mac OS X 10_15_7) AppleWebKit/605.1.15 (KHTML, like Gecko) Version/17.4 Safari/605.1.15 (Applebot/0.1; +http://www.apple.com/go/applebot)"
23.98.142.176 - - [15/Jul/2026:09:06:46 -0600] "GET /?product/review/13404088101100= HTTP/2" 301 6 "-" "Mozilla/5.0 AppleWebKit/537.36 (KHTML, like Gecko); compatible; ChatGPT-User/1.0; +https://openai.com/bot"
43.166.1.243 - - [15/Jul/2026:09:17:24 -0600] "GET / HTTP/1.1" 200 9525 "http://ajpartyfun.com" "Mozilla/5.0 (iPhone; CPU iPhone OS 13_2_3 like Mac OS X) AppleWebKit/605.1.15 (KHTML, like Gecko) Version/13.0.3 Mobile/15E148 Safari/604.1"
23.98.142.179 - - [15/Jul/2026:09:36:17 -0600] "GET /?t=16436754101100 HTTP/2" 301 6 "-" "Mozilla/5.0 AppleWebKit/537.36 (KHTML, like Gecko); compatible; ChatGPT-User/1.0; +https://openai.com/bot"
20.169.87.122 - - [15/Jul/2026:09:49:46 -0600] "GET /?t=10315056701100 HTTP/2" 301 6 "-" "Mozilla/5.0 AppleWebKit/537.36 (KHTML, like Gecko); compatible; ChatGPT-User/1.0; +https://openai.com/bot"
20.169.87.127 - - [15/Jul/2026:09:49:46 -0600] "GET /?t=10315056701100 HTTP/2" 200 8722 "-" "Mozilla/5.0 AppleWebKit/537.36 (KHTML, like Gecko); compatible; ChatGPT-User/1.0; +https://openai.com/bot"
20.169.78.172 - - [15/Jul/2026:10:03:10 -0600] "GET /?t=7936071001100 HTTP/2" 301 6 "-" "Mozilla/5.0 AppleWebKit/537.36 (KHTML, like Gecko); compatible; ChatGPT-User/1.0; +https://openai.com/bot"
216.73.216.7 - - [15/Jul/2026:10:03:39 -0600] "GET /category/uudet-nettikasinot-malta/ HTTP/2" 200 7599 "-" "Mozilla/5.0 AppleWebKit/537.36 (KHTML, like Gecko; compatible; ClaudeBot/1.0; +claudebot@anthropic.com)"
198.175.150.9 - - [15/Jul/2026:10:10:54 -0600] "POST /wp-cron.php?doing_wp_cron=1784131854.2101271152496337890625 HTTP/1.1" 200 0 "-" "WordPress/7.0.1; https://ajpartyfun.com"
52.154.22.62 - - [15/Jul/2026:10:22:00 -0600] "GET /?t=251557801100 HTTP/2" 200 8722 "-" "Mozilla/5.0 AppleWebKit/537.36 (KHTML, like Gecko); compatible; ChatGPT-User/1.0; +https://openai.com/bot"
17.22.253.182 - - [15/Jul/2026:10:30:00 -0600] "GET /robots.txt HTTP/2" 200 72 "-" "Mozilla/5.0 (Macintosh; Intel Mac OS X 10_15_7) AppleWebKit/605.1.15 (KHTML, like Gecko) Version/17.4 Safari/605.1.15 (Applebot/0.1; +http://www.apple.com/go/applebot)"
17.22.253.182 - - [15/Jul/2026:10:30:00 -0600] "GET /2026/07/10/candybet-casino-spusta-okamzite-krypto-vybery/ HTTP/2" 200 10695 "-" "Mozilla/5.0 (Macintosh; Intel Mac OS X 10_15_7) AppleWebKit/605.1.15 (KHTML, like Gecko) Version/17.4 Safari/605.1.15 (Applebot/0.1; +http://www.apple.com/go/applebot)"
45.170.226.240 - - [15/Jul/2026:10:41:05 -0600] "POST /xmlrpc.php HTTP/1.1" 200 3297 "-" "Mozilla/5.0 (Windows NT 10.0; Win64; x64) AppleWebKit/537.36 (KHTML, like Gecko) Chrome/114.0.0.0 Safari/537.36"
45.170.226.240 - - [15/Jul/2026:10:41:07 -0600] "GET /2026/07/15/test-post-title/ HTTP/1.1" 200 27983 "-" "Mozilla/5.0 (Windows NT 10.0; Win64; x64) AppleWebKit/537.36 (KHTML, like Gecko) Chrome/123.0.0.0 Safari/537.36"
198.175.150.9 - - [15/Jul/2026:10:41:14 -0600] "POST /wp-cron.php?doing_wp_cron=1784133674.4709808826446533203125 HTTP/1.1" 200 0 "-" "WordPress/7.0.1; https://ajpartyfun.com"
185.230.124.185 - - [15/Jul/2026:10:41:20 -0600] "POST /xmlrpc.php HTTP/1.1" 200 3297 "-" "Mozilla/5.0 (Windows NT 10.0; Win64; x64) AppleWebKit/537.36 (KHTML, like Gecko) Chrome/114.0.0.0 Safari/537.36"
185.230.124.185 - - [15/Jul/2026:10:41:22 -0600] "POST /xmlrpc.php HTTP/1.1" 200 178 "-" "Mozilla/5.0 (Windows NT 10.0; Win64; x64) AppleWebKit/537.36 (KHTML, like Gecko) Chrome/114.0.0.0 Safari/537.36"
198.175.150.9 - - [15/Jul/2026:10:41:23 -0600] "POST /wp-cron.php?doing_wp_cron=1784133683.5360679626464843750000 HTTP/1.1" 200 0 "-" "WordPress/7.0.1; https://ajpartyfun.com"
15.235.98.211 - - [15/Jul/2026:11:06:46 -0600] "GET /sitemap.xml HTTP/2" 200 1981 "-" "Mozilla/5.0 (compatible; AhrefsBot/7.0; +http://ahrefs.com/robot/)"
198.175.150.9 - - [15/Jul/2026:11:10:45 -0600] "POST /wp-cron.php?doing_wp_cron=1784135445.0519399642944335937500 HTTP/1.1" 200 0 "-" "WordPress/7.0.1; https://ajpartyfun.com"
198.175.150.9 - - [15/Jul/2026:09:14:58 -0600] "POST /wp-cron.php?doing_wp_cron=1784128498.7265799045562744140625 HTTP/1.1" 200 0 "-" "WordPress/7.0.1; https://ajpartyfun.com"
74.7.241.178 - - [15/Jul/2026:09:32:47 -0600] "GET /robots.txt HTTP/2" 200 72 "-" "Mozilla/5.0 (Macintosh; Intel Mac OS X 10_15_7) AppleWebKit/537.36 (KHTML, like Gecko) Chrome/131.0.0.0 Safari/537.36; compatible; OAI-SearchBot/1.4; robots.txt; +https://openai.com/searchbot"
23.22.108.251 - - [15/Jul/2026:09:35:30 -0600] "GET /robots.txt HTTP/1.1" 200 72 "-" "Mozilla/5.0 (Macintosh; Intel Mac OS X 10_10_1) AppleWebKit/600.2.5 (KHTML, like Gecko) Version/8.0.2 Safari/600.2.5 (Gort)"
43.130.12.43 - - [15/Jul/2026:09:58:25 -0600] "GET / HTTP/1.1" 200 9525 "http://www.ajpartyfun.com" "Mozilla/5.0 (iPhone; CPU iPhone OS 13_2_3 like Mac OS X) AppleWebKit/605.1.15 (KHTML, like Gecko) Version/13.0.3 Mobile/15E148 Safari/604.1"
216.73.216.7 - - [15/Jul/2026:10:05:43 -0600] "GET /2026/07/ HTTP/2" 200 8141 "-" "Mozilla/5.0 AppleWebKit/537.36 (KHTML, like Gecko; compatible; ClaudeBot/1.0; +claudebot@anthropic.com)"
185.191.171.9 - - [15/Jul/2026:10:21:59 -0600] "GET /2025/07/13/verantwortungsvolles-online-glucksspiel-strategien-und-best-practices/ HTTP/1.1" 200 10821 "-" "Mozilla/5.0 (compatible; SemrushBot/7~bl; +http://www.semrush.com/bot.html)"
137.116.60.13 - - [15/Jul/2026:10:29:48 -0600] "GET /sitemap.xml HTTP/1.1" 200 1976 "-" "Mozilla/5.0 (Macintosh; Intel Mac OS X 10_15_7) AppleWebKit/537.36 (KHTML, like Gecko) Chrome/124.0.0.0 Safari/537.36"
45.170.226.240 - - [15/Jul/2026:10:40:58 -0600] "POST /xmlrpc.php HTTP/1.1" 200 178 "-" "Mozilla/5.0 (Windows NT 10.0; Win64; x64) AppleWebKit/537.36 (KHTML, like Gecko) Chrome/114.0.0.0 Safari/537.36"
45.170.226.240 - - [15/Jul/2026:10:41:09 -0600] "POST /xmlrpc.php HTTP/1.1" 200 178 "-" "Mozilla/5.0 (Windows NT 10.0; Win64; x64) AppleWebKit/537.36 (KHTML, like Gecko) Chrome/114.0.0.0 Safari/537.36"
185.34.240.150 - - [15/Jul/2026:10:41:32 -0600] "POST /xmlrpc.php HTTP/1.1" 200 178 "-" "Mozilla/5.0 (Windows NT 10.0; Win64; x64) AppleWebKit/537.36 (KHTML, like Gecko) Chrome/114.0.0.0 Safari/537.36"
74.7.242.141 - - [15/Jul/2026:10:54:57 -0600] "GET /?productSearch%2FpictureSearch%3Fid=15213222701100 HTTP/2" 200 8722 "https://www.ajpartyfun.com" "Mozilla/5.0 (Macintosh; Intel Mac OS X 10_15_7) AppleWebKit/537.36 (KHTML, like Gecko) Chrome/131.0.0.0 Safari/537.36; compatible; OAI-SearchBot/1.4; +https://openai.com/searchbot"
216.73.216.7 - - [15/Jul/2026:11:09:22 -0600] "GET /robots.txt HTTP/2" 200 68 "-" "Mozilla/5.0 AppleWebKit/537.36 (KHTML, like Gecko; compatible; ClaudeBot/1.0; +claudebot@anthropic.com)"
216.73.216.7 - - [15/Jul/2026:11:09:22 -0600] "GET /author/chaunguyenytoaichaugmail-com/page/18/ HTTP/2" 200 8530 "-" "Mozilla/5.0 AppleWebKit/537.36 (KHTML, like Gecko; compatible; ClaudeBot/1.0; +claudebot@anthropic.com)"
216.73.216.7 - - [15/Jul/2026:11:09:54 -0600] "GET /2025/07/15/deciphering-the-evolution-of-online-slot-themes-the-case-of-eye-of-horus/ HTTP/2" 200 10256 "-" "Mozilla/5.0 AppleWebKit/537.36 (KHTML, like Gecko; compatible; ClaudeBot/1.0; +claudebot@anthropic.com)"
216.73.216.7 - - [15/Jul/2026:11:09:54 -0600] "GET /2025/07/15/the-evolution-of-online-slot-gaming-from-classic-to-immersive-experiences/ HTTP/2" 200 10256 "-" "Mozilla/5.0 AppleWebKit/537.36 (KHTML, like Gecko; compatible; ClaudeBot/1.0; +claudebot@anthropic.com)"
216.73.216.7 - - [15/Jul/2026:11:09:54 -0600] "GET /2025/07/ HTTP/2" 200 9842 "-" "Mozilla/5.0 AppleWebKit/537.36 (KHTML, like Gecko; compatible; ClaudeBot/1.0; +claudebot@anthropic.com)"
216.73.216.7 - - [15/Jul/2026:11:11:07 -0600] "GET /2025/07/15/die-evolution-der-online-automatenspiele-innovationen-trends-und-chancen/ HTTP/2" 200 10583 "-" "Mozilla/5.0 AppleWebKit/537.36 (KHTML, like Gecko; compatible; ClaudeBot/1.0; +claudebot@anthropic.com)"
216.73.216.7 - - [15/Jul/2026:11:11:07 -0600] "GET /author/chaunguyenytoaichaugmail-com/feed/ HTTP/2" 200 23053 "-" "Mozilla/5.0 AppleWebKit/537.36 (KHTML, like Gecko; compatible; ClaudeBot/1.0; +claudebot@anthropic.com)"
85.208.96.200 - - [15/Jul/2026:09:14:58 -0600] "GET /2025/07/13/the-evolution-of-online-slot-games-innovation-engagement-and-industry-trends/ HTTP/1.1" 200 11245 "-" "Mozilla/5.0 (compatible; SemrushBot/7~bl; +http://www.semrush.com/bot.html)"
185.191.171.6 - - [15/Jul/2026:09:23:46 -0600] "GET /2025/07/13/le-dinamiche-del-turismo-gastronomico-in-italia-un-viaggio-tra-tradizione-e-innovazione/ HTTP/1.1" 200 11488 "-" "Mozilla/5.0 (compatible; SemrushBot/7~bl; +http://www.semrush.com/bot.html)"
54.39.203.90 - - [15/Jul/2026:09:36:17 -0600] "GET /sitemap.xml HTTP/2" 200 1998 "-" "Mozilla/5.0 (compatible; AhrefsBot/7.0; +http://ahrefs.com/robot/)"
23.98.142.176 - - [15/Jul/2026:09:36:17 -0600] "GET /?t=16436754101100 HTTP/2" 200 8722 "-" "Mozilla/5.0 AppleWebKit/537.36 (KHTML, like Gecko); compatible; ChatGPT-User/1.0; +https://openai.com/bot"
85.208.96.206 - - [15/Jul/2026:09:59:55 -0600] "GET /2025/07/13/innovazione-e-sostenibilita-nelle-slot-machine-l-evoluzione-diaviamasters-2-slot/ HTTP/1.1" 200 11177 "-" "Mozilla/5.0 (compatible; SemrushBot/7~bl; +http://www.semrush.com/bot.html)"
82.21.227.16 - - [15/Jul/2026:10:01:52 -0600] "GET /2976-rank213 HTTP/1.1" 200 22291 "-" "Mozilla/5.0 (compatible; bingbot/2.0; +http://www.bing.com/bingbot.htm)"
216.73.216.7 - - [15/Jul/2026:10:06:53 -0600] "GET /2026/07/15/miten-uudet-nettikasinot-malta-todella-toimivat/feed/ HTTP/2" 200 452 "-" "Mozilla/5.0 AppleWebKit/537.36 (KHTML, like Gecko; compatible; ClaudeBot/1.0; +claudebot@anthropic.com)"
148.113.192.30 - - [15/Jul/2026:10:07:26 -0600] "GET / HTTP/1.1" 200 9525 "-" "Mozilla/5.0 (X11; Linux x86_64) AppleWebKit/537.36 (KHTML, like Gecko) Chrome/124 Safari/537.36"
85.208.96.198 - - [15/Jul/2026:10:10:53 -0600] "GET /category/uncategorized/page/2/ HTTP/1.1" 200 11109 "-" "Mozilla/5.0 (compatible; SemrushBot/7~bl; +http://www.semrush.com/bot.html)"
137.116.60.13 - - [15/Jul/2026:10:22:03 -0600] "HEAD / HTTP/1.1" 200 0 "-" "Mozilla/5.0 (compatible; EngagemiiBot/1.0)"
123.207.65.62 - - [15/Jul/2026:10:38:27 -0600] "GET / HTTP/1.1" 200 9525 "http://ajpartyfun.com" "Mozilla/5.0 (iPhone; CPU iPhone OS 13_2_3 like Mac OS X) AppleWebKit/605.1.15 (KHTML, like Gecko) Version/13.0.3 Mobile/15E148 Safari/604.1"
185.230.124.185 - - [15/Jul/2026:10:41:21 -0600] "GET /2026/07/15/test-post-title/ HTTP/1.1" 200 27983 "-" "Mozilla/5.0 (Windows NT 10.0; rv:125.0) Gecko/20100101 Firefox/125.0"
185.34.240.150 - - [15/Jul/2026:10:41:22 -0600] "POST /xmlrpc.php HTTP/1.1" 200 178 "-" "Mozilla/5.0 (Windows NT 10.0; Win64; x64) AppleWebKit/537.36 (KHTML, like Gecko) Chrome/114.0.0.0 Safari/537.36"
185.34.240.150 - - [15/Jul/2026:10:41:29 -0600] "POST /xmlrpc.php HTTP/1.1" 200 3297 "-" "Mozilla/5.0 (Windows NT 10.0; Win64; x64) AppleWebKit/537.36 (KHTML, like Gecko) Chrome/114.0.0.0 Safari/537.36"
185.34.240.150 - - [15/Jul/2026:10:41:31 -0600] "GET /2026/07/15/test-post-title/ HTTP/1.1" 200 27983 "-" "Mozilla/5.0 (Windows NT 10.0; Win64; x64) AppleWebKit/537.36 (KHTML, like Gecko) Chrome/123.0.0.0 Safari/537.36 OPR/109.0.0.0"
74.7.228.17 - - [15/Jul/2026:10:54:56 -0600] "GET /robots.txt HTTP/2" 200 72 "-" "Mozilla/5.0 (Macintosh; Intel Mac OS X 10_15_7) AppleWebKit/537.36 (KHTML, like Gecko) Chrome/131.0.0.0 Safari/537.36; compatible; OAI-SearchBot/1.4; robots.txt; +https://openai.com/searchbot"
74.7.228.246 - - [15/Jul/2026:10:55:00 -0600] "GET / HTTP/2" 200 8737 "https://ajpartyfun.com/?productSearch%2FpictureSearch%3Fid=15213222701100" "Mozilla/5.0 (Macintosh; Intel Mac OS X 10_15_7) AppleWebKit/537.36 (KHTML, like Gecko) Chrome/131.0.0.0 Safari/537.36; compatible; OAI-SearchBot/1.4; +https://openai.com/searchbot"
74.7.228.246 - - [15/Jul/2026:10:55:02 -0600] "GET / HTTP/2" 200 8737 "https://ajpartyfun.com/?productSearch%2FpictureSearch%3Fid=15213222701100" "Mozilla/5.0 (Macintosh; Intel Mac OS X 10_15_7) AppleWebKit/537.36 (KHTML, like Gecko) Chrome/131.0.0.0 Safari/537.36; compatible; OAI-SearchBot/1.4; +https://openai.com/searchbot"
17.22.245.79 - - [15/Jul/2026:10:41:11 -0600] "GET /wp-includes/js/jquery/jquery-migrate.min.js?ver=3.4.1 HTTP/2" 200 4678 "https://ajpartyfun.com/2026/07/10/candybet-casino-spusta-okamzite-krypto-vybery/" "Mozilla/5.0 (Macintosh; Intel Mac OS X 10_15_7) AppleWebKit/605.1.15 (KHTML, like Gecko) Version/17.4 Safari/605.1.15 (Applebot/0.1; +http://www.apple.com/go/applebot)"
17.22.245.79 - - [15/Jul/2026:10:41:12 -0600] "GET /wp-includes/js/jquery/jquery.min.js?ver=3.7.1 HTTP/2" 200 29744 "https://ajpartyfun.com/2026/07/10/candybet-casino-spusta-okamzite-krypto-vybery/" "Mozilla/5.0 (Macintosh; Intel Mac OS X 10_15_7) AppleWebKit/605.1.15 (KHTML, like Gecko) Version/17.4 Safari/605.1.15 (Applebot/0.1; +http://www.apple.com/go/applebot)"
17.22.245.79 - - [15/Jul/2026:10:41:14 -0600] "GET /wp-content/themes/mh-magazine/js/scripts.js?ver=3.10.0 HTTP/2" 200 12346 "https://ajpartyfun.com/2026/07/10/candybet-casino-spusta-okamzite-krypto-vybery/" "Mozilla/5.0 (Macintosh; Intel Mac OS X 10_15_7) AppleWebKit/605.1.15 (KHTML, like Gecko) Version/17.4 Safari/605.1.15 (Applebot/0.1; +http://www.apple.com/go/applebot)"
185.230.124.185 - - [15/Jul/2026:10:41:13 -0600] "POST /xmlrpc.php HTTP/1.1" 200 178 "-" "Mozilla/5.0 (Windows NT 10.0; Win64; x64) AppleWebKit/537.36 (KHTML, like Gecko) Chrome/114.0.0.0 Safari/537.36"
17.22.245.79 - - [15/Jul/2026:10:41:15 -0600] "GET /wp-includes/js/wp-emoji-release.min.js?ver=7.0.1 HTTP/2" 200 4974 "https://ajpartyfun.com/2026/07/10/candybet-casino-spusta-okamzite-krypto-vybery/" "Mozilla/5.0 (Macintosh; Intel Mac OS X 10_15_7) AppleWebKit/605.1.15 (KHTML, like Gecko) Version/17.4 Safari/605.1.15 (Applebot/0.1; +http://www.apple.com/go/applebot)"
74.7.229.102 - - [15/Jul/2026:10:54:56 -0600] "GET /?productSearch%2FpictureSearch%3Fid=15213222701100 HTTP/2" 301 6 "-" "Mozilla/5.0 (Macintosh; Intel Mac OS X 10_15_7) AppleWebKit/537.36 (KHTML, like Gecko) Chrome/131.0.0.0 Safari/537.36; compatible; OAI-SearchBot/1.4; +https://openai.com/searchbot"
216.73.216.7 - - [15/Jul/2026:11:13:52 -0600] "GET /2025/07/15/strategien-fur-spielautomaten-einblick-in-die-welt-des-book-of-ra/ HTTP/2" 200 10256 "-" "Mozilla/5.0 AppleWebKit/537.36 (KHTML, like Gecko; compatible; ClaudeBot/1.0; +claudebot@anthropic.com)"
216.73.216.7 - - [15/Jul/2026:11:13:53 -0600] "GET /2026/07/09/coronavirus-disease-2019/ HTTP/2" 200 8977 "-" "Mozilla/5.0 AppleWebKit/537.36 (KHTML, like Gecko; compatible; ClaudeBot/1.0; +claudebot@anthropic.com)"
216.73.216.7 - - [15/Jul/2026:11:13:53 -0600] "GET /author/chaunguyenytoaichaugmail-com/page/2/ HTTP/2" 200 9913 "-" "Mozilla/5.0 AppleWebKit/537.36 (KHTML, like Gecko; compatible; ClaudeBot/1.0; +claudebot@anthropic.com)"
74.7.242.141 - - [15/Jul/2026:11:14:08 -0600] "GET /?t=10315056701100 HTTP/2" 200 8722 "https://www.ajpartyfun.com" "Mozilla/5.0 (Macintosh; Intel Mac OS X 10_15_7) AppleWebKit/537.36 (KHTML, like Gecko) Chrome/131.0.0.0 Safari/537.36; compatible; OAI-SearchBot/1.4; +https://openai.com/searchbot"
74.7.242.141 - - [15/Jul/2026:11:20:28 -0600] "GET /?t=7936071001100 HTTP/2" 200 8722 "https://www.ajpartyfun.com" "Mozilla/5.0 (Macintosh; Intel Mac OS X 10_15_7) AppleWebKit/537.36 (KHTML, like Gecko) Chrome/131.0.0.0 Safari/537.36; compatible; OAI-SearchBot/1.4; +https://openai.com/searchbot"
45.157.80.213 - - [15/Jul/2026:11:42:32 -0600] "GET /?shop%2Fsold%3Fid=top14049214401100 HTTP/2" 200 8722 "-" "Mozilla/5.0 (Macintosh; Intel Mac OS X 10_15_7) AppleWebKit/537.36 (KHTML, like Gecko) Chrome/142.0.0.0 Safari/537.36"
74.7.243.30 - - [15/Jul/2026:11:44:44 -0600] "GET /?t=16870050601100 HTTP/2" 301 6 "-" "Mozilla/5.0 (Macintosh; Intel Mac OS X 10_15_7) AppleWebKit/537.36 (KHTML, like Gecko) Chrome/131.0.0.0 Safari/537.36; compatible; OAI-SearchBot/1.4; +https://openai.com/searchbot"
20.169.73.180 - - [15/Jul/2026:11:48:13 -0600] "GET /?t=1750882901100 HTTP/2" 301 6 "-" "Mozilla/5.0 AppleWebKit/537.36 (KHTML, like Gecko); compatible; ChatGPT-User/1.0; +https://openai.com/bot"
216.73.216.7 - - [15/Jul/2026:11:10:44 -0600] "GET /2025/07/15/la-rivoluzione-delle-slot-machine-online-analisi-approfondita-del-mercato-e-delle-novita-tecnologiche/ HTTP/2" 200 10341 "-" "Mozilla/5.0 AppleWebKit/537.36 (KHTML, like Gecko; compatible; ClaudeBot/1.0; +claudebot@anthropic.com)"
74.7.229.92 - - [15/Jul/2026:11:20:25 -0600] "GET /?t=7936071001100 HTTP/2" 301 6 "-" "Mozilla/5.0 (Macintosh; Intel Mac OS X 10_15_7) AppleWebKit/537.36 (KHTML, like Gecko) Chrome/131.0.0.0 Safari/537.36; compatible; OAI-SearchBot/1.4; +https://openai.com/searchbot"
85.208.96.205 - - [15/Jul/2026:11:41:04 -0600] "GET /robots.txt HTTP/1.1" 200 72 "-" "Mozilla/5.0 (compatible; SemrushBot/7~bl; +http://www.semrush.com/bot.html)"
74.7.242.145 - - [15/Jul/2026:11:44:47 -0600] "GET /?t=16870050601100 HTTP/2" 200 8722 "https://www.ajpartyfun.com" "Mozilla/5.0 (Macintosh; Intel Mac OS X 10_15_7) AppleWebKit/537.36 (KHTML, like Gecko) Chrome/131.0.0.0 Safari/537.36; compatible; OAI-SearchBot/1.4; +https://openai.com/searchbot"
142.147.161.81 - - [15/Jul/2026:11:46:12 -0600] "GET /?shop%2Fsold%3Fid=top14049214401100 HTTP/2" 200 8722 "-" "Mozilla/5.0 (Macintosh; Intel Mac OS X 10_15_7) AppleWebKit/537.36 (KHTML, like Gecko) Chrome/142.0.0.0 Safari/537.36"
162.216.148.0 - - [15/Jul/2026:11:49:11 -0600] "GET / HTTP/1.1" 200 9525 "-" "Mozilla/5.0 (Macintosh; Intel Mac OS X 10_15_7) AppleWebKit/537.36 (KHTML, like Gecko) Chrome/131.0.0.0 Safari/537.36"
162.216.148.0 - - [15/Jul/2026:11:50:56 -0600] "GET / HTTP/1.1" 200 31285 "-" "Mozilla/5.0 (X11; Linux x86_64; rv:131.0) Gecko/20100101 Firefox/131.0"
162.216.148.0 - - [15/Jul/2026:11:53:37 -0600] "GET /wp-includes/js/jquery/jquery-migrate.min.js?ver=3.4.1 HTTP/1.1" 200 13577 "-" "Mozilla/5.0 (X11; Linux x86_64; rv:131.0) Gecko/20100101 Firefox/131.0"
162.216.148.0 - - [15/Jul/2026:11:53:37 -0600] "GET /wp-includes/js/jquery/jquery.min.js?ver=3.7.1 HTTP/1.1" 200 87553 "-" "Mozilla/5.0 (X11; Linux x86_64; rv:131.0) Gecko/20100101 Firefox/131.0"
162.216.148.0 - - [15/Jul/2026:11:53:37 -0600] "GET /wp-includes/js/wp-emoji-release.min.js?ver=7.0.1 HTTP/1.1" 200 22752 "-" "Mozilla/5.0 (X11; Linux x86_64; rv:131.0) Gecko/20100101 Firefox/131.0"
216.73.216.7 - - [15/Jul/2026:11:12:04 -0600] "GET /2025/07/15/innovazioni-e-strategie-nel-mercato-dei-bonus-casino-senza-deposito-un-analisi-approfondita/ HTTP/2" 200 10191 "-" "Mozilla/5.0 AppleWebKit/537.36 (KHTML, like Gecko; compatible; ClaudeBot/1.0; +claudebot@anthropic.com)"
85.208.96.203 - - [15/Jul/2026:11:41:05 -0600] "GET /2025/07/13/ensuring-ethical-play-the-evolving-landscape-of-responsible-gambling-in-the-digital-era/ HTTP/1.1" 200 11653 "-" "Mozilla/5.0 (compatible; SemrushBot/7~bl; +http://www.semrush.com/bot.html)"
45.131.216.9 - - [15/Jul/2026:11:42:12 -0600] "GET /?shop%2Fsold%3Fid=top14049214401100 HTTP/2" 200 8722 "-" "Mozilla/5.0 (Macintosh; Intel Mac OS X 10_15_7) AppleWebKit/537.36 (KHTML, like Gecko) Chrome/142.0.0.0 Safari/537.36"
185.191.171.4 - - [15/Jul/2026:11:42:30 -0600] "GET /2025/07/13/die-entwicklung-des-live-casinos-im-digitalen-zeitalter/ HTTP/1.1" 200 11344 "-" "Mozilla/5.0 (compatible; SemrushBot/7~bl; +http://www.semrush.com/bot.html)"
52.230.164.181 - - [15/Jul/2026:11:46:41 -0600] "GET /?product/category/view_more/3679109201100= HTTP/2" 301 6 "-" "Mozilla/5.0 AppleWebKit/537.36 (KHTML, like Gecko); compatible; ChatGPT-User/1.0; +https://openai.com/bot"
52.230.164.189 - - [15/Jul/2026:11:46:42 -0600] "GET /?product/category/view_more/3679109201100 HTTP/2" 301 6 "-" "Mozilla/5.0 AppleWebKit/537.36 (KHTML, like Gecko); compatible; ChatGPT-User/1.0; +https://openai.com/bot"
20.169.73.180 - - [15/Jul/2026:11:48:13 -0600] "GET /?t=1750882901100 HTTP/2" 200 8722 "-" "Mozilla/5.0 AppleWebKit/537.36 (KHTML, like Gecko); compatible; ChatGPT-User/1.0; +https://openai.com/bot"
216.73.216.7 - - [15/Jul/2026:11:12:28 -0600] "GET /2025/07/15/mastering-the-mechanics-of-expanding-wilds-in-modern-slot-games/ HTTP/2" 200 10364 "-" "Mozilla/5.0 AppleWebKit/537.36 (KHTML, like Gecko; compatible; ClaudeBot/1.0; +claudebot@anthropic.com)"
216.73.216.7 - - [15/Jul/2026:11:12:28 -0600] "GET /category/uudet-nettikasinot-malta/feed/ HTTP/2" 200 5667 "-" "Mozilla/5.0 AppleWebKit/537.36 (KHTML, like Gecko; compatible; ClaudeBot/1.0; +claudebot@anthropic.com)"
216.73.216.7 - - [15/Jul/2026:11:13:49 -0600] "GET /2026/ HTTP/2" 200 9458 "-" "Mozilla/5.0 AppleWebKit/537.36 (KHTML, like Gecko; compatible; ClaudeBot/1.0; +claudebot@anthropic.com)"
74.7.242.174 - - [15/Jul/2026:11:14:05 -0600] "GET /?t=10315056701100 HTTP/2" 301 6 "-" "Mozilla/5.0 (Macintosh; Intel Mac OS X 10_15_7) AppleWebKit/537.36 (KHTML, like Gecko) Chrome/131.0.0.0 Safari/537.36; compatible; OAI-SearchBot/1.4; +https://openai.com/searchbot"
162.216.148.0 - - [15/Jul/2026:11:54:29 -0600] "GET /wp-includes/js/jquery/jquery.min.js?ver=3.7.1 HTTP/1.1" 200 87553 "-" "Mozilla/5.0 (X11; Linux x86_64; rv:131.0) Gecko/20100101 Firefox/131.0"
84.32.212.230 - - [15/Jul/2026:11:58:46 -0600] "GET /?shop%2Fsold%3Fid=top14049214401100 HTTP/2" 200 8722 "-" "Mozilla/5.0 (Macintosh; Intel Mac OS X 10_15_7) AppleWebKit/537.36 (KHTML, like Gecko) Chrome/142.0.0.0 Safari/537.36"
216.73.216.7 - - [15/Jul/2026:11:54:59 -0600] "GET / HTTP/2" 200 8737 "http://www.ajpartyfun.com/" "Mozilla/5.0 AppleWebKit/537.36 (KHTML, like Gecko; compatible; ClaudeBot/1.0; +claudebot@anthropic.com)"
162.216.148.0 - - [15/Jul/2026:11:53:39 -0600] "GET /wp-includes/js/jquery/jquery-migrate.min.js?ver=3.4.1 HTTP/1.1" 200 13577 "-" "Mozilla/5.0 (X11; Linux x86_64; rv:131.0) Gecko/20100101 Firefox/131.0"
162.216.148.0 - - [15/Jul/2026:11:53:46 -0600] "GET /wp-includes/js/wp-emoji-release.min.js?ver=7.0.1 HTTP/1.1" 200 22752 "-" "Mozilla/5.0 (X11; Linux x86_64; rv:131.0) Gecko/20100101 Firefox/131.0"
168.93.222.70 - - [15/Jul/2026:11:58:47 -0600] "GET /?shop%2Fsold%3Fid=top14049214401100 HTTP/2" 200 8722 "-" "Mozilla/5.0 (Macintosh; Intel Mac OS X 10_15_7) AppleWebKit/537.36 (KHTML, like Gecko) Chrome/142.0.0.0 Safari/537.36"
162.216.148.0 - - [15/Jul/2026:11:53:37 -0600] "GET /wp-includes/js/wp-emoji-loader.min.js HTTP/1.1" 200 2890 "-" "Mozilla/5.0 (X11; Linux x86_64; rv:131.0) Gecko/20100101 Firefox/131.0"
45.41.175.10 - - [15/Jul/2026:12:08:10 -0600] "GET /?shop%2Fsold%3Fid=top14049214401100 HTTP/2" 200 8722 "-" "Mozilla/5.0 (Macintosh; Intel Mac OS X 10_15_7) AppleWebKit/537.36 (KHTML, like Gecko) Chrome/142.0.0.0 Safari/537.36"
45.81.148.248 - - [15/Jul/2026:12:15:31 -0600] "GET /?shop%2Fsold%3Fid=top14049214401100 HTTP/2" 200 8722 "-" "Mozilla/5.0 (Macintosh; Intel Mac OS X 10_15_7) AppleWebKit/537.36 (KHTML, like Gecko) Chrome/142.0.0.0 Safari/537.36"
216.73.216.7 - - [15/Jul/2026:12:19:13 -0600] "GET /robots.txt HTTP/2" 200 72 "-" "Mozilla/5.0 AppleWebKit/537.36 (KHTML, like Gecko; compatible; ClaudeBot/1.0; +claudebot@anthropic.com)"
216.73.216.7 - - [15/Jul/2026:12:19:13 -0600] "GET /category/public/ HTTP/2" 200 7489 "-" "Mozilla/5.0 AppleWebKit/537.36 (KHTML, like Gecko; compatible; ClaudeBot/1.0; +claudebot@anthropic.com)"
216.73.216.7 - - [15/Jul/2026:12:19:14 -0600] "GET /2024/02/ HTTP/2" 200 7505 "-" "Mozilla/5.0 AppleWebKit/537.36 (KHTML, like Gecko; compatible; ClaudeBot/1.0; +claudebot@anthropic.com)"
216.73.216.7 - - [15/Jul/2026:12:19:14 -0600] "GET /2025/ HTTP/2" 200 9810 "-" "Mozilla/5.0 AppleWebKit/537.36 (KHTML, like Gecko; compatible; ClaudeBot/1.0; +claudebot@anthropic.com)"
216.73.216.7 - - [15/Jul/2026:12:20:24 -0600] "GET /2025/07/page/2/ HTTP/2" 200 9927 "-" "Mozilla/5.0 AppleWebKit/537.36 (KHTML, like Gecko; compatible; ClaudeBot/1.0; +claudebot@anthropic.com)"
216.73.216.7 - - [15/Jul/2026:12:20:25 -0600] "GET /?p=946 HTTP/2" 301 6 "-" "Mozilla/5.0 AppleWebKit/537.36 (KHTML, like Gecko; compatible; ClaudeBot/1.0; +claudebot@anthropic.com)"
216.73.216.7 - - [15/Jul/2026:12:20:25 -0600] "GET /2025/07/15/mastering-the-mechanics-of-expanding-wilds-in-modern-slot-games/ HTTP/2" 200 10364 "https://ajpartyfun.com/?p=946" "Mozilla/5.0 AppleWebKit/537.36 (KHTML, like Gecko; compatible; ClaudeBot/1.0; +claudebot@anthropic.com)"
216.73.216.7 - - [15/Jul/2026:12:20:25 -0600] "GET /?p=938 HTTP/2" 301 6 "-" "Mozilla/5.0 AppleWebKit/537.36 (KHTML, like Gecko; compatible; ClaudeBot/1.0; +claudebot@anthropic.com)"
216.73.216.7 - - [15/Jul/2026:12:20:26 -0600] "GET /2025/07/15/deciphering-the-evolution-of-online-slot-themes-the-case-of-eye-of-horus/ HTTP/2" 200 10256 "https://ajpartyfun.com/?p=938" "Mozilla/5.0 AppleWebKit/537.36 (KHTML, like Gecko; compatible; ClaudeBot/1.0; +claudebot@anthropic.com)"
216.73.216.7 - - [15/Jul/2026:12:20:57 -0600] "GET /2026/05/13/jessica-alonso/ HTTP/2" 200 7993 "-" "Mozilla/5.0 AppleWebKit/537.36 (KHTML, like Gecko; compatible; ClaudeBot/1.0; +claudebot@anthropic.com)"
216.73.216.7 - - [15/Jul/2026:12:20:57 -0600] "GET /author/chaunguyenytoaichaugmail-com/page/17/ HTTP/2" 200 10117 "-" "Mozilla/5.0 AppleWebKit/537.36 (KHTML, like Gecko; compatible; ClaudeBot/1.0; +claudebot@anthropic.com)"
216.73.216.7 - - [15/Jul/2026:12:20:57 -0600] "GET /2026/05/13/jennie-pittmon/ HTTP/2" 200 7986 "-" "Mozilla/5.0 AppleWebKit/537.36 (KHTML, like Gecko; compatible; ClaudeBot/1.0; +claudebot@anthropic.com)"
216.73.216.7 - - [15/Jul/2026:12:21:39 -0600] "GET /wp-content/uploads/2026/05/Patricia-Torres-80x60.jpg HTTP/2" 200 2336 "-" "Mozilla/5.0 AppleWebKit/537.36 (KHTML, like Gecko; compatible; ClaudeBot/1.0; +claudebot@anthropic.com)"
216.73.216.7 - - [15/Jul/2026:12:21:39 -0600] "GET /wp-content/uploads/2026/05/balloon-twisting-feature-326x245.jpg HTTP/2" 200 17628 "-" "Mozilla/5.0 AppleWebKit/537.36 (KHTML, like Gecko; compatible; ClaudeBot/1.0; +claudebot@anthropic.com)"
216.73.216.7 - - [15/Jul/2026:12:21:40 -0600] "GET /wp-content/uploads/2026/05/Jessica-Alonso1-326x245.jpg HTTP/2" 200 25109 "-" "Mozilla/5.0 AppleWebKit/537.36 (KHTML, like Gecko; compatible; ClaudeBot/1.0; +claudebot@anthropic.com)"
216.73.216.7 - - [15/Jul/2026:12:22:05 -0600] "GET /2025/07/15/the-evolution-of-online-slot-gaming-from-classic-to-immersive-experiences/feed/ HTTP/2" 200 488 "-" "Mozilla/5.0 AppleWebKit/537.36 (KHTML, like Gecko; compatible; ClaudeBot/1.0; +claudebot@anthropic.com)"
216.73.216.7 - - [15/Jul/2026:12:22:05 -0600] "GET /2025/07/15/die-evolution-der-online-automatenspiele-innovationen-trends-und-chancen/feed/ HTTP/2" 200 479 "-" "Mozilla/5.0 AppleWebKit/537.36 (KHTML, like Gecko; compatible; ClaudeBot/1.0; +claudebot@anthropic.com)"
216.73.216.7 - - [15/Jul/2026:12:19:22 -0600] "GET /?p=944 HTTP/2" 301 6 "-" "Mozilla/5.0 AppleWebKit/537.36 (KHTML, like Gecko; compatible; ClaudeBot/1.0; +claudebot@anthropic.com)"
216.73.216.7 - - [15/Jul/2026:12:19:22 -0600] "GET /?p=940 HTTP/2" 301 6 "-" "Mozilla/5.0 AppleWebKit/537.36 (KHTML, like Gecko; compatible; ClaudeBot/1.0; +claudebot@anthropic.com)"
216.73.216.7 - - [15/Jul/2026:12:19:23 -0600] "GET /2025/07/15/strategien-fur-spielautomaten-einblick-in-die-welt-des-book-of-ra/ HTTP/2" 200 10256 "https://ajpartyfun.com/?p=944" "Mozilla/5.0 AppleWebKit/537.36 (KHTML, like Gecko; compatible; ClaudeBot/1.0; +claudebot@anthropic.com)"
216.73.216.7 - - [15/Jul/2026:12:19:23 -0600] "GET /2025/07/15/die-evolution-der-online-automatenspiele-innovationen-trends-und-chancen/ HTTP/2" 200 10583 "https://ajpartyfun.com/?p=940" "Mozilla/5.0 AppleWebKit/537.36 (KHTML, like Gecko; compatible; ClaudeBot/1.0; +claudebot@anthropic.com)"
216.73.216.7 - - [15/Jul/2026:12:19:23 -0600] "GET /?p=498 HTTP/2" 301 6 "-" "Mozilla/5.0 AppleWebKit/537.36 (KHTML, like Gecko; compatible; ClaudeBot/1.0; +claudebot@anthropic.com)"
