136.66.93.61 - - [15/Jul/2026:08:47:19 -0600] "POST //xmlrpc.php HTTP/1.1" 200 401 "-" "Mozilla/5.0 (Windows NT 10.0; Win64; x64) AppleWebKit/537.36 (KHTML, like Gecko) Chrome/78.0.3904.108 Safari/537.36"
198.175.150.9 - - [15/Jul/2026:08:24:08 -0600] "POST /wp-cron.php?doing_wp_cron=1784125448.1979460716247558593750 HTTP/1.1" 200 0 "-" "WordPress/7.0.1; https://candytheclown.com"
185.191.171.14 - - [15/Jul/2026:08:24:08 -0600] "GET /2025/03/07/looking-for-a-clown-in-melissa-texas/ HTTP/1.1" 200 29877 "-" "Mozilla/5.0 (compatible; SemrushBot/7~bl; +http://www.semrush.com/bot.html)"
216.244.66.194 - - [15/Jul/2026:08:54:10 -0600] "GET /robots.txt HTTP/1.1" 200 175 "-" "Mozilla/5.0 (compatible; DotBot/1.2; +https://opensiteexplorer.org/dotbot; help@moz.com)"
162.222.194.86 - - [15/Jul/2026:08:34:11 -0600] "GET /wp-content/uploads/2025/03/Candy-crowley.jpg HTTP/2" 206 108753 "https://candytheclown.com/category/areas/page/4/" "Mozilla/5.0 (Macintosh; Intel Mac OS X 10_12_0) AppleWebKit/537.36 (KHTML, like Gecko) Chrome/45.0.6152.1880 Safari/537.36"
162.222.194.86 - - [15/Jul/2026:08:34:12 -0600] "GET /wp-content/uploads/2025/03/Candy-coppell.jpg HTTP/2" 206 108562 "https://candytheclown.com/category/areas/page/4/" "Mozilla/5.0 (Macintosh; Intel Mac OS X 10_12_0) AppleWebKit/537.36 (KHTML, like Gecko) Chrome/45.0.6152.1880 Safari/537.36"
162.222.194.86 - - [15/Jul/2026:08:34:12 -0600] "GET /wp-content/uploads/2025/03/Candy-highland-park.jpg HTTP/2" 206 111647 "https://candytheclown.com/category/areas/page/4/" "Mozilla/5.0 (Macintosh; Intel Mac OS X 10_12_0) AppleWebKit/537.36 (KHTML, like Gecko) Chrome/45.0.6152.1880 Safari/537.36"
162.222.194.86 - - [15/Jul/2026:08:34:12 -0600] "GET /wp-content/uploads/2025/03/Candy-lewisville.jpg HTTP/2" 206 109598 "https://candytheclown.com/category/areas/page/4/" "Mozilla/5.0 (Macintosh; Intel Mac OS X 10_12_0) AppleWebKit/537.36 (KHTML, like Gecko) Chrome/45.0.6152.1880 Safari/537.36"
162.222.194.86 - - [15/Jul/2026:08:34:12 -0600] "GET /wp-content/uploads/2025/03/Candy-colleyville.jpg HTTP/2" 206 110086 "https://candytheclown.com/category/areas/page/4/" "Mozilla/5.0 (Macintosh; Intel Mac OS X 10_12_0) AppleWebKit/537.36 (KHTML, like Gecko) Chrome/45.0.6152.1880 Safari/537.36"
162.222.194.86 - - [15/Jul/2026:08:34:12 -0600] "GET /wp-content/uploads/2025/03/Candy-fort-worth.jpg HTTP/2" 304 0 "https://candytheclown.com/category/areas/page/4/" "Mozilla/5.0 (Macintosh; Intel Mac OS X 10_12_0) AppleWebKit/537.36 (KHTML, like Gecko) Chrome/45.0.6152.1880 Safari/537.36"
162.222.194.86 - - [15/Jul/2026:08:34:13 -0600] "GET /wp-content/uploads/2025/03/Candy-fort-worth.jpg HTTP/2" 206 109619 "https://candytheclown.com/category/areas/page/4/" "Mozilla/5.0 (Macintosh; Intel Mac OS X 10_12_0) AppleWebKit/537.36 (KHTML, like Gecko) Chrome/45.0.6152.1880 Safari/537.36"
34.145.172.54 - - [15/Jul/2026:08:33:35 -0600] "POST //xmlrpc.php HTTP/1.1" 200 401 "-" "Mozilla/5.0 (Windows NT 10.0; Win64; x64) AppleWebKit/537.36 (KHTML, like Gecko) Chrome/78.0.3904.108 Safari/537.36"
34.145.172.54 - - [15/Jul/2026:08:33:46 -0600] "POST //xmlrpc.php HTTP/1.1" 200 401 "-" "Mozilla/5.0 (Windows NT 10.0; Win64; x64) AppleWebKit/537.36 (KHTML, like Gecko) Chrome/78.0.3904.108 Safari/537.36"
34.145.172.54 - - [15/Jul/2026:08:33:50 -0600] "POST //xmlrpc.php HTTP/1.1" 200 401 "-" "Mozilla/5.0 (Windows NT 10.0; Win64; x64) AppleWebKit/537.36 (KHTML, like Gecko) Chrome/78.0.3904.108 Safari/537.36"
34.145.172.54 - - [15/Jul/2026:08:34:01 -0600] "POST //xmlrpc.php HTTP/1.1" 200 401 "-" "Mozilla/5.0 (Windows NT 10.0; Win64; x64) AppleWebKit/537.36 (KHTML, like Gecko) Chrome/78.0.3904.108 Safari/537.36"
34.145.172.54 - - [15/Jul/2026:08:34:05 -0600] "POST //xmlrpc.php HTTP/1.1" 200 401 "-" "Mozilla/5.0 (Windows NT 10.0; Win64; x64) AppleWebKit/537.36 (KHTML, like Gecko) Chrome/78.0.3904.108 Safari/537.36"
43.136.86.241 - - [15/Jul/2026:08:41:23 -0600] "GET / HTTP/1.1" 200 24770 "http://candytheclown.com" "Mozilla/5.0 (iPhone; CPU iPhone OS 13_2_3 like Mac OS X) AppleWebKit/605.1.15 (KHTML, like Gecko) Version/13.0.3 Mobile/15E148 Safari/604.1"
102.206.123.234 - - [15/Jul/2026:09:06:04 -0600] "GET / HTTP/2" 200 21433 "https://www.google.com/" "Mozilla/5.0 (X11; Linux x86_64) AppleWebKit/537.36 (KHTML, like Gecko) Chrome/149.0.0.0 Safari/537.36"
102.206.123.234 - - [15/Jul/2026:09:06:06 -0600] "GET /wp-content/themes/astra/assets/css/minified/main.min.css?ver=4.13.6 HTTP/2" 200 8389 "https://candytheclown.com/" "Mozilla/5.0 (X11; Linux x86_64) AppleWebKit/537.36 (KHTML, like Gecko) Chrome/149.0.0.0 Safari/537.36"
102.206.123.234 - - [15/Jul/2026:09:06:06 -0600] "GET /wp-content/uploads/astra-addon/astra-addon-6a439ac31ec5c0-46925815.css?ver=4.13.5 HTTP/2" 200 2401 "https://candytheclown.com/" "Mozilla/5.0 (X11; Linux x86_64) AppleWebKit/537.36 (KHTML, like Gecko) Chrome/149.0.0.0 Safari/537.36"
102.206.123.234 - - [15/Jul/2026:09:06:06 -0600] "GET /wp-content/plugins/elementor/assets/lib/eicons/css/elementor-icons.min.css?ver=5.50.0 HTTP/2" 200 4123 "https://candytheclown.com/" "Mozilla/5.0 (X11; Linux x86_64) AppleWebKit/537.36 (KHTML, like Gecko) Chrome/149.0.0.0 Safari/537.36"
102.206.123.234 - - [15/Jul/2026:09:06:06 -0600] "GET /wp-content/uploads/elementor/css/post-9.css?ver=1784112240 HTTP/2" 200 342 "https://candytheclown.com/" "Mozilla/5.0 (X11; Linux x86_64) AppleWebKit/537.36 (KHTML, like Gecko) Chrome/149.0.0.0 Safari/537.36"
102.206.123.234 - - [15/Jul/2026:09:06:06 -0600] "GET /wp-content/plugins/elementor/assets/css/widget-video.min.css?ver=4.1.4 HTTP/2" 200 328 "https://candytheclown.com/" "Mozilla/5.0 (X11; Linux x86_64) AppleWebKit/537.36 (KHTML, like Gecko) Chrome/149.0.0.0 Safari/537.36"
102.206.123.234 - - [15/Jul/2026:09:06:06 -0600] "GET /wp-content/uploads/elementor/css/post-38.css?ver=1784112240 HTTP/2" 200 108 "https://candytheclown.com/" "Mozilla/5.0 (X11; Linux x86_64) AppleWebKit/537.36 (KHTML, like Gecko) Chrome/149.0.0.0 Safari/537.36"
102.206.123.234 - - [15/Jul/2026:09:06:06 -0600] "GET /wp-content/uploads/elementor/google-fonts/css/roboto.css?ver=1742234071 HTTP/2" 200 1872 "https://candytheclown.com/" "Mozilla/5.0 (X11; Linux x86_64) AppleWebKit/537.36 (KHTML, like Gecko) Chrome/149.0.0.0 Safari/537.36"
102.206.123.234 - - [15/Jul/2026:09:06:06 -0600] "GET /wp-content/uploads/elementor/google-fonts/css/robotoslab.css?ver=1742234078 HTTP/2" 200 708 "https://candytheclown.com/" "Mozilla/5.0 (X11; Linux x86_64) AppleWebKit/537.36 (KHTML, like Gecko) Chrome/149.0.0.0 Safari/537.36"
102.206.123.234 - - [15/Jul/2026:09:06:06 -0600] "GET /wp-content/uploads/astra-addon/astra-addon-6a439ac31f2be8-55963754.js?ver=4.13.5 HTTP/2" 200 3191 "https://candytheclown.com/" "Mozilla/5.0 (X11; Linux x86_64) AppleWebKit/537.36 (KHTML, like Gecko) Chrome/149.0.0.0 Safari/537.36"
102.206.123.234 - - [15/Jul/2026:09:06:06 -0600] "GET /wp-content/plugins/elementor/assets/css/frontend.min.css?ver=4.1.4 HTTP/2" 200 6613 "https://candytheclown.com/" "Mozilla/5.0 (X11; Linux x86_64) AppleWebKit/537.36 (KHTML, like Gecko) Chrome/149.0.0.0 Safari/537.36"
102.206.123.234 - - [15/Jul/2026:09:06:06 -0600] "GET /wp-includes/js/jquery/jquery-migrate.min.js?ver=3.4.1 HTTP/2" 200 4678 "https://candytheclown.com/" "Mozilla/5.0 (X11; Linux x86_64) AppleWebKit/537.36 (KHTML, like Gecko) Chrome/149.0.0.0 Safari/537.36"
102.206.123.234 - - [15/Jul/2026:09:06:06 -0600] "GET /wp-content/themes/astra/assets/js/minified/frontend.min.js?ver=4.13.6 HTTP/2" 200 5693 "https://candytheclown.com/" "Mozilla/5.0 (X11; Linux x86_64) AppleWebKit/537.36 (KHTML, like Gecko) Chrome/149.0.0.0 Safari/537.36"
102.206.123.234 - - [15/Jul/2026:09:06:06 -0600] "GET /wp-includes/js/jquery/jquery.min.js?ver=3.7.1 HTTP/2" 200 29744 "https://candytheclown.com/" "Mozilla/5.0 (X11; Linux x86_64) AppleWebKit/537.36 (KHTML, like Gecko) Chrome/149.0.0.0 Safari/537.36"
102.206.123.234 - - [15/Jul/2026:09:06:06 -0600] "GET /wp-content/plugins/astra-addon/assets/js/minified/purify.min.js?ver=4.13.5 HTTP/2" 200 10151 "https://candytheclown.com/" "Mozilla/5.0 (X11; Linux x86_64) AppleWebKit/537.36 (KHTML, like Gecko) Chrome/149.0.0.0 Safari/537.36"
172.58.48.189 - - [15/Jul/2026:08:59:54 -0600] "GET / HTTP/2" 200 0 "-" "Mozilla/5.0 (iPhone; CPU iPhone OS 18_7 like Mac OS X) AppleWebKit/605.1.15 (KHTML, like Gecko) Version/26.5 Mobile/15E148 Safari/604.1"
43.153.123.4 - - [15/Jul/2026:09:18:49 -0600] "GET / HTTP/1.1" 200 24770 "http://candytheclown.com" "Mozilla/5.0 (iPhone; CPU iPhone OS 13_2_3 like Mac OS X) AppleWebKit/605.1.15 (KHTML, like Gecko) Version/13.0.3 Mobile/15E148 Safari/604.1"
198.175.150.9 - - [15/Jul/2026:09:27:47 -0600] "POST /wp-cron.php?doing_wp_cron=1784129267.9251680374145507812500 HTTP/1.1" 200 0 "-" "WordPress/7.0.1; https://candytheclown.com"
146.75.128.210 - - [15/Jul/2026:09:35:58 -0600] "GET / HTTP/2" 200 21402 "https://duckduckgo.com/" "Mozilla/5.0 (iPhone; CPU iPhone OS 17_5_1 like Mac OS X) AppleWebKit/605.1.15 (KHTML, like Gecko) Version/17.5 Mobile/15E148 Safari/604.1"
146.75.128.210 - - [15/Jul/2026:09:35:59 -0600] "GET /wp-content/themes/astra/assets/css/minified/main.min.css?ver=4.13.6 HTTP/2" 200 8389 "https://candytheclown.com/" "Mozilla/5.0 (iPhone; CPU iPhone OS 17_5_1 like Mac OS X) AppleWebKit/605.1.15 (KHTML, like Gecko) Version/17.5 Mobile/15E148 Safari/604.1"
146.75.128.210 - - [15/Jul/2026:09:35:59 -0600] "GET /wp-content/uploads/astra-addon/astra-addon-6a439ac31ec5c0-46925815.css?ver=4.13.5 HTTP/2" 200 2401 "https://candytheclown.com/" "Mozilla/5.0 (iPhone; CPU iPhone OS 17_5_1 like Mac OS X) AppleWebKit/605.1.15 (KHTML, like Gecko) Version/17.5 Mobile/15E148 Safari/604.1"
146.75.128.210 - - [15/Jul/2026:09:35:59 -0600] "GET /wp-content/plugins/elementor/assets/css/frontend.min.css?ver=4.1.4 HTTP/2" 200 6613 "https://candytheclown.com/" "Mozilla/5.0 (iPhone; CPU iPhone OS 17_5_1 like Mac OS X) AppleWebKit/605.1.15 (KHTML, like Gecko) Version/17.5 Mobile/15E148 Safari/604.1"
146.75.128.210 - - [15/Jul/2026:09:35:59 -0600] "GET /wp-content/uploads/elementor/css/post-9.css?ver=1784112240 HTTP/2" 200 342 "https://candytheclown.com/" "Mozilla/5.0 (iPhone; CPU iPhone OS 17_5_1 like Mac OS X) AppleWebKit/605.1.15 (KHTML, like Gecko) Version/17.5 Mobile/15E148 Safari/604.1"
146.75.128.210 - - [15/Jul/2026:09:35:59 -0600] "GET /wp-content/plugins/elementor/assets/css/widget-video.min.css?ver=4.1.4 HTTP/2" 200 328 "https://candytheclown.com/" "Mozilla/5.0 (iPhone; CPU iPhone OS 17_5_1 like Mac OS X) AppleWebKit/605.1.15 (KHTML, like Gecko) Version/17.5 Mobile/15E148 Safari/604.1"
146.75.128.210 - - [15/Jul/2026:09:35:59 -0600] "GET /wp-content/uploads/elementor/css/post-38.css?ver=1784112240 HTTP/2" 200 108 "https://candytheclown.com/" "Mozilla/5.0 (iPhone; CPU iPhone OS 17_5_1 like Mac OS X) AppleWebKit/605.1.15 (KHTML, like Gecko) Version/17.5 Mobile/15E148 Safari/604.1"
146.75.128.210 - - [15/Jul/2026:09:35:59 -0600] "GET /wp-content/uploads/elementor/google-fonts/css/roboto.css?ver=1742234071 HTTP/2" 200 1872 "https://candytheclown.com/" "Mozilla/5.0 (iPhone; CPU iPhone OS 17_5_1 like Mac OS X) AppleWebKit/605.1.15 (KHTML, like Gecko) Version/17.5 Mobile/15E148 Safari/604.1"
146.75.128.210 - - [15/Jul/2026:09:35:59 -0600] "GET /wp-content/uploads/elementor/google-fonts/css/robotoslab.css?ver=1742234078 HTTP/2" 200 708 "https://candytheclown.com/" "Mozilla/5.0 (iPhone; CPU iPhone OS 17_5_1 like Mac OS X) AppleWebKit/605.1.15 (KHTML, like Gecko) Version/17.5 Mobile/15E148 Safari/604.1"
146.75.128.210 - - [15/Jul/2026:09:35:59 -0600] "GET /wp-includes/js/jquery/jquery.min.js?ver=3.7.1 HTTP/2" 200 29744 "https://candytheclown.com/" "Mozilla/5.0 (iPhone; CPU iPhone OS 17_5_1 like Mac OS X) AppleWebKit/605.1.15 (KHTML, like Gecko) Version/17.5 Mobile/15E148 Safari/604.1"
146.75.128.210 - - [15/Jul/2026:09:35:59 -0600] "GET /wp-includes/js/jquery/jquery-migrate.min.js?ver=3.4.1 HTTP/2" 200 4678 "https://candytheclown.com/" "Mozilla/5.0 (iPhone; CPU iPhone OS 17_5_1 like Mac OS X) AppleWebKit/605.1.15 (KHTML, like Gecko) Version/17.5 Mobile/15E148 Safari/604.1"
146.75.128.210 - - [15/Jul/2026:09:35:59 -0600] "GET /wp-content/plugins/elementor/assets/lib/eicons/css/elementor-icons.min.css?ver=5.50.0 HTTP/2" 200 4123 "https://candytheclown.com/" "Mozilla/5.0 (iPhone; CPU iPhone OS 17_5_1 like Mac OS X) AppleWebKit/605.1.15 (KHTML, like Gecko) Version/17.5 Mobile/15E148 Safari/604.1"
146.75.128.210 - - [15/Jul/2026:09:35:59 -0600] "GET /wp-content/themes/astra/assets/js/minified/frontend.min.js?ver=4.13.6 HTTP/2" 200 5693 "https://candytheclown.com/" "Mozilla/5.0 (iPhone; CPU iPhone OS 17_5_1 like Mac OS X) AppleWebKit/605.1.15 (KHTML, like Gecko) Version/17.5 Mobile/15E148 Safari/604.1"
146.75.128.210 - - [15/Jul/2026:09:35:59 -0600] "GET /wp-content/uploads/astra-addon/astra-addon-6a439ac31f2be8-55963754.js?ver=4.13.5 HTTP/2" 200 3191 "https://candytheclown.com/" "Mozilla/5.0 (iPhone; CPU iPhone OS 17_5_1 like Mac OS X) AppleWebKit/605.1.15 (KHTML, like Gecko) Version/17.5 Mobile/15E148 Safari/604.1"
146.75.128.210 - - [15/Jul/2026:09:35:59 -0600] "GET /wp-content/plugins/astra-addon/assets/js/minified/purify.min.js?ver=4.13.5 HTTP/2" 200 10151 "https://candytheclown.com/" "Mozilla/5.0 (iPhone; CPU iPhone OS 17_5_1 like Mac OS X) AppleWebKit/605.1.15 (KHTML, like Gecko) Version/17.5 Mobile/15E148 Safari/604.1"
146.75.128.210 - - [15/Jul/2026:09:35:59 -0600] "GET /wp-content/plugins/elementor/assets/js/webpack.runtime.min.js?ver=4.1.4 HTTP/2" 200 2338 "https://candytheclown.com/" "Mozilla/5.0 (iPhone; CPU iPhone OS 17_5_1 like Mac OS X) AppleWebKit/605.1.15 (KHTML, like Gecko) Version/17.5 Mobile/15E148 Safari/604.1"
146.75.128.210 - - [15/Jul/2026:09:35:59 -0600] "GET /wp-content/plugins/elementor/assets/js/frontend-modules.min.js?ver=4.1.4 HTTP/2" 200 15445 "https://candytheclown.com/" "Mozilla/5.0 (iPhone; CPU iPhone OS 17_5_1 like Mac OS X) AppleWebKit/605.1.15 (KHTML, like Gecko) Version/17.5 Mobile/15E148 Safari/604.1"
146.75.128.210 - - [15/Jul/2026:09:35:59 -0600] "GET /wp-content/plugins/elementor-pro/assets/js/webpack-pro.runtime.min.js?ver=4.1.2 HTTP/2" 200 2606 "https://candytheclown.com/" "Mozilla/5.0 (iPhone; CPU iPhone OS 17_5_1 like Mac OS X) AppleWebKit/605.1.15 (KHTML, like Gecko) Version/17.5 Mobile/15E148 Safari/604.1"
146.75.128.210 - - [15/Jul/2026:09:35:59 -0600] "GET /wp-includes/js/dist/hooks.min.js?ver=7496969728ca0f95732d HTTP/2" 200 1734 "https://candytheclown.com/" "Mozilla/5.0 (iPhone; CPU iPhone OS 17_5_1 like Mac OS X) AppleWebKit/605.1.15 (KHTML, like Gecko) Version/17.5 Mobile/15E148 Safari/604.1"
146.75.128.210 - - [15/Jul/2026:09:35:59 -0600] "GET /wp-includes/js/dist/i18n.min.js?ver=781d11515ad3d91786ec HTTP/2" 200 2354 "https://candytheclown.com/" "Mozilla/5.0 (iPhone; CPU iPhone OS 17_5_1 like Mac OS X) AppleWebKit/605.1.15 (KHTML, like Gecko) Version/17.5 Mobile/15E148 Safari/604.1"
146.75.128.210 - - [15/Jul/2026:09:35:59 -0600] "GET /wp-content/plugins/elementor-pro/assets/js/frontend.min.js?ver=4.1.2 HTTP/2" 200 6191 "https://candytheclown.com/" "Mozilla/5.0 (iPhone; CPU iPhone OS 17_5_1 like Mac OS X) AppleWebKit/605.1.15 (KHTML, like Gecko) Version/17.5 Mobile/15E148 Safari/604.1"
146.75.128.210 - - [15/Jul/2026:09:35:59 -0600] "GET /wp-content/plugins/elementor-pro/assets/js/elements-handlers.min.js?ver=4.1.2 HTTP/2" 200 10079 "https://candytheclown.com/" "Mozilla/5.0 (iPhone; CPU iPhone OS 17_5_1 like Mac OS X) AppleWebKit/605.1.15 (KHTML, like Gecko) Version/17.5 Mobile/15E148 Safari/604.1"
146.75.128.210 - - [15/Jul/2026:09:35:59 -0600] "GET /wp-includes/js/jquery/ui/core.min.js?ver=1.13.3 HTTP/2" 200 6812 "https://candytheclown.com/" "Mozilla/5.0 (iPhone; CPU iPhone OS 17_5_1 like Mac OS X) AppleWebKit/605.1.15 (KHTML, like Gecko) Version/17.5 Mobile/15E148 Safari/604.1"
146.75.128.210 - - [15/Jul/2026:09:35:59 -0600] "GET /wp-content/plugins/elementor/assets/js/frontend.min.js?ver=4.1.4 HTTP/2" 200 10124 "https://candytheclown.com/" "Mozilla/5.0 (iPhone; CPU iPhone OS 17_5_1 like Mac OS X) AppleWebKit/605.1.15 (KHTML, like Gecko) Version/17.5 Mobile/15E148 Safari/604.1"
146.75.128.210 - - [15/Jul/2026:09:35:59 -0600] "GET /wp-content/plugins/elementor/assets/js/section-frontend-handlers.d85ab872da118940910d.bundle.min.js HTTP/2" 200 229 "https://candytheclown.com/" "Mozilla/5.0 (iPhone; CPU iPhone OS 17_5_1 like Mac OS X) AppleWebKit/605.1.15 (KHTML, like Gecko) Version/17.5 Mobile/15E148 Safari/604.1"
146.75.128.210 - - [15/Jul/2026:09:35:59 -0600] "GET /wp-content/plugins/elementor/assets/js/shared-frontend-handlers.03caa53373b56d3bab67.bundle.min.js HTTP/2" 200 2511 "https://candytheclown.com/" "Mozilla/5.0 (iPhone; CPU iPhone OS 17_5_1 like Mac OS X) AppleWebKit/605.1.15 (KHTML, like Gecko) Version/17.5 Mobile/15E148 Safari/604.1"
146.75.128.210 - - [15/Jul/2026:09:35:59 -0600] "GET /wp-content/plugins/elementor/assets/js/video.86d44e46e43d0807e708.bundle.min.js HTTP/2" 200 1186 "https://candytheclown.com/" "Mozilla/5.0 (iPhone; CPU iPhone OS 17_5_1 like Mac OS X) AppleWebKit/605.1.15 (KHTML, like Gecko) Version/17.5 Mobile/15E148 Safari/604.1"
146.75.128.210 - - [15/Jul/2026:09:35:59 -0600] "GET /wp-includes/js/wp-emoji-release.min.js?ver=7.0.1 HTTP/2" 200 4974 "https://candytheclown.com/" "Mozilla/5.0 (iPhone; CPU iPhone OS 17_5_1 like Mac OS X) AppleWebKit/605.1.15 (KHTML, like Gecko) Version/17.5 Mobile/15E148 Safari/604.1"
146.75.128.210 - - [15/Jul/2026:09:36:00 -0600] "GET /favicon.ico HTTP/2" 404 4986 "https://candytheclown.com/" "Mozilla/5.0 (iPhone; CPU iPhone OS 17_5_1 like Mac OS X) AppleWebKit/605.1.15 (KHTML, like Gecko) Version/17.5 Mobile/15E148 Safari/604.1"
198.175.150.9 - - [15/Jul/2026:10:18:34 -0600] "POST /wp-cron.php?doing_wp_cron=1784132314.0748209953308105468750 HTTP/1.1" 200 0 "-" "WordPress/7.0.1; https://candytheclown.com"
138.199.60.16 - - [15/Jul/2026:10:18:36 -0600] "GET /about/ HTTP/2" 200 26339 "-" "Mozilla/5.0 (Windows NT 10.0; Win64; x64) AppleWebKit/537.36 (KHTML, like Gecko) Chrome/120.0.0.0 Safari/537.36"
172.59.195.74 - - [15/Jul/2026:10:53:19 -0600] "GET / HTTP/2" 200 0 "-" "Mozilla/5.0 (iPhone; CPU iPhone OS 18_7 like Mac OS X) AppleWebKit/605.1.15 (KHTML, like Gecko) Version/26.5 Mobile/15E148 Safari/604.1"
92.208.231.205 - - [15/Jul/2026:11:19:07 -0600] "GET / HTTP/1.1" 200 24770 "-" "Mozilla/5.0 (Macintosh; Intel Mac OS X 11.3; rv:136.0) Gecko/20100101 Firefox/136.0"
178.88.116.8 - - [15/Jul/2026:11:41:05 -0600] "GET / HTTP/2" 200 21433 "https://www.google.com/" "Mozilla/5.0 (X11; Linux x86_64) AppleWebKit/537.36 (KHTML, like Gecko) Chrome/149.0.0.0 Safari/537.36"
178.88.116.8 - - [15/Jul/2026:11:41:09 -0600] "GET /wp-content/uploads/astra-addon/astra-addon-6a439ac31ec5c0-46925815.css?ver=4.13.5 HTTP/2" 200 2401 "https://candytheclown.com/" "Mozilla/5.0 (X11; Linux x86_64) AppleWebKit/537.36 (KHTML, like Gecko) Chrome/149.0.0.0 Safari/537.36"
178.88.116.8 - - [15/Jul/2026:11:41:09 -0600] "GET /wp-content/plugins/elementor/assets/lib/eicons/css/elementor-icons.min.css?ver=5.50.0 HTTP/2" 200 4123 "https://candytheclown.com/" "Mozilla/5.0 (X11; Linux x86_64) AppleWebKit/537.36 (KHTML, like Gecko) Chrome/149.0.0.0 Safari/537.36"
178.88.116.8 - - [15/Jul/2026:11:41:09 -0600] "GET /wp-content/plugins/elementor/assets/css/frontend.min.css?ver=4.1.4 HTTP/2" 200 6613 "https://candytheclown.com/" "Mozilla/5.0 (X11; Linux x86_64) AppleWebKit/537.36 (KHTML, like Gecko) Chrome/149.0.0.0 Safari/537.36"
178.88.116.8 - - [15/Jul/2026:11:41:09 -0600] "GET /wp-content/uploads/elementor/css/post-9.css?ver=1784112240 HTTP/2" 200 342 "https://candytheclown.com/" "Mozilla/5.0 (X11; Linux x86_64) AppleWebKit/537.36 (KHTML, like Gecko) Chrome/149.0.0.0 Safari/537.36"
178.88.116.8 - - [15/Jul/2026:11:41:09 -0600] "GET /wp-content/plugins/elementor/assets/css/widget-video.min.css?ver=4.1.4 HTTP/2" 200 328 "https://candytheclown.com/" "Mozilla/5.0 (X11; Linux x86_64) AppleWebKit/537.36 (KHTML, like Gecko) Chrome/149.0.0.0 Safari/537.36"
178.88.116.8 - - [15/Jul/2026:11:41:09 -0600] "GET /wp-content/uploads/elementor/css/post-38.css?ver=1784112240 HTTP/2" 200 108 "https://candytheclown.com/" "Mozilla/5.0 (X11; Linux x86_64) AppleWebKit/537.36 (KHTML, like Gecko) Chrome/149.0.0.0 Safari/537.36"
178.88.116.8 - - [15/Jul/2026:11:41:09 -0600] "GET /wp-content/uploads/elementor/google-fonts/css/roboto.css?ver=1742234071 HTTP/2" 200 1872 "https://candytheclown.com/" "Mozilla/5.0 (X11; Linux x86_64) AppleWebKit/537.36 (KHTML, like Gecko) Chrome/149.0.0.0 Safari/537.36"
178.88.116.8 - - [15/Jul/2026:11:41:09 -0600] "GET /wp-content/themes/astra/assets/css/minified/main.min.css?ver=4.13.6 HTTP/2" 200 8389 "https://candytheclown.com/" "Mozilla/5.0 (X11; Linux x86_64) AppleWebKit/537.36 (KHTML, like Gecko) Chrome/149.0.0.0 Safari/537.36"
178.88.116.8 - - [15/Jul/2026:11:41:10 -0600] "GET /wp-content/uploads/elementor/google-fonts/css/robotoslab.css?ver=1742234078 HTTP/2" 200 708 "https://candytheclown.com/" "Mozilla/5.0 (X11; Linux x86_64) AppleWebKit/537.36 (KHTML, like Gecko) Chrome/149.0.0.0 Safari/537.36"
178.88.116.8 - - [15/Jul/2026:11:41:10 -0600] "GET /wp-includes/js/jquery/jquery.min.js?ver=3.7.1 HTTP/2" 200 29744 "https://candytheclown.com/" "Mozilla/5.0 (X11; Linux x86_64) AppleWebKit/537.36 (KHTML, like Gecko) Chrome/149.0.0.0 Safari/537.36"
178.88.116.8 - - [15/Jul/2026:11:41:10 -0600] "GET /wp-includes/js/jquery/jquery-migrate.min.js?ver=3.4.1 HTTP/2" 200 4678 "https://candytheclown.com/" "Mozilla/5.0 (X11; Linux x86_64) AppleWebKit/537.36 (KHTML, like Gecko) Chrome/149.0.0.0 Safari/537.36"
178.88.116.8 - - [15/Jul/2026:11:41:10 -0600] "GET /wp-content/themes/astra/assets/js/minified/frontend.min.js?ver=4.13.6 HTTP/2" 200 5693 "https://candytheclown.com/" "Mozilla/5.0 (X11; Linux x86_64) AppleWebKit/537.36 (KHTML, like Gecko) Chrome/149.0.0.0 Safari/537.36"
178.88.116.8 - - [15/Jul/2026:11:41:10 -0600] "GET /wp-content/uploads/astra-addon/astra-addon-6a439ac31f2be8-55963754.js?ver=4.13.5 HTTP/2" 200 3191 "https://candytheclown.com/" "Mozilla/5.0 (X11; Linux x86_64) AppleWebKit/537.36 (KHTML, like Gecko) Chrome/149.0.0.0 Safari/537.36"
178.88.116.8 - - [15/Jul/2026:11:41:10 -0600] "GET /wp-content/plugins/astra-addon/assets/js/minified/purify.min.js?ver=4.13.5 HTTP/2" 200 10151 "https://candytheclown.com/" "Mozilla/5.0 (X11; Linux x86_64) AppleWebKit/537.36 (KHTML, like Gecko) Chrome/149.0.0.0 Safari/537.36"
178.88.116.8 - - [15/Jul/2026:11:41:10 -0600] "GET /wp-content/plugins/elementor/assets/js/webpack.runtime.min.js?ver=4.1.4 HTTP/2" 200 2338 "https://candytheclown.com/" "Mozilla/5.0 (X11; Linux x86_64) AppleWebKit/537.36 (KHTML, like Gecko) Chrome/149.0.0.0 Safari/537.36"
178.88.116.8 - - [15/Jul/2026:11:41:12 -0600] "GET /wp-content/plugins/elementor/assets/js/frontend-modules.min.js?ver=4.1.4 HTTP/2" 200 15445 "https://candytheclown.com/" "Mozilla/5.0 (X11; Linux x86_64) AppleWebKit/537.36 (KHTML, like Gecko) Chrome/149.0.0.0 Safari/537.36"
178.88.116.8 - - [15/Jul/2026:11:41:12 -0600] "GET /wp-includes/js/jquery/ui/core.min.js?ver=1.13.3 HTTP/2" 200 6812 "https://candytheclown.com/" "Mozilla/5.0 (X11; Linux x86_64) AppleWebKit/537.36 (KHTML, like Gecko) Chrome/149.0.0.0 Safari/537.36"
178.88.116.8 - - [15/Jul/2026:11:41:12 -0600] "GET /wp-content/plugins/elementor/assets/js/frontend.min.js?ver=4.1.4 HTTP/2" 200 10124 "https://candytheclown.com/" "Mozilla/5.0 (X11; Linux x86_64) AppleWebKit/537.36 (KHTML, like Gecko) Chrome/149.0.0.0 Safari/537.36"
178.88.116.8 - - [15/Jul/2026:11:41:12 -0600] "GET /wp-content/plugins/elementor-pro/assets/js/webpack-pro.runtime.min.js?ver=4.1.2 HTTP/2" 200 2606 "https://candytheclown.com/" "Mozilla/5.0 (X11; Linux x86_64) AppleWebKit/537.36 (KHTML, like Gecko) Chrome/149.0.0.0 Safari/537.36"
178.88.116.8 - - [15/Jul/2026:11:41:12 -0600] "GET /wp-includes/js/dist/hooks.min.js?ver=7496969728ca0f95732d HTTP/2" 200 1734 "https://candytheclown.com/" "Mozilla/5.0 (X11; Linux x86_64) AppleWebKit/537.36 (KHTML, like Gecko) Chrome/149.0.0.0 Safari/537.36"
198.175.150.9 - - [15/Jul/2026:09:03:43 -0600] "POST /wp-cron.php?doing_wp_cron=1784127823.8641979694366455078125 HTTP/1.1" 200 0 "-" "WordPress/7.0.1; https://candytheclown.com"
172.169.17.165 - - [15/Jul/2026:09:35:48 -0600] "GET /school-library-shows/ HTTP/2" 200 60791 "-" "DuckAssistBot/1.2; (+http://duckduckgo.com/duckassistbot.html)"
216.244.66.194 - - [15/Jul/2026:09:43:14 -0600] "GET /robots.txt HTTP/1.1" 200 175 "-" "Mozilla/5.0 (compatible; DotBot/1.2; +https://opensiteexplorer.org/dotbot; help@moz.com)"
198.175.150.9 - - [15/Jul/2026:09:50:46 -0600] "POST /wp-cron.php?doing_wp_cron=1784130646.6559550762176513671875 HTTP/1.1" 200 0 "-" "WordPress/7.0.1; https://candytheclown.com"
43.130.57.46 - - [15/Jul/2026:10:02:59 -0600] "GET / HTTP/1.1" 301 0 "http://www.candytheclown.com" "Mozilla/5.0 (iPhone; CPU iPhone OS 13_2_3 like Mac OS X) AppleWebKit/605.1.15 (KHTML, like Gecko) Version/13.0.3 Mobile/15E148 Safari/604.1"
198.175.150.9 - - [15/Jul/2026:10:18:34 -0600] "POST /wp-cron.php?doing_wp_cron=1784132314.0931019783020019531250 HTTP/1.1" 200 0 "-" "WordPress/7.0.1; https://candytheclown.com"
23.234.74.35 - - [15/Jul/2026:10:18:33 -0600] "GET / HTTP/2" 200 24770 "-" "Mozilla/5.0 (Windows NT 10.0; Win64; x64) AppleWebKit/537.36 (KHTML, like Gecko) Chrome/120.0.0.0 Safari/537.36"
198.175.150.9 - - [15/Jul/2026:10:31:21 -0600] "POST /wp-cron.php?doing_wp_cron=1784133081.3563230037689208984375 HTTP/1.1" 200 0 "-" "WordPress/7.0.1; https://candytheclown.com"
192.161.55.207 - - [15/Jul/2026:10:45:14 -0600] "GET /2025/03/07/candy-the-clown-the-ultimate-kids-party-entertainment-in-cedar-hill-texas/ HTTP/2" 200 26935 "-" "Mozilla/5.0 (Macintosh; Intel Mac OS X 10_12_0) AppleWebKit/537.36 (KHTML, like Gecko) Chrome/48.0.9905.1263 Safari/537.36"
192.161.55.207 - - [15/Jul/2026:10:45:16 -0600] "GET /wp-content/uploads/elementor/css/post-506.css?ver=1784133915 HTTP/2" 200 172 "https://candytheclown.com/2025/03/07/candy-the-clown-the-ultimate-kids-party-entertainment-in-cedar-hill-texas/" "Mozilla/5.0 (Macintosh; Intel Mac OS X 10_12_0) AppleWebKit/537.36 (KHTML, like Gecko) Chrome/48.0.9905.1263 Safari/537.36"
192.161.55.207 - - [15/Jul/2026:10:45:16 -0600] "GET /wp-content/uploads/2025/03/Candy-cedar-hill.jpg HTTP/2" 206 500 "https://candytheclown.com/2025/03/07/candy-the-clown-the-ultimate-kids-party-entertainment-in-cedar-hill-texas/" "Mozilla/5.0 (Macintosh; Intel Mac OS X 10_12_0) AppleWebKit/537.36 (KHTML, like Gecko) Chrome/48.0.9905.1263 Safari/537.36"
192.161.55.207 - - [15/Jul/2026:10:45:17 -0600] "GET /wp-content/uploads/2025/03/Candy-cedar-hill.jpg HTTP/2" 304 0 "https://candytheclown.com/2025/03/07/candy-the-clown-the-ultimate-kids-party-entertainment-in-cedar-hill-texas/" "Mozilla/5.0 (Macintosh; Intel Mac OS X 10_12_0) AppleWebKit/537.36 (KHTML, like Gecko) Chrome/48.0.9905.1263 Safari/537.36"
192.161.55.207 - - [15/Jul/2026:10:45:17 -0600] "GET /wp-content/uploads/2025/03/Candy-cedar-hill.jpg HTTP/2" 206 109408 "https://candytheclown.com/2025/03/07/candy-the-clown-the-ultimate-kids-party-entertainment-in-cedar-hill-texas/" "Mozilla/5.0 (Macintosh; Intel Mac OS X 10_12_0) AppleWebKit/537.36 (KHTML, like Gecko) Chrome/48.0.9905.1263 Safari/537.36"
198.175.150.9 - - [15/Jul/2026:11:12:52 -0600] "POST /wp-cron.php?doing_wp_cron=1784135572.8192861080169677734375 HTTP/1.1" 200 0 "-" "WordPress/7.0.1; https://candytheclown.com"
198.175.150.9 - - [15/Jul/2026:11:19:08 -0600] "POST /wp-cron.php?doing_wp_cron=1784135948.1934208869934082031250 HTTP/1.1" 200 0 "-" "WordPress/7.0.1; https://candytheclown.com"
66.93.209.65 - - [15/Jul/2026:11:43:48 -0600] "GET /wp-content/uploads/astra-addon/astra-addon-6a439ac31f2be8-55963754.js?ver=4.13.5 HTTP/1.1" 200 3405 "-" "\"Mozilla/5.0 (Windows NT 10.0; Win64; x64) AppleWebKit/537.36 (KHTML, like Gecko) Chrome/149.0.0.0 Safari/537.36\""
178.88.116.8 - - [15/Jul/2026:11:41:12 -0600] "GET /wp-includes/js/dist/i18n.min.js?ver=781d11515ad3d91786ec HTTP/2" 200 2354 "https://candytheclown.com/" "Mozilla/5.0 (X11; Linux x86_64) AppleWebKit/537.36 (KHTML, like Gecko) Chrome/149.0.0.0 Safari/537.36"
178.88.116.8 - - [15/Jul/2026:11:41:12 -0600] "GET /wp-content/plugins/elementor-pro/assets/js/frontend.min.js?ver=4.1.2 HTTP/2" 200 6191 "https://candytheclown.com/" "Mozilla/5.0 (X11; Linux x86_64) AppleWebKit/537.36 (KHTML, like Gecko) Chrome/149.0.0.0 Safari/537.36"
178.88.116.8 - - [15/Jul/2026:11:41:13 -0600] "GET /favicon.ico HTTP/2" 404 4986 "https://candytheclown.com/" "Mozilla/5.0 (X11; Linux x86_64) AppleWebKit/537.36 (KHTML, like Gecko) Chrome/149.0.0.0 Safari/537.36"
178.88.116.8 - - [15/Jul/2026:11:41:13 -0600] "GET /wp-content/plugins/elementor-pro/assets/js/elements-handlers.min.js?ver=4.1.2 HTTP/2" 200 10079 "https://candytheclown.com/" "Mozilla/5.0 (X11; Linux x86_64) AppleWebKit/537.36 (KHTML, like Gecko) Chrome/149.0.0.0 Safari/537.36"
172.241.187.46 - - [15/Jul/2026:11:43:44 -0600] "GET / HTTP/2" 200 21433 "-" "Mozilla/5.0 (Windows NT 10.0; Win64; x64) AppleWebKit/537.36 (KHTML, like Gecko) Chrome/145.0.0.0 Safari/537.36"
172.241.187.46 - - [15/Jul/2026:11:43:45 -0600] "GET /magento_version HTTP/2" 404 18451 "-" "Mozilla/5.0 (Windows NT 10.0; Win64; x64) AppleWebKit/537.36 (KHTML, like Gecko) Chrome/145.0.0.0 Safari/537.36"
172.241.187.46 - - [15/Jul/2026:11:43:46 -0600] "GET /RELEASE_NOTES.txt HTTP/2" 404 18451 "-" "Mozilla/5.0 (Windows NT 10.0; Win64; x64) AppleWebKit/537.36 (KHTML, like Gecko) Chrome/145.0.0.0 Safari/537.36"
66.93.209.65 - - [15/Jul/2026:11:43:48 -0600] "GET /wp-content/plugins/elementor/assets/js/webpack.runtime.min.js?ver=4.1.4 HTTP/1.1" 200 2547 "-" "\"Mozilla/5.0 (Windows NT 10.0; Win64; x64) AppleWebKit/537.36 (KHTML, like Gecko) Chrome/149.0.0.0 Safari/537.36\""
66.93.209.65 - - [15/Jul/2026:11:43:48 -0600] "GET /wp-content/plugins/astra-addon/assets/js/minified/purify.min.js?ver=4.13.5 HTTP/1.1" 200 10535 "-" "\"Mozilla/5.0 (Windows NT 10.0; Win64; x64) AppleWebKit/537.36 (KHTML, like Gecko) Chrome/149.0.0.0 Safari/537.36\""
66.93.209.65 - - [15/Jul/2026:11:43:48 -0600] "GET /wp-content/plugins/elementor/assets/js/frontend-modules.min.js?ver=4.1.4 HTTP/1.1" 200 15915 "-" "\"Mozilla/5.0 (Windows NT 10.0; Win64; x64) AppleWebKit/537.36 (KHTML, like Gecko) Chrome/149.0.0.0 Safari/537.36\""
66.93.209.65 - - [15/Jul/2026:11:43:48 -0600] "GET /about/ HTTP/1.1" 200 26339 "-" "\"Mozilla/5.0 (Windows NT 10.0; Win64; x64) AppleWebKit/537.36 (KHTML, like Gecko) Chrome/149.0.0.0 Safari/537.36\""
66.93.209.65 - - [15/Jul/2026:11:43:48 -0600] "GET /about HTTP/1.1" 301 0 "-" "\"Mozilla/5.0 (Windows NT 10.0; Win64; x64) AppleWebKit/537.36 (KHTML, like Gecko) Chrome/149.0.0.0 Safari/537.36\""
205.210.31.168 - - [15/Jul/2026:11:53:12 -0600] "GET / HTTP/1.1" 200 40342 "-" "Hello from Palo Alto Networks, find out more about our scans in https://docs-cortex.paloaltonetworks.com/r/1/Cortex-Xpanse/Scanning-activity"
52.167.144.184 - - [15/Jul/2026:09:01:03 -0600] "GET /wp-content/uploads/2025/03/Candy-irving.jpg HTTP/2" 200 108165 "-" "Mozilla/5.0 AppleWebKit/537.36 (KHTML, like Gecko; compatible; bingbot/2.0; +http://www.bing.com/bingbot.htm) Chrome/116.0.1938.76 Safari/537.36"
198.175.150.9 - - [15/Jul/2026:09:03:43 -0600] "POST /wp-cron.php?doing_wp_cron=1784127823.8410959243774414062500 HTTP/1.1" 200 0 "-" "WordPress/7.0.1; https://candytheclown.com"
216.244.66.194 - - [15/Jul/2026:09:03:43 -0600] "GET /category/blog/ HTTP/1.1" 200 139522 "-" "Mozilla/5.0 (compatible; DotBot/1.2; +https://opensiteexplorer.org/dotbot; help@moz.com)"
173.252.82.16 - - [15/Jul/2026:09:27:46 -0600] "GET / HTTP/2" 200 112781 "-" "meta-externalagent/1.1 (+https://developers.facebook.com/docs/sharing/webmasters/crawler)"
20.72.221.45 - - [15/Jul/2026:09:35:47 -0600] "GET /robots.txt HTTP/1.1" 200 128 "-" "DuckAssistBot/1.2; (+http://duckduckgo.com/duckassistbot.html)"
216.73.217.46 - - [15/Jul/2026:09:50:45 -0600] "GET /robots.txt HTTP/2" 200 112 "-" "Mozilla/5.0 AppleWebKit/537.36 (KHTML, like Gecko; compatible; ClaudeBot/1.0; +claudebot@anthropic.com)"
216.73.217.46 - - [15/Jul/2026:09:50:46 -0600] "GET /sitemap_index.xml HTTP/2" 200 314 "-" "Mozilla/5.0 AppleWebKit/537.36 (KHTML, like Gecko; compatible; ClaudeBot/1.0; +claudebot@anthropic.com)"
216.244.66.194 - - [15/Jul/2026:10:01:55 -0600] "GET /wp-content/uploads/2022/08/face-painting-by-carol6.jpg HTTP/1.1" 200 98764 "-" "Mozilla/5.0 (compatible; DotBot/1.2; +https://opensiteexplorer.org/dotbot; help@moz.com)"
198.175.150.9 - - [15/Jul/2026:10:03:00 -0600] "POST /wp-cron.php?doing_wp_cron=1784131380.1684250831604003906250 HTTP/1.1" 200 0 "-" "WordPress/7.0.1; https://candytheclown.com"
198.175.150.9 - - [15/Jul/2026:10:18:34 -0600] "POST /wp-cron.php?doing_wp_cron=1784132314.4070019721984863281250 HTTP/1.1" 200 0 "-" "WordPress/7.0.1; https://candytheclown.com"
205.210.31.180 - - [15/Jul/2026:10:31:20 -0600] "GET / HTTP/1.1" 301 0 "http://www.candytheclown.com/" "Hello from Palo Alto Networks, find out more about our scans in https://docs-cortex.paloaltonetworks.com/r/1/Cortex-Xpanse/Scanning-activity"
168.144.46.126 - - [15/Jul/2026:11:12:52 -0600] "GET /wp-admin/install.php HTTP/1.1" 200 551 "-" "Mozilla/5.0 (Macintosh; Intel Mac OS X 10_10_1) AppleWebKit/537.36 (KHTML, like Gecko) Chrome/39.0.2171.95 Safari/537.36"
198.175.150.9 - - [15/Jul/2026:11:19:08 -0600] "POST /wp-cron.php?doing_wp_cron=1784135948.1649799346923828125000 HTTP/1.1" 200 0 "-" "WordPress/7.0.1; https://candytheclown.com"
66.93.209.65 - - [15/Jul/2026:11:43:48 -0600] "GET /wp-content/themes/astra/assets/js/minified/frontend.min.js?ver=4.13.6 HTTP/1.1" 200 5978 "-" "\"Mozilla/5.0 (Windows NT 10.0; Win64; x64) AppleWebKit/537.36 (KHTML, like Gecko) Chrome/149.0.0.0 Safari/537.36\""
66.93.209.65 - - [15/Jul/2026:11:43:49 -0600] "GET /about/ HTTP/1.1" 200 26339 "https://candytheclown.com/about" "\"Mozilla/5.0 (Windows NT 10.0; Win64; x64) AppleWebKit/537.36 (KHTML, like Gecko) Chrome/149.0.0.0 Safari/537.36\""
102.206.123.234 - - [15/Jul/2026:09:06:06 -0600] "GET /wp-content/plugins/elementor/assets/js/webpack.runtime.min.js?ver=4.1.4 HTTP/2" 200 2338 "https://candytheclown.com/" "Mozilla/5.0 (X11; Linux x86_64) AppleWebKit/537.36 (KHTML, like Gecko) Chrome/149.0.0.0 Safari/537.36"
102.206.123.234 - - [15/Jul/2026:09:06:06 -0600] "GET /wp-includes/js/jquery/ui/core.min.js?ver=1.13.3 HTTP/2" 200 6812 "https://candytheclown.com/" "Mozilla/5.0 (X11; Linux x86_64) AppleWebKit/537.36 (KHTML, like Gecko) Chrome/149.0.0.0 Safari/537.36"
102.206.123.234 - - [15/Jul/2026:09:06:06 -0600] "GET /wp-content/plugins/elementor/assets/js/frontend.min.js?ver=4.1.4 HTTP/2" 200 10124 "https://candytheclown.com/" "Mozilla/5.0 (X11; Linux x86_64) AppleWebKit/537.36 (KHTML, like Gecko) Chrome/149.0.0.0 Safari/537.36"
102.206.123.234 - - [15/Jul/2026:09:06:06 -0600] "GET /wp-content/plugins/elementor-pro/assets/js/webpack-pro.runtime.min.js?ver=4.1.2 HTTP/2" 200 2606 "https://candytheclown.com/" "Mozilla/5.0 (X11; Linux x86_64) AppleWebKit/537.36 (KHTML, like Gecko) Chrome/149.0.0.0 Safari/537.36"
102.206.123.234 - - [15/Jul/2026:09:06:06 -0600] "GET /wp-includes/js/dist/hooks.min.js?ver=7496969728ca0f95732d HTTP/2" 200 1734 "https://candytheclown.com/" "Mozilla/5.0 (X11; Linux x86_64) AppleWebKit/537.36 (KHTML, like Gecko) Chrome/149.0.0.0 Safari/537.36"
102.206.123.234 - - [15/Jul/2026:09:06:06 -0600] "GET /wp-includes/js/dist/i18n.min.js?ver=781d11515ad3d91786ec HTTP/2" 200 2354 "https://candytheclown.com/" "Mozilla/5.0 (X11; Linux x86_64) AppleWebKit/537.36 (KHTML, like Gecko) Chrome/149.0.0.0 Safari/537.36"
102.206.123.234 - - [15/Jul/2026:09:06:06 -0600] "GET /wp-content/plugins/elementor/assets/js/frontend-modules.min.js?ver=4.1.4 HTTP/2" 200 15445 "https://candytheclown.com/" "Mozilla/5.0 (X11; Linux x86_64) AppleWebKit/537.36 (KHTML, like Gecko) Chrome/149.0.0.0 Safari/537.36"
102.206.123.234 - - [15/Jul/2026:09:06:06 -0600] "GET /wp-content/plugins/elementor-pro/assets/js/frontend.min.js?ver=4.1.2 HTTP/2" 200 6191 "https://candytheclown.com/" "Mozilla/5.0 (X11; Linux x86_64) AppleWebKit/537.36 (KHTML, like Gecko) Chrome/149.0.0.0 Safari/537.36"
102.206.123.234 - - [15/Jul/2026:09:06:06 -0600] "GET /wp-content/plugins/elementor-pro/assets/js/elements-handlers.min.js?ver=4.1.2 HTTP/2" 200 10079 "https://candytheclown.com/" "Mozilla/5.0 (X11; Linux x86_64) AppleWebKit/537.36 (KHTML, like Gecko) Chrome/149.0.0.0 Safari/537.36"
102.206.123.234 - - [15/Jul/2026:09:06:06 -0600] "GET /favicon.ico HTTP/2" 404 4986 "https://candytheclown.com/" "Mozilla/5.0 (X11; Linux x86_64) AppleWebKit/537.36 (KHTML, like Gecko) Chrome/149.0.0.0 Safari/537.36"
198.175.150.9 - - [15/Jul/2026:09:18:50 -0600] "POST /wp-cron.php?doing_wp_cron=1784128730.3888111114501953125000 HTTP/1.1" 200 0 "-" "WordPress/7.0.1; https://candytheclown.com"
43.130.57.46 - - [15/Jul/2026:10:03:01 -0600] "GET / HTTP/1.1" 200 24770 "https://www.candytheclown.com/" "Mozilla/5.0 (iPhone; CPU iPhone OS 13_2_3 like Mac OS X) AppleWebKit/605.1.15 (KHTML, like Gecko) Version/13.0.3 Mobile/15E148 Safari/604.1"
205.210.31.180 - - [15/Jul/2026:10:31:21 -0600] "GET / HTTP/1.1" 200 112781 "-" "Hello from Palo Alto Networks, find out more about our scans in https://docs-cortex.paloaltonetworks.com/r/1/Cortex-Xpanse/Scanning-activity"
198.175.150.9 - - [15/Jul/2026:11:19:08 -0600] "POST /wp-cron.php?doing_wp_cron=1784135948.5321331024169921875000 HTTP/1.1" 200 0 "-" "WordPress/7.0.1; https://candytheclown.com"
161.123.32.33 - - [15/Jul/2026:11:36:37 -0600] "GET /2025/03/07/looking-for-a-clown-in-grapevine-texas/ HTTP/2" 200 26984 "-" "Mozilla/5.0 (Macintosh; Intel Mac OS X 10_12_0) AppleWebKit/537.36 (KHTML, like Gecko) Chrome/49.0.4776.1102 Safari/537.36"
161.123.32.33 - - [15/Jul/2026:11:36:39 -0600] "GET /wp-content/uploads/elementor/css/post-667.css?ver=1784136998 HTTP/2" 200 172 "https://candytheclown.com/2025/03/07/looking-for-a-clown-in-grapevine-texas/" "Mozilla/5.0 (Macintosh; Intel Mac OS X 10_12_0) AppleWebKit/537.36 (KHTML, like Gecko) Chrome/49.0.4776.1102 Safari/537.36"
52.215.79.255 - - [15/Jul/2026:12:07:24 -0600] "GET / HTTP/1.1" 200 24770 "-" "Pandalytics/2.0 (+https://domainsbot.com/network-crawler-pandalytics-kdc68dhsbd/)"
52.215.79.255 - - [15/Jul/2026:12:07:23 -0600] "GET /robots.txt HTTP/1.1" 200 128 "-" "Pandalytics/2.0 (+https://domainsbot.com/network-crawler-pandalytics-kdc68dhsbd/)"
47.128.30.240 - - [15/Jul/2026:12:08:13 -0600] "GET /robots.txt HTTP/1.1" 200 128 "-" "Mozilla/5.0 (Linux; Android 5.0) AppleWebKit/537.36 (KHTML, like Gecko) Mobile Safari/537.36 (compatible; Bytespider; spider-feedback@bytedance.com)"
198.175.150.9 - - [15/Jul/2026:12:08:13 -0600] "POST /wp-cron.php?doing_wp_cron=1784138893.8577480316162109375000 HTTP/1.1" 200 0 "-" "WordPress/7.0.1; https://candytheclown.com"
216.73.217.46 - - [15/Jul/2026:11:53:52 -0600] "GET /robots.txt HTTP/2" 200 112 "-" "Mozilla/5.0 AppleWebKit/537.36 (KHTML, like Gecko; compatible; ClaudeBot/1.0; +claudebot@anthropic.com)"
216.73.217.46 - - [15/Jul/2026:11:53:53 -0600] "GET /sitemap_index.xml HTTP/2" 200 314 "-" "Mozilla/5.0 AppleWebKit/537.36 (KHTML, like Gecko; compatible; ClaudeBot/1.0; +claudebot@anthropic.com)"
185.191.171.12 - - [15/Jul/2026:12:18:11 -0600] "GET /robots.txt HTTP/1.1" 200 128 "-" "Mozilla/5.0 (compatible; SemrushBot/7~bl; +http://www.semrush.com/bot.html)"
198.175.150.9 - - [15/Jul/2026:12:35:54 -0600] "POST /wp-cron.php?doing_wp_cron=1784140554.8763549327850341796875 HTTP/1.1" 200 0 "-" "WordPress/7.0.1; https://candytheclown.com"
35.229.28.160 - - [15/Jul/2026:12:39:10 -0600] "HEAD /new/ HTTP/2" 404 0 "http://candytheclown.com/new/" "Mozilla/5.0 (Windows NT 11.0; Win64; x64) AppleWebKit/537.36 (KHTML, like Gecko) Chrome/128.0.6540.18 Safari/537.36"
35.229.28.160 - - [15/Jul/2026:12:39:11 -0600] "HEAD /blog/ HTTP/2" 404 0 "http://candytheclown.com/blog/" "Mozilla/5.0 (Windows NT 10.0; Win64; x64; rv:127.0) Gecko/20100101 Firefox/127.0"
35.229.28.160 - - [15/Jul/2026:12:39:12 -0600] "HEAD / HTTP/2" 200 0 "http://candytheclown.com/" "Mozilla/5.0 (Linux; Android 14; RMX3842) AppleWebKit/537.36 (KHTML, like Gecko) Chrome/126.0.6478.44 Mobile Safari/537.36"
35.229.28.160 - - [15/Jul/2026:12:39:13 -0600] "HEAD /wordpress/ HTTP/2" 404 0 "http://candytheclown.com/wordpress/" "Mozilla/5.0 (iPhone; CPU iPhone OS 16_7 like Mac OS X) AppleWebKit/605.1.15 (KHTML, like Gecko) Version/16.7 Mobile/15E148 Safari/604.1"
35.229.28.160 - - [15/Jul/2026:12:39:14 -0600] "HEAD /wp/ HTTP/2" 404 0 "http://candytheclown.com/wp/" "Mozilla/5.0 (Linux; Android 14; Samsung SM-A546B) AppleWebKit/537.36 (KHTML, like Gecko) Chrome/126.0.6478.14 Mobile Safari/537.36"
35.229.28.160 - - [15/Jul/2026:12:39:15 -0600] "HEAD /old/ HTTP/2" 404 0 "http://candytheclown.com/old/" "Mozilla/5.0 (Linux; Android 13; Nokia G42 5G) AppleWebKit/537.36 (KHTML, like Gecko) Chrome/126.0.6478.41 Mobile Safari/537.36"
35.229.28.160 - - [15/Jul/2026:12:39:16 -0600] "HEAD /backup/ HTTP/2" 404 0 "http://candytheclown.com/backup/" "Mozilla/5.0 (Windows NT 10.0; Win64; x64) AppleWebKit/537.36 (KHTML, like Gecko) Chrome/125.0.6422.112 Safari/537.36 Brave/1.63.120"
66.249.70.105 - - [15/Jul/2026:13:03:15 -0600] "GET /wp-content/uploads/elementor/google-fonts/css/roboto.css?ver=1742234071 HTTP/1.1" 200 1872 "https://candytheclown.com/availability-and-prices/" "Mozilla/5.0 (Linux; Android 6.0.1; Nexus 5X Build/MMB29P) AppleWebKit/537.36 (KHTML, like Gecko) Chrome/150.0.7871.46 Mobile Safari/537.36 (compatible; Googlebot/2.1; +http://www.google.com/bot.html)"
66.249.70.105 - - [15/Jul/2026:13:03:18 -0600] "GET /wp-content/plugins/ws-form-pro/public/js/external/jquery.datetimepicker.full.min.js?ver=2.5.21 HTTP/1.1" 200 19230 "https://candytheclown.com/availability-and-prices/" "Mozilla/5.0 (Linux; Android 6.0.1; Nexus 5X Build/MMB29P) AppleWebKit/537.36 (KHTML, like Gecko) Chrome/150.0.7871.46 Mobile Safari/537.36 (compatible; Googlebot/2.1; +http://www.google.com/bot.html)"
66.249.70.106 - - [15/Jul/2026:13:03:19 -0600] "GET /wp-content/uploads/astra-addon/astra-addon-6a439ac31f2be8-55963754.js?ver=4.13.5 HTTP/1.1" 200 3191 "https://candytheclown.com/availability-and-prices/" "Mozilla/5.0 (Linux; Android 6.0.1; Nexus 5X Build/MMB29P) AppleWebKit/537.36 (KHTML, like Gecko) Chrome/150.0.7871.46 Mobile Safari/537.36 (compatible; Googlebot/2.1; +http://www.google.com/bot.html)"
66.249.70.105 - - [15/Jul/2026:13:03:19 -0600] "GET /wp-content/plugins/ws-form-pro/public/js/ws-form-public-ecommerce.min.js?ver=1.11.17 HTTP/1.1" 200 2054 "https://candytheclown.com/availability-and-prices/" "Mozilla/5.0 (Linux; Android 6.0.1; Nexus 5X Build/MMB29P) AppleWebKit/537.36 (KHTML, like Gecko) Chrome/150.0.7871.46 Mobile Safari/537.36 (compatible; Googlebot/2.1; +http://www.google.com/bot.html)"
66.249.70.105 - - [15/Jul/2026:13:03:19 -0600] "GET /wp-includes/js/dist/i18n.min.js?ver=781d11515ad3d91786ec HTTP/1.1" 200 2354 "https://candytheclown.com/availability-and-prices/" "Mozilla/5.0 (Linux; Android 6.0.1; Nexus 5X Build/MMB29P) AppleWebKit/537.36 (KHTML, like Gecko) Chrome/150.0.7871.46 Mobile Safari/537.36 (compatible; Googlebot/2.1; +http://www.google.com/bot.html)"
185.191.171.15 - - [15/Jul/2026:12:18:22 -0600] "GET /2025/03/07/looking-for-a-clown-in-forney-texas/ HTTP/1.1" 200 29465 "-" "Mozilla/5.0 (compatible; SemrushBot/7~bl; +http://www.semrush.com/bot.html)"
66.249.70.104 - - [15/Jul/2026:13:03:15 -0600] "GET /wp-content/plugins/elementor/assets/lib/animations/styles/slideInRight.min.css?ver=4.1.4 HTTP/1.1" 200 155 "https://candytheclown.com/availability-and-prices/" "Mozilla/5.0 (Linux; Android 6.0.1; Nexus 5X Build/MMB29P) AppleWebKit/537.36 (KHTML, like Gecko) Chrome/150.0.7871.46 Mobile Safari/537.36 (compatible; Googlebot/2.1; +http://www.google.com/bot.html)"
66.249.70.104 - - [15/Jul/2026:13:03:15 -0600] "GET /wp-content/uploads/elementor/css/post-321.css?ver=1783296000 HTTP/1.1" 200 361 "https://candytheclown.com/availability-and-prices/" "Mozilla/5.0 (Linux; Android 6.0.1; Nexus 5X Build/MMB29P) AppleWebKit/537.36 (KHTML, like Gecko) Chrome/150.0.7871.46 Mobile Safari/537.36 (compatible; Googlebot/2.1; +http://www.google.com/bot.html)"
66.249.70.104 - - [15/Jul/2026:13:03:16 -0600] "GET /wp-content/plugins/ws-form-pro/public/css/external/jquery.datetimepicker.min.css?ver=2.5.21 HTTP/1.1" 200 4063 "https://candytheclown.com/availability-and-prices/" "Mozilla/5.0 (Linux; Android 6.0.1; Nexus 5X Build/MMB29P) AppleWebKit/537.36 (KHTML, like Gecko) Chrome/150.0.7871.46 Mobile Safari/537.36 (compatible; Googlebot/2.1; +http://www.google.com/bot.html)"
66.249.70.104 - - [15/Jul/2026:13:03:17 -0600] "GET /wp-content/plugins/ws-form-pro/public/css/ws-form-public-button.min.css?ver=1.11.17 HTTP/1.1" 200 1181 "https://candytheclown.com/availability-and-prices/" "Mozilla/5.0 (Linux; Android 6.0.1; Nexus 5X Build/MMB29P) AppleWebKit/537.36 (KHTML, like Gecko) Chrome/150.0.7871.46 Mobile Safari/537.36 (compatible; Googlebot/2.1; +http://www.google.com/bot.html)"
66.249.70.104 - - [15/Jul/2026:13:03:18 -0600] "GET /wp-content/plugins/ws-form-pro/public/css/ws-form-public-datetime.min.css?ver=1.11.17 HTTP/1.1" 200 1509 "https://candytheclown.com/availability-and-prices/" "Mozilla/5.0 (Linux; Android 6.0.1; Nexus 5X Build/MMB29P) AppleWebKit/537.36 (KHTML, like Gecko) Chrome/150.0.7871.46 Mobile Safari/537.36 (compatible; Googlebot/2.1; +http://www.google.com/bot.html)"
66.249.70.104 - - [15/Jul/2026:13:03:19 -0600] "GET /wp-content/plugins/ws-form-pro/public/js/ws-form-public-tracking.min.js?ver=1.11.17 HTTP/1.1" 200 759 "https://candytheclown.com/availability-and-prices/" "Mozilla/5.0 (Linux; Android 6.0.1; Nexus 5X Build/MMB29P) AppleWebKit/537.36 (KHTML, like Gecko) Chrome/150.0.7871.46 Mobile Safari/537.36 (compatible; Googlebot/2.1; +http://www.google.com/bot.html)"
66.249.70.104 - - [15/Jul/2026:13:03:19 -0600] "GET /wp-content/plugins/ws-form-pro/shared/js/ws-form.min.js?ver=1.11.17 HTTP/1.1" 200 30193 "https://candytheclown.com/availability-and-prices/" "Mozilla/5.0 (Linux; Android 6.0.1; Nexus 5X Build/MMB29P) AppleWebKit/537.36 (KHTML, like Gecko) Chrome/150.0.7871.46 Mobile Safari/537.36 (compatible; Googlebot/2.1; +http://www.google.com/bot.html)"
66.249.70.104 - - [15/Jul/2026:13:03:23 -0600] "GET /wp-content/plugins/ws-form-pro/public/js/ws-form-public-datetime.min.js?ver=1.11.17 HTTP/1.1" 200 2410 "https://candytheclown.com/availability-and-prices/" "Mozilla/5.0 (Linux; Android 6.0.1; Nexus 5X Build/MMB29P) AppleWebKit/537.36 (KHTML, like Gecko) Chrome/150.0.7871.46 Mobile Safari/537.36 (compatible; Googlebot/2.1; +http://www.google.com/bot.html)"
66.249.70.104 - - [15/Jul/2026:13:03:27 -0600] "GET /wp-content/plugins/ws-form-pro/public/css/ws-form-public-radio.min.css?ver=1.11.17 HTTP/1.1" 200 2509 "https://candytheclown.com/availability-and-prices/" "Mozilla/5.0 (Linux; Android 6.0.1; Nexus 5X Build/MMB29P) AppleWebKit/537.36 (KHTML, like Gecko) Chrome/150.0.7871.46 Mobile Safari/537.36 (compatible; Googlebot/2.1; +http://www.google.com/bot.html)"
66.249.70.105 - - [15/Jul/2026:13:03:20 -0600] "GET /wp-content/plugins/ws-form-pro/public/js/ws-form-public-radio.min.js?ver=1.11.17 HTTP/1.1" 200 294 "https://candytheclown.com/availability-and-prices/" "Mozilla/5.0 (Linux; Android 6.0.1; Nexus 5X Build/MMB29P) AppleWebKit/537.36 (KHTML, like Gecko) Chrome/150.0.7871.46 Mobile Safari/537.36 (compatible; Googlebot/2.1; +http://www.google.com/bot.html)"
66.249.70.105 - - [15/Jul/2026:13:03:20 -0600] "GET /wp-content/plugins/ws-form-pro/public/css/ws-form-public-textarea.min.css?ver=1.11.17 HTTP/1.1" 200 209 "https://candytheclown.com/availability-and-prices/" "Mozilla/5.0 (Linux; Android 6.0.1; Nexus 5X Build/MMB29P) AppleWebKit/537.36 (KHTML, like Gecko) Chrome/150.0.7871.46 Mobile Safari/537.36 (compatible; Googlebot/2.1; +http://www.google.com/bot.html)"
66.249.70.105 - - [15/Jul/2026:13:03:20 -0600] "GET /wp-content/plugins/ws-form-pro/public/js/ws-form-public-styler-scheme.min.js?ver=1.11.17 HTTP/1.1" 200 606 "https://candytheclown.com/availability-and-prices/" "Mozilla/5.0 (Linux; Android 6.0.1; Nexus 5X Build/MMB29P) AppleWebKit/537.36 (KHTML, like Gecko) Chrome/150.0.7871.46 Mobile Safari/537.36 (compatible; Googlebot/2.1; +http://www.google.com/bot.html)"
104.223.88.186 - - [15/Jul/2026:13:17:14 -0600] "GET /2025/03/07/looking-for-a-clown-in-little-elm-texas/ HTTP/2" 200 25976 "-" "Mozilla/5.0 (Macintosh; Intel Mac OS X 10_13_0) AppleWebKit/537.36 (KHTML, like Gecko) Chrome/46.0.4221.1703 Safari/537.36"
104.223.88.186 - - [15/Jul/2026:13:17:16 -0600] "GET /wp-content/uploads/2025/03/Candy-little-elm.jpg HTTP/2" 206 500 "https://candytheclown.com/2025/03/07/looking-for-a-clown-in-little-elm-texas/" "Mozilla/5.0 (Macintosh; Intel Mac OS X 10_13_0) AppleWebKit/537.36 (KHTML, like Gecko) Chrome/46.0.4221.1703 Safari/537.36"
104.223.88.186 - - [15/Jul/2026:13:17:17 -0600] "GET /wp-content/uploads/2025/03/Candy-little-elm.jpg HTTP/2" 304 0 "https://candytheclown.com/2025/03/07/looking-for-a-clown-in-little-elm-texas/" "Mozilla/5.0 (Macintosh; Intel Mac OS X 10_13_0) AppleWebKit/537.36 (KHTML, like Gecko) Chrome/46.0.4221.1703 Safari/537.36"
104.223.88.186 - - [15/Jul/2026:13:17:17 -0600] "GET /wp-content/uploads/2025/03/Candy-little-elm.jpg HTTP/2" 206 109307 "https://candytheclown.com/2025/03/07/looking-for-a-clown-in-little-elm-texas/" "Mozilla/5.0 (Macintosh; Intel Mac OS X 10_13_0) AppleWebKit/537.36 (KHTML, like Gecko) Chrome/46.0.4221.1703 Safari/537.36"
216.73.217.46 - - [15/Jul/2026:13:40:45 -0600] "GET /robots.txt HTTP/2" 200 112 "-" "Mozilla/5.0 AppleWebKit/537.36 (KHTML, like Gecko; compatible; ClaudeBot/1.0; +claudebot@anthropic.com)"
216.73.217.46 - - [15/Jul/2026:13:40:45 -0600] "GET /sitemap_index.xml HTTP/2" 200 314 "-" "Mozilla/5.0 AppleWebKit/537.36 (KHTML, like Gecko; compatible; ClaudeBot/1.0; +claudebot@anthropic.com)"
