123.6.49.42 - - [16/Jul/2026:09:40:05 -0600] "GET / HTTP/2" 403 72 "-" "Mozilla/5.0 (Linux; U; Android 8.1.0; zh-cn; MI 8 Build/OPM1.171019.011) AppleWebKit/537.36 (KHTML, like Gecko) Version/4.0 Chrome/57.0.2987.108 Mobile Safari/537.36"
123.6.49.42 - - [16/Jul/2026:09:40:06 -0600] "GET /favicon.ico HTTP/2" 403 72 "https://www.candytheclown.com/" "Mozilla/5.0 (Linux; U; Android 8.1.0; zh-cn; MI 8 Build/OPM1.171019.011) AppleWebKit/537.36 (KHTML, like Gecko) Version/4.0 Chrome/57.0.2987.108 Mobile Safari/537.36"
43.152.72.244 - - [16/Jul/2026:08:55:21 -0600] "GET /feed/ HTTP/1.1" 200 24274 "-" "Mozilla/5.0 (iPhone; CPU iPhone OS 13_2_3 like Mac OS X) AppleWebKit/605.1.15 (KHTML, like Gecko) Version/13.0.3 Mobile/15E148 Safari/604.1"
43.157.20.63 - - [16/Jul/2026:09:14:15 -0600] "GET /wp-json/wp/v2/posts/259 HTTP/1.1" 200 4177 "-" "Mozilla/5.0 (iPhone; CPU iPhone OS 13_2_3 like Mac OS X) AppleWebKit/605.1.15 (KHTML, like Gecko) Version/13.0.3 Mobile/15E148 Safari/604.1"
198.175.150.9 - - [16/Jul/2026:10:03:47 -0600] "POST /wp-cron.php?doing_wp_cron=1784217827.6310529708862304687500 HTTP/1.1" 200 0 "-" "WordPress/7.0.1; https://candytheclown.com"
198.175.150.9 - - [16/Jul/2026:10:03:47 -0600] "POST /wp-cron.php?doing_wp_cron=1784217827.6545810699462890625000 HTTP/1.1" 200 0 "-" "WordPress/7.0.1; https://candytheclown.com"
198.175.150.9 - - [16/Jul/2026:10:03:48 -0600] "POST /wp-cron.php?doing_wp_cron=1784217828.0506761074066162109375 HTTP/1.1" 200 0 "-" "WordPress/7.0.1; https://candytheclown.com"
43.153.49.151 - - [16/Jul/2026:10:03:46 -0600] "GET /2025/03/07/looking-for-a-clown-in-rowlett-texas/ HTTP/1.1" 200 29298 "-" "Mozilla/5.0 (iPhone; CPU iPhone OS 13_2_3 like Mac OS X) AppleWebKit/605.1.15 (KHTML, like Gecko) Version/13.0.3 Mobile/15E148 Safari/604.1"
40.77.167.77 - - [16/Jul/2026:10:20:24 -0600] "GET /wp-content/uploads/2022/10/candy-friendly-e1668790930586.jpg HTTP/2" 200 102848 "-" "Mozilla/5.0 AppleWebKit/537.36 (KHTML, like Gecko; compatible; bingbot/2.0; +http://www.bing.com/bingbot.htm) Chrome/116.0.1938.76 Safari/537.36"
198.175.150.9 - - [16/Jul/2026:10:21:56 -0600] "POST /wp-cron.php?doing_wp_cron=1784218916.8831920623779296875000 HTTP/1.1" 200 0 "-" "WordPress/7.0.1; https://candytheclown.com"
170.106.35.137 - - [16/Jul/2026:10:21:55 -0600] "GET /2023/12/09/mrs-clause/embed/ HTTP/1.1" 200 25928 "-" "Mozilla/5.0 (iPhone; CPU iPhone OS 13_2_3 like Mac OS X) AppleWebKit/605.1.15 (KHTML, like Gecko) Version/13.0.3 Mobile/15E148 Safari/604.1"
17.22.245.32 - - [16/Jul/2026:10:29:09 -0600] "GET /robots.txt HTTP/2" 200 128 "-" "Mozilla/5.0 (Macintosh; Intel Mac OS X 10_15_7) AppleWebKit/605.1.15 (KHTML, like Gecko) Version/17.4 Safari/605.1.15 (Applebot/0.1; +http://www.apple.com/go/applebot)"
17.22.245.32 - - [16/Jul/2026:10:29:10 -0600] "GET /2025/03/07/looking-for-a-clown-in-seagoville-texas/ HTTP/2" 200 30838 "-" "Mozilla/5.0 (Macintosh; Intel Mac OS X 10_15_7) AppleWebKit/605.1.15 (KHTML, like Gecko) Version/17.4 Safari/605.1.15 (Applebot/0.1; +http://www.apple.com/go/applebot)"
17.22.245.69 - - [16/Jul/2026:10:34:07 -0600] "GET /wp-content/plugins/elementor/assets/lib/eicons/css/elementor-icons.min.css?ver=5.50.0 HTTP/2" 200 4123 "https://candytheclown.com/2025/03/07/looking-for-a-clown-in-seagoville-texas/" "Mozilla/5.0 (Macintosh; Intel Mac OS X 10_15_7) AppleWebKit/605.1.15 (KHTML, like Gecko) Version/17.4 Safari/605.1.15 (Applebot/0.1; +http://www.apple.com/go/applebot)"
17.22.245.69 - - [16/Jul/2026:10:34:09 -0600] "GET /wp-content/themes/astra/assets/css/minified/main.min.css?ver=4.13.6 HTTP/2" 200 8389 "https://candytheclown.com/2025/03/07/looking-for-a-clown-in-seagoville-texas/" "Mozilla/5.0 (Macintosh; Intel Mac OS X 10_15_7) AppleWebKit/605.1.15 (KHTML, like Gecko) Version/17.4 Safari/605.1.15 (Applebot/0.1; +http://www.apple.com/go/applebot)"
17.22.245.69 - - [16/Jul/2026:10:34:10 -0600] "GET /wp-content/plugins/elementor/assets/css/frontend.min.css?ver=4.1.5 HTTP/2" 200 6613 "https://candytheclown.com/2025/03/07/looking-for-a-clown-in-seagoville-texas/" "Mozilla/5.0 (Macintosh; Intel Mac OS X 10_15_7) AppleWebKit/605.1.15 (KHTML, like Gecko) Version/17.4 Safari/605.1.15 (Applebot/0.1; +http://www.apple.com/go/applebot)"
17.22.245.69 - - [16/Jul/2026:10:34:12 -0600] "GET /wp-content/uploads/elementor/css/post-9.css?ver=1784198710 HTTP/2" 200 342 "https://candytheclown.com/2025/03/07/looking-for-a-clown-in-seagoville-texas/" "Mozilla/5.0 (Macintosh; Intel Mac OS X 10_15_7) AppleWebKit/605.1.15 (KHTML, like Gecko) Version/17.4 Safari/605.1.15 (Applebot/0.1; +http://www.apple.com/go/applebot)"
17.22.245.69 - - [16/Jul/2026:10:34:14 -0600] "GET /wp-content/plugins/elementor/assets/css/widget-image.min.css?ver=4.1.5 HTTP/2" 200 96 "https://candytheclown.com/2025/03/07/looking-for-a-clown-in-seagoville-texas/" "Mozilla/5.0 (Macintosh; Intel Mac OS X 10_15_7) AppleWebKit/605.1.15 (KHTML, like Gecko) Version/17.4 Safari/605.1.15 (Applebot/0.1; +http://www.apple.com/go/applebot)"
17.22.245.69 - - [16/Jul/2026:10:34:15 -0600] "GET /wp-content/uploads/astra-addon/astra-addon-6a439ac31ec5c0-46925815.css?ver=4.13.5 HTTP/2" 200 2401 "https://candytheclown.com/2025/03/07/looking-for-a-clown-in-seagoville-texas/" "Mozilla/5.0 (Macintosh; Intel Mac OS X 10_15_7) AppleWebKit/605.1.15 (KHTML, like Gecko) Version/17.4 Safari/605.1.15 (Applebot/0.1; +http://www.apple.com/go/applebot)"
17.22.245.69 - - [16/Jul/2026:10:34:17 -0600] "GET /wp-content/uploads/elementor/css/post-721.css?ver=1784207414 HTTP/2" 200 172 "https://candytheclown.com/2025/03/07/looking-for-a-clown-in-seagoville-texas/" "Mozilla/5.0 (Macintosh; Intel Mac OS X 10_15_7) AppleWebKit/605.1.15 (KHTML, like Gecko) Version/17.4 Safari/605.1.15 (Applebot/0.1; +http://www.apple.com/go/applebot)"
17.22.245.69 - - [16/Jul/2026:10:34:18 -0600] "GET /wp-content/uploads/elementor/google-fonts/css/roboto.css?ver=1742234071 HTTP/2" 200 1872 "https://candytheclown.com/2025/03/07/looking-for-a-clown-in-seagoville-texas/" "Mozilla/5.0 (Macintosh; Intel Mac OS X 10_15_7) AppleWebKit/605.1.15 (KHTML, like Gecko) Version/17.4 Safari/605.1.15 (Applebot/0.1; +http://www.apple.com/go/applebot)"
17.22.245.69 - - [16/Jul/2026:10:34:20 -0600] "GET /wp-content/uploads/elementor/google-fonts/css/robotoslab.css?ver=1742234078 HTTP/2" 200 708 "https://candytheclown.com/2025/03/07/looking-for-a-clown-in-seagoville-texas/" "Mozilla/5.0 (Macintosh; Intel Mac OS X 10_15_7) AppleWebKit/605.1.15 (KHTML, like Gecko) Version/17.4 Safari/605.1.15 (Applebot/0.1; +http://www.apple.com/go/applebot)"
17.22.245.69 - - [16/Jul/2026:10:34:21 -0600] "GET /wp-includes/js/jquery/jquery.min.js?ver=3.7.1 HTTP/2" 200 29744 "https://candytheclown.com/2025/03/07/looking-for-a-clown-in-seagoville-texas/" "Mozilla/5.0 (Macintosh; Intel Mac OS X 10_15_7) AppleWebKit/605.1.15 (KHTML, like Gecko) Version/17.4 Safari/605.1.15 (Applebot/0.1; +http://www.apple.com/go/applebot)"
17.22.245.69 - - [16/Jul/2026:10:34:23 -0600] "GET /wp-includes/js/jquery/jquery-migrate.min.js?ver=3.4.1 HTTP/2" 200 4678 "https://candytheclown.com/2025/03/07/looking-for-a-clown-in-seagoville-texas/" "Mozilla/5.0 (Macintosh; Intel Mac OS X 10_15_7) AppleWebKit/605.1.15 (KHTML, like Gecko) Version/17.4 Safari/605.1.15 (Applebot/0.1; +http://www.apple.com/go/applebot)"
17.22.245.69 - - [16/Jul/2026:10:34:24 -0600] "GET /wp-content/themes/astra/assets/js/minified/frontend.min.js?ver=4.13.6 HTTP/2" 200 5693 "https://candytheclown.com/2025/03/07/looking-for-a-clown-in-seagoville-texas/" "Mozilla/5.0 (Macintosh; Intel Mac OS X 10_15_7) AppleWebKit/605.1.15 (KHTML, like Gecko) Version/17.4 Safari/605.1.15 (Applebot/0.1; +http://www.apple.com/go/applebot)"
17.22.245.69 - - [16/Jul/2026:10:34:26 -0600] "GET /wp-content/uploads/astra-addon/astra-addon-6a439ac31f2be8-55963754.js?ver=4.13.5 HTTP/2" 200 3191 "https://candytheclown.com/2025/03/07/looking-for-a-clown-in-seagoville-texas/" "Mozilla/5.0 (Macintosh; Intel Mac OS X 10_15_7) AppleWebKit/605.1.15 (KHTML, like Gecko) Version/17.4 Safari/605.1.15 (Applebot/0.1; +http://www.apple.com/go/applebot)"
17.22.245.69 - - [16/Jul/2026:10:34:27 -0600] "GET /wp-content/plugins/astra-addon/assets/js/minified/purify.min.js?ver=4.13.5 HTTP/2" 200 10151 "https://candytheclown.com/2025/03/07/looking-for-a-clown-in-seagoville-texas/" "Mozilla/5.0 (Macintosh; Intel Mac OS X 10_15_7) AppleWebKit/605.1.15 (KHTML, like Gecko) Version/17.4 Safari/605.1.15 (Applebot/0.1; +http://www.apple.com/go/applebot)"
17.22.245.69 - - [16/Jul/2026:10:34:29 -0600] "GET /wp-content/plugins/elementor/assets/js/webpack.runtime.min.js?ver=4.1.5 HTTP/2" 200 2338 "https://candytheclown.com/2025/03/07/looking-for-a-clown-in-seagoville-texas/" "Mozilla/5.0 (Macintosh; Intel Mac OS X 10_15_7) AppleWebKit/605.1.15 (KHTML, like Gecko) Version/17.4 Safari/605.1.15 (Applebot/0.1; +http://www.apple.com/go/applebot)"
17.22.245.69 - - [16/Jul/2026:10:34:30 -0600] "GET /wp-content/plugins/elementor/assets/js/frontend-modules.min.js?ver=4.1.5 HTTP/2" 200 15445 "https://candytheclown.com/2025/03/07/looking-for-a-clown-in-seagoville-texas/" "Mozilla/5.0 (Macintosh; Intel Mac OS X 10_15_7) AppleWebKit/605.1.15 (KHTML, like Gecko) Version/17.4 Safari/605.1.15 (Applebot/0.1; +http://www.apple.com/go/applebot)"
17.22.245.69 - - [16/Jul/2026:10:34:32 -0600] "GET /wp-includes/js/jquery/ui/core.min.js?ver=1.13.3 HTTP/2" 200 6812 "https://candytheclown.com/2025/03/07/looking-for-a-clown-in-seagoville-texas/" "Mozilla/5.0 (Macintosh; Intel Mac OS X 10_15_7) AppleWebKit/605.1.15 (KHTML, like Gecko) Version/17.4 Safari/605.1.15 (Applebot/0.1; +http://www.apple.com/go/applebot)"
17.22.245.69 - - [16/Jul/2026:10:34:33 -0600] "GET /wp-content/plugins/elementor/assets/js/frontend.min.js?ver=4.1.5 HTTP/2" 200 10124 "https://candytheclown.com/2025/03/07/looking-for-a-clown-in-seagoville-texas/" "Mozilla/5.0 (Macintosh; Intel Mac OS X 10_15_7) AppleWebKit/605.1.15 (KHTML, like Gecko) Version/17.4 Safari/605.1.15 (Applebot/0.1; +http://www.apple.com/go/applebot)"
17.22.245.69 - - [16/Jul/2026:10:34:35 -0600] "GET /wp-content/plugins/elementor-pro/assets/js/webpack-pro.runtime.min.js?ver=4.1.3 HTTP/2" 200 2606 "https://candytheclown.com/2025/03/07/looking-for-a-clown-in-seagoville-texas/" "Mozilla/5.0 (Macintosh; Intel Mac OS X 10_15_7) AppleWebKit/605.1.15 (KHTML, like Gecko) Version/17.4 Safari/605.1.15 (Applebot/0.1; +http://www.apple.com/go/applebot)"
17.22.245.69 - - [16/Jul/2026:10:34:37 -0600] "GET /wp-includes/js/dist/hooks.min.js?ver=7496969728ca0f95732d HTTP/2" 200 1734 "https://candytheclown.com/2025/03/07/looking-for-a-clown-in-seagoville-texas/" "Mozilla/5.0 (Macintosh; Intel Mac OS X 10_15_7) AppleWebKit/605.1.15 (KHTML, like Gecko) Version/17.4 Safari/605.1.15 (Applebot/0.1; +http://www.apple.com/go/applebot)"
17.22.245.69 - - [16/Jul/2026:10:34:38 -0600] "GET /wp-includes/js/dist/i18n.min.js?ver=781d11515ad3d91786ec HTTP/2" 200 2354 "https://candytheclown.com/2025/03/07/looking-for-a-clown-in-seagoville-texas/" "Mozilla/5.0 (Macintosh; Intel Mac OS X 10_15_7) AppleWebKit/605.1.15 (KHTML, like Gecko) Version/17.4 Safari/605.1.15 (Applebot/0.1; +http://www.apple.com/go/applebot)"
17.22.245.69 - - [16/Jul/2026:10:34:40 -0600] "GET /wp-content/plugins/elementor-pro/assets/js/frontend.min.js?ver=4.1.3 HTTP/2" 200 6191 "https://candytheclown.com/2025/03/07/looking-for-a-clown-in-seagoville-texas/" "Mozilla/5.0 (Macintosh; Intel Mac OS X 10_15_7) AppleWebKit/605.1.15 (KHTML, like Gecko) Version/17.4 Safari/605.1.15 (Applebot/0.1; +http://www.apple.com/go/applebot)"
17.22.245.69 - - [16/Jul/2026:10:34:41 -0600] "GET /wp-content/plugins/elementor-pro/assets/js/elements-handlers.min.js?ver=4.1.3 HTTP/2" 200 10079 "https://candytheclown.com/2025/03/07/looking-for-a-clown-in-seagoville-texas/" "Mozilla/5.0 (Macintosh; Intel Mac OS X 10_15_7) AppleWebKit/605.1.15 (KHTML, like Gecko) Version/17.4 Safari/605.1.15 (Applebot/0.1; +http://www.apple.com/go/applebot)"
17.22.245.69 - - [16/Jul/2026:10:34:43 -0600] "GET /wp-content/plugins/elementor/assets/js/section-frontend-handlers.d85ab872da118940910d.bundle.min.js HTTP/2" 200 229 "https://candytheclown.com/2025/03/07/looking-for-a-clown-in-seagoville-texas/" "Mozilla/5.0 (Macintosh; Intel Mac OS X 10_15_7) AppleWebKit/605.1.15 (KHTML, like Gecko) Version/17.4 Safari/605.1.15 (Applebot/0.1; +http://www.apple.com/go/applebot)"
17.22.245.69 - - [16/Jul/2026:10:34:44 -0600] "GET /wp-content/plugins/elementor/assets/js/text-editor.45609661e409413f1cef.bundle.min.js HTTP/2" 200 592 "https://candytheclown.com/2025/03/07/looking-for-a-clown-in-seagoville-texas/" "Mozilla/5.0 (Macintosh; Intel Mac OS X 10_15_7) AppleWebKit/605.1.15 (KHTML, like Gecko) Version/17.4 Safari/605.1.15 (Applebot/0.1; +http://www.apple.com/go/applebot)"
17.22.245.69 - - [16/Jul/2026:10:34:46 -0600] "GET /wp-content/plugins/elementor/assets/js/shared-frontend-handlers.03caa53373b56d3bab67.bundle.min.js HTTP/2" 200 2511 "https://candytheclown.com/2025/03/07/looking-for-a-clown-in-seagoville-texas/" "Mozilla/5.0 (Macintosh; Intel Mac OS X 10_15_7) AppleWebKit/605.1.15 (KHTML, like Gecko) Version/17.4 Safari/605.1.15 (Applebot/0.1; +http://www.apple.com/go/applebot)"
17.22.245.69 - - [16/Jul/2026:10:34:47 -0600] "GET /wp-includes/js/wp-emoji-release.min.js?ver=7.0.1 HTTP/2" 200 4974 "https://candytheclown.com/2025/03/07/looking-for-a-clown-in-seagoville-texas/" "Mozilla/5.0 (Macintosh; Intel Mac OS X 10_15_7) AppleWebKit/605.1.15 (KHTML, like Gecko) Version/17.4 Safari/605.1.15 (Applebot/0.1; +http://www.apple.com/go/applebot)"
43.163.112.239 - - [16/Jul/2026:10:33:49 -0600] "GET /wp-json/oembed/1.0/embed?url=https%3A%2F%2Fcandytheclown.com%2F2025%2F03%2F07%2Flooking-for-a-clown-in-rowlett-texas%2F&format=xml HTTP/1.1" 200 1435 "-" "Mozilla/5.0 (iPhone; CPU iPhone OS 13_2_3 like Mac OS X) AppleWebKit/605.1.15 (KHTML, like Gecko) Version/13.0.3 Mobile/15E148 Safari/604.1"
43.153.35.128 - - [16/Jul/2026:10:55:24 -0600] "GET /2025/03/07/looking-for-a-clown-in-rowlett-texas/ HTTP/1.1" 200 29298 "https://candytheclown.com/?p=745" "Mozilla/5.0 (iPhone; CPU iPhone OS 13_2_3 like Mac OS X) AppleWebKit/605.1.15 (KHTML, like Gecko) Version/13.0.3 Mobile/15E148 Safari/604.1"
43.153.35.128 - - [16/Jul/2026:10:55:19 -0600] "GET /?p=745 HTTP/1.1" 301 0 "-" "Mozilla/5.0 (iPhone; CPU iPhone OS 13_2_3 like Mac OS X) AppleWebKit/605.1.15 (KHTML, like Gecko) Version/13.0.3 Mobile/15E148 Safari/604.1"
198.175.150.9 - - [16/Jul/2026:11:15:20 -0600] "POST /wp-cron.php?doing_wp_cron=1784222120.6130280494689941406250 HTTP/1.1" 200 0 "-" "WordPress/7.0.1; https://candytheclown.com"
198.175.150.9 - - [16/Jul/2026:11:15:20 -0600] "POST /wp-cron.php?doing_wp_cron=1784222120.6137380599975585937500 HTTP/1.1" 200 0 "-" "WordPress/7.0.1; https://candytheclown.com"
198.175.150.9 - - [16/Jul/2026:11:15:20 -0600] "POST /wp-cron.php?doing_wp_cron=1784222120.6342511177062988281250 HTTP/1.1" 200 0 "-" "WordPress/7.0.1; https://candytheclown.com"
74.7.243.240 - - [16/Jul/2026:11:15:23 -0600] "GET /author/johnfite/ HTTP/2" 200 22877 "https://candytheclown.com/?p=512" "Mozilla/5.0 AppleWebKit/537.36 (KHTML, like Gecko; compatible; GPTBot/1.4; +https://openai.com/gptbot)"
74.7.243.240 - - [16/Jul/2026:11:15:26 -0600] "GET /wp-content/plugins/elementor-pro/assets/js/frontend.min.js?ver=4.1.3 HTTP/2" 200 6191 "https://candytheclown.com/?p=512" "Mozilla/5.0 AppleWebKit/537.36 (KHTML, like Gecko; compatible; GPTBot/1.4; +https://openai.com/gptbot)"
74.7.243.240 - - [16/Jul/2026:11:15:29 -0600] "GET /wp-content/plugins/elementor/assets/css/frontend.min.css?ver=4.1.5 HTTP/2" 200 6613 "https://candytheclown.com/?p=512" "Mozilla/5.0 AppleWebKit/537.36 (KHTML, like Gecko; compatible; GPTBot/1.4; +https://openai.com/gptbot)"
74.7.243.240 - - [16/Jul/2026:11:15:32 -0600] "GET /2023/12/ HTTP/2" 200 19963 "https://candytheclown.com/?p=512" "Mozilla/5.0 AppleWebKit/537.36 (KHTML, like Gecko; compatible; GPTBot/1.4; +https://openai.com/gptbot)"
74.7.243.240 - - [16/Jul/2026:11:15:34 -0600] "GET /category/blog/ HTTP/2" 200 22425 "https://candytheclown.com/?p=512" "Mozilla/5.0 AppleWebKit/537.36 (KHTML, like Gecko; compatible; GPTBot/1.4; +https://openai.com/gptbot)"
74.7.243.240 - - [16/Jul/2026:11:15:36 -0600] "GET /2025/03/ HTTP/2" 200 22328 "https://candytheclown.com/?p=512" "Mozilla/5.0 AppleWebKit/537.36 (KHTML, like Gecko; compatible; GPTBot/1.4; +https://openai.com/gptbot)"
74.7.243.240 - - [16/Jul/2026:11:15:38 -0600] "GET /wp-content/plugins/elementor/assets/js/frontend-modules.min.js?ver=4.1.5 HTTP/2" 200 15445 "https://candytheclown.com/?p=512" "Mozilla/5.0 AppleWebKit/537.36 (KHTML, like Gecko; compatible; GPTBot/1.4; +https://openai.com/gptbot)"
74.7.243.240 - - [16/Jul/2026:11:15:40 -0600] "GET /2022/09/ HTTP/2" 200 20140 "https://candytheclown.com/?p=512" "Mozilla/5.0 AppleWebKit/537.36 (KHTML, like Gecko; compatible; GPTBot/1.4; +https://openai.com/gptbot)"
74.7.243.240 - - [16/Jul/2026:11:15:41 -0600] "GET /wp-content/uploads/elementor/css/post-9.css?ver=1784198710 HTTP/2" 200 342 "https://candytheclown.com/?p=512" "Mozilla/5.0 AppleWebKit/537.36 (KHTML, like Gecko; compatible; GPTBot/1.4; +https://openai.com/gptbot)"
74.7.243.240 - - [16/Jul/2026:11:15:43 -0600] "GET /2025/03/07/looking-for-a-clown-in-university-park-texas/ HTTP/2" 200 25638 "https://candytheclown.com/?p=512" "Mozilla/5.0 AppleWebKit/537.36 (KHTML, like Gecko; compatible; GPTBot/1.4; +https://openai.com/gptbot)"
74.7.243.240 - - [16/Jul/2026:11:15:44 -0600] "GET /2025/03/07/carol-crawford-aka-candy-the-clown-the-ultimate-kids-entertainment-in-dallas-texas/ HTTP/2" 200 27154 "https://candytheclown.com/?p=512" "Mozilla/5.0 AppleWebKit/537.36 (KHTML, like Gecko; compatible; GPTBot/1.4; +https://openai.com/gptbot)"
74.7.243.240 - - [16/Jul/2026:11:15:45 -0600] "GET /2025/03/07/looking-for-a-clown-in-richardson-texas/ HTTP/2" 200 25739 "https://candytheclown.com/?p=512" "Mozilla/5.0 AppleWebKit/537.36 (KHTML, like Gecko; compatible; GPTBot/1.4; +https://openai.com/gptbot)"
74.7.243.240 - - [16/Jul/2026:11:15:46 -0600] "GET /2025/03/07/looking-for-a-clown-in-rowlett-texas/ HTTP/2" 200 25468 "https://candytheclown.com/?p=512" "Mozilla/5.0 AppleWebKit/537.36 (KHTML, like Gecko; compatible; GPTBot/1.4; +https://openai.com/gptbot)"
74.7.243.240 - - [16/Jul/2026:11:15:47 -0600] "GET /2025/03/07/looking-for-a-clown-in-melissa-texas/ HTTP/2" 200 26030 "https://candytheclown.com/?p=512" "Mozilla/5.0 AppleWebKit/537.36 (KHTML, like Gecko; compatible; GPTBot/1.4; +https://openai.com/gptbot)"
74.7.243.240 - - [16/Jul/2026:11:15:48 -0600] "GET /2022/10/ HTTP/2" 200 20154 "https://candytheclown.com/?p=512" "Mozilla/5.0 AppleWebKit/537.36 (KHTML, like Gecko; compatible; GPTBot/1.4; +https://openai.com/gptbot)"
74.7.243.240 - - [16/Jul/2026:11:15:49 -0600] "GET /category/uncategorized/ HTTP/2" 200 20443 "https://candytheclown.com/?p=512" "Mozilla/5.0 AppleWebKit/537.36 (KHTML, like Gecko; compatible; GPTBot/1.4; +https://openai.com/gptbot)"
74.7.243.240 - - [16/Jul/2026:11:15:50 -0600] "GET /wp-content/plugins/elementor/assets/js/frontend.min.js?ver=4.1.5 HTTP/2" 200 10124 "https://candytheclown.com/?p=512" "Mozilla/5.0 AppleWebKit/537.36 (KHTML, like Gecko; compatible; GPTBot/1.4; +https://openai.com/gptbot)"
74.7.243.240 - - [16/Jul/2026:11:15:51 -0600] "GET /wp-content/plugins/elementor/assets/js/webpack.runtime.min.js?ver=4.1.5 HTTP/2" 200 2338 "https://candytheclown.com/?p=512" "Mozilla/5.0 AppleWebKit/537.36 (KHTML, like Gecko; compatible; GPTBot/1.4; +https://openai.com/gptbot)"
74.7.243.240 - - [16/Jul/2026:11:15:51 -0600] "GET /wp-content/plugins/elementor-pro/assets/js/webpack-pro.runtime.min.js?ver=4.1.3 HTTP/2" 200 2606 "https://candytheclown.com/?p=512" "Mozilla/5.0 AppleWebKit/537.36 (KHTML, like Gecko; compatible; GPTBot/1.4; +https://openai.com/gptbot)"
74.7.243.240 - - [16/Jul/2026:11:15:52 -0600] "GET /wp-content/plugins/elementor-pro/assets/js/elements-handlers.min.js?ver=4.1.3 HTTP/2" 200 10079 "https://candytheclown.com/?p=512" "Mozilla/5.0 AppleWebKit/537.36 (KHTML, like Gecko; compatible; GPTBot/1.4; +https://openai.com/gptbot)"
74.7.243.240 - - [16/Jul/2026:11:15:52 -0600] "GET /?p=740 HTTP/2" 301 0 "https://candytheclown.com/2025/03/07/looking-for-a-clown-in-university-park-texas/" "Mozilla/5.0 AppleWebKit/537.36 (KHTML, like Gecko; compatible; GPTBot/1.4; +https://openai.com/gptbot)"
74.7.243.240 - - [16/Jul/2026:11:15:53 -0600] "GET /wp-content/plugins/elementor/assets/css/widget-image.min.css?ver=4.1.5 HTTP/2" 200 96 "https://candytheclown.com/?p=512" "Mozilla/5.0 AppleWebKit/537.36 (KHTML, like Gecko; compatible; GPTBot/1.4; +https://openai.com/gptbot)"
74.7.243.240 - - [16/Jul/2026:11:15:53 -0600] "GET /?p=751 HTTP/2" 301 0 "https://candytheclown.com/2025/03/07/looking-for-a-clown-in-richardson-texas/" "Mozilla/5.0 AppleWebKit/537.36 (KHTML, like Gecko; compatible; GPTBot/1.4; +https://openai.com/gptbot)"
74.7.243.240 - - [16/Jul/2026:11:15:54 -0600] "GET /?p=745 HTTP/2" 301 0 "https://candytheclown.com/2025/03/07/looking-for-a-clown-in-rowlett-texas/" "Mozilla/5.0 AppleWebKit/537.36 (KHTML, like Gecko; compatible; GPTBot/1.4; +https://openai.com/gptbot)"
74.7.243.240 - - [16/Jul/2026:11:15:55 -0600] "GET /?p=757 HTTP/2" 301 0 "https://candytheclown.com/2025/03/07/looking-for-a-clown-in-melissa-texas/" "Mozilla/5.0 AppleWebKit/537.36 (KHTML, like Gecko; compatible; GPTBot/1.4; +https://openai.com/gptbot)"
74.7.243.240 - - [16/Jul/2026:11:15:56 -0600] "GET /wp-content/uploads/elementor/css/post-740.css?ver=1784210233 HTTP/2" 200 172 "https://candytheclown.com/2025/03/07/looking-for-a-clown-in-university-park-texas/" "Mozilla/5.0 AppleWebKit/537.36 (KHTML, like Gecko; compatible; GPTBot/1.4; +https://openai.com/gptbot)"
74.7.243.240 - - [16/Jul/2026:11:15:56 -0600] "GET /wp-content/uploads/elementor/css/post-512.css?ver=1784207519 HTTP/2" 200 172 "https://candytheclown.com/?p=512" "Mozilla/5.0 AppleWebKit/537.36 (KHTML, like Gecko; compatible; GPTBot/1.4; +https://openai.com/gptbot)"
74.7.243.240 - - [16/Jul/2026:11:15:57 -0600] "GET /wp-content/uploads/elementor/css/post-757.css?ver=1784209399 HTTP/2" 200 172 "https://candytheclown.com/2025/03/07/looking-for-a-clown-in-melissa-texas/" "Mozilla/5.0 AppleWebKit/537.36 (KHTML, like Gecko; compatible; GPTBot/1.4; +https://openai.com/gptbot)"
198.175.150.9 - - [16/Jul/2026:11:15:20 -0600] "POST /wp-cron.php?doing_wp_cron=1784222120.5874719619750976562500 HTTP/1.1" 200 0 "-" "WordPress/7.0.1; https://candytheclown.com"
74.7.175.152 - - [16/Jul/2026:11:15:19 -0600] "GET /robots.txt HTTP/2" 200 112 "-" "Mozilla/5.0 (Macintosh; Intel Mac OS X 10_15_7) AppleWebKit/537.36 (KHTML, like Gecko) Chrome/131.0.0.0 Safari/537.36; compatible; OAI-SearchBot/1.4; robots.txt; +https://openai.com/searchbot"
198.175.150.9 - - [16/Jul/2026:11:15:20 -0600] "POST /wp-cron.php?doing_wp_cron=1784222120.5878529548645019531250 HTTP/1.1" 200 0 "-" "WordPress/7.0.1; https://candytheclown.com"
198.175.150.9 - - [16/Jul/2026:11:15:20 -0600] "POST /wp-cron.php?doing_wp_cron=1784222120.6336960792541503906250 HTTP/1.1" 200 0 "-" "WordPress/7.0.1; https://candytheclown.com"
74.7.229.115 - - [16/Jul/2026:11:15:19 -0600] "GET /?p=512 HTTP/2" 301 0 "-" "Mozilla/5.0 (Macintosh; Intel Mac OS X 10_15_7) AppleWebKit/537.36 (KHTML, like Gecko) Chrome/131.0.0.0 Safari/537.36; compatible; OAI-SearchBot/1.4; +https://openai.com/searchbot"
74.7.229.115 - - [16/Jul/2026:11:15:20 -0600] "GET /2025/03/07/carol-crawford-aka-candy-the-clown-the-ultimate-kids-entertainment-in-dallas-texas/ HTTP/2" 200 27154 "https://candytheclown.com/?p=512" "Mozilla/5.0 (Macintosh; Intel Mac OS X 10_15_7) AppleWebKit/537.36 (KHTML, like Gecko) Chrome/131.0.0.0 Safari/537.36; compatible; OAI-SearchBot/1.4; +https://openai.com/searchbot"
74.7.243.240 - - [16/Jul/2026:11:15:57 -0600] "GET /wp-content/uploads/elementor/css/post-745.css?ver=1784207234 HTTP/2" 200 172 "https://candytheclown.com/2025/03/07/looking-for-a-clown-in-rowlett-texas/" "Mozilla/5.0 AppleWebKit/537.36 (KHTML, like Gecko; compatible; GPTBot/1.4; +https://openai.com/gptbot)"
74.7.243.240 - - [16/Jul/2026:11:15:58 -0600] "GET /wp-content/uploads/elementor/css/post-751.css?ver=1784212981 HTTP/2" 200 172 "https://candytheclown.com/2025/03/07/looking-for-a-clown-in-richardson-texas/" "Mozilla/5.0 AppleWebKit/537.36 (KHTML, like Gecko; compatible; GPTBot/1.4; +https://openai.com/gptbot)"
198.175.150.9 - - [16/Jul/2026:11:27:38 -0600] "POST /wp-cron.php?doing_wp_cron=1784222858.4488310813903808593750 HTTP/1.1" 200 0 "-" "WordPress/7.0.1; https://candytheclown.com"
40.77.167.235 - - [16/Jul/2026:11:28:14 -0600] "GET /2025/03/07/looking-for-a-clown-in-rockwall-texas/ HTTP/2" 200 26962 "-" "Mozilla/5.0 AppleWebKit/537.36 (KHTML, like Gecko; compatible; bingbot/2.0; +http://www.bing.com/bingbot.htm) Chrome/116.0.1938.76 Safari/537.36"
113.124.92.132 - - [16/Jul/2026:11:20:17 -0600] "GET /robots.txt HTTP/1.1" 403 72 "-" "Mozilla/5.0 (Windows NT 10.0; WOW64) AppleWebKit/537.36 (KHTML, like Gecko) Chrome/64.0.3616.110 Safari/537.36 SE 2.X MetaSr 1.0"
17.22.237.160 - - [16/Jul/2026:11:27:37 -0600] "GET /2025/03/07/looking-for-a-clown-in-mckinney-texas/ HTTP/2" 200 29352 "-" "Mozilla/5.0 (Macintosh; Intel Mac OS X 10_15_7) AppleWebKit/605.1.15 (KHTML, like Gecko) Version/17.4 Safari/605.1.15 (Applebot/0.1; +http://www.apple.com/go/applebot)"
185.147.157.216 - - [16/Jul/2026:11:50:53 -0600] "GET / HTTP/1.1" 401 53 "http://cpcontacts.candytheclown.com/" "Mozilla/5.0 (Windows NT 10.0; Win64; x64) AppleWebKit/537.36 (KHTML, like Gecko) Chrome/147.0.0.0 Safari/537.36"
216.244.66.194 - - [16/Jul/2026:11:37:13 -0600] "GET /robots.txt HTTP/1.1" 200 175 "-" "Mozilla/5.0 (compatible; DotBot/1.2; +https://opensiteexplorer.org/dotbot; help@moz.com)"
17.22.253.84 - - [16/Jul/2026:11:44:12 -0600] "GET /wp-content/uploads/elementor/css/post-655.css?ver=1784222858 HTTP/2" 200 172 "https://candytheclown.com/2025/03/07/looking-for-a-clown-in-mckinney-texas/" "Mozilla/5.0 (Macintosh; Intel Mac OS X 10_15_7) AppleWebKit/605.1.15 (KHTML, like Gecko) Version/17.4 Safari/605.1.15 (Applebot/0.1; +http://www.apple.com/go/applebot)"
185.147.157.216 - - [16/Jul/2026:11:50:53 -0600] "GET / HTTP/1.1" 401 53 "-" "Mozilla/5.0 (Windows NT 10.0; Win64; x64) AppleWebKit/537.36 (KHTML, like Gecko) Chrome/146.0.0.0 Safari/537.36"
185.147.157.216 - - [16/Jul/2026:11:50:54 -0600] "GET / HTTP/1.1" 401 53 "-" "Mozilla/5.0 (X11; Linux x86_64) AppleWebKit/537.36 (KHTML, like Gecko) Chrome/147.0.0.0 Safari/537.36"
216.244.66.194 - - [16/Jul/2026:11:53:33 -0600] "GET /2025/03/07/carol-crawford-aka-candy-the-clown-your-ultimate-party-entertainer-in-frisco-texas/ HTTP/1.1" 200 133395 "-" "Mozilla/5.0 (compatible; DotBot/1.2; +https://opensiteexplorer.org/dotbot; help@moz.com)"
198.175.150.9 - - [16/Jul/2026:12:22:20 -0600] "POST /wp-cron.php?doing_wp_cron=1784226140.2152979373931884765625 HTTP/1.1" 200 0 "-" "WordPress/7.0.1; https://candytheclown.com"
198.175.150.9 - - [16/Jul/2026:12:22:20 -0600] "POST /wp-cron.php?doing_wp_cron=1784226140.2350740432739257812500 HTTP/1.1" 200 0 "-" "WordPress/7.0.1; https://candytheclown.com"
198.175.150.9 - - [16/Jul/2026:12:22:20 -0600] "POST /wp-cron.php?doing_wp_cron=1784226140.2515180110931396484375 HTTP/1.1" 200 0 "-" "WordPress/7.0.1; https://candytheclown.com"
43.173.187.87 - - [16/Jul/2026:12:22:19 -0600] "GET /robots.txt HTTP/2" 200 112 "-" "Mozilla/5.0 (Macintosh; Intel Mac OS X 10_15_7) AppleWebKit/537.36 (KHTML, like Gecko) Chrome/129.0.0.0 Safari/537.36"
177.148.165.50 - - [16/Jul/2026:12:23:42 -0600] "GET /2025/03/07/looking-for-a-clown-in-university-park-texas/ HTTP/1.1" 200 29474 "https://candytheclown.com/2025/03/07/looking-for-a-clown-in-university-park-texas" "Mozilla/5.0 (Windows NT 10.0; Win64; x64) AppleWebKit/537.36 (KHTML, like Gecko) Chrome/110.0.0.0 Safari/537.36"
160.120.151.206 - - [16/Jul/2026:12:23:38 -0600] "GET /2025/03/07/looking-for-a-clown-in-university-park-texas HTTP/1.1" 301 0 "-" "Mozilla/5.0 (Windows NT 10.0; Win64; x64) AppleWebKit/537.36 (KHTML, like Gecko) Chrome/110.0.0.0 Safari/537.36"
85.208.96.212 - - [16/Jul/2026:12:29:07 -0600] "GET /robots.txt HTTP/1.1" 200 128 "-" "Mozilla/5.0 (compatible; SemrushBot/7~bl; +http://www.semrush.com/bot.html)"
185.191.171.10 - - [16/Jul/2026:12:29:08 -0600] "GET /2025/03/07/looking-for-a-clown-in-mansfield-texas/ HTTP/1.1" 200 30553 "-" "Mozilla/5.0 (compatible; SemrushBot/7~bl; +http://www.semrush.com/bot.html)"
185.8.107.169 - - [16/Jul/2026:12:39:01 -0600] "GET / HTTP/2" 200 24763 "-" "Mozilla/5.0 (X11; Linux i686; rv:124.0) Gecko/20100101 Firefox/124.0"
27.115.124.45 - - [16/Jul/2026:12:46:44 -0600] "GET / HTTP/2" 403 72 "http://candytheclown.com/" "Mozilla/5.0 (Linux; Android 11; V2055A) AppleWebKit/537.36 (KHTML, like Gecko) Chrome/91.0.4472.101 Mobile Safari/537.36"
27.115.124.118 - - [16/Jul/2026:12:46:48 -0600] "GET /favicon.ico HTTP/2" 403 55 "-" "Mozilla/5.0 (Windows NT 10.0; WOW64) AppleWebKit/537.36 (KHTML, like Gecko) Chrome/129.0.3904.108 Safari/537.36"
27.115.124.113 - - [16/Jul/2026:12:46:51 -0600] "GET /favicon.ico HTTP/1.1" 403 72 "-" "Mozilla/5.0 (Macintosh; Intel Mac OS X 10_15_7) AppleWebKit/537.36 (KHTML, like Gecko) Chrome/120.0.0.0 Safari/537.36 Edg/120.0.0.0"
52.167.144.24 - - [16/Jul/2026:12:51:31 -0600] "GET /sitemap.xml HTTP/2" 301 0 "-" "Mozilla/5.0 AppleWebKit/537.36 (KHTML, like Gecko; compatible; bingbot/2.0; +http://www.bing.com/bingbot.htm) Chrome/116.0.1938.76 Safari/537.36"
52.167.144.24 - - [16/Jul/2026:12:51:33 -0600] "GET /sitemap_index.xml HTTP/2" 200 314 "-" "Mozilla/5.0 AppleWebKit/537.36 (KHTML, like Gecko; compatible; bingbot/2.0; +http://www.bing.com/bingbot.htm) Chrome/116.0.1938.76 Safari/537.36"
138.246.253.24 - - [16/Jul/2026:12:52:10 -0600] "GET /robots.txt HTTP/1.1" 401 36 "-" "Mozilla/5.0 (Windows NT 10.0; Win64; x64) AppleWebKit/537.36 (KHTML, like Gecko) Chrome/103.0.5060.134 Safari/537.36"
52.167.144.143 - - [16/Jul/2026:12:52:24 -0600] "GET /2023/12/ HTTP/2" 200 19963 "-" "Mozilla/5.0 AppleWebKit/537.36 (KHTML, like Gecko; compatible; bingbot/2.0; +http://www.bing.com/bingbot.htm) Chrome/116.0.1938.76 Safari/537.36"
74.7.243.240 - - [16/Jul/2026:13:09:18 -0600] "GET /wp-content/plugins/ws-form-pro/public/js/ws-form-public-ecommerce.min.js?ver=1.11.18 HTTP/2" 200 2054 "https://candytheclown.com/availability-and-prices/" "Mozilla/5.0 AppleWebKit/537.36 (KHTML, like Gecko; compatible; GPTBot/1.4; +https://openai.com/gptbot)"
74.7.243.240 - - [16/Jul/2026:13:09:21 -0600] "GET /wp-content/uploads/elementor/css/post-321.css?ver=1784209822 HTTP/2" 200 361 "https://candytheclown.com/availability-and-prices/" "Mozilla/5.0 AppleWebKit/537.36 (KHTML, like Gecko; compatible; GPTBot/1.4; +https://openai.com/gptbot)"
74.7.243.240 - - [16/Jul/2026:13:09:24 -0600] "GET /wp-content/plugins/ws-form-pro/public/css/ws-form-public-base.min.css?ver=1.11.18 HTTP/2" 200 6243 "https://candytheclown.com/availability-and-prices/" "Mozilla/5.0 AppleWebKit/537.36 (KHTML, like Gecko; compatible; GPTBot/1.4; +https://openai.com/gptbot)"
74.7.243.240 - - [16/Jul/2026:13:09:26 -0600] "GET /wp-content/plugins/ws-form-pro/public/js/ws-form-public-styler-scheme.min.js?ver=1.11.18 HTTP/2" 200 606 "https://candytheclown.com/availability-and-prices/" "Mozilla/5.0 AppleWebKit/537.36 (KHTML, like Gecko; compatible; GPTBot/1.4; +https://openai.com/gptbot)"
74.7.229.102 - - [16/Jul/2026:13:09:27 -0600] "GET /wp-content/plugins/elementor/assets/lib/animations/styles/slideInLeft.min.css?ver=4.1.5 HTTP/2" 200 153 "https://candytheclown.com/availability-and-prices/" "Mozilla/5.0 (Macintosh; Intel Mac OS X 10_15_7) AppleWebKit/537.36 (KHTML, like Gecko) Chrome/131.0.0.0 Safari/537.36; compatible; OAI-SearchBot/1.4; +https://openai.com/searchbot"
74.7.243.240 - - [16/Jul/2026:13:09:29 -0600] "GET /wp-content/plugins/ws-form-pro/public/css/ws-form-public-button.min.css?ver=1.11.18 HTTP/2" 200 1181 "https://candytheclown.com/availability-and-prices/" "Mozilla/5.0 AppleWebKit/537.36 (KHTML, like Gecko; compatible; GPTBot/1.4; +https://openai.com/gptbot)"
74.7.243.240 - - [16/Jul/2026:13:09:31 -0600] "GET /wp-content/plugins/ws-form-pro/public/js/ws-form-public.min.js?ver=1.11.18 HTTP/2" 200 14592 "https://candytheclown.com/availability-and-prices/" "Mozilla/5.0 AppleWebKit/537.36 (KHTML, like Gecko; compatible; GPTBot/1.4; +https://openai.com/gptbot)"
74.7.243.240 - - [16/Jul/2026:13:09:33 -0600] "GET /wp-content/plugins/ws-form-pro/public/js/ws-form-public-tracking.min.js?ver=1.11.18 HTTP/2" 200 759 "https://candytheclown.com/availability-and-prices/" "Mozilla/5.0 AppleWebKit/537.36 (KHTML, like Gecko; compatible; GPTBot/1.4; +https://openai.com/gptbot)"
74.7.243.240 - - [16/Jul/2026:13:09:34 -0600] "GET /wp-content/plugins/ws-form-pro/public/css/ws-form-public-radio.min.css?ver=1.11.18 HTTP/2" 200 2509 "https://candytheclown.com/availability-and-prices/" "Mozilla/5.0 AppleWebKit/537.36 (KHTML, like Gecko; compatible; GPTBot/1.4; +https://openai.com/gptbot)"
74.7.243.240 - - [16/Jul/2026:13:09:36 -0600] "GET /wp-content/plugins/ws-form-pro/public/css/ws-form-public-textarea.min.css?ver=1.11.18 HTTP/2" 200 209 "https://candytheclown.com/availability-and-prices/" "Mozilla/5.0 AppleWebKit/537.36 (KHTML, like Gecko; compatible; GPTBot/1.4; +https://openai.com/gptbot)"
74.7.243.240 - - [16/Jul/2026:13:09:37 -0600] "GET /wp-content/plugins/elementor/assets/lib/animations/styles/slideInLeft.min.css?ver=4.1.5 HTTP/2" 200 153 "https://candytheclown.com/availability-and-prices/" "Mozilla/5.0 AppleWebKit/537.36 (KHTML, like Gecko; compatible; GPTBot/1.4; +https://openai.com/gptbot)"
74.7.229.102 - - [16/Jul/2026:13:09:38 -0600] "GET /wp-content/plugins/ws-form-pro/public/css/ws-form-public-number.min.css?ver=1.11.18 HTTP/2" 200 138 "https://candytheclown.com/availability-and-prices/" "Mozilla/5.0 (Macintosh; Intel Mac OS X 10_15_7) AppleWebKit/537.36 (KHTML, like Gecko) Chrome/131.0.0.0 Safari/537.36; compatible; OAI-SearchBot/1.4; +https://openai.com/searchbot"
74.7.243.240 - - [16/Jul/2026:13:09:39 -0600] "GET /wp-content/plugins/ws-form-pro/public/js/ws-form-public-datetime.min.js?ver=1.11.18 HTTP/2" 200 2410 "https://candytheclown.com/availability-and-prices/" "Mozilla/5.0 AppleWebKit/537.36 (KHTML, like Gecko; compatible; GPTBot/1.4; +https://openai.com/gptbot)"
74.7.243.240 - - [16/Jul/2026:13:09:40 -0600] "GET /wp-content/plugins/elementor/assets/lib/animations/styles/slideInRight.min.css?ver=4.1.5 HTTP/2" 200 155 "https://candytheclown.com/availability-and-prices/" "Mozilla/5.0 AppleWebKit/537.36 (KHTML, like Gecko; compatible; GPTBot/1.4; +https://openai.com/gptbot)"
74.7.243.240 - - [16/Jul/2026:13:09:41 -0600] "GET /wp-content/plugins/ws-form-pro/shared/js/ws-form.min.js?ver=1.11.18 HTTP/2" 200 30193 "https://candytheclown.com/availability-and-prices/" "Mozilla/5.0 AppleWebKit/537.36 (KHTML, like Gecko; compatible; GPTBot/1.4; +https://openai.com/gptbot)"
74.7.229.102 - - [16/Jul/2026:13:09:41 -0600] "GET /wp-content/plugins/ws-form-pro/public/js/ws-form-public-tracking.min.js?ver=1.11.18 HTTP/2" 200 759 "https://candytheclown.com/availability-and-prices/" "Mozilla/5.0 (Macintosh; Intel Mac OS X 10_15_7) AppleWebKit/537.36 (KHTML, like Gecko) Chrome/131.0.0.0 Safari/537.36; compatible; OAI-SearchBot/1.4; +https://openai.com/searchbot"
74.7.243.240 - - [16/Jul/2026:13:09:42 -0600] "GET /?p=321 HTTP/2" 301 0 "https://candytheclown.com/availability-and-prices/" "Mozilla/5.0 AppleWebKit/537.36 (KHTML, like Gecko; compatible; GPTBot/1.4; +https://openai.com/gptbot)"
74.7.243.240 - - [16/Jul/2026:13:09:42 -0600] "GET /availability-and-prices/ HTTP/2" 200 52704 "https://candytheclown.com/?p=321" "Mozilla/5.0 AppleWebKit/537.36 (KHTML, like Gecko; compatible; GPTBot/1.4; +https://openai.com/gptbot)"
74.7.243.240 - - [16/Jul/2026:13:09:43 -0600] "GET /wp-content/plugins/ws-form-pro/public/css/ws-form-public-datetime.min.css?ver=1.11.18 HTTP/2" 200 1509 "https://candytheclown.com/availability-and-prices/" "Mozilla/5.0 AppleWebKit/537.36 (KHTML, like Gecko; compatible; GPTBot/1.4; +https://openai.com/gptbot)"
74.7.243.240 - - [16/Jul/2026:13:09:44 -0600] "GET /wp-content/plugins/ws-form-pro/public/js/ws-form-public-radio.min.js?ver=1.11.18 HTTP/2" 200 294 "https://candytheclown.com/availability-and-prices/" "Mozilla/5.0 AppleWebKit/537.36 (KHTML, like Gecko; compatible; GPTBot/1.4; +https://openai.com/gptbot)"
74.7.243.240 - - [16/Jul/2026:13:09:45 -0600] "GET /wp-content/plugins/ws-form-pro/public/css/ws-form-public-number.min.css?ver=1.11.18 HTTP/2" 200 138 "https://candytheclown.com/availability-and-prices/" "Mozilla/5.0 AppleWebKit/537.36 (KHTML, like Gecko; compatible; GPTBot/1.4; +https://openai.com/gptbot)"
74.7.243.240 - - [16/Jul/2026:13:09:45 -0600] "GET /wp-json/oembed/1.0/embed?url=https%3A%2F%2Fcandytheclown.com%2Favailability-and-prices%2F HTTP/2" 200 1279 "https://candytheclown.com/?p=321" "Mozilla/5.0 AppleWebKit/537.36 (KHTML, like Gecko; compatible; GPTBot/1.4; +https://openai.com/gptbot)"
74.7.243.240 - - [16/Jul/2026:13:09:46 -0600] "GET /wp-json/wp/v2/pages/321 HTTP/2" 200 3564 "https://candytheclown.com/?p=321" "Mozilla/5.0 AppleWebKit/537.36 (KHTML, like Gecko; compatible; GPTBot/1.4; +https://openai.com/gptbot)"
74.7.243.240 - - [16/Jul/2026:13:09:47 -0600] "GET /wp-json/oembed/1.0/embed?format=xml&url=https%3A%2F%2Fcandytheclown.com%2Favailability-and-prices%2F HTTP/2" 200 1310 "https://candytheclown.com/?p=321" "Mozilla/5.0 AppleWebKit/537.36 (KHTML, like Gecko; compatible; GPTBot/1.4; +https://openai.com/gptbot)"
74.7.243.240 - - [16/Jul/2026:13:09:48 -0600] "GET /wp-content/plugins/ws-form-pro/public/css/external/jquery.datetimepicker.min.css?ver=2.5.21 HTTP/2" 200 4063 "https://candytheclown.com/?p=321" "Mozilla/5.0 AppleWebKit/537.36 (KHTML, like Gecko; compatible; GPTBot/1.4; +https://openai.com/gptbot)"
74.7.228.210 - - [16/Jul/2026:13:09:34 -0600] "GET /?p=321 HTTP/2" 301 0 "https://candytheclown.com/availability-and-prices/" "Mozilla/5.0 (Macintosh; Intel Mac OS X 10_15_7) AppleWebKit/537.36 (KHTML, like Gecko) Chrome/131.0.0.0 Safari/537.36; compatible; OAI-SearchBot/1.4; +https://openai.com/searchbot"
74.7.228.210 - - [16/Jul/2026:13:09:17 -0600] "GET /availability-and-prices/ HTTP/2" 200 52704 "-" "Mozilla/5.0 (Macintosh; Intel Mac OS X 10_15_7) AppleWebKit/537.36 (KHTML, like Gecko) Chrome/131.0.0.0 Safari/537.36; compatible; OAI-SearchBot/1.4; +https://openai.com/searchbot"
74.7.229.159 - - [16/Jul/2026:13:09:33 -0600] "GET /wp-content/plugins/ws-form-pro/shared/js/ws-form.min.js?ver=1.11.18 HTTP/2" 200 30193 "https://candytheclown.com/availability-and-prices/" "Mozilla/5.0 (Macintosh; Intel Mac OS X 10_15_7) AppleWebKit/537.36 (KHTML, like Gecko) Chrome/131.0.0.0 Safari/537.36; compatible; OAI-SearchBot/1.4; +https://openai.com/searchbot"
74.7.229.115 - - [16/Jul/2026:13:09:36 -0600] "GET /wp-content/plugins/ws-form-pro/public/css/ws-form-public-datetime.min.css?ver=1.11.18 HTTP/2" 200 1509 "https://candytheclown.com/availability-and-prices/" "Mozilla/5.0 (Macintosh; Intel Mac OS X 10_15_7) AppleWebKit/537.36 (KHTML, like Gecko) Chrome/131.0.0.0 Safari/537.36; compatible; OAI-SearchBot/1.4; +https://openai.com/searchbot"
74.7.228.210 - - [16/Jul/2026:13:09:39 -0600] "GET /wp-content/plugins/ws-form-pro/public/js/ws-form-public-styler-scheme.min.js?ver=1.11.18 HTTP/2" 200 606 "https://candytheclown.com/availability-and-prices/" "Mozilla/5.0 (Macintosh; Intel Mac OS X 10_15_7) AppleWebKit/537.36 (KHTML, like Gecko) Chrome/131.0.0.0 Safari/537.36; compatible; OAI-SearchBot/1.4; +https://openai.com/searchbot"
74.7.229.159 - - [16/Jul/2026:13:09:40 -0600] "GET /wp-content/plugins/ws-form-pro/public/css/ws-form-public-button.min.css?ver=1.11.18 HTTP/2" 200 1181 "https://candytheclown.com/availability-and-prices/" "Mozilla/5.0 (Macintosh; Intel Mac OS X 10_15_7) AppleWebKit/537.36 (KHTML, like Gecko) Chrome/131.0.0.0 Safari/537.36; compatible; OAI-SearchBot/1.4; +https://openai.com/searchbot"
74.7.243.240 - - [16/Jul/2026:13:09:49 -0600] "GET /wp-content/plugins/ws-form-pro/public/js/external/jquery.datetimepicker.full.min.js?ver=2.5.21 HTTP/2" 200 19230 "https://candytheclown.com/?p=321" "Mozilla/5.0 AppleWebKit/537.36 (KHTML, like Gecko; compatible; GPTBot/1.4; +https://openai.com/gptbot)"
198.175.150.9 - - [16/Jul/2026:13:09:18 -0600] "POST /wp-cron.php?doing_wp_cron=1784228958.1131029129028320312500 HTTP/1.1" 200 0 "-" "WordPress/7.0.1; https://candytheclown.com"
74.7.229.118 - - [16/Jul/2026:13:09:20 -0600] "GET /wp-content/plugins/ws-form-pro/public/js/ws-form-public.min.js?ver=1.11.18 HTTP/2" 200 14592 "https://candytheclown.com/availability-and-prices/" "Mozilla/5.0 (Macintosh; Intel Mac OS X 10_15_7) AppleWebKit/537.36 (KHTML, like Gecko) Chrome/131.0.0.0 Safari/537.36; compatible; OAI-SearchBot/1.4; +https://openai.com/searchbot"
74.7.243.14 - - [16/Jul/2026:13:09:23 -0600] "GET /wp-content/plugins/ws-form-pro/public/css/ws-form-public-radio.min.css?ver=1.11.18 HTTP/2" 200 2509 "https://candytheclown.com/availability-and-prices/" "Mozilla/5.0 (Macintosh; Intel Mac OS X 10_15_7) AppleWebKit/537.36 (KHTML, like Gecko) Chrome/131.0.0.0 Safari/537.36; compatible; OAI-SearchBot/1.4; +https://openai.com/searchbot"
74.7.229.207 - - [16/Jul/2026:13:09:25 -0600] "GET /wp-content/plugins/ws-form-pro/public/css/ws-form-public-textarea.min.css?ver=1.11.18 HTTP/2" 200 209 "https://candytheclown.com/availability-and-prices/" "Mozilla/5.0 (Macintosh; Intel Mac OS X 10_15_7) AppleWebKit/537.36 (KHTML, like Gecko) Chrome/131.0.0.0 Safari/537.36; compatible; OAI-SearchBot/1.4; +https://openai.com/searchbot"
74.7.229.207 - - [16/Jul/2026:13:09:29 -0600] "GET /wp-content/plugins/ws-form-pro/public/js/ws-form-public-datetime.min.js?ver=1.11.18 HTTP/2" 200 2410 "https://candytheclown.com/availability-and-prices/" "Mozilla/5.0 (Macintosh; Intel Mac OS X 10_15_7) AppleWebKit/537.36 (KHTML, like Gecko) Chrome/131.0.0.0 Safari/537.36; compatible; OAI-SearchBot/1.4; +https://openai.com/searchbot"
74.7.243.14 - - [16/Jul/2026:13:09:31 -0600] "GET /wp-content/plugins/elementor/assets/lib/animations/styles/slideInRight.min.css?ver=4.1.5 HTTP/2" 200 155 "https://candytheclown.com/availability-and-prices/" "Mozilla/5.0 (Macintosh; Intel Mac OS X 10_15_7) AppleWebKit/537.36 (KHTML, like Gecko) Chrome/131.0.0.0 Safari/537.36; compatible; OAI-SearchBot/1.4; +https://openai.com/searchbot"
74.7.243.14 - - [16/Jul/2026:13:09:37 -0600] "GET /wp-content/plugins/ws-form-pro/public/js/ws-form-public-radio.min.js?ver=1.11.18 HTTP/2" 200 294 "https://candytheclown.com/availability-and-prices/" "Mozilla/5.0 (Macintosh; Intel Mac OS X 10_15_7) AppleWebKit/537.36 (KHTML, like Gecko) Chrome/131.0.0.0 Safari/537.36; compatible; OAI-SearchBot/1.4; +https://openai.com/searchbot"
74.7.243.240 - - [16/Jul/2026:13:14:48 -0600] "GET /wp-sitemap.xml HTTP/2" 301 0 "-" "Mozilla/5.0 AppleWebKit/537.36 (KHTML, like Gecko; compatible; GPTBot/1.4; +https://openai.com/gptbot)"
74.7.243.240 - - [16/Jul/2026:13:14:49 -0600] "GET /sitemap_index.xml HTTP/2" 200 314 "https://candytheclown.com/wp-sitemap.xml" "Mozilla/5.0 AppleWebKit/537.36 (KHTML, like Gecko; compatible; GPTBot/1.4; +https://openai.com/gptbot)"
122.51.236.174 - - [16/Jul/2026:13:22:54 -0600] "GET / HTTP/1.1" 403 72 "http://candytheclown.com" "Mozilla/5.0 (iPhone; CPU iPhone OS 13_2_3 like Mac OS X) AppleWebKit/605.1.15 (KHTML, like Gecko) Version/13.0.3 Mobile/15E148 Safari/604.1"
198.175.150.9 - - [16/Jul/2026:14:01:19 -0600] "POST /wp-cron.php?doing_wp_cron=1784232079.1909060478210449218750 HTTP/1.1" 200 0 "-" "WordPress/7.0.1; https://candytheclown.com"
198.175.150.9 - - [16/Jul/2026:14:01:19 -0600] "POST /wp-cron.php?doing_wp_cron=1784232079.7493970394134521484375 HTTP/1.1" 200 0 "-" "WordPress/7.0.1; https://candytheclown.com"
172.56.166.6 - - [16/Jul/2026:14:01:18 -0600] "GET / HTTP/2" 200 21406 "https://www.google.com/" "Mozilla/5.0 (iPhone; CPU iPhone OS 18_7 like Mac OS X) AppleWebKit/605.1.15 (KHTML, like Gecko) Version/26.5.2 Mobile/15E148 Safari/604.1"
172.56.166.6 - - [16/Jul/2026:14:01:19 -0600] "GET /wp-content/themes/astra/assets/css/minified/main.min.css?ver=4.13.6 HTTP/2" 200 8389 "https://candytheclown.com/" "Mozilla/5.0 (iPhone; CPU iPhone OS 18_7 like Mac OS X) AppleWebKit/605.1.15 (KHTML, like Gecko) Version/26.5.2 Mobile/15E148 Safari/604.1"
172.56.166.6 - - [16/Jul/2026:14:01:19 -0600] "GET /wp-content/uploads/astra-addon/astra-addon-6a439ac31ec5c0-46925815.css?ver=4.13.5 HTTP/2" 200 2401 "https://candytheclown.com/" "Mozilla/5.0 (iPhone; CPU iPhone OS 18_7 like Mac OS X) AppleWebKit/605.1.15 (KHTML, like Gecko) Version/26.5.2 Mobile/15E148 Safari/604.1"
172.56.166.6 - - [16/Jul/2026:14:01:19 -0600] "GET /wp-content/uploads/elementor/css/post-9.css?ver=1784198710 HTTP/2" 200 342 "https://candytheclown.com/" "Mozilla/5.0 (iPhone; CPU iPhone OS 18_7 like Mac OS X) AppleWebKit/605.1.15 (KHTML, like Gecko) Version/26.5.2 Mobile/15E148 Safari/604.1"
172.56.166.6 - - [16/Jul/2026:14:01:19 -0600] "GET /wp-content/plugins/elementor/assets/css/widget-video.min.css?ver=4.1.5 HTTP/2" 200 328 "https://candytheclown.com/" "Mozilla/5.0 (iPhone; CPU iPhone OS 18_7 like Mac OS X) AppleWebKit/605.1.15 (KHTML, like Gecko) Version/26.5.2 Mobile/15E148 Safari/604.1"
172.56.166.6 - - [16/Jul/2026:14:01:19 -0600] "GET /wp-content/uploads/elementor/css/post-38.css?ver=1784200719 HTTP/2" 200 108 "https://candytheclown.com/" "Mozilla/5.0 (iPhone; CPU iPhone OS 18_7 like Mac OS X) AppleWebKit/605.1.15 (KHTML, like Gecko) Version/26.5.2 Mobile/15E148 Safari/604.1"
172.56.166.6 - - [16/Jul/2026:14:01:19 -0600] "GET /wp-content/uploads/elementor/google-fonts/css/roboto.css?ver=1742234071 HTTP/2" 200 1872 "https://candytheclown.com/" "Mozilla/5.0 (iPhone; CPU iPhone OS 18_7 like Mac OS X) AppleWebKit/605.1.15 (KHTML, like Gecko) Version/26.5.2 Mobile/15E148 Safari/604.1"
172.56.166.6 - - [16/Jul/2026:14:01:19 -0600] "GET /wp-content/uploads/elementor/google-fonts/css/robotoslab.css?ver=1742234078 HTTP/2" 200 708 "https://candytheclown.com/" "Mozilla/5.0 (iPhone; CPU iPhone OS 18_7 like Mac OS X) AppleWebKit/605.1.15 (KHTML, like Gecko) Version/26.5.2 Mobile/15E148 Safari/604.1"
172.56.166.6 - - [16/Jul/2026:14:01:19 -0600] "GET /wp-content/plugins/elementor/assets/lib/eicons/css/elementor-icons.min.css?ver=5.50.0 HTTP/2" 200 4123 "https://candytheclown.com/" "Mozilla/5.0 (iPhone; CPU iPhone OS 18_7 like Mac OS X) AppleWebKit/605.1.15 (KHTML, like Gecko) Version/26.5.2 Mobile/15E148 Safari/604.1"
172.56.166.6 - - [16/Jul/2026:14:01:19 -0600] "GET /wp-content/plugins/elementor/assets/css/frontend.min.css?ver=4.1.5 HTTP/2" 200 6613 "https://candytheclown.com/" "Mozilla/5.0 (iPhone; CPU iPhone OS 18_7 like Mac OS X) AppleWebKit/605.1.15 (KHTML, like Gecko) Version/26.5.2 Mobile/15E148 Safari/604.1"
172.56.166.6 - - [16/Jul/2026:14:01:19 -0600] "GET /wp-includes/js/jquery/jquery.min.js?ver=3.7.1 HTTP/2" 200 29744 "https://candytheclown.com/" "Mozilla/5.0 (iPhone; CPU iPhone OS 18_7 like Mac OS X) AppleWebKit/605.1.15 (KHTML, like Gecko) Version/26.5.2 Mobile/15E148 Safari/604.1"
172.56.166.6 - - [16/Jul/2026:14:01:19 -0600] "GET /wp-includes/js/jquery/jquery-migrate.min.js?ver=3.4.1 HTTP/2" 200 4678 "https://candytheclown.com/" "Mozilla/5.0 (iPhone; CPU iPhone OS 18_7 like Mac OS X) AppleWebKit/605.1.15 (KHTML, like Gecko) Version/26.5.2 Mobile/15E148 Safari/604.1"
172.56.166.6 - - [16/Jul/2026:14:01:19 -0600] "GET /wp-content/uploads/astra-addon/astra-addon-6a439ac31f2be8-55963754.js?ver=4.13.5 HTTP/2" 200 3191 "https://candytheclown.com/" "Mozilla/5.0 (iPhone; CPU iPhone OS 18_7 like Mac OS X) AppleWebKit/605.1.15 (KHTML, like Gecko) Version/26.5.2 Mobile/15E148 Safari/604.1"
172.56.166.6 - - [16/Jul/2026:14:01:19 -0600] "GET /wp-content/plugins/elementor/assets/js/webpack.runtime.min.js?ver=4.1.5 HTTP/2" 200 2338 "https://candytheclown.com/" "Mozilla/5.0 (iPhone; CPU iPhone OS 18_7 like Mac OS X) AppleWebKit/605.1.15 (KHTML, like Gecko) Version/26.5.2 Mobile/15E148 Safari/604.1"
172.56.166.6 - - [16/Jul/2026:14:01:19 -0600] "GET /wp-content/themes/astra/assets/js/minified/frontend.min.js?ver=4.13.6 HTTP/2" 200 5693 "https://candytheclown.com/" "Mozilla/5.0 (iPhone; CPU iPhone OS 18_7 like Mac OS X) AppleWebKit/605.1.15 (KHTML, like Gecko) Version/26.5.2 Mobile/15E148 Safari/604.1"
172.56.166.6 - - [16/Jul/2026:14:01:19 -0600] "GET /wp-content/plugins/astra-addon/assets/js/minified/purify.min.js?ver=4.13.5 HTTP/2" 200 10151 "https://candytheclown.com/" "Mozilla/5.0 (iPhone; CPU iPhone OS 18_7 like Mac OS X) AppleWebKit/605.1.15 (KHTML, like Gecko) Version/26.5.2 Mobile/15E148 Safari/604.1"
172.56.166.6 - - [16/Jul/2026:14:01:19 -0600] "GET /wp-content/plugins/elementor/assets/js/frontend-modules.min.js?ver=4.1.5 HTTP/2" 200 15445 "https://candytheclown.com/" "Mozilla/5.0 (iPhone; CPU iPhone OS 18_7 like Mac OS X) AppleWebKit/605.1.15 (KHTML, like Gecko) Version/26.5.2 Mobile/15E148 Safari/604.1"
172.56.166.6 - - [16/Jul/2026:14:01:19 -0600] "GET /wp-includes/js/jquery/ui/core.min.js?ver=1.13.3 HTTP/2" 200 6812 "https://candytheclown.com/" "Mozilla/5.0 (iPhone; CPU iPhone OS 18_7 like Mac OS X) AppleWebKit/605.1.15 (KHTML, like Gecko) Version/26.5.2 Mobile/15E148 Safari/604.1"
172.56.166.6 - - [16/Jul/2026:14:01:19 -0600] "GET /wp-content/plugins/elementor/assets/js/frontend.min.js?ver=4.1.5 HTTP/2" 200 10124 "https://candytheclown.com/" "Mozilla/5.0 (iPhone; CPU iPhone OS 18_7 like Mac OS X) AppleWebKit/605.1.15 (KHTML, like Gecko) Version/26.5.2 Mobile/15E148 Safari/604.1"
172.56.166.6 - - [16/Jul/2026:14:01:19 -0600] "GET /wp-content/plugins/elementor-pro/assets/js/webpack-pro.runtime.min.js?ver=4.1.3 HTTP/2" 200 2606 "https://candytheclown.com/" "Mozilla/5.0 (iPhone; CPU iPhone OS 18_7 like Mac OS X) AppleWebKit/605.1.15 (KHTML, like Gecko) Version/26.5.2 Mobile/15E148 Safari/604.1"
