43.153.96.79 - - [16/Jul/2026:05:38:07 -0600] "GET /2022/10/27/balloon-twisting-balloon-animals/ HTTP/1.1" 200 26457 "-" "Mozilla/5.0 (iPhone; CPU iPhone OS 13_2_3 like Mac OS X) AppleWebKit/605.1.15 (KHTML, like Gecko) Version/13.0.3 Mobile/15E148 Safari/604.1"
199.45.154.116 - - [16/Jul/2026:05:45:48 -0600] "GET / HTTP/1.1" 301 0 "-" "Mozilla/5.0 (compatible; CensysInspect/1.1; +https://about.censys.io/)"
199.45.154.116 - - [16/Jul/2026:05:45:19 -0600] "GET / HTTP/1.1" 200 24764 "-" "Mozilla/5.0 (compatible; CensysInspect/1.1; +https://about.censys.io/)"
66.249.70.104 - - [16/Jul/2026:05:51:58 -0600] "GET /wp-content/plugins/elementor/assets/css/widget-video.min.css?ver=4.1.5 HTTP/1.1" 200 328 "https://candytheclown.com/" "Mozilla/5.0 (compatible; Googlebot/2.1; +http://www.google.com/bot.html)"
66.249.70.105 - - [16/Jul/2026:05:52:04 -0600] "GET /wp-content/uploads/astra-addon/astra-addon-6a439ac31ec5c0-46925815.css?ver=4.13.5 HTTP/1.1" 200 2401 "https://candytheclown.com/" "Mozilla/5.0 (compatible; Googlebot/2.1; +http://www.google.com/bot.html)"
66.249.70.106 - - [16/Jul/2026:05:52:05 -0600] "GET /wp-content/themes/astra/assets/js/minified/frontend.min.js?ver=4.13.6 HTTP/1.1" 200 5693 "https://candytheclown.com/" "Mozilla/5.0 (compatible; Googlebot/2.1; +http://www.google.com/bot.html)"
66.249.70.106 - - [16/Jul/2026:05:52:06 -0600] "GET /wp-content/plugins/elementor-pro/assets/js/frontend.min.js?ver=4.1.3 HTTP/1.1" 200 6191 "https://candytheclown.com/" "Mozilla/5.0 (compatible; Googlebot/2.1; +http://www.google.com/bot.html)"
66.249.70.105 - - [16/Jul/2026:05:52:07 -0600] "GET /wp-content/uploads/elementor/css/post-9.css?ver=1784198710 HTTP/1.1" 200 342 "https://candytheclown.com/" "Mozilla/5.0 (compatible; Googlebot/2.1; +http://www.google.com/bot.html)"
66.249.70.105 - - [16/Jul/2026:05:52:09 -0600] "GET /wp-includes/js/jquery/jquery.min.js?ver=3.7.1 HTTP/1.1" 200 29744 "https://candytheclown.com/" "Mozilla/5.0 (compatible; Googlebot/2.1; +http://www.google.com/bot.html)"
66.249.70.105 - - [16/Jul/2026:05:52:12 -0600] "GET /wp-content/plugins/elementor/assets/js/video.86d44e46e43d0807e708.bundle.min.js HTTP/1.1" 200 1186 "https://candytheclown.com/" "Mozilla/5.0 (compatible; Googlebot/2.1; +http://www.google.com/bot.html)"
35.196.209.78 - - [16/Jul/2026:05:55:06 -0600] "GET / HTTP/2" 200 24764 "https://www.candytheclown.dfw.party/" "Mozilla/5.0 (compatible; CMS-Checker/1.0; +https://example.com)"
43.153.76.247 - - [16/Jul/2026:05:56:32 -0600] "GET /2022/09/01/face-painting/ HTTP/1.1" 200 27334 "-" "Mozilla/5.0 (iPhone; CPU iPhone OS 13_2_3 like Mac OS X) AppleWebKit/605.1.15 (KHTML, like Gecko) Version/13.0.3 Mobile/15E148 Safari/604.1"
43.134.93.164 - - [16/Jul/2026:05:49:01 -0600] "GET /wp-json/oembed/1.0/embed?url=https%3A%2F%2Fcandytheclown.com%2F HTTP/1.1" 200 1093 "-" "Mozilla/5.0 (iPhone; CPU iPhone OS 13_2_3 like Mac OS X) AppleWebKit/605.1.15 (KHTML, like Gecko) Version/13.0.3 Mobile/15E148 Safari/604.1"
35.196.209.78 - - [16/Jul/2026:05:55:03 -0600] "GET / HTTP/2" 301 0 "http://www.candytheclown.dfw.party" "Mozilla/5.0 (compatible; CMS-Checker/1.0; +https://example.com)"
66.249.70.104 - - [16/Jul/2026:05:52:11 -0600] "GET /wp-content/plugins/elementor/assets/js/shared-frontend-handlers.03caa53373b56d3bab67.bundle.min.js HTTP/1.1" 200 2511 "https://candytheclown.com/" "Mozilla/5.0 (compatible; Googlebot/2.1; +http://www.google.com/bot.html)"
66.249.70.104 - - [16/Jul/2026:05:52:14 -0600] "GET /wp-content/plugins/elementor/assets/js/section-frontend-handlers.d85ab872da118940910d.bundle.min.js HTTP/1.1" 200 229 "https://candytheclown.com/" "Mozilla/5.0 (compatible; Googlebot/2.1; +http://www.google.com/bot.html)"
198.175.150.9 - - [16/Jul/2026:06:09:08 -0600] "POST /wp-cron.php?doing_wp_cron=1784203748.5535759925842285156250 HTTP/1.1" 200 0 "-" "WordPress/7.0.1; https://candytheclown.com"
43.159.132.207 - - [16/Jul/2026:06:09:07 -0600] "GET /deposit/ HTTP/1.1" 200 63274 "-" "Mozilla/5.0 (iPhone; CPU iPhone OS 13_2_3 like Mac OS X) AppleWebKit/605.1.15 (KHTML, like Gecko) Version/13.0.3 Mobile/15E148 Safari/604.1"
198.175.150.9 - - [16/Jul/2026:06:25:45 -0600] "POST /wp-cron.php?doing_wp_cron=1784204745.6272690296173095703125 HTTP/1.1" 200 0 "-" "WordPress/7.0.1; https://candytheclown.com"
35.237.108.47 - - [16/Jul/2026:06:25:44 -0600] "GET / HTTP/2" 200 24763 "http://candytheclown.com" "Mozilla/5.0 (compatible; CMS-Checker/1.0; +https://example.com)"
198.175.150.9 - - [16/Jul/2026:06:25:45 -0600] "POST /wp-cron.php?doing_wp_cron=1784204745.6066749095916748046875 HTTP/1.1" 200 0 "-" "WordPress/7.0.1; https://candytheclown.com"
43.134.93.164 - - [16/Jul/2026:06:33:15 -0600] "GET /post/ HTTP/1.1" 200 27208 "-" "Mozilla/5.0 (iPhone; CPU iPhone OS 13_2_3 like Mac OS X) AppleWebKit/605.1.15 (KHTML, like Gecko) Version/13.0.3 Mobile/15E148 Safari/604.1"
119.91.20.139 - - [16/Jul/2026:06:16:41 -0600] "GET / HTTP/1.1" 403 72 "http://www.candytheclown.com" "Mozilla/5.0 (iPhone; CPU iPhone OS 13_2_3 like Mac OS X) AppleWebKit/605.1.15 (KHTML, like Gecko) Version/13.0.3 Mobile/15E148 Safari/604.1"
198.175.150.9 - - [16/Jul/2026:06:19:33 -0600] "POST /wp-cron.php?doing_wp_cron=1784204373.4488260746002197265625 HTTP/1.1" 200 0 "-" "WordPress/7.0.1; https://candytheclown.com"
43.166.7.113 - - [16/Jul/2026:06:19:32 -0600] "GET /xmlrpc.php?rsd HTTP/1.1" 200 313 "-" "Mozilla/5.0 (iPhone; CPU iPhone OS 13_2_3 like Mac OS X) AppleWebKit/605.1.15 (KHTML, like Gecko) Version/13.0.3 Mobile/15E148 Safari/604.1"
198.175.150.9 - - [16/Jul/2026:06:48:02 -0600] "POST /wp-cron.php?doing_wp_cron=1784206082.1431860923767089843750 HTTP/1.1" 200 0 "-" "WordPress/7.0.1; https://candytheclown.com"
35.196.209.78 - - [16/Jul/2026:06:48:02 -0600] "GET //wp-includes/wlwmanifest.xml HTTP/1.1" 301 0 "-" "Mozilla/5.0 (Windows NT 10.0; Win64; x64) AppleWebKit/537.36 (KHTML, like Gecko) Chrome/78.0.3904.108 Safari/537.36"
35.196.209.78 - - [16/Jul/2026:06:48:03 -0600] "GET //xmlrpc.php?rsd HTTP/1.1" 200 817 "-" "Mozilla/5.0 (Windows NT 10.0; Win64; x64) AppleWebKit/537.36 (KHTML, like Gecko) Chrome/78.0.3904.108 Safari/537.36"
35.196.209.78 - - [16/Jul/2026:06:48:04 -0600] "GET //?author=1 HTTP/1.1" 301 0 "-" "Mozilla/5.0 (Windows NT 10.0; Win64; x64) AppleWebKit/537.36 (KHTML, like Gecko) Chrome/78.0.3904.108 Safari/537.36"
35.196.209.78 - - [16/Jul/2026:06:48:04 -0600] "GET //?author=2 HTTP/1.1" 301 0 "-" "Mozilla/5.0 (Windows NT 10.0; Win64; x64) AppleWebKit/537.36 (KHTML, like Gecko) Chrome/78.0.3904.108 Safari/537.36"
35.196.209.78 - - [16/Jul/2026:06:48:05 -0600] "GET //wp-json/wp/v2/users/ HTTP/1.1" 200 6838 "-" "Mozilla/5.0 (Windows NT 10.0; Win64; x64) AppleWebKit/537.36 (KHTML, like Gecko) Chrome/78.0.3904.108 Safari/537.36"
35.196.209.78 - - [16/Jul/2026:06:48:06 -0600] "GET //wp-json/oembed/1.0/embed?url=https://candytheclown.com/ HTTP/1.1" 200 2140 "-" "Mozilla/5.0 (Windows NT 10.0; Win64; x64) AppleWebKit/537.36 (KHTML, like Gecko) Chrome/78.0.3904.108 Safari/537.36"
35.196.209.78 - - [16/Jul/2026:06:48:07 -0600] "POST //xmlrpc.php HTTP/1.1" 200 401 "-" "Mozilla/5.0 (Windows NT 10.0; Win64; x64) AppleWebKit/537.36 (KHTML, like Gecko) Chrome/78.0.3904.108 Safari/537.36"
35.196.209.78 - - [16/Jul/2026:06:48:08 -0600] "POST //xmlrpc.php HTTP/1.1" 200 401 "-" "Mozilla/5.0 (Windows NT 10.0; Win64; x64) AppleWebKit/537.36 (KHTML, like Gecko) Chrome/78.0.3904.108 Safari/537.36"
35.196.209.78 - - [16/Jul/2026:06:48:09 -0600] "POST //xmlrpc.php HTTP/1.1" 200 401 "-" "Mozilla/5.0 (Windows NT 10.0; Win64; x64) AppleWebKit/537.36 (KHTML, like Gecko) Chrome/78.0.3904.108 Safari/537.36"
35.196.209.78 - - [16/Jul/2026:06:48:10 -0600] "POST //xmlrpc.php HTTP/1.1" 200 401 "-" "Mozilla/5.0 (Windows NT 10.0; Win64; x64) AppleWebKit/537.36 (KHTML, like Gecko) Chrome/78.0.3904.108 Safari/537.36"
35.196.209.78 - - [16/Jul/2026:06:48:11 -0600] "POST //xmlrpc.php HTTP/1.1" 200 401 "-" "Mozilla/5.0 (Windows NT 10.0; Win64; x64) AppleWebKit/537.36 (KHTML, like Gecko) Chrome/78.0.3904.108 Safari/537.36"
35.196.209.78 - - [16/Jul/2026:06:48:12 -0600] "POST //xmlrpc.php HTTP/1.1" 200 401 "-" "Mozilla/5.0 (Windows NT 10.0; Win64; x64) AppleWebKit/537.36 (KHTML, like Gecko) Chrome/78.0.3904.108 Safari/537.36"
35.196.209.78 - - [16/Jul/2026:06:48:13 -0600] "POST //xmlrpc.php HTTP/1.1" 200 401 "-" "Mozilla/5.0 (Windows NT 10.0; Win64; x64) AppleWebKit/537.36 (KHTML, like Gecko) Chrome/78.0.3904.108 Safari/537.36"
35.196.209.78 - - [16/Jul/2026:06:48:13 -0600] "POST //xmlrpc.php HTTP/1.1" 200 401 "-" "Mozilla/5.0 (Windows NT 10.0; Win64; x64) AppleWebKit/537.36 (KHTML, like Gecko) Chrome/78.0.3904.108 Safari/537.36"
35.196.209.78 - - [16/Jul/2026:06:48:14 -0600] "POST //xmlrpc.php HTTP/1.1" 200 401 "-" "Mozilla/5.0 (Windows NT 10.0; Win64; x64) AppleWebKit/537.36 (KHTML, like Gecko) Chrome/78.0.3904.108 Safari/537.36"
35.196.209.78 - - [16/Jul/2026:06:48:15 -0600] "POST //xmlrpc.php HTTP/1.1" 200 401 "-" "Mozilla/5.0 (Windows NT 10.0; Win64; x64) AppleWebKit/537.36 (KHTML, like Gecko) Chrome/78.0.3904.108 Safari/537.36"
35.196.209.78 - - [16/Jul/2026:06:48:16 -0600] "POST //xmlrpc.php HTTP/1.1" 200 401 "-" "Mozilla/5.0 (Windows NT 10.0; Win64; x64) AppleWebKit/537.36 (KHTML, like Gecko) Chrome/78.0.3904.108 Safari/537.36"
35.196.209.78 - - [16/Jul/2026:06:48:17 -0600] "POST //xmlrpc.php HTTP/1.1" 200 401 "-" "Mozilla/5.0 (Windows NT 10.0; Win64; x64) AppleWebKit/537.36 (KHTML, like Gecko) Chrome/78.0.3904.108 Safari/537.36"
35.196.209.78 - - [16/Jul/2026:06:48:18 -0600] "POST //xmlrpc.php HTTP/1.1" 200 401 "-" "Mozilla/5.0 (Windows NT 10.0; Win64; x64) AppleWebKit/537.36 (KHTML, like Gecko) Chrome/78.0.3904.108 Safari/537.36"
35.196.209.78 - - [16/Jul/2026:06:48:18 -0600] "POST //xmlrpc.php HTTP/1.1" 200 401 "-" "Mozilla/5.0 (Windows NT 10.0; Win64; x64) AppleWebKit/537.36 (KHTML, like Gecko) Chrome/78.0.3904.108 Safari/537.36"
35.196.209.78 - - [16/Jul/2026:06:48:19 -0600] "POST //xmlrpc.php HTTP/1.1" 200 401 "-" "Mozilla/5.0 (Windows NT 10.0; Win64; x64) AppleWebKit/537.36 (KHTML, like Gecko) Chrome/78.0.3904.108 Safari/537.36"
35.196.209.78 - - [16/Jul/2026:06:48:20 -0600] "POST //xmlrpc.php HTTP/1.1" 200 401 "-" "Mozilla/5.0 (Windows NT 10.0; Win64; x64) AppleWebKit/537.36 (KHTML, like Gecko) Chrome/78.0.3904.108 Safari/537.36"
35.196.209.78 - - [16/Jul/2026:06:48:21 -0600] "POST //xmlrpc.php HTTP/1.1" 200 401 "-" "Mozilla/5.0 (Windows NT 10.0; Win64; x64) AppleWebKit/537.36 (KHTML, like Gecko) Chrome/78.0.3904.108 Safari/537.36"
35.196.209.78 - - [16/Jul/2026:06:48:24 -0600] "POST //xmlrpc.php HTTP/1.1" 200 401 "-" "Mozilla/5.0 (Windows NT 10.0; Win64; x64) AppleWebKit/537.36 (KHTML, like Gecko) Chrome/78.0.3904.108 Safari/537.36"
35.196.209.78 - - [16/Jul/2026:06:48:25 -0600] "POST //xmlrpc.php HTTP/1.1" 200 401 "-" "Mozilla/5.0 (Windows NT 10.0; Win64; x64) AppleWebKit/537.36 (KHTML, like Gecko) Chrome/78.0.3904.108 Safari/537.36"
35.196.209.78 - - [16/Jul/2026:06:48:26 -0600] "POST //xmlrpc.php HTTP/1.1" 200 401 "-" "Mozilla/5.0 (Windows NT 10.0; Win64; x64) AppleWebKit/537.36 (KHTML, like Gecko) Chrome/78.0.3904.108 Safari/537.36"
35.196.209.78 - - [16/Jul/2026:06:48:26 -0600] "POST //xmlrpc.php HTTP/1.1" 200 401 "-" "Mozilla/5.0 (Windows NT 10.0; Win64; x64) AppleWebKit/537.36 (KHTML, like Gecko) Chrome/78.0.3904.108 Safari/537.36"
35.196.209.78 - - [16/Jul/2026:06:48:27 -0600] "POST //xmlrpc.php HTTP/1.1" 200 401 "-" "Mozilla/5.0 (Windows NT 10.0; Win64; x64) AppleWebKit/537.36 (KHTML, like Gecko) Chrome/78.0.3904.108 Safari/537.36"
35.196.209.78 - - [16/Jul/2026:06:48:28 -0600] "POST //xmlrpc.php HTTP/1.1" 200 401 "-" "Mozilla/5.0 (Windows NT 10.0; Win64; x64) AppleWebKit/537.36 (KHTML, like Gecko) Chrome/78.0.3904.108 Safari/537.36"
35.196.209.78 - - [16/Jul/2026:06:48:30 -0600] "POST //xmlrpc.php HTTP/1.1" 200 401 "-" "Mozilla/5.0 (Windows NT 10.0; Win64; x64) AppleWebKit/537.36 (KHTML, like Gecko) Chrome/78.0.3904.108 Safari/537.36"
35.196.209.78 - - [16/Jul/2026:06:48:31 -0600] "POST //xmlrpc.php HTTP/1.1" 200 401 "-" "Mozilla/5.0 (Windows NT 10.0; Win64; x64) AppleWebKit/537.36 (KHTML, like Gecko) Chrome/78.0.3904.108 Safari/537.36"
35.196.209.78 - - [16/Jul/2026:06:48:32 -0600] "POST //xmlrpc.php HTTP/1.1" 200 401 "-" "Mozilla/5.0 (Windows NT 10.0; Win64; x64) AppleWebKit/537.36 (KHTML, like Gecko) Chrome/78.0.3904.108 Safari/537.36"
35.196.209.78 - - [16/Jul/2026:06:48:34 -0600] "POST //xmlrpc.php HTTP/1.1" 200 401 "-" "Mozilla/5.0 (Windows NT 10.0; Win64; x64) AppleWebKit/537.36 (KHTML, like Gecko) Chrome/78.0.3904.108 Safari/537.36"
35.196.209.78 - - [16/Jul/2026:06:48:37 -0600] "POST //xmlrpc.php HTTP/1.1" 200 401 "-" "Mozilla/5.0 (Windows NT 10.0; Win64; x64) AppleWebKit/537.36 (KHTML, like Gecko) Chrome/78.0.3904.108 Safari/537.36"
35.196.209.78 - - [16/Jul/2026:06:48:38 -0600] "POST //xmlrpc.php HTTP/1.1" 200 401 "-" "Mozilla/5.0 (Windows NT 10.0; Win64; x64) AppleWebKit/537.36 (KHTML, like Gecko) Chrome/78.0.3904.108 Safari/537.36"
35.196.209.78 - - [16/Jul/2026:06:48:40 -0600] "POST //xmlrpc.php HTTP/1.1" 200 401 "-" "Mozilla/5.0 (Windows NT 10.0; Win64; x64) AppleWebKit/537.36 (KHTML, like Gecko) Chrome/78.0.3904.108 Safari/537.36"
35.196.209.78 - - [16/Jul/2026:06:48:43 -0600] "POST //xmlrpc.php HTTP/1.1" 200 401 "-" "Mozilla/5.0 (Windows NT 10.0; Win64; x64) AppleWebKit/537.36 (KHTML, like Gecko) Chrome/78.0.3904.108 Safari/537.36"
35.196.209.78 - - [16/Jul/2026:06:48:44 -0600] "POST //xmlrpc.php HTTP/1.1" 200 401 "-" "Mozilla/5.0 (Windows NT 10.0; Win64; x64) AppleWebKit/537.36 (KHTML, like Gecko) Chrome/78.0.3904.108 Safari/537.36"
35.196.209.78 - - [16/Jul/2026:06:48:46 -0600] "POST //xmlrpc.php HTTP/1.1" 200 401 "-" "Mozilla/5.0 (Windows NT 10.0; Win64; x64) AppleWebKit/537.36 (KHTML, like Gecko) Chrome/78.0.3904.108 Safari/537.36"
35.196.209.78 - - [16/Jul/2026:06:48:49 -0600] "POST //xmlrpc.php HTTP/1.1" 200 401 "-" "Mozilla/5.0 (Windows NT 10.0; Win64; x64) AppleWebKit/537.36 (KHTML, like Gecko) Chrome/78.0.3904.108 Safari/537.36"
35.196.209.78 - - [16/Jul/2026:06:48:50 -0600] "POST //xmlrpc.php HTTP/1.1" 200 401 "-" "Mozilla/5.0 (Windows NT 10.0; Win64; x64) AppleWebKit/537.36 (KHTML, like Gecko) Chrome/78.0.3904.108 Safari/537.36"
35.196.209.78 - - [16/Jul/2026:06:48:52 -0600] "POST //xmlrpc.php HTTP/1.1" 200 401 "-" "Mozilla/5.0 (Windows NT 10.0; Win64; x64) AppleWebKit/537.36 (KHTML, like Gecko) Chrome/78.0.3904.108 Safari/537.36"
35.196.209.78 - - [16/Jul/2026:06:48:55 -0600] "POST //xmlrpc.php HTTP/1.1" 200 401 "-" "Mozilla/5.0 (Windows NT 10.0; Win64; x64) AppleWebKit/537.36 (KHTML, like Gecko) Chrome/78.0.3904.108 Safari/537.36"
35.196.209.78 - - [16/Jul/2026:06:48:56 -0600] "POST //xmlrpc.php HTTP/1.1" 200 401 "-" "Mozilla/5.0 (Windows NT 10.0; Win64; x64) AppleWebKit/537.36 (KHTML, like Gecko) Chrome/78.0.3904.108 Safari/537.36"
35.196.209.78 - - [16/Jul/2026:06:48:58 -0600] "POST //xmlrpc.php HTTP/1.1" 200 401 "-" "Mozilla/5.0 (Windows NT 10.0; Win64; x64) AppleWebKit/537.36 (KHTML, like Gecko) Chrome/78.0.3904.108 Safari/537.36"
35.196.209.78 - - [16/Jul/2026:06:49:01 -0600] "POST //xmlrpc.php HTTP/1.1" 200 401 "-" "Mozilla/5.0 (Windows NT 10.0; Win64; x64) AppleWebKit/537.36 (KHTML, like Gecko) Chrome/78.0.3904.108 Safari/537.36"
35.196.209.78 - - [16/Jul/2026:06:49:02 -0600] "POST //xmlrpc.php HTTP/1.1" 200 401 "-" "Mozilla/5.0 (Windows NT 10.0; Win64; x64) AppleWebKit/537.36 (KHTML, like Gecko) Chrome/78.0.3904.108 Safari/537.36"
35.196.209.78 - - [16/Jul/2026:06:49:04 -0600] "POST //xmlrpc.php HTTP/1.1" 200 401 "-" "Mozilla/5.0 (Windows NT 10.0; Win64; x64) AppleWebKit/537.36 (KHTML, like Gecko) Chrome/78.0.3904.108 Safari/537.36"
35.196.209.78 - - [16/Jul/2026:06:49:07 -0600] "POST //xmlrpc.php HTTP/1.1" 200 401 "-" "Mozilla/5.0 (Windows NT 10.0; Win64; x64) AppleWebKit/537.36 (KHTML, like Gecko) Chrome/78.0.3904.108 Safari/537.36"
35.196.209.78 - - [16/Jul/2026:06:49:08 -0600] "POST //xmlrpc.php HTTP/1.1" 200 401 "-" "Mozilla/5.0 (Windows NT 10.0; Win64; x64) AppleWebKit/537.36 (KHTML, like Gecko) Chrome/78.0.3904.108 Safari/537.36"
35.196.209.78 - - [16/Jul/2026:06:49:10 -0600] "POST //xmlrpc.php HTTP/1.1" 200 401 "-" "Mozilla/5.0 (Windows NT 10.0; Win64; x64) AppleWebKit/537.36 (KHTML, like Gecko) Chrome/78.0.3904.108 Safari/537.36"
35.196.209.78 - - [16/Jul/2026:06:49:13 -0600] "POST //xmlrpc.php HTTP/1.1" 200 401 "-" "Mozilla/5.0 (Windows NT 10.0; Win64; x64) AppleWebKit/537.36 (KHTML, like Gecko) Chrome/78.0.3904.108 Safari/537.36"
35.196.209.78 - - [16/Jul/2026:06:49:14 -0600] "POST //xmlrpc.php HTTP/1.1" 200 401 "-" "Mozilla/5.0 (Windows NT 10.0; Win64; x64) AppleWebKit/537.36 (KHTML, like Gecko) Chrome/78.0.3904.108 Safari/537.36"
35.196.209.78 - - [16/Jul/2026:06:49:16 -0600] "POST //xmlrpc.php HTTP/1.1" 200 401 "-" "Mozilla/5.0 (Windows NT 10.0; Win64; x64) AppleWebKit/537.36 (KHTML, like Gecko) Chrome/78.0.3904.108 Safari/537.36"
35.196.209.78 - - [16/Jul/2026:06:49:19 -0600] "POST //xmlrpc.php HTTP/1.1" 200 401 "-" "Mozilla/5.0 (Windows NT 10.0; Win64; x64) AppleWebKit/537.36 (KHTML, like Gecko) Chrome/78.0.3904.108 Safari/537.36"
35.196.209.78 - - [16/Jul/2026:06:49:20 -0600] "POST //xmlrpc.php HTTP/1.1" 200 401 "-" "Mozilla/5.0 (Windows NT 10.0; Win64; x64) AppleWebKit/537.36 (KHTML, like Gecko) Chrome/78.0.3904.108 Safari/537.36"
35.196.209.78 - - [16/Jul/2026:06:49:22 -0600] "POST //xmlrpc.php HTTP/1.1" 200 401 "-" "Mozilla/5.0 (Windows NT 10.0; Win64; x64) AppleWebKit/537.36 (KHTML, like Gecko) Chrome/78.0.3904.108 Safari/537.36"
35.196.209.78 - - [16/Jul/2026:06:49:25 -0600] "POST //xmlrpc.php HTTP/1.1" 200 401 "-" "Mozilla/5.0 (Windows NT 10.0; Win64; x64) AppleWebKit/537.36 (KHTML, like Gecko) Chrome/78.0.3904.108 Safari/537.36"
35.196.209.78 - - [16/Jul/2026:06:49:26 -0600] "POST //xmlrpc.php HTTP/1.1" 200 401 "-" "Mozilla/5.0 (Windows NT 10.0; Win64; x64) AppleWebKit/537.36 (KHTML, like Gecko) Chrome/78.0.3904.108 Safari/537.36"
35.196.209.78 - - [16/Jul/2026:06:49:28 -0600] "POST //xmlrpc.php HTTP/1.1" 200 401 "-" "Mozilla/5.0 (Windows NT 10.0; Win64; x64) AppleWebKit/537.36 (KHTML, like Gecko) Chrome/78.0.3904.108 Safari/537.36"
35.196.209.78 - - [16/Jul/2026:06:49:31 -0600] "POST //xmlrpc.php HTTP/1.1" 200 401 "-" "Mozilla/5.0 (Windows NT 10.0; Win64; x64) AppleWebKit/537.36 (KHTML, like Gecko) Chrome/78.0.3904.108 Safari/537.36"
35.196.209.78 - - [16/Jul/2026:06:49:31 -0600] "POST //xmlrpc.php HTTP/1.1" 200 401 "-" "Mozilla/5.0 (Windows NT 10.0; Win64; x64) AppleWebKit/537.36 (KHTML, like Gecko) Chrome/78.0.3904.108 Safari/537.36"
35.196.209.78 - - [16/Jul/2026:06:49:33 -0600] "POST //xmlrpc.php HTTP/1.1" 200 401 "-" "Mozilla/5.0 (Windows NT 10.0; Win64; x64) AppleWebKit/537.36 (KHTML, like Gecko) Chrome/78.0.3904.108 Safari/537.36"
35.196.209.78 - - [16/Jul/2026:06:49:36 -0600] "POST //xmlrpc.php HTTP/1.1" 200 401 "-" "Mozilla/5.0 (Windows NT 10.0; Win64; x64) AppleWebKit/537.36 (KHTML, like Gecko) Chrome/78.0.3904.108 Safari/537.36"
35.196.209.78 - - [16/Jul/2026:06:49:36 -0600] "POST //xmlrpc.php HTTP/1.1" 200 401 "-" "Mozilla/5.0 (Windows NT 10.0; Win64; x64) AppleWebKit/537.36 (KHTML, like Gecko) Chrome/78.0.3904.108 Safari/537.36"
35.196.209.78 - - [16/Jul/2026:06:49:38 -0600] "POST //xmlrpc.php HTTP/1.1" 200 401 "-" "Mozilla/5.0 (Windows NT 10.0; Win64; x64) AppleWebKit/537.36 (KHTML, like Gecko) Chrome/78.0.3904.108 Safari/537.36"
35.237.108.47 - - [16/Jul/2026:06:54:19 -0600] "GET / HTTP/1.1" 200 112781 "-" "Mozilla/5.0 (Windows NT 10.0; Win64; x64) AppleWebKit/537.36 (KHTML, like Gecko) Chrome/78.0.3904.108 Safari/537.36"
35.237.108.47 - - [16/Jul/2026:06:54:20 -0600] "GET //wp-includes/wlwmanifest.xml HTTP/1.1" 301 0 "-" "Mozilla/5.0 (Windows NT 10.0; Win64; x64) AppleWebKit/537.36 (KHTML, like Gecko) Chrome/78.0.3904.108 Safari/537.36"
35.237.108.47 - - [16/Jul/2026:06:54:20 -0600] "GET //xmlrpc.php?rsd HTTP/1.1" 200 817 "-" "Mozilla/5.0 (Windows NT 10.0; Win64; x64) AppleWebKit/537.36 (KHTML, like Gecko) Chrome/78.0.3904.108 Safari/537.36"
35.237.108.47 - - [16/Jul/2026:06:54:21 -0600] "GET //?author=1 HTTP/1.1" 301 0 "-" "Mozilla/5.0 (Windows NT 10.0; Win64; x64) AppleWebKit/537.36 (KHTML, like Gecko) Chrome/78.0.3904.108 Safari/537.36"
35.237.108.47 - - [16/Jul/2026:06:54:22 -0600] "GET //?author=2 HTTP/1.1" 301 0 "-" "Mozilla/5.0 (Windows NT 10.0; Win64; x64) AppleWebKit/537.36 (KHTML, like Gecko) Chrome/78.0.3904.108 Safari/537.36"
35.237.108.47 - - [16/Jul/2026:06:54:23 -0600] "GET //wp-json/wp/v2/users/ HTTP/1.1" 200 6838 "-" "Mozilla/5.0 (Windows NT 10.0; Win64; x64) AppleWebKit/537.36 (KHTML, like Gecko) Chrome/78.0.3904.108 Safari/537.36"
35.237.108.47 - - [16/Jul/2026:06:54:23 -0600] "GET //wp-json/oembed/1.0/embed?url=https://candytheclown.com/ HTTP/1.1" 200 2140 "-" "Mozilla/5.0 (Windows NT 10.0; Win64; x64) AppleWebKit/537.36 (KHTML, like Gecko) Chrome/78.0.3904.108 Safari/537.36"
35.237.108.47 - - [16/Jul/2026:06:54:24 -0600] "POST //xmlrpc.php HTTP/1.1" 200 401 "-" "Mozilla/5.0 (Windows NT 10.0; Win64; x64) AppleWebKit/537.36 (KHTML, like Gecko) Chrome/78.0.3904.108 Safari/537.36"
35.237.108.47 - - [16/Jul/2026:06:54:25 -0600] "POST //xmlrpc.php HTTP/1.1" 200 401 "-" "Mozilla/5.0 (Windows NT 10.0; Win64; x64) AppleWebKit/537.36 (KHTML, like Gecko) Chrome/78.0.3904.108 Safari/537.36"
35.237.108.47 - - [16/Jul/2026:06:54:26 -0600] "POST //xmlrpc.php HTTP/1.1" 200 401 "-" "Mozilla/5.0 (Windows NT 10.0; Win64; x64) AppleWebKit/537.36 (KHTML, like Gecko) Chrome/78.0.3904.108 Safari/537.36"
35.237.108.47 - - [16/Jul/2026:06:54:27 -0600] "POST //xmlrpc.php HTTP/1.1" 200 401 "-" "Mozilla/5.0 (Windows NT 10.0; Win64; x64) AppleWebKit/537.36 (KHTML, like Gecko) Chrome/78.0.3904.108 Safari/537.36"
35.237.108.47 - - [16/Jul/2026:06:54:28 -0600] "POST //xmlrpc.php HTTP/1.1" 200 401 "-" "Mozilla/5.0 (Windows NT 10.0; Win64; x64) AppleWebKit/537.36 (KHTML, like Gecko) Chrome/78.0.3904.108 Safari/537.36"
35.237.108.47 - - [16/Jul/2026:06:54:28 -0600] "POST //xmlrpc.php HTTP/1.1" 200 401 "-" "Mozilla/5.0 (Windows NT 10.0; Win64; x64) AppleWebKit/537.36 (KHTML, like Gecko) Chrome/78.0.3904.108 Safari/537.36"
35.237.108.47 - - [16/Jul/2026:06:54:29 -0600] "POST //xmlrpc.php HTTP/1.1" 200 401 "-" "Mozilla/5.0 (Windows NT 10.0; Win64; x64) AppleWebKit/537.36 (KHTML, like Gecko) Chrome/78.0.3904.108 Safari/537.36"
35.237.108.47 - - [16/Jul/2026:06:54:30 -0600] "POST //xmlrpc.php HTTP/1.1" 200 401 "-" "Mozilla/5.0 (Windows NT 10.0; Win64; x64) AppleWebKit/537.36 (KHTML, like Gecko) Chrome/78.0.3904.108 Safari/537.36"
35.237.108.47 - - [16/Jul/2026:06:54:31 -0600] "POST //xmlrpc.php HTTP/1.1" 200 401 "-" "Mozilla/5.0 (Windows NT 10.0; Win64; x64) AppleWebKit/537.36 (KHTML, like Gecko) Chrome/78.0.3904.108 Safari/537.36"
35.237.108.47 - - [16/Jul/2026:06:54:32 -0600] "POST //xmlrpc.php HTTP/1.1" 200 401 "-" "Mozilla/5.0 (Windows NT 10.0; Win64; x64) AppleWebKit/537.36 (KHTML, like Gecko) Chrome/78.0.3904.108 Safari/537.36"
35.237.108.47 - - [16/Jul/2026:06:54:32 -0600] "POST //xmlrpc.php HTTP/1.1" 200 401 "-" "Mozilla/5.0 (Windows NT 10.0; Win64; x64) AppleWebKit/537.36 (KHTML, like Gecko) Chrome/78.0.3904.108 Safari/537.36"
35.237.108.47 - - [16/Jul/2026:06:54:33 -0600] "POST //xmlrpc.php HTTP/1.1" 200 401 "-" "Mozilla/5.0 (Windows NT 10.0; Win64; x64) AppleWebKit/537.36 (KHTML, like Gecko) Chrome/78.0.3904.108 Safari/537.36"
35.237.108.47 - - [16/Jul/2026:06:54:34 -0600] "POST //xmlrpc.php HTTP/1.1" 200 401 "-" "Mozilla/5.0 (Windows NT 10.0; Win64; x64) AppleWebKit/537.36 (KHTML, like Gecko) Chrome/78.0.3904.108 Safari/537.36"
35.237.108.47 - - [16/Jul/2026:06:54:35 -0600] "POST //xmlrpc.php HTTP/1.1" 200 401 "-" "Mozilla/5.0 (Windows NT 10.0; Win64; x64) AppleWebKit/537.36 (KHTML, like Gecko) Chrome/78.0.3904.108 Safari/537.36"
35.237.108.47 - - [16/Jul/2026:06:54:35 -0600] "POST //xmlrpc.php HTTP/1.1" 200 401 "-" "Mozilla/5.0 (Windows NT 10.0; Win64; x64) AppleWebKit/537.36 (KHTML, like Gecko) Chrome/78.0.3904.108 Safari/537.36"
35.237.108.47 - - [16/Jul/2026:06:54:37 -0600] "POST //xmlrpc.php HTTP/1.1" 200 401 "-" "Mozilla/5.0 (Windows NT 10.0; Win64; x64) AppleWebKit/537.36 (KHTML, like Gecko) Chrome/78.0.3904.108 Safari/537.36"
35.237.108.47 - - [16/Jul/2026:06:54:39 -0600] "POST //xmlrpc.php HTTP/1.1" 200 401 "-" "Mozilla/5.0 (Windows NT 10.0; Win64; x64) AppleWebKit/537.36 (KHTML, like Gecko) Chrome/78.0.3904.108 Safari/537.36"
35.237.108.47 - - [16/Jul/2026:06:54:42 -0600] "POST //xmlrpc.php HTTP/1.1" 200 401 "-" "Mozilla/5.0 (Windows NT 10.0; Win64; x64) AppleWebKit/537.36 (KHTML, like Gecko) Chrome/78.0.3904.108 Safari/537.36"
35.237.108.47 - - [16/Jul/2026:06:54:45 -0600] "POST //xmlrpc.php HTTP/1.1" 200 401 "-" "Mozilla/5.0 (Windows NT 10.0; Win64; x64) AppleWebKit/537.36 (KHTML, like Gecko) Chrome/78.0.3904.108 Safari/537.36"
35.237.108.47 - - [16/Jul/2026:06:54:49 -0600] "POST //xmlrpc.php HTTP/1.1" 200 401 "-" "Mozilla/5.0 (Windows NT 10.0; Win64; x64) AppleWebKit/537.36 (KHTML, like Gecko) Chrome/78.0.3904.108 Safari/537.36"
35.237.108.47 - - [16/Jul/2026:06:54:53 -0600] "POST //xmlrpc.php HTTP/1.1" 200 401 "-" "Mozilla/5.0 (Windows NT 10.0; Win64; x64) AppleWebKit/537.36 (KHTML, like Gecko) Chrome/78.0.3904.108 Safari/537.36"
35.237.108.47 - - [16/Jul/2026:06:54:57 -0600] "POST //xmlrpc.php HTTP/1.1" 200 401 "-" "Mozilla/5.0 (Windows NT 10.0; Win64; x64) AppleWebKit/537.36 (KHTML, like Gecko) Chrome/78.0.3904.108 Safari/537.36"
35.237.108.47 - - [16/Jul/2026:06:55:02 -0600] "POST //xmlrpc.php HTTP/1.1" 200 401 "-" "Mozilla/5.0 (Windows NT 10.0; Win64; x64) AppleWebKit/537.36 (KHTML, like Gecko) Chrome/78.0.3904.108 Safari/537.36"
35.237.108.47 - - [16/Jul/2026:06:55:07 -0600] "POST //xmlrpc.php HTTP/1.1" 200 401 "-" "Mozilla/5.0 (Windows NT 10.0; Win64; x64) AppleWebKit/537.36 (KHTML, like Gecko) Chrome/78.0.3904.108 Safari/537.36"
35.237.108.47 - - [16/Jul/2026:06:55:12 -0600] "POST //xmlrpc.php HTTP/1.1" 200 401 "-" "Mozilla/5.0 (Windows NT 10.0; Win64; x64) AppleWebKit/537.36 (KHTML, like Gecko) Chrome/78.0.3904.108 Safari/537.36"
35.237.108.47 - - [16/Jul/2026:06:55:17 -0600] "POST //xmlrpc.php HTTP/1.1" 200 401 "-" "Mozilla/5.0 (Windows NT 10.0; Win64; x64) AppleWebKit/537.36 (KHTML, like Gecko) Chrome/78.0.3904.108 Safari/537.36"
35.237.108.47 - - [16/Jul/2026:06:55:22 -0600] "POST //xmlrpc.php HTTP/1.1" 200 401 "-" "Mozilla/5.0 (Windows NT 10.0; Win64; x64) AppleWebKit/537.36 (KHTML, like Gecko) Chrome/78.0.3904.108 Safari/537.36"
35.237.108.47 - - [16/Jul/2026:06:55:27 -0600] "POST //xmlrpc.php HTTP/1.1" 200 401 "-" "Mozilla/5.0 (Windows NT 10.0; Win64; x64) AppleWebKit/537.36 (KHTML, like Gecko) Chrome/78.0.3904.108 Safari/537.36"
35.237.108.47 - - [16/Jul/2026:06:55:32 -0600] "POST //xmlrpc.php HTTP/1.1" 200 401 "-" "Mozilla/5.0 (Windows NT 10.0; Win64; x64) AppleWebKit/537.36 (KHTML, like Gecko) Chrome/78.0.3904.108 Safari/537.36"
35.237.108.47 - - [16/Jul/2026:06:55:37 -0600] "POST //xmlrpc.php HTTP/1.1" 200 401 "-" "Mozilla/5.0 (Windows NT 10.0; Win64; x64) AppleWebKit/537.36 (KHTML, like Gecko) Chrome/78.0.3904.108 Safari/537.36"
35.237.108.47 - - [16/Jul/2026:06:55:43 -0600] "POST //xmlrpc.php HTTP/1.1" 200 401 "-" "Mozilla/5.0 (Windows NT 10.0; Win64; x64) AppleWebKit/537.36 (KHTML, like Gecko) Chrome/78.0.3904.108 Safari/537.36"
35.237.108.47 - - [16/Jul/2026:06:55:49 -0600] "POST //xmlrpc.php HTTP/1.1" 200 401 "-" "Mozilla/5.0 (Windows NT 10.0; Win64; x64) AppleWebKit/537.36 (KHTML, like Gecko) Chrome/78.0.3904.108 Safari/537.36"
35.237.108.47 - - [16/Jul/2026:06:55:55 -0600] "POST //xmlrpc.php HTTP/1.1" 200 401 "-" "Mozilla/5.0 (Windows NT 10.0; Win64; x64) AppleWebKit/537.36 (KHTML, like Gecko) Chrome/78.0.3904.108 Safari/537.36"
35.237.108.47 - - [16/Jul/2026:06:56:01 -0600] "POST //xmlrpc.php HTTP/1.1" 200 401 "-" "Mozilla/5.0 (Windows NT 10.0; Win64; x64) AppleWebKit/537.36 (KHTML, like Gecko) Chrome/78.0.3904.108 Safari/537.36"
35.237.108.47 - - [16/Jul/2026:06:56:07 -0600] "POST //xmlrpc.php HTTP/1.1" 200 401 "-" "Mozilla/5.0 (Windows NT 10.0; Win64; x64) AppleWebKit/537.36 (KHTML, like Gecko) Chrome/78.0.3904.108 Safari/537.36"
35.237.108.47 - - [16/Jul/2026:06:56:13 -0600] "POST //xmlrpc.php HTTP/1.1" 200 401 "-" "Mozilla/5.0 (Windows NT 10.0; Win64; x64) AppleWebKit/537.36 (KHTML, like Gecko) Chrome/78.0.3904.108 Safari/537.36"
35.237.108.47 - - [16/Jul/2026:06:56:19 -0600] "POST //xmlrpc.php HTTP/1.1" 200 401 "-" "Mozilla/5.0 (Windows NT 10.0; Win64; x64) AppleWebKit/537.36 (KHTML, like Gecko) Chrome/78.0.3904.108 Safari/537.36"
35.237.108.47 - - [16/Jul/2026:06:56:26 -0600] "POST //xmlrpc.php HTTP/1.1" 200 401 "-" "Mozilla/5.0 (Windows NT 10.0; Win64; x64) AppleWebKit/537.36 (KHTML, like Gecko) Chrome/78.0.3904.108 Safari/537.36"
35.237.108.47 - - [16/Jul/2026:06:56:31 -0600] "POST //xmlrpc.php HTTP/1.1" 200 401 "-" "Mozilla/5.0 (Windows NT 10.0; Win64; x64) AppleWebKit/537.36 (KHTML, like Gecko) Chrome/78.0.3904.108 Safari/537.36"
35.237.108.47 - - [16/Jul/2026:06:56:37 -0600] "POST //xmlrpc.php HTTP/1.1" 200 401 "-" "Mozilla/5.0 (Windows NT 10.0; Win64; x64) AppleWebKit/537.36 (KHTML, like Gecko) Chrome/78.0.3904.108 Safari/537.36"
35.237.108.47 - - [16/Jul/2026:06:56:43 -0600] "POST //xmlrpc.php HTTP/1.1" 200 401 "-" "Mozilla/5.0 (Windows NT 10.0; Win64; x64) AppleWebKit/537.36 (KHTML, like Gecko) Chrome/78.0.3904.108 Safari/537.36"
35.237.108.47 - - [16/Jul/2026:06:56:49 -0600] "POST //xmlrpc.php HTTP/1.1" 200 401 "-" "Mozilla/5.0 (Windows NT 10.0; Win64; x64) AppleWebKit/537.36 (KHTML, like Gecko) Chrome/78.0.3904.108 Safari/537.36"
35.237.108.47 - - [16/Jul/2026:06:56:55 -0600] "POST //xmlrpc.php HTTP/1.1" 200 401 "-" "Mozilla/5.0 (Windows NT 10.0; Win64; x64) AppleWebKit/537.36 (KHTML, like Gecko) Chrome/78.0.3904.108 Safari/537.36"
35.237.108.47 - - [16/Jul/2026:06:57:01 -0600] "POST //xmlrpc.php HTTP/1.1" 200 401 "-" "Mozilla/5.0 (Windows NT 10.0; Win64; x64) AppleWebKit/537.36 (KHTML, like Gecko) Chrome/78.0.3904.108 Safari/537.36"
35.237.108.47 - - [16/Jul/2026:06:57:06 -0600] "POST //xmlrpc.php HTTP/1.1" 200 401 "-" "Mozilla/5.0 (Windows NT 10.0; Win64; x64) AppleWebKit/537.36 (KHTML, like Gecko) Chrome/78.0.3904.108 Safari/537.36"
35.237.108.47 - - [16/Jul/2026:06:57:11 -0600] "POST //xmlrpc.php HTTP/1.1" 200 401 "-" "Mozilla/5.0 (Windows NT 10.0; Win64; x64) AppleWebKit/537.36 (KHTML, like Gecko) Chrome/78.0.3904.108 Safari/537.36"
35.237.108.47 - - [16/Jul/2026:06:57:16 -0600] "POST //xmlrpc.php HTTP/1.1" 200 401 "-" "Mozilla/5.0 (Windows NT 10.0; Win64; x64) AppleWebKit/537.36 (KHTML, like Gecko) Chrome/78.0.3904.108 Safari/537.36"
35.237.108.47 - - [16/Jul/2026:06:57:21 -0600] "POST //xmlrpc.php HTTP/1.1" 200 401 "-" "Mozilla/5.0 (Windows NT 10.0; Win64; x64) AppleWebKit/537.36 (KHTML, like Gecko) Chrome/78.0.3904.108 Safari/537.36"
35.237.108.47 - - [16/Jul/2026:06:57:26 -0600] "POST //xmlrpc.php HTTP/1.1" 200 401 "-" "Mozilla/5.0 (Windows NT 10.0; Win64; x64) AppleWebKit/537.36 (KHTML, like Gecko) Chrome/78.0.3904.108 Safari/537.36"
35.237.108.47 - - [16/Jul/2026:06:57:31 -0600] "POST //xmlrpc.php HTTP/1.1" 200 401 "-" "Mozilla/5.0 (Windows NT 10.0; Win64; x64) AppleWebKit/537.36 (KHTML, like Gecko) Chrome/78.0.3904.108 Safari/537.36"
35.237.108.47 - - [16/Jul/2026:06:57:37 -0600] "POST //xmlrpc.php HTTP/1.1" 200 401 "-" "Mozilla/5.0 (Windows NT 10.0; Win64; x64) AppleWebKit/537.36 (KHTML, like Gecko) Chrome/78.0.3904.108 Safari/537.36"
35.237.108.47 - - [16/Jul/2026:06:57:43 -0600] "POST //xmlrpc.php HTTP/1.1" 200 401 "-" "Mozilla/5.0 (Windows NT 10.0; Win64; x64) AppleWebKit/537.36 (KHTML, like Gecko) Chrome/78.0.3904.108 Safari/537.36"
35.237.108.47 - - [16/Jul/2026:06:57:49 -0600] "POST //xmlrpc.php HTTP/1.1" 200 401 "-" "Mozilla/5.0 (Windows NT 10.0; Win64; x64) AppleWebKit/537.36 (KHTML, like Gecko) Chrome/78.0.3904.108 Safari/537.36"
35.237.108.47 - - [16/Jul/2026:06:57:55 -0600] "POST //xmlrpc.php HTTP/1.1" 200 401 "-" "Mozilla/5.0 (Windows NT 10.0; Win64; x64) AppleWebKit/537.36 (KHTML, like Gecko) Chrome/78.0.3904.108 Safari/537.36"
35.237.108.47 - - [16/Jul/2026:06:58:01 -0600] "POST //xmlrpc.php HTTP/1.1" 200 401 "-" "Mozilla/5.0 (Windows NT 10.0; Win64; x64) AppleWebKit/537.36 (KHTML, like Gecko) Chrome/78.0.3904.108 Safari/537.36"
35.237.108.47 - - [16/Jul/2026:06:58:07 -0600] "POST //xmlrpc.php HTTP/1.1" 200 401 "-" "Mozilla/5.0 (Windows NT 10.0; Win64; x64) AppleWebKit/537.36 (KHTML, like Gecko) Chrome/78.0.3904.108 Safari/537.36"
35.237.108.47 - - [16/Jul/2026:06:58:13 -0600] "POST //xmlrpc.php HTTP/1.1" 200 401 "-" "Mozilla/5.0 (Windows NT 10.0; Win64; x64) AppleWebKit/537.36 (KHTML, like Gecko) Chrome/78.0.3904.108 Safari/537.36"
35.237.108.47 - - [16/Jul/2026:06:58:19 -0600] "POST //xmlrpc.php HTTP/1.1" 200 401 "-" "Mozilla/5.0 (Windows NT 10.0; Win64; x64) AppleWebKit/537.36 (KHTML, like Gecko) Chrome/78.0.3904.108 Safari/537.36"
35.237.108.47 - - [16/Jul/2026:06:58:25 -0600] "POST //xmlrpc.php HTTP/1.1" 200 401 "-" "Mozilla/5.0 (Windows NT 10.0; Win64; x64) AppleWebKit/537.36 (KHTML, like Gecko) Chrome/78.0.3904.108 Safari/537.36"
35.237.108.47 - - [16/Jul/2026:06:58:31 -0600] "POST //xmlrpc.php HTTP/1.1" 200 401 "-" "Mozilla/5.0 (Windows NT 10.0; Win64; x64) AppleWebKit/537.36 (KHTML, like Gecko) Chrome/78.0.3904.108 Safari/537.36"
43.166.244.251 - - [16/Jul/2026:07:04:13 -0600] "GET /choices/ HTTP/1.1" 200 25300 "-" "Mozilla/5.0 (iPhone; CPU iPhone OS 13_2_3 like Mac OS X) AppleWebKit/605.1.15 (KHTML, like Gecko) Version/13.0.3 Mobile/15E148 Safari/604.1"
43.159.34.167 - - [16/Jul/2026:07:08:02 -0600] "GET / HTTP/1.1" 200 24764 "-" "Mozilla/5.0 (iPhone; CPU iPhone OS 13_2_3 like Mac OS X) AppleWebKit/605.1.15 (KHTML, like Gecko) Version/13.0.3 Mobile/15E148 Safari/604.1"
18.97.9.168 - - [16/Jul/2026:07:13:33 -0600] "GET /2025/03/07/looking-for-a-clown-in-wylie-meet-candy-the-clown/ HTTP/2" 200 26017 "-" "CCBot/2.0 (https://commoncrawl.org/faq/)"
198.175.150.9 - - [16/Jul/2026:07:22:32 -0600] "POST /wp-cron.php?doing_wp_cron=1784208152.5644350051879882812500 HTTP/1.1" 200 0 "-" "WordPress/7.0.1; https://candytheclown.com"
18.97.9.168 - - [16/Jul/2026:07:50:21 -0600] "GET /availability-and-prices/ HTTP/2" 200 52704 "-" "CCBot/2.0 (https://commoncrawl.org/faq/)"
18.97.9.168 - - [16/Jul/2026:07:57:12 -0600] "GET /2025/03/07/looking-for-a-clown-in-university-park-texas/ HTTP/2" 200 25638 "-" "CCBot/2.0 (https://commoncrawl.org/faq/)"
18.97.9.168 - - [16/Jul/2026:08:06:30 -0600] "GET /2025/03/07/looking-for-a-clown-in-rockwall-texas/ HTTP/2" 200 26962 "-" "CCBot/2.0 (https://commoncrawl.org/faq/)"
18.97.9.168 - - [16/Jul/2026:08:07:07 -0600] "GET /2025/03/07/carol-crawford-aka-candy-the-clown-a-fun-filled-experience-for-your-kids-in-crowley-texas/ HTTP/2" 200 27121 "-" "CCBot/2.0 (https://commoncrawl.org/faq/)"
18.97.9.168 - - [16/Jul/2026:08:07:41 -0600] "GET /2025/03/07/looking-for-a-clown-in-prosper-texas/ HTTP/2" 200 25538 "-" "CCBot/2.0 (https://commoncrawl.org/faq/)"
198.175.150.9 - - [16/Jul/2026:08:09:18 -0600] "POST /wp-cron.php?doing_wp_cron=1784210958.4772219657897949218750 HTTP/1.1" 200 0 "-" "WordPress/7.0.1; https://candytheclown.com"
192.161.165.214 - - [16/Jul/2026:08:20:20 -0600] "GET /2025/03/07/looking-for-a-clown-in-farmers-branch-texas/ HTTP/2" 200 25656 "-" "Mozilla/5.0 (Linux; Android 6.0; Nexus 5 Build/MRA58N) AppleWebKit/537.36 (KHTML, like Gecko) Chrome/48.0.7483.1220 Mobile Safari/537.36"
192.161.165.214 - - [16/Jul/2026:08:20:22 -0600] "GET /wp-content/themes/astra/assets/css/minified/main.min.css?ver=4.13.6 HTTP/2" 200 8389 "https://candytheclown.com/2025/03/07/looking-for-a-clown-in-farmers-branch-texas/" "Mozilla/5.0 (Linux; Android 6.0; Nexus 5 Build/MRA58N) AppleWebKit/537.36 (KHTML, like Gecko) Chrome/48.0.7483.1220 Mobile Safari/537.36"
192.161.165.214 - - [16/Jul/2026:08:20:22 -0600] "GET /wp-content/plugins/elementor/assets/css/frontend.min.css?ver=4.1.5 HTTP/2" 200 6613 "https://candytheclown.com/2025/03/07/looking-for-a-clown-in-farmers-branch-texas/" "Mozilla/5.0 (Linux; Android 6.0; Nexus 5 Build/MRA58N) AppleWebKit/537.36 (KHTML, like Gecko) Chrome/48.0.7483.1220 Mobile Safari/537.36"
192.161.165.214 - - [16/Jul/2026:08:20:22 -0600] "GET /wp-content/plugins/elementor/assets/lib/eicons/css/elementor-icons.min.css?ver=5.50.0 HTTP/2" 200 4123 "https://candytheclown.com/2025/03/07/looking-for-a-clown-in-farmers-branch-texas/" "Mozilla/5.0 (Linux; Android 6.0; Nexus 5 Build/MRA58N) AppleWebKit/537.36 (KHTML, like Gecko) Chrome/48.0.7483.1220 Mobile Safari/537.36"
192.161.165.214 - - [16/Jul/2026:08:20:22 -0600] "GET /wp-content/plugins/elementor/assets/css/widget-image.min.css?ver=4.1.5 HTTP/2" 200 96 "https://candytheclown.com/2025/03/07/looking-for-a-clown-in-farmers-branch-texas/" "Mozilla/5.0 (Linux; Android 6.0; Nexus 5 Build/MRA58N) AppleWebKit/537.36 (KHTML, like Gecko) Chrome/48.0.7483.1220 Mobile Safari/537.36"
18.97.9.168 - - [16/Jul/2026:07:07:12 -0600] "GET /robots.txt HTTP/2" 200 112 "-" "CCBot/2.0 (https://commoncrawl.org/faq/)"
18.97.9.168 - - [16/Jul/2026:07:07:13 -0600] "GET /2025/03/07/looking-for-a-clown-in-rowlett-texas/ HTTP/2" 200 25468 "-" "CCBot/2.0 (https://commoncrawl.org/faq/)"
47.128.30.236 - - [16/Jul/2026:07:22:31 -0600] "GET /robots.txt HTTP/1.1" 200 128 "-" "Mozilla/5.0 (Linux; Android 5.0) AppleWebKit/537.36 (KHTML, like Gecko) Mobile Safari/537.36 (compatible; Bytespider; spider-feedback@bytedance.com)"
18.97.9.168 - - [16/Jul/2026:07:54:41 -0600] "GET /2025/03/07/looking-for-a-clown-in-midlothian-texas/ HTTP/2" 200 27012 "-" "CCBot/2.0 (https://commoncrawl.org/faq/)"
170.106.72.178 - - [16/Jul/2026:08:04:14 -0600] "GET /wp-json/oembed/1.0/embed?url=https%3A%2F%2Fcandytheclown.com%2Fchoices%2F&format=xml HTTP/1.1" 200 1277 "-" "Mozilla/5.0 (iPhone; CPU iPhone OS 13_2_3 like Mac OS X) AppleWebKit/605.1.15 (KHTML, like Gecko) Version/13.0.3 Mobile/15E148 Safari/604.1"
43.153.12.58 - - [16/Jul/2026:08:14:16 -0600] "GET /2023/12/09/mrs-clause/ HTTP/1.1" 200 25963 "-" "Mozilla/5.0 (iPhone; CPU iPhone OS 13_2_3 like Mac OS X) AppleWebKit/605.1.15 (KHTML, like Gecko) Version/13.0.3 Mobile/15E148 Safari/604.1"
43.130.116.87 - - [16/Jul/2026:08:23:27 -0600] "GET /wp-json/oembed/1.0/embed?url=https%3A%2F%2Fcandytheclown.com%2F2025%2F03%2F07%2Flooking-for-a-clown-in-melissa-texas%2F HTTP/1.1" 200 1416 "-" "Mozilla/5.0 (iPhone; CPU iPhone OS 13_2_3 like Mac OS X) AppleWebKit/605.1.15 (KHTML, like Gecko) Version/13.0.3 Mobile/15E148 Safari/604.1"
17.241.75.8 - - [16/Jul/2026:08:24:59 -0600] "GET /favicon.ico HTTP/2" 404 4985 "-" "Mozilla/5.0 (Macintosh; Intel Mac OS X 10_15_7) AppleWebKit/605.1.15 (KHTML, like Gecko) Version/17.4 Safari/605.1.15 (Applebot/0.1; +http://www.apple.com/go/applebot)"
18.97.9.168 - - [16/Jul/2026:08:37:24 -0600] "GET /author/johnfite/ HTTP/2" 200 22877 "-" "CCBot/2.0 (https://commoncrawl.org/faq/)"
104.207.51.235 - - [16/Jul/2026:08:41:42 -0600] "GET /xmlrpc.php HTTP/1.1" 405 62 "-" "Mozilla/5.0 (X11; Linux x86_64; rv:118.0) Gecko/20100101 Firefox/118.0"
18.97.9.168 - - [16/Jul/2026:08:43:00 -0600] "GET /2025/03/07/looking-for-a-clown-in-richardson-texas/ HTTP/2" 200 25739 "-" "CCBot/2.0 (https://commoncrawl.org/faq/)"
198.175.150.9 - - [16/Jul/2026:08:44:03 -0600] "POST /wp-cron.php?doing_wp_cron=1784213043.7553710937500000000000 HTTP/1.1" 200 0 "-" "WordPress/7.0.1; https://candytheclown.com"
198.175.150.9 - - [16/Jul/2026:08:44:03 -0600] "POST /wp-cron.php?doing_wp_cron=1784213043.7796149253845214843750 HTTP/1.1" 200 0 "-" "WordPress/7.0.1; https://candytheclown.com"
85.208.96.203 - - [16/Jul/2026:08:44:30 -0600] "GET /2022/10/27/balloon-twisting-balloon-animals/ HTTP/1.1" 200 26457 "-" "Mozilla/5.0 (compatible; SemrushBot/7~bl; +http://www.semrush.com/bot.html)"
77.75.79.109 - - [16/Jul/2026:08:44:31 -0600] "GET /2025/03/07/looking-for-a-clown-in-farmers-branch-texas/ HTTP/1.1" 200 29483 "-" "Mozilla/5.0 (compatible; SeznamBot/4.0; +https://o-seznam.cz/napoveda/vyhledavani/en/seznambot-crawler/)"
49.51.183.220 - - [16/Jul/2026:08:44:33 -0600] "GET /availability-and-prices/ HTTP/1.1" 200 62540 "-" "Mozilla/5.0 (iPhone; CPU iPhone OS 13_2_3 like Mac OS X) AppleWebKit/605.1.15 (KHTML, like Gecko) Version/13.0.3 Mobile/15E148 Safari/604.1"
192.161.165.214 - - [16/Jul/2026:08:20:22 -0600] "GET /wp-content/uploads/elementor/css/post-9.css?ver=1784198710 HTTP/2" 200 342 "https://candytheclown.com/2025/03/07/looking-for-a-clown-in-farmers-branch-texas/" "Mozilla/5.0 (Linux; Android 6.0; Nexus 5 Build/MRA58N) AppleWebKit/537.36 (KHTML, like Gecko) Chrome/48.0.7483.1220 Mobile Safari/537.36"
192.161.165.214 - - [16/Jul/2026:08:20:22 -0600] "GET /wp-content/uploads/elementor/google-fonts/css/roboto.css?ver=1742234071 HTTP/2" 200 1872 "https://candytheclown.com/2025/03/07/looking-for-a-clown-in-farmers-branch-texas/" "Mozilla/5.0 (Linux; Android 6.0; Nexus 5 Build/MRA58N) AppleWebKit/537.36 (KHTML, like Gecko) Chrome/48.0.7483.1220 Mobile Safari/537.36"
192.161.165.214 - - [16/Jul/2026:08:20:22 -0600] "GET /wp-content/uploads/elementor/css/post-620.css?ver=1784211621 HTTP/2" 200 172 "https://candytheclown.com/2025/03/07/looking-for-a-clown-in-farmers-branch-texas/" "Mozilla/5.0 (Linux; Android 6.0; Nexus 5 Build/MRA58N) AppleWebKit/537.36 (KHTML, like Gecko) Chrome/48.0.7483.1220 Mobile Safari/537.36"
192.161.165.214 - - [16/Jul/2026:08:20:22 -0600] "GET /wp-content/uploads/elementor/google-fonts/css/robotoslab.css?ver=1742234078 HTTP/2" 200 708 "https://candytheclown.com/2025/03/07/looking-for-a-clown-in-farmers-branch-texas/" "Mozilla/5.0 (Linux; Android 6.0; Nexus 5 Build/MRA58N) AppleWebKit/537.36 (KHTML, like Gecko) Chrome/48.0.7483.1220 Mobile Safari/537.36"
192.161.165.214 - - [16/Jul/2026:08:20:22 -0600] "GET /wp-content/uploads/2025/03/book-online-button.png HTTP/2" 206 500 "https://candytheclown.com/2025/03/07/looking-for-a-clown-in-farmers-branch-texas/" "Mozilla/5.0 (Linux; Android 6.0; Nexus 5 Build/MRA58N) AppleWebKit/537.36 (KHTML, like Gecko) Chrome/48.0.7483.1220 Mobile Safari/537.36"
192.161.165.214 - - [16/Jul/2026:08:20:23 -0600] "GET /wp-content/uploads/2025/03/Candy-farmers-branch-768x461.jpg HTTP/2" 206 500 "https://candytheclown.com/2025/03/07/looking-for-a-clown-in-farmers-branch-texas/" "Mozilla/5.0 (Linux; Android 6.0; Nexus 5 Build/MRA58N) AppleWebKit/537.36 (KHTML, like Gecko) Chrome/48.0.7483.1220 Mobile Safari/537.36"
43.155.188.157 - - [16/Jul/2026:08:33:10 -0600] "GET /wp-json/wp/v2/posts/757 HTTP/1.1" 200 6490 "-" "Mozilla/5.0 (iPhone; CPU iPhone OS 13_2_3 like Mac OS X) AppleWebKit/605.1.15 (KHTML, like Gecko) Version/13.0.3 Mobile/15E148 Safari/604.1"
45.3.54.244 - - [16/Jul/2026:08:41:39 -0600] "GET /wp-json/wp/v2/users HTTP/1.1" 200 1845 "-" "Mozilla/5.0 (Macintosh; Intel Mac OS X 13_6_1) AppleWebKit/537.36 (KHTML, like Gecko) Chrome/118.0.0.0 Safari/537.36"
43.135.142.37 - - [16/Jul/2026:06:39:14 -0600] "GET /about/ HTTP/1.1" 200 26336 "-" "Mozilla/5.0 (iPhone; CPU iPhone OS 13_2_3 like Mac OS X) AppleWebKit/605.1.15 (KHTML, like Gecko) Version/13.0.3 Mobile/15E148 Safari/604.1"
35.196.209.78 - - [16/Jul/2026:06:48:00 -0600] "GET / HTTP/1.1" 301 0 "-" "Mozilla/5.0 (Windows NT 10.0; Win64; x64) AppleWebKit/537.36 (KHTML, like Gecko) Chrome/78.0.3904.108 Safari/537.36"
18.97.9.168 - - [16/Jul/2026:07:10:13 -0600] "GET /2025/03/07/looking-for-a-clown-in-seagoville-texas/ HTTP/2" 200 26894 "-" "CCBot/2.0 (https://commoncrawl.org/faq/)"
43.153.71.12 - - [16/Jul/2026:07:22:57 -0600] "GET /xmlrpc.php HTTP/1.1" 405 62 "-" "Mozilla/5.0 (iPhone; CPU iPhone OS 13_2_3 like Mac OS X) AppleWebKit/605.1.15 (KHTML, like Gecko) Version/13.0.3 Mobile/15E148 Safari/604.1"
43.166.226.57 - - [16/Jul/2026:07:32:33 -0600] "GET /wp-json/wp/v2/pages/789 HTTP/1.1" 200 5129 "-" "Mozilla/5.0 (iPhone; CPU iPhone OS 13_2_3 like Mac OS X) AppleWebKit/605.1.15 (KHTML, like Gecko) Version/13.0.3 Mobile/15E148 Safari/604.1"
198.175.150.9 - - [16/Jul/2026:07:43:19 -0600] "POST /wp-cron.php?doing_wp_cron=1784209399.5196189880371093750000 HTTP/1.1" 200 0 "-" "WordPress/7.0.1; https://candytheclown.com"
18.97.9.168 - - [16/Jul/2026:08:09:17 -0600] "GET /2025/03/07/candy-the-clown-the-ultimate-kids-party-entertainment-in-cedar-hill-texas/ HTTP/2" 200 26936 "-" "CCBot/2.0 (https://commoncrawl.org/faq/)"
18.97.9.168 - - [16/Jul/2026:08:20:43 -0600] "GET /2025/03/07/candy-the-clown-your-ultimate-kids-party-entertainer-in-lewisville-texas/ HTTP/2" 200 26686 "-" "CCBot/2.0 (https://commoncrawl.org/faq/)"
18.97.9.168 - - [16/Jul/2026:08:21:36 -0600] "GET /2025/03/07/looking-for-a-clown-in-mansfield-texas/ HTTP/2" 200 26625 "-" "CCBot/2.0 (https://commoncrawl.org/faq/)"
18.97.9.168 - - [16/Jul/2026:08:24:46 -0600] "GET /2025/03/07/candy-the-clown-your-kids-favorite-entertainer-in-plano-texas/ HTTP/2" 200 26860 "-" "CCBot/2.0 (https://commoncrawl.org/faq/)"
104.207.52.19 - - [16/Jul/2026:08:41:31 -0600] "GET /?author=1 HTTP/1.1" 301 0 "https://www.google.com/" "Mozilla/5.0 (Macintosh; Intel Mac OS X 13_6_1) AppleWebKit/537.36 (KHTML, like Gecko) Chrome/121.0.0.0 Safari/537.36"
65.111.23.175 - - [16/Jul/2026:08:42:02 -0600] "POST /wp-login.php HTTP/1.1" 200 2335 "https://candytheclown.com/wp-login.php" "Mozilla/5.0 (Macintosh; Intel Mac OS X 10_15_7) AppleWebKit/537.36 (KHTML, like Gecko) Chrome/120.0.0.0 Safari/537.36"
23.160.60.79 - - [16/Jul/2026:08:44:02 -0600] "GET / HTTP/1.1" 200 21417 "-" "Mozilla/5.0 (iPad; CPU OS 16_5 like Mac OS X) AppleWebKit/605.1.15 (KHTML, like Gecko) Version/16.5 Mobile/15E148 Safari/604.1"
150.109.119.38 - - [16/Jul/2026:06:55:02 -0600] "GET /school-library-shows/ HTTP/1.1" 403 72 "-" "Mozilla/5.0 (iPhone; CPU iPhone OS 13_2_3 like Mac OS X) AppleWebKit/605.1.15 (KHTML, like Gecko) Version/13.0.3 Mobile/15E148 Safari/604.1"
198.175.150.9 - - [16/Jul/2026:07:08:03 -0600] "POST /wp-cron.php?doing_wp_cron=1784207283.1235420703887939453125 HTTP/1.1" 200 0 "-" "WordPress/7.0.1; https://candytheclown.com"
18.97.9.168 - - [16/Jul/2026:07:11:58 -0600] "GET /2025/03/07/carol-crawford-aka-candy-the-clown-the-ultimate-kids-entertainment-in-dallas-texas/ HTTP/2" 200 27154 "-" "CCBot/2.0 (https://commoncrawl.org/faq/)"
89.204.217.232 - - [16/Jul/2026:07:41:12 -0600] "GET /wp-content/uploads/2022/08/face-painting-by-carol10.jpg HTTP/2" 200 107097 "https://www.google.com/" "Mozilla/5.0 (Linux; Android 10; K) AppleWebKit/537.36 (KHTML, like Gecko) Chrome/150.0.0.0 Mobile Safari/537.36"
198.175.150.9 - - [16/Jul/2026:07:43:19 -0600] "POST /wp-cron.php?doing_wp_cron=1784209399.4952850341796875000000 HTTP/1.1" 200 0 "-" "WordPress/7.0.1; https://candytheclown.com"
43.135.138.128 - - [16/Jul/2026:07:43:18 -0600] "GET /2025/03/07/looking-for-a-clown-in-melissa-texas/ HTTP/1.1" 200 29861 "-" "Mozilla/5.0 (iPhone; CPU iPhone OS 13_2_3 like Mac OS X) AppleWebKit/605.1.15 (KHTML, like Gecko) Version/13.0.3 Mobile/15E148 Safari/604.1"
170.106.163.48 - - [16/Jul/2026:07:53:44 -0600] "GET /wp-json/wp/v2/pages/179 HTTP/1.1" 200 3568 "-" "Mozilla/5.0 (iPhone; CPU iPhone OS 13_2_3 like Mac OS X) AppleWebKit/605.1.15 (KHTML, like Gecko) Version/13.0.3 Mobile/15E148 Safari/604.1"
198.175.150.9 - - [16/Jul/2026:08:20:21 -0600] "POST /wp-cron.php?doing_wp_cron=1784211621.7692739963531494140625 HTTP/1.1" 200 0 "-" "WordPress/7.0.1; https://candytheclown.com"
18.97.9.168 - - [16/Jul/2026:08:22:57 -0600] "GET /2025/03/07/looking-for-a-clown-in-terrell-texas/ HTTP/2" 200 26931 "-" "CCBot/2.0 (https://commoncrawl.org/faq/)"
77.75.79.109 - - [16/Jul/2026:08:36:40 -0600] "GET /author/johnfite/ HTTP/1.1" 200 26823 "-" "Mozilla/5.0 (compatible; SeznamBot/4.0; +https://o-seznam.cz/napoveda/vyhledavani/en/seznambot-crawler/)"
104.207.52.116 - - [16/Jul/2026:08:41:48 -0600] "POST /xmlrpc.php HTTP/1.1" 200 232 "https://www.bing.com/" "Mozilla/5.0 (Windows NT 10.0; Win64; x64) AppleWebKit/537.36 (KHTML, like Gecko) Chrome/121.0.0.0 Safari/537.36"
23.160.60.180 - - [16/Jul/2026:08:44:04 -0600] "HEAD /favicon.ico HTTP/1.1" 404 0 "-" "Python/3.11 aiohttp/3.14.1"
85.208.96.195 - - [16/Jul/2026:08:44:29 -0600] "GET /robots.txt HTTP/1.1" 200 128 "-" "Mozilla/5.0 (compatible; SemrushBot/7~bl; +http://www.semrush.com/bot.html)"
198.175.150.9 - - [16/Jul/2026:09:19:02 -0600] "POST /wp-cron.php?doing_wp_cron=1784215142.2546050548553466796875 HTTP/1.1" 200 0 "-" "WordPress/7.0.1; https://candytheclown.com"
101.33.55.204 - - [16/Jul/2026:09:33:37 -0600] "GET /wp-json/oembed/1.0/embed?url=https%3A%2F%2Fcandytheclown.com%2Favailability-and-prices%2F&format=xml HTTP/1.1" 403 72 "-" "Mozilla/5.0 (iPhone; CPU iPhone OS 13_2_3 like Mac OS X) AppleWebKit/605.1.15 (KHTML, like Gecko) Version/13.0.3 Mobile/15E148 Safari/604.1"
27.115.124.69 - - [16/Jul/2026:09:40:09 -0600] "GET /favicon.ico HTTP/1.1" 403 72 "-" "Mozilla/5.0 (Macintosh; Intel Mac OS X 10_15_7) AppleWebKit/537.36 (KHTML, like Gecko) Chrome/120.0.0.0 Safari/537.36 Edg/120.0.0.0"
43.173.1.57 - - [16/Jul/2026:09:02:43 -0600] "GET /choices/embed/ HTTP/1.1" 200 25273 "-" "Mozilla/5.0 (iPhone; CPU iPhone OS 13_2_3 like Mac OS X) AppleWebKit/605.1.15 (KHTML, like Gecko) Version/13.0.3 Mobile/15E148 Safari/604.1"
198.175.150.9 - - [16/Jul/2026:09:14:16 -0600] "POST /wp-cron.php?doing_wp_cron=1784214856.3404419422149658203125 HTTP/1.1" 200 0 "-" "WordPress/7.0.1; https://candytheclown.com"
49.43.113.254 - - [16/Jul/2026:09:14:30 -0600] "GET /2025/03/ HTTP/1.1" 200 26234 "-" "Mozilla/5.0 (Windows NT 10.0; Win64; x64) AppleWebKit/537.36 (KHTML, like Gecko) Chrome/131.0.6778.139 Safari/537.36"
43.157.149.188 - - [16/Jul/2026:09:19:01 -0600] "GET /wp-json/oembed/1.0/embed?url=https%3A%2F%2Fcandytheclown.com%2F2023%2F12%2F09%2Fmrs-clause%2F&format=xml HTTP/1.1" 200 1278 "-" "Mozilla/5.0 (iPhone; CPU iPhone OS 13_2_3 like Mac OS X) AppleWebKit/605.1.15 (KHTML, like Gecko) Version/13.0.3 Mobile/15E148 Safari/604.1"
124.156.157.91 - - [16/Jul/2026:09:39:44 -0600] "GET /wp-json/oembed/1.0/embed?url=https%3A%2F%2Fcandytheclown.com%2Favailability-and-prices%2F HTTP/1.1" 403 72 "-" "Mozilla/5.0 (iPhone; CPU iPhone OS 13_2_3 like Mac OS X) AppleWebKit/605.1.15 (KHTML, like Gecko) Version/13.0.3 Mobile/15E148 Safari/604.1"
