35.228.193.48 - - [15/Jul/2026:13:41:21 -0600] "HEAD /old/ HTTP/2" 301 0 "http://www.candytheclown.com/old/" "Mozilla/5.0 (Windows NT 10.0; Win64; x64; rv:127.0) Gecko/20100101 Firefox/127.0"
35.228.193.48 - - [15/Jul/2026:13:41:23 -0600] "HEAD /blog/ HTTP/2" 301 0 "http://www.candytheclown.com/blog/" "Mozilla/5.0 (iPad; CPU OS 17_4 like Mac OS X) AppleWebKit/605.1.15 (KHTML, like Gecko) Version/17.4 Mobile/15E148 Safari/604.1"
35.228.193.48 - - [15/Jul/2026:13:41:25 -0600] "HEAD / HTTP/2" 301 0 "http://www.candytheclown.com/" "Mozilla/5.0 (Linux; U; Android 10; en-US; CPH2015) AppleWebKit/537.36 (KHTML, like Gecko) UCBrowser/13.5.8.1311 Mobile Safari/537.36"
35.228.193.48 - - [15/Jul/2026:13:41:27 -0600] "HEAD /wp/ HTTP/2" 301 0 "http://www.candytheclown.com/wp/" "Mozilla/5.0 (Linux; U; Android 10; en-US; CPH2015) AppleWebKit/537.36 (KHTML, like Gecko) UCBrowser/13.5.8.1311 Mobile Safari/537.36"
35.228.193.48 - - [15/Jul/2026:13:41:29 -0600] "HEAD /new/ HTTP/2" 301 0 "http://www.candytheclown.com/new/" "Mozilla/5.0 (Macintosh; Intel Mac OS X 13_5) AppleWebKit/605.1.15 (KHTML, like Gecko) Version/16.5 Safari/605.1.15"
35.228.193.48 - - [15/Jul/2026:13:41:30 -0600] "HEAD /backup/ HTTP/2" 301 0 "http://www.candytheclown.com/backup/" "Mozilla/5.0 (Linux; Android 10; vivo 1904) AppleWebKit/537.36 (KHTML, like Gecko) Chrome/117.0.5938.60 Mobile Safari/537.36"
35.228.193.48 - - [15/Jul/2026:13:41:32 -0600] "HEAD /wordpress/ HTTP/2" 301 0 "http://www.candytheclown.com/wordpress/" "Mozilla/5.0 (Linux; Android 13; Pixel 7a) AppleWebKit/537.36 (KHTML, like Gecko) Chrome/124.0.6367.82 Mobile Safari/537.36"
150.109.46.88 - - [15/Jul/2026:13:41:51 -0600] "GET / HTTP/1.1" 403 72 "http://www.candytheclown.com" "Mozilla/5.0 (iPhone; CPU iPhone OS 13_2_3 like Mac OS X) AppleWebKit/605.1.15 (KHTML, like Gecko) Version/13.0.3 Mobile/15E148 Safari/604.1"
20.190.21.172 - - [15/Jul/2026:13:47:58 -0600] "GET /school-library-shows/ HTTP/2" 200 51508 "-" "DuckAssistBot/1.2; (+http://duckduckgo.com/duckassistbot.html)"
20.190.21.172 - - [15/Jul/2026:13:47:59 -0600] "GET /wp-content/themes/astra/assets/css/minified/main.min.css?ver=4.13.6 HTTP/2" 200 8389 "https://candytheclown.com/school-library-shows/" "DuckAssistBot/1.2; (+http://duckduckgo.com/duckassistbot.html)"
20.190.21.172 - - [15/Jul/2026:13:47:59 -0600] "GET /wp-content/uploads/astra-addon/astra-addon-6a439ac31ec5c0-46925815.css?ver=4.13.5 HTTP/2" 200 2401 "https://candytheclown.com/school-library-shows/" "DuckAssistBot/1.2; (+http://duckduckgo.com/duckassistbot.html)"
20.190.21.172 - - [15/Jul/2026:13:47:59 -0600] "GET /wp-content/plugins/elementor/assets/lib/eicons/css/elementor-icons.min.css?ver=5.50.0 HTTP/2" 200 4123 "https://candytheclown.com/school-library-shows/" "DuckAssistBot/1.2; (+http://duckduckgo.com/duckassistbot.html)"
20.190.21.172 - - [15/Jul/2026:13:47:59 -0600] "GET /wp-content/uploads/elementor/css/post-9.css?ver=1784112240 HTTP/2" 200 342 "https://candytheclown.com/school-library-shows/" "DuckAssistBot/1.2; (+http://duckduckgo.com/duckassistbot.html)"
20.190.21.172 - - [15/Jul/2026:13:47:59 -0600] "GET /wp-content/plugins/elementor/assets/css/frontend.min.css?ver=4.1.4 HTTP/2" 200 6613 "https://candytheclown.com/school-library-shows/" "DuckAssistBot/1.2; (+http://duckduckgo.com/duckassistbot.html)"
20.190.21.172 - - [15/Jul/2026:13:47:59 -0600] "GET /wp-content/plugins/elementor/assets/lib/animations/styles/rubberBand.min.css?ver=4.1.4 HTTP/2" 200 121 "https://candytheclown.com/school-library-shows/" "DuckAssistBot/1.2; (+http://duckduckgo.com/duckassistbot.html)"
20.190.21.172 - - [15/Jul/2026:13:47:59 -0600] "GET /wp-content/uploads/elementor/css/post-391.css?ver=1784129750 HTTP/2" 200 294 "https://candytheclown.com/school-library-shows/" "DuckAssistBot/1.2; (+http://duckduckgo.com/duckassistbot.html)"
20.190.21.172 - - [15/Jul/2026:13:47:59 -0600] "GET /wp-content/uploads/elementor/google-fonts/css/robotoslab.css?ver=1742234078 HTTP/2" 200 708 "https://candytheclown.com/school-library-shows/" "DuckAssistBot/1.2; (+http://duckduckgo.com/duckassistbot.html)"
20.190.21.172 - - [15/Jul/2026:13:47:59 -0600] "GET /wp-content/uploads/elementor/google-fonts/css/roboto.css?ver=1742234071 HTTP/2" 200 1872 "https://candytheclown.com/school-library-shows/" "DuckAssistBot/1.2; (+http://duckduckgo.com/duckassistbot.html)"
20.190.21.172 - - [15/Jul/2026:13:47:59 -0600] "GET /wp-includes/js/jquery/jquery.min.js?ver=3.7.1 HTTP/2" 200 29744 "https://candytheclown.com/school-library-shows/" "DuckAssistBot/1.2; (+http://duckduckgo.com/duckassistbot.html)"
20.190.21.172 - - [15/Jul/2026:13:47:59 -0600] "GET /wp-includes/js/jquery/jquery-migrate.min.js?ver=3.4.1 HTTP/2" 200 4678 "https://candytheclown.com/school-library-shows/" "DuckAssistBot/1.2; (+http://duckduckgo.com/duckassistbot.html)"
20.190.21.172 - - [15/Jul/2026:13:47:59 -0600] "GET /wp-content/uploads/2024/03/candy-the-clown-magician-225x300.jpg HTTP/2" 200 18581 "https://candytheclown.com/school-library-shows/" "DuckAssistBot/1.2; (+http://duckduckgo.com/duckassistbot.html)"
20.190.21.172 - - [15/Jul/2026:13:47:59 -0600] "GET /wp-content/plugins/ws-form-pro/public/css/ws-form-public-base.min.css?ver=1.11.17 HTTP/2" 200 6243 "https://candytheclown.com/school-library-shows/" "DuckAssistBot/1.2; (+http://duckduckgo.com/duckassistbot.html)"
20.190.21.172 - - [15/Jul/2026:13:47:59 -0600] "GET /wp-content/plugins/ws-form-pro/public/css/external/jquery.datetimepicker.min.css?ver=2.5.21 HTTP/2" 200 4063 "https://candytheclown.com/school-library-shows/" "DuckAssistBot/1.2; (+http://duckduckgo.com/duckassistbot.html)"
20.190.21.172 - - [15/Jul/2026:13:47:59 -0600] "GET /wp-content/plugins/ws-form-pro/public/css/ws-form-public-datetime.min.css?ver=1.11.17 HTTP/2" 200 1509 "https://candytheclown.com/school-library-shows/" "DuckAssistBot/1.2; (+http://duckduckgo.com/duckassistbot.html)"
20.190.21.172 - - [15/Jul/2026:13:47:59 -0600] "GET /wp-content/plugins/ws-form-pro/public/css/ws-form-public-button.min.css?ver=1.11.17 HTTP/2" 200 1181 "https://candytheclown.com/school-library-shows/" "DuckAssistBot/1.2; (+http://duckduckgo.com/duckassistbot.html)"
20.190.21.172 - - [15/Jul/2026:13:47:59 -0600] "GET /wp-content/plugins/ws-form-pro/public/css/ws-form-public-radio.min.css?ver=1.11.17 HTTP/2" 200 2509 "https://candytheclown.com/school-library-shows/" "DuckAssistBot/1.2; (+http://duckduckgo.com/duckassistbot.html)"
20.190.21.172 - - [15/Jul/2026:13:47:59 -0600] "GET /wp-content/themes/astra/assets/js/minified/frontend.min.js?ver=4.13.6 HTTP/2" 200 5693 "https://candytheclown.com/school-library-shows/" "DuckAssistBot/1.2; (+http://duckduckgo.com/duckassistbot.html)"
20.190.21.172 - - [15/Jul/2026:13:47:59 -0600] "GET /wp-content/uploads/astra-addon/astra-addon-6a439ac31f2be8-55963754.js?ver=4.13.5 HTTP/2" 200 3191 "https://candytheclown.com/school-library-shows/" "DuckAssistBot/1.2; (+http://duckduckgo.com/duckassistbot.html)"
20.190.21.172 - - [15/Jul/2026:13:47:59 -0600] "GET /wp-content/plugins/astra-addon/assets/js/minified/purify.min.js?ver=4.13.5 HTTP/2" 200 10151 "https://candytheclown.com/school-library-shows/" "DuckAssistBot/1.2; (+http://duckduckgo.com/duckassistbot.html)"
20.190.21.172 - - [15/Jul/2026:13:47:59 -0600] "GET /wp-content/plugins/elementor/assets/js/frontend-modules.min.js?ver=4.1.4 HTTP/2" 200 15445 "https://candytheclown.com/school-library-shows/" "DuckAssistBot/1.2; (+http://duckduckgo.com/duckassistbot.html)"
20.190.21.172 - - [15/Jul/2026:13:47:59 -0600] "GET /wp-content/plugins/elementor/assets/js/webpack.runtime.min.js?ver=4.1.4 HTTP/2" 200 2338 "https://candytheclown.com/school-library-shows/" "DuckAssistBot/1.2; (+http://duckduckgo.com/duckassistbot.html)"
20.190.21.172 - - [15/Jul/2026:13:47:59 -0600] "GET /wp-includes/js/jquery/ui/core.min.js?ver=1.13.3 HTTP/2" 200 6812 "https://candytheclown.com/school-library-shows/" "DuckAssistBot/1.2; (+http://duckduckgo.com/duckassistbot.html)"
20.190.21.172 - - [15/Jul/2026:13:47:59 -0600] "GET /wp-content/plugins/ws-form-pro/includes/third-party/elementor/elementor-public.js?ver=1.11.17 HTTP/2" 200 175 "https://candytheclown.com/school-library-shows/" "DuckAssistBot/1.2; (+http://duckduckgo.com/duckassistbot.html)"
20.190.21.172 - - [15/Jul/2026:13:47:59 -0600] "GET /wp-content/plugins/elementor/assets/js/frontend.min.js?ver=4.1.4 HTTP/2" 200 10124 "https://candytheclown.com/school-library-shows/" "DuckAssistBot/1.2; (+http://duckduckgo.com/duckassistbot.html)"
20.190.21.172 - - [15/Jul/2026:13:47:59 -0600] "GET /wp-content/plugins/ws-form-pro/public/js/external/jquery.datetimepicker.full.min.js?ver=2.5.21 HTTP/2" 200 19230 "https://candytheclown.com/school-library-shows/" "DuckAssistBot/1.2; (+http://duckduckgo.com/duckassistbot.html)"
20.190.21.172 - - [15/Jul/2026:13:47:59 -0600] "GET /wp-content/plugins/ws-form-pro/shared/js/ws-form.min.js?ver=1.11.17 HTTP/2" 200 30193 "https://candytheclown.com/school-library-shows/" "DuckAssistBot/1.2; (+http://duckduckgo.com/duckassistbot.html)"
20.190.21.172 - - [15/Jul/2026:13:47:59 -0600] "GET /wp-content/plugins/ws-form-pro/public/js/ws-form-public-radio.min.js?ver=1.11.17 HTTP/2" 200 294 "https://candytheclown.com/school-library-shows/" "DuckAssistBot/1.2; (+http://duckduckgo.com/duckassistbot.html)"
20.190.21.172 - - [15/Jul/2026:13:47:59 -0600] "GET /wp-content/plugins/ws-form-pro/public/js/ws-form-public-datetime.min.js?ver=1.11.17 HTTP/2" 200 2410 "https://candytheclown.com/school-library-shows/" "DuckAssistBot/1.2; (+http://duckduckgo.com/duckassistbot.html)"
20.190.21.172 - - [15/Jul/2026:13:47:59 -0600] "GET /wp-content/plugins/ws-form-pro/public/js/ws-form-public-ecommerce.min.js?ver=1.11.17 HTTP/2" 200 2054 "https://candytheclown.com/school-library-shows/" "DuckAssistBot/1.2; (+http://duckduckgo.com/duckassistbot.html)"
20.190.21.172 - - [15/Jul/2026:13:47:59 -0600] "GET /wp-content/plugins/ws-form-pro/public/js/ws-form-public.min.js?ver=1.11.17 HTTP/2" 200 14592 "https://candytheclown.com/school-library-shows/" "DuckAssistBot/1.2; (+http://duckduckgo.com/duckassistbot.html)"
20.190.21.172 - - [15/Jul/2026:13:47:59 -0600] "GET /wp-content/plugins/ws-form-pro/public/js/ws-form-public-styler-scheme.min.js?ver=1.11.17 HTTP/2" 200 606 "https://candytheclown.com/school-library-shows/" "DuckAssistBot/1.2; (+http://duckduckgo.com/duckassistbot.html)"
20.190.21.172 - - [15/Jul/2026:13:47:59 -0600] "GET /wp-content/plugins/elementor-pro/assets/js/webpack-pro.runtime.min.js?ver=4.1.2 HTTP/2" 200 2606 "https://candytheclown.com/school-library-shows/" "DuckAssistBot/1.2; (+http://duckduckgo.com/duckassistbot.html)"
20.190.21.172 - - [15/Jul/2026:13:48:00 -0600] "GET /wp-content/uploads/elementor/google-fonts/fonts/roboto-kfo7cnqeu92fr1me7ksn66agldtyluama3yuba.woff2 HTTP/2" 200 40128 "https://candytheclown.com/wp-content/uploads/elementor/google-fonts/css/roboto.css?ver=1742234071" "DuckAssistBot/1.2; (+http://duckduckgo.com/duckassistbot.html)"
20.190.21.172 - - [15/Jul/2026:13:48:00 -0600] "GET /wp-includes/js/dist/i18n.min.js?ver=781d11515ad3d91786ec HTTP/2" 200 2354 "https://candytheclown.com/school-library-shows/" "DuckAssistBot/1.2; (+http://duckduckgo.com/duckassistbot.html)"
20.190.21.172 - - [15/Jul/2026:13:48:00 -0600] "GET /wp-includes/js/dist/hooks.min.js?ver=7496969728ca0f95732d HTTP/2" 200 1734 "https://candytheclown.com/school-library-shows/" "DuckAssistBot/1.2; (+http://duckduckgo.com/duckassistbot.html)"
20.190.21.172 - - [15/Jul/2026:13:48:00 -0600] "GET /wp-content/plugins/elementor-pro/assets/js/frontend.min.js?ver=4.1.2 HTTP/2" 200 6191 "https://candytheclown.com/school-library-shows/" "DuckAssistBot/1.2; (+http://duckduckgo.com/duckassistbot.html)"
20.190.21.172 - - [15/Jul/2026:13:48:00 -0600] "GET /wp-content/plugins/elementor-pro/assets/js/elements-handlers.min.js?ver=4.1.2 HTTP/2" 200 10079 "https://candytheclown.com/school-library-shows/" "DuckAssistBot/1.2; (+http://duckduckgo.com/duckassistbot.html)"
20.190.21.172 - - [15/Jul/2026:13:48:00 -0600] "GET /wp-content/plugins/elementor/assets/js/section-frontend-handlers.d85ab872da118940910d.bundle.min.js HTTP/2" 200 229 "https://candytheclown.com/school-library-shows/" "DuckAssistBot/1.2; (+http://duckduckgo.com/duckassistbot.html)"
20.190.21.172 - - [15/Jul/2026:13:48:00 -0600] "GET /wp-content/plugins/elementor/assets/js/shared-frontend-handlers.03caa53373b56d3bab67.bundle.min.js HTTP/2" 200 2511 "https://candytheclown.com/school-library-shows/" "DuckAssistBot/1.2; (+http://duckduckgo.com/duckassistbot.html)"
20.190.21.172 - - [15/Jul/2026:13:48:00 -0600] "GET /wp-content/plugins/elementor/assets/js/text-editor.45609661e409413f1cef.bundle.min.js HTTP/2" 200 592 "https://candytheclown.com/school-library-shows/" "DuckAssistBot/1.2; (+http://duckduckgo.com/duckassistbot.html)"
20.190.21.172 - - [15/Jul/2026:13:48:00 -0600] "GET /wp-includes/js/wp-emoji-release.min.js?ver=7.0.1 HTTP/2" 200 4974 "https://candytheclown.com/school-library-shows/" "DuckAssistBot/1.2; (+http://duckduckgo.com/duckassistbot.html)"
198.175.150.9 - - [15/Jul/2026:12:35:54 -0600] "POST /wp-cron.php?doing_wp_cron=1784140554.8447890281677246093750 HTTP/1.1" 200 0 "-" "WordPress/7.0.1; https://candytheclown.com"
198.175.150.9 - - [15/Jul/2026:12:35:54 -0600] "POST /wp-cron.php?doing_wp_cron=1784140554.9033699035644531250000 HTTP/1.1" 200 0 "-" "WordPress/7.0.1; https://candytheclown.com"
43.157.46.118 - - [15/Jul/2026:12:55:09 -0600] "GET / HTTP/1.1" 200 24770 "http://candytheclown.com" "Mozilla/5.0 (iPhone; CPU iPhone OS 13_2_3 like Mac OS X) AppleWebKit/605.1.15 (KHTML, like Gecko) Version/13.0.3 Mobile/15E148 Safari/604.1"
66.249.70.106 - - [15/Jul/2026:13:02:42 -0600] "GET /availability-and-prices/ HTTP/1.1" 200 52694 "-" "Mozilla/5.0 (Linux; Android 6.0.1; Nexus 5X Build/MMB29P) AppleWebKit/537.36 (KHTML, like Gecko) Chrome/150.0.7871.46 Mobile Safari/537.36 (compatible; Googlebot/2.1; +http://www.google.com/bot.html)"
66.249.70.104 - - [15/Jul/2026:13:03:15 -0600] "GET /wp-content/plugins/elementor/assets/lib/animations/styles/slideInLeft.min.css?ver=4.1.4 HTTP/1.1" 200 153 "https://candytheclown.com/availability-and-prices/" "Mozilla/5.0 (Linux; Android 6.0.1; Nexus 5X Build/MMB29P) AppleWebKit/537.36 (KHTML, like Gecko) Chrome/150.0.7871.46 Mobile Safari/537.36 (compatible; Googlebot/2.1; +http://www.google.com/bot.html)"
198.175.150.9 - - [15/Jul/2026:13:35:52 -0600] "POST /wp-cron.php?doing_wp_cron=1784144152.4939510822296142578125 HTTP/1.1" 200 0 "-" "WordPress/7.0.1; https://candytheclown.com"
198.175.150.9 - - [15/Jul/2026:13:40:45 -0600] "POST /wp-cron.php?doing_wp_cron=1784144445.7955279350280761718750 HTTP/1.1" 200 0 "-" "WordPress/7.0.1; https://candytheclown.com"
35.228.193.48 - - [15/Jul/2026:13:41:22 -0600] "HEAD /old/ HTTP/2" 404 0 "https://www.candytheclown.com/old/" "Mozilla/5.0 (Windows NT 10.0; Win64; x64; rv:127.0) Gecko/20100101 Firefox/127.0"
35.228.193.48 - - [15/Jul/2026:13:41:24 -0600] "HEAD /blog/ HTTP/2" 404 0 "https://www.candytheclown.com/blog/" "Mozilla/5.0 (iPad; CPU OS 17_4 like Mac OS X) AppleWebKit/605.1.15 (KHTML, like Gecko) Version/17.4 Mobile/15E148 Safari/604.1"
35.228.193.48 - - [15/Jul/2026:13:41:26 -0600] "HEAD / HTTP/2" 200 0 "https://www.candytheclown.com/" "Mozilla/5.0 (Linux; U; Android 10; en-US; CPH2015) AppleWebKit/537.36 (KHTML, like Gecko) UCBrowser/13.5.8.1311 Mobile Safari/537.36"
35.228.193.48 - - [15/Jul/2026:13:41:28 -0600] "HEAD /wp/ HTTP/2" 404 0 "https://www.candytheclown.com/wp/" "Mozilla/5.0 (Linux; U; Android 10; en-US; CPH2015) AppleWebKit/537.36 (KHTML, like Gecko) UCBrowser/13.5.8.1311 Mobile Safari/537.36"
35.228.193.48 - - [15/Jul/2026:13:41:29 -0600] "HEAD /new/ HTTP/2" 404 0 "https://www.candytheclown.com/new/" "Mozilla/5.0 (Macintosh; Intel Mac OS X 13_5) AppleWebKit/605.1.15 (KHTML, like Gecko) Version/16.5 Safari/605.1.15"
35.228.193.48 - - [15/Jul/2026:13:41:31 -0600] "HEAD /backup/ HTTP/2" 404 0 "https://www.candytheclown.com/backup/" "Mozilla/5.0 (Linux; Android 10; vivo 1904) AppleWebKit/537.36 (KHTML, like Gecko) Chrome/117.0.5938.60 Mobile Safari/537.36"
35.228.193.48 - - [15/Jul/2026:13:41:33 -0600] "HEAD /wordpress/ HTTP/2" 404 0 "https://www.candytheclown.com/wordpress/" "Mozilla/5.0 (Linux; Android 13; Pixel 7a) AppleWebKit/537.36 (KHTML, like Gecko) Chrome/124.0.6367.82 Mobile Safari/537.36"
183.83.169.217 - - [15/Jul/2026:14:05:06 -0600] "GET /about HTTP/1.1" 403 72 "-" "Mozilla/5.0 (Windows NT 10.0; Win64; x64) AppleWebKit/537.36 (KHTML, like Gecko) Chrome/124.0.0.0 Safari/537.36"
198.175.150.9 - - [15/Jul/2026:14:31:20 -0600] "POST /wp-cron.php?doing_wp_cron=1784147480.8790380954742431640625 HTTP/1.1" 200 0 "-" "WordPress/7.0.1; https://candytheclown.com"
5.255.231.77 - - [15/Jul/2026:14:37:40 -0600] "GET /robots.txt HTTP/1.1" 200 175 "-" "Mozilla/5.0 (compatible; YandexBot/3.0; +http://yandex.com/bots)"
213.180.203.28 - - [15/Jul/2026:14:37:42 -0600] "GET /robots.txt HTTP/1.1" 200 175 "-" "Mozilla/5.0 (compatible; YandexBot/3.0; +http://yandex.com/bots)"
66.249.70.104 - - [15/Jul/2026:13:03:28 -0600] "GET /wp-content/plugins/ws-form-pro/public/js/ws-form-public.min.js?ver=1.11.17 HTTP/1.1" 200 14592 "https://candytheclown.com/availability-and-prices/" "Mozilla/5.0 (Linux; Android 6.0.1; Nexus 5X Build/MMB29P) AppleWebKit/537.36 (KHTML, like Gecko) Chrome/150.0.7871.46 Mobile Safari/537.36 (compatible; Googlebot/2.1; +http://www.google.com/bot.html)"
66.249.70.104 - - [15/Jul/2026:13:03:36 -0600] "GET /wp-content/plugins/elementor/assets/js/text-editor.45609661e409413f1cef.bundle.min.js HTTP/1.1" 200 592 "https://candytheclown.com/availability-and-prices/" "Mozilla/5.0 (Linux; Android 6.0.1; Nexus 5X Build/MMB29P) AppleWebKit/537.36 (KHTML, like Gecko) Chrome/150.0.7871.46 Mobile Safari/537.36 (compatible; Googlebot/2.1; +http://www.google.com/bot.html)"
66.249.70.104 - - [15/Jul/2026:13:03:37 -0600] "POST /wp-json/ws-form/v1/form/stat/add-view/ HTTP/1.1" 200 19 "https://candytheclown.com/availability-and-prices/" "Mozilla/5.0 (Linux; Android 6.0.1; Nexus 5X Build/MMB29P) AppleWebKit/537.36 (KHTML, like Gecko) Chrome/150.0.7871.46 Mobile Safari/537.36 (compatible; Googlebot/2.1; +http://www.google.com/bot.html)"
198.175.150.9 - - [15/Jul/2026:13:14:28 -0600] "POST /wp-cron.php?doing_wp_cron=1784142868.5010499954223632812500 HTTP/1.1" 200 0 "-" "WordPress/7.0.1; https://candytheclown.com"
74.7.243.240 - - [15/Jul/2026:13:14:27 -0600] "GET /wp-sitemap.xml HTTP/2" 301 0 "-" "Mozilla/5.0 AppleWebKit/537.36 (KHTML, like Gecko; compatible; GPTBot/1.4; +https://openai.com/gptbot)"
74.7.243.240 - - [15/Jul/2026:13:14:30 -0600] "GET /sitemap_index.xml HTTP/2" 200 314 "https://candytheclown.com/wp-sitemap.xml" "Mozilla/5.0 AppleWebKit/537.36 (KHTML, like Gecko; compatible; GPTBot/1.4; +https://openai.com/gptbot)"
198.175.150.9 - - [15/Jul/2026:13:40:45 -0600] "POST /wp-cron.php?doing_wp_cron=1784144445.7670009136199951171875 HTTP/1.1" 200 0 "-" "WordPress/7.0.1; https://candytheclown.com"
183.83.169.217 - - [15/Jul/2026:14:05:02 -0600] "GET / HTTP/1.1" 403 72 "-" "Mozilla/5.0 (Windows NT 10.0; Win64; x64) AppleWebKit/537.36 (KHTML, like Gecko) Chrome/124.0.0.0 Safari/537.36"
183.83.169.217 - - [15/Jul/2026:14:05:03 -0600] "GET /contact HTTP/1.1" 403 72 "-" "Mozilla/5.0 (Windows NT 10.0; Win64; x64) AppleWebKit/537.36 (KHTML, like Gecko) Chrome/124.0.0.0 Safari/537.36"
198.175.150.9 - - [15/Jul/2026:14:16:59 -0600] "POST /wp-cron.php?doing_wp_cron=1784146619.0110409259796142578125 HTTP/1.1" 200 0 "-" "WordPress/7.0.1; https://candytheclown.com"
213.180.203.100 - - [15/Jul/2026:14:35:08 -0600] "GET /robots.txt HTTP/1.1" 200 175 "-" "Mozilla/5.0 (compatible; YandexBot/3.0; +http://yandex.com/bots)"
87.250.224.88 - - [15/Jul/2026:14:37:37 -0600] "GET /robots.txt HTTP/1.1" 200 175 "-" "Mozilla/5.0 (compatible; YandexBot/3.0; +http://yandex.com/bots)"
87.250.224.92 - - [15/Jul/2026:14:37:45 -0600] "GET /robots.txt HTTP/1.1" 200 175 "-" "Mozilla/5.0 (compatible; YandexBot/3.0; +http://yandex.com/bots)"
176.31.139.15 - - [15/Jul/2026:14:52:32 -0600] "GET /robots.txt HTTP/2" 200 112 "-" "Mozilla/5.0 (compatible; AhrefsBot/7.0; +http://ahrefs.com/robot/)"
66.132.195.110 - - [15/Jul/2026:14:41:23 -0600] "GET / HTTP/1.1" 200 18398 "-" "Mozilla/5.0 (compatible; CensysInspect/1.1; +https://about.censys.io/)"
66.132.195.110 - - [15/Jul/2026:14:41:36 -0600] "GET / HTTP/1.1" 301 0 "-" "Mozilla/5.0 (compatible; CensysInspect/1.1; +https://about.censys.io/)"
20.190.21.172 - - [15/Jul/2026:13:48:00 -0600] "GET /favicon.ico HTTP/2" 404 4986 "https://candytheclown.com/school-library-shows/" "DuckAssistBot/1.2; (+http://duckduckgo.com/duckassistbot.html)"
20.190.21.172 - - [15/Jul/2026:13:48:00 -0600] "POST /wp-json/ws-form/v1/form/stat/add-view/ HTTP/2" 200 0 "https://candytheclown.com/school-library-shows/" "DuckAssistBot/1.2; (+http://duckduckgo.com/duckassistbot.html)"
93.42.158.130 - - [15/Jul/2026:14:16:58 -0600] "GET /author/johnfite/page/3/ HTTP/1.1" 200 27237 "-" "Mozilla/5.0 (Macintosh; Intel Mac OS X 15.1; rv:133.0) Gecko/20100101 Firefox/133.0"
148.113.192.94 - - [15/Jul/2026:14:31:19 -0600] "GET / HTTP/1.1" 200 24770 "-" "Mozilla/5.0 (X11; Linux x86_64) AppleWebKit/537.36 (KHTML, like Gecko) Chrome/124 Safari/537.36"
5.255.231.189 - - [15/Jul/2026:14:35:09 -0600] "GET /feed/ HTTP/2" 200 24274 "-" "Mozilla/5.0 (compatible; YandexBot/3.0; +http://yandex.com/bots)"
185.191.171.1 - - [15/Jul/2026:14:35:35 -0600] "GET /robots.txt HTTP/1.1" 200 128 "-" "Mozilla/5.0 (compatible; SemrushBot/7~bl; +http://www.semrush.com/bot.html)"
185.191.171.1 - - [15/Jul/2026:14:35:36 -0600] "GET /2025/03/07/looking-for-a-clown-in-rowlett-texas/ HTTP/1.1" 200 29323 "-" "Mozilla/5.0 (compatible; SemrushBot/7~bl; +http://www.semrush.com/bot.html)"
213.180.203.225 - - [15/Jul/2026:14:37:38 -0600] "GET /robots.txt HTTP/1.1" 200 175 "-" "Mozilla/5.0 (compatible; YandexBot/3.0; +http://yandex.com/bots)"
198.175.150.9 - - [15/Jul/2026:14:41:23 -0600] "POST /wp-cron.php?doing_wp_cron=1784148083.9575200080871582031250 HTTP/1.1" 200 0 "-" "WordPress/7.0.1; https://candytheclown.com"
66.132.195.110 - - [15/Jul/2026:14:41:24 -0600] "GET /favicon.ico HTTP/1.1" 404 4986 "-" "Mozilla/5.0 (compatible; CensysInspect/1.1; +https://about.censys.io/)"
66.132.195.110 - - [15/Jul/2026:14:41:32 -0600] "GET /wp-json/?_fields=name,description,home,gmt_offset,timezone_string,namespaces HTTP/1.1" 200 307 "-" "Mozilla/5.0 (compatible; CensysInspect/1.1; +https://about.censys.io/)"
148.113.128.175 - - [15/Jul/2026:14:52:34 -0600] "GET /category/uncategorized/feed/ HTTP/2" 304 0 "-" "Mozilla/5.0 (compatible; AhrefsBot/7.0; +http://ahrefs.com/robot/)"
74.7.242.63 - - [15/Jul/2026:12:35:54 -0600] "GET /wp-sitemap.xml HTTP/2" 301 0 "-" "Mozilla/5.0 AppleWebKit/537.36 (KHTML, like Gecko; compatible; GPTBot/1.4; +https://openai.com/gptbot)"
74.7.242.63 - - [15/Jul/2026:12:35:57 -0600] "GET /sitemap_index.xml HTTP/2" 200 314 "https://candytheclown.com/wp-sitemap.xml" "Mozilla/5.0 AppleWebKit/537.36 (KHTML, like Gecko; compatible; GPTBot/1.4; +https://openai.com/gptbot)"
66.249.70.106 - - [15/Jul/2026:13:03:17 -0600] "GET /wp-content/plugins/ws-form-pro/public/css/ws-form-public-base.min.css?ver=1.11.17 HTTP/1.1" 200 6243 "https://candytheclown.com/availability-and-prices/" "Mozilla/5.0 (Linux; Android 6.0.1; Nexus 5X Build/MMB29P) AppleWebKit/537.36 (KHTML, like Gecko) Chrome/150.0.7871.46 Mobile Safari/537.36 (compatible; Googlebot/2.1; +http://www.google.com/bot.html)"
66.249.70.106 - - [15/Jul/2026:13:03:18 -0600] "GET /wp-content/plugins/ws-form-pro/public/css/ws-form-public-number.min.css?ver=1.11.17 HTTP/1.1" 200 138 "https://candytheclown.com/availability-and-prices/" "Mozilla/5.0 (Linux; Android 6.0.1; Nexus 5X Build/MMB29P) AppleWebKit/537.36 (KHTML, like Gecko) Chrome/150.0.7871.46 Mobile Safari/537.36 (compatible; Googlebot/2.1; +http://www.google.com/bot.html)"
66.249.70.106 - - [15/Jul/2026:13:03:18 -0600] "GET /wp-content/plugins/ws-form-pro/public/js/external/jquery.inputmask.min.js?ver=5.0.9 HTTP/1.1" 200 33167 "https://candytheclown.com/availability-and-prices/" "Mozilla/5.0 (Linux; Android 6.0.1; Nexus 5X Build/MMB29P) AppleWebKit/537.36 (KHTML, like Gecko) Chrome/150.0.7871.46 Mobile Safari/537.36 (compatible; Googlebot/2.1; +http://www.google.com/bot.html)"
43.165.5.252 - - [15/Jul/2026:13:35:51 -0600] "GET / HTTP/1.1" 301 0 "-" "Mozilla/5.0 (Windows NT 10.0; Win64; x64) AppleWebKit/537.36 (KHTML, like Gecko) Chrome/135.0.0.0 Safari/537.36 Edg/135.0.0.0"
183.83.169.217 - - [15/Jul/2026:14:05:05 -0600] "GET /contact-us HTTP/1.1" 403 72 "-" "Mozilla/5.0 (Windows NT 10.0; Win64; x64) AppleWebKit/537.36 (KHTML, like Gecko) Chrome/124.0.0.0 Safari/537.36"
183.83.169.217 - - [15/Jul/2026:14:05:08 -0600] "GET / HTTP/2" 403 72 "-" "Mozilla/5.0 (Macintosh; Intel Mac OS X 10_15_7) AppleWebKit/537.36 (KHTML, like Gecko) Chrome/145.0.0.0 Safari/537.36"
87.250.224.96 - - [15/Jul/2026:14:37:35 -0600] "GET /robots.txt HTTP/1.1" 200 175 "-" "Mozilla/5.0 (compatible; YandexBot/3.0; +http://yandex.com/bots)"
213.180.203.8 - - [15/Jul/2026:14:37:41 -0600] "GET /robots.txt HTTP/1.1" 200 175 "-" "Mozilla/5.0 (compatible; YandexBot/3.0; +http://yandex.com/bots)"
87.250.224.89 - - [15/Jul/2026:14:37:43 -0600] "GET /robots.txt HTTP/1.1" 200 175 "-" "Mozilla/5.0 (compatible; YandexBot/3.0; +http://yandex.com/bots)"
198.175.150.9 - - [15/Jul/2026:14:41:23 -0600] "POST /wp-cron.php?doing_wp_cron=1784148083.9334709644317626953125 HTTP/1.1" 200 0 "-" "WordPress/7.0.1; https://candytheclown.com"
123.23.173.65 - - [15/Jul/2026:14:53:52 -0600] "GET /choices/tel:2147557503 HTTP/1.1" 403 72 "-" "Mozilla/5.0 (Macintosh; Intel Mac OS X 10_15_2) AppleWebKit/537.36 (KHTML, like Gecko) Chrome/98.0.4758.80 Safari/537.36"
3.136.97.220 - - [15/Jul/2026:15:10:36 -0600] "GET /availability-and-prices/ HTTP/1.1" 200 62536 "-" "AutotouchCompanyCrawler/1.0 (+https://autotouch.ai)"
198.55.98.151 - - [15/Jul/2026:15:23:31 -0600] "GET /wp-content/uploads/2025/03/Candy-crowley.jpg HTTP/2" 200 109253 "https://candytheclown.com/2025/03/07/carol-crawford-aka-candy-the-clown-a-fun-filled-experience-for-your-kids-in-crowley-texas/" "Mozilla/5.0 (Macintosh; Intel Mac OS X 10_15_7) AppleWebKit/537.36 (KHTML, like Gecko) Chrome/131.0.0.0 Safari/537.36"
198.175.150.9 - - [15/Jul/2026:15:42:48 -0600] "POST /wp-cron.php?doing_wp_cron=1784151768.8692989349365234375000 HTTP/1.1" 200 0 "-" "WordPress/7.0.1; https://candytheclown.com"
198.175.150.9 - - [15/Jul/2026:15:42:48 -0600] "POST /wp-cron.php?doing_wp_cron=1784151768.8914229869842529296875 HTTP/1.1" 200 0 "-" "WordPress/7.0.1; https://candytheclown.com"
66.249.70.105 - - [15/Jul/2026:15:45:12 -0600] "GET /wp-content/uploads/elementor/google-fonts/css/robotoslab.css?ver=1742234078 HTTP/1.1" 200 708 "https://candytheclown.com/" "Mozilla/5.0 (compatible; Googlebot/2.1; +http://www.google.com/bot.html)"
66.249.70.104 - - [15/Jul/2026:15:45:12 -0600] "GET /wp-content/plugins/elementor/assets/css/frontend.min.css?ver=4.1.4 HTTP/1.1" 200 6613 "https://candytheclown.com/" "Mozilla/5.0 (compatible; Googlebot/2.1; +http://www.google.com/bot.html)"
66.249.70.105 - - [15/Jul/2026:15:45:14 -0600] "GET /wp-includes/js/jquery/jquery-migrate.min.js?ver=3.4.1 HTTP/1.1" 200 4678 "https://candytheclown.com/" "Mozilla/5.0 (compatible; Googlebot/2.1; +http://www.google.com/bot.html)"
66.249.70.104 - - [15/Jul/2026:15:45:14 -0600] "GET /wp-content/plugins/astra-addon/assets/js/minified/purify.min.js?ver=4.13.5 HTTP/1.1" 200 10151 "https://candytheclown.com/" "Mozilla/5.0 (compatible; Googlebot/2.1; +http://www.google.com/bot.html)"
216.73.217.30 - - [15/Jul/2026:15:53:07 -0600] "GET /robots.txt HTTP/2" 200 112 "-" "Mozilla/5.0 AppleWebKit/537.36 (KHTML, like Gecko; compatible; ClaudeBot/1.0; +claudebot@anthropic.com)"
216.73.217.30 - - [15/Jul/2026:15:53:08 -0600] "GET /sitemap_index.xml HTTP/2" 200 314 "-" "Mozilla/5.0 AppleWebKit/537.36 (KHTML, like Gecko; compatible; ClaudeBot/1.0; +claudebot@anthropic.com)"
20.226.82.109 - - [15/Jul/2026:16:06:43 -0600] "GET /wp-content/plugins/hellopress/wp_filemanager.php HTTP/1.1" 404 100242 "-" "-"
198.175.150.9 - - [15/Jul/2026:16:41:54 -0600] "POST /wp-cron.php?doing_wp_cron=1784155314.3658869266510009765625 HTTP/1.1" 200 0 "-" "WordPress/7.0.1; https://candytheclown.com"
198.175.150.9 - - [15/Jul/2026:16:43:12 -0600] "POST /wp-cron.php?doing_wp_cron=1784155392.9829111099243164062500 HTTP/1.1" 200 0 "-" "WordPress/7.0.1; https://candytheclown.com"
198.175.150.9 - - [15/Jul/2026:17:17:41 -0600] "POST /wp-cron.php?doing_wp_cron=1784157461.6686389446258544921875 HTTP/1.1" 200 0 "-" "WordPress/7.0.1; https://candytheclown.com"
140.174.123.69 - - [15/Jul/2026:17:17:40 -0600] "GET /category/blog/ HTTP/2" 200 22392 "-" "Mozilla/5.0 (Linux; Android 8.0; Pixel 2 Build/OPD3.170816.012) AppleWebKit/537.36 (KHTML, like Gecko) Chrome/45.0.3980.1271 Mobile Safari/537.36"
43.167.157.80 - - [15/Jul/2026:17:27:09 -0600] "GET / HTTP/1.1" 200 24770 "https://www.candytheclown.com/" "Mozilla/5.0 (iPhone; CPU iPhone OS 13_2_3 like Mac OS X) AppleWebKit/605.1.15 (KHTML, like Gecko) Version/13.0.3 Mobile/15E148 Safari/604.1"
216.73.217.30 - - [15/Jul/2026:17:39:31 -0600] "GET /robots.txt HTTP/2" 200 112 "-" "Mozilla/5.0 AppleWebKit/537.36 (KHTML, like Gecko; compatible; ClaudeBot/1.0; +claudebot@anthropic.com)"
216.73.217.30 - - [15/Jul/2026:17:39:32 -0600] "GET /sitemap_index.xml HTTP/2" 200 314 "-" "Mozilla/5.0 AppleWebKit/537.36 (KHTML, like Gecko; compatible; ClaudeBot/1.0; +claudebot@anthropic.com)"
3.136.97.220 - - [15/Jul/2026:15:10:09 -0600] "GET /robots.txt HTTP/1.1" 200 128 "-" "AutotouchCompanyCrawler/1.0 (+https://autotouch.ai)"
3.136.97.220 - - [15/Jul/2026:15:10:11 -0600] "GET / HTTP/1.1" 200 24770 "-" "AutotouchCompanyCrawler/1.0 (+https://autotouch.ai)"
3.136.97.220 - - [15/Jul/2026:15:10:14 -0600] "GET /sitemap_index.xml HTTP/1.1" 200 352 "-" "AutotouchCompanyCrawler/1.0 (+https://autotouch.ai)"
3.136.97.220 - - [15/Jul/2026:15:10:19 -0600] "GET /page-sitemap.xml HTTP/1.1" 200 624 "-" "AutotouchCompanyCrawler/1.0 (+https://autotouch.ai)"
3.136.97.220 - - [15/Jul/2026:15:10:22 -0600] "GET /about HTTP/1.1" 301 0 "-" "AutotouchCompanyCrawler/1.0 (+https://autotouch.ai)"
198.175.150.9 - - [15/Jul/2026:15:42:49 -0600] "POST /wp-cron.php?doing_wp_cron=1784151769.1533570289611816406250 HTTP/1.1" 200 0 "-" "WordPress/7.0.1; https://candytheclown.com"
43.133.69.37 - - [15/Jul/2026:16:44:32 -0600] "GET / HTTP/1.1" 200 24770 "http://candytheclown.com" "Mozilla/5.0 (iPhone; CPU iPhone OS 13_2_3 like Mac OS X) AppleWebKit/605.1.15 (KHTML, like Gecko) Version/13.0.3 Mobile/15E148 Safari/604.1"
198.175.150.9 - - [15/Jul/2026:17:27:08 -0600] "POST /wp-cron.php?doing_wp_cron=1784158028.4185049533843994140625 HTTP/1.1" 200 0 "-" "WordPress/7.0.1; https://candytheclown.com"
213.180.203.29 - - [15/Jul/2026:17:37:13 -0600] "GET /robots.txt HTTP/1.1" 200 175 "-" "Mozilla/5.0 (compatible; YandexBot/3.0; +http://yandex.com/bots)"
17.241.227.13 - - [15/Jul/2026:17:42:09 -0600] "GET /robots.txt HTTP/2" 200 128 "-" "Mozilla/5.0 (Macintosh; Intel Mac OS X 10_15_7) AppleWebKit/605.1.15 (KHTML, like Gecko) Version/17.4 Safari/605.1.15 (Applebot/0.1; +http://www.apple.com/go/applebot)"
17.241.227.13 - - [15/Jul/2026:17:42:10 -0600] "GET /favicon.ico HTTP/2" 404 4986 "-" "Mozilla/5.0 (Macintosh; Intel Mac OS X 10_15_7) AppleWebKit/605.1.15 (KHTML, like Gecko) Version/17.4 Safari/605.1.15 (Applebot/0.1; +http://www.apple.com/go/applebot)"
198.175.150.9 - - [15/Jul/2026:17:44:14 -0600] "POST /wp-cron.php?doing_wp_cron=1784159054.9835939407348632812500 HTTP/1.1" 200 0 "-" "WordPress/7.0.1; https://candytheclown.com"
140.174.113.167 - - [15/Jul/2026:17:44:14 -0600] "GET /2025/03/07/looking-for-a-clown-in-garland-texas/ HTTP/2" 200 27098 "-" "Mozilla/5.0 (Macintosh; Intel Mac OS X 10_12_0) AppleWebKit/537.36 (KHTML, like Gecko) Chrome/56.0.6805.1120 Safari/537.36"
140.174.113.167 - - [15/Jul/2026:17:44:15 -0600] "GET /wp-content/uploads/astra-addon/astra-addon-6a439ac31ec5c0-46925815.css?ver=4.13.5 HTTP/2" 200 2401 "https://candytheclown.com/2025/03/07/looking-for-a-clown-in-garland-texas/" "Mozilla/5.0 (Macintosh; Intel Mac OS X 10_12_0) AppleWebKit/537.36 (KHTML, like Gecko) Chrome/56.0.6805.1120 Safari/537.36"
140.174.113.167 - - [15/Jul/2026:17:44:15 -0600] "GET /wp-content/uploads/elementor/css/post-685.css?ver=1784159055 HTTP/2" 200 187 "https://candytheclown.com/2025/03/07/looking-for-a-clown-in-garland-texas/" "Mozilla/5.0 (Macintosh; Intel Mac OS X 10_12_0) AppleWebKit/537.36 (KHTML, like Gecko) Chrome/56.0.6805.1120 Safari/537.36"
140.174.113.167 - - [15/Jul/2026:17:44:16 -0600] "GET /wp-content/uploads/2025/03/Candy-garland.jpg HTTP/2" 206 500 "https://candytheclown.com/2025/03/07/looking-for-a-clown-in-garland-texas/" "Mozilla/5.0 (Macintosh; Intel Mac OS X 10_12_0) AppleWebKit/537.36 (KHTML, like Gecko) Chrome/56.0.6805.1120 Safari/537.36"
140.174.113.167 - - [15/Jul/2026:17:44:16 -0600] "GET /wp-content/uploads/2025/03/Candy-garland.jpg HTTP/2" 304 0 "https://candytheclown.com/2025/03/07/looking-for-a-clown-in-garland-texas/" "Mozilla/5.0 (Macintosh; Intel Mac OS X 10_12_0) AppleWebKit/537.36 (KHTML, like Gecko) Chrome/56.0.6805.1120 Safari/537.36"
140.174.113.167 - - [15/Jul/2026:17:44:16 -0600] "GET /wp-content/uploads/2025/03/Candy-garland.jpg HTTP/2" 206 108678 "https://candytheclown.com/2025/03/07/looking-for-a-clown-in-garland-texas/" "Mozilla/5.0 (Macintosh; Intel Mac OS X 10_12_0) AppleWebKit/537.36 (KHTML, like Gecko) Chrome/56.0.6805.1120 Safari/537.36"
198.175.150.9 - - [15/Jul/2026:15:10:10 -0600] "POST /wp-cron.php?doing_wp_cron=1784149810.6206810474395751953125 HTTP/1.1" 200 0 "-" "WordPress/7.0.1; https://candytheclown.com"
52.167.144.230 - - [15/Jul/2026:15:42:48 -0600] "GET /2022/10/ HTTP/2" 200 20154 "-" "Mozilla/5.0 AppleWebKit/537.36 (KHTML, like Gecko; compatible; bingbot/2.0; +http://www.bing.com/bingbot.htm) Chrome/116.0.1938.76 Safari/537.36"
66.249.70.104 - - [15/Jul/2026:15:45:06 -0600] "GET / HTTP/1.1" 200 21433 "-" "Mozilla/5.0 (compatible; Googlebot/2.1; +http://www.google.com/bot.html)"
63.135.161.120 - - [15/Jul/2026:16:43:12 -0600] "GET / HTTP/1.1" 200 24770 "http://candytheclown.com" "Go-http-client/1.1"
74.7.175.152 - - [15/Jul/2026:16:48:44 -0600] "GET /robots.txt HTTP/2" 200 112 "-" "Mozilla/5.0 (Macintosh; Intel Mac OS X 10_15_7) AppleWebKit/537.36 (KHTML, like Gecko) Chrome/131.0.0.0 Safari/537.36; compatible; OAI-SearchBot/1.4; robots.txt; +https://openai.com/searchbot"
167.88.167.140 - - [15/Jul/2026:17:01:28 -0600] "HEAD /wp-content/plugins/custom-api-for-wp/classes/Common/Resources/JS/mo-caw-script.min.js HTTP/1.1" 404 0 "-" "Mozilla/5.0 (Windows NT 11.0; Win64; x64) AppleWebKit/537.36 (KHTML, like Gecko) Chrome/131.0.6778.86 Safari/537.36"
213.180.203.5 - - [15/Jul/2026:17:37:15 -0600] "GET /wp-sitemap.xml HTTP/2" 301 0 "-" "Mozilla/5.0 (compatible; YandexBot/3.0; +http://yandex.com/bots)"
198.175.150.9 - - [15/Jul/2026:17:44:15 -0600] "POST /wp-cron.php?doing_wp_cron=1784159055.0138959884643554687500 HTTP/1.1" 200 0 "-" "WordPress/7.0.1; https://candytheclown.com"
140.250.91.196 - - [15/Jul/2026:17:47:48 -0600] "GET /robots.txt HTTP/1.1" 301 0 "http://www.candytheclown.com/robots.txt" "Mozilla/5.0 (Windows NT 10.0; Win64; x64) AppleWebKit/537.36 (KHTML, like Gecko) Chrome/81.0.3234.50 Safari/537.36"
140.174.118.108 - - [15/Jul/2026:14:59:32 -0600] "GET /2025/03/07/candy-the-clown-a-magical-experience-for-kids-in-southlake-texas/ HTTP/2" 200 26945 "-" "Mozilla/5.0 (Macintosh; Intel Mac OS X 10_14_0) AppleWebKit/537.36 (KHTML, like Gecko) Chrome/41.0.4170.1031 Safari/537.36"
140.174.118.108 - - [15/Jul/2026:14:59:40 -0600] "GET /wp-content/uploads/elementor/css/post-596.css?ver=1784149174 HTTP/2" 200 172 "https://candytheclown.com/2025/03/07/candy-the-clown-a-magical-experience-for-kids-in-southlake-texas/" "Mozilla/5.0 (Macintosh; Intel Mac OS X 10_14_0) AppleWebKit/537.36 (KHTML, like Gecko) Chrome/41.0.4170.1031 Safari/537.36"
140.174.118.108 - - [15/Jul/2026:14:59:41 -0600] "GET /wp-content/uploads/2025/03/Candy-southlake.jpg HTTP/2" 206 500 "https://candytheclown.com/2025/03/07/candy-the-clown-a-magical-experience-for-kids-in-southlake-texas/" "Mozilla/5.0 (Macintosh; Intel Mac OS X 10_14_0) AppleWebKit/537.36 (KHTML, like Gecko) Chrome/41.0.4170.1031 Safari/537.36"
140.174.118.108 - - [15/Jul/2026:14:59:42 -0600] "GET /wp-content/uploads/2025/03/Candy-southlake.jpg HTTP/2" 304 0 "https://candytheclown.com/2025/03/07/candy-the-clown-a-magical-experience-for-kids-in-southlake-texas/" "Mozilla/5.0 (Macintosh; Intel Mac OS X 10_14_0) AppleWebKit/537.36 (KHTML, like Gecko) Chrome/41.0.4170.1031 Safari/537.36"
140.174.118.108 - - [15/Jul/2026:14:59:42 -0600] "GET /wp-content/uploads/2025/03/Candy-southlake.jpg HTTP/2" 206 109817 "https://candytheclown.com/2025/03/07/candy-the-clown-a-magical-experience-for-kids-in-southlake-texas/" "Mozilla/5.0 (Macintosh; Intel Mac OS X 10_14_0) AppleWebKit/537.36 (KHTML, like Gecko) Chrome/41.0.4170.1031 Safari/537.36"
3.136.97.220 - - [15/Jul/2026:15:10:27 -0600] "GET /about/ HTTP/1.1" 200 26339 "-" "AutotouchCompanyCrawler/1.0 (+https://autotouch.ai)"
3.136.97.220 - - [15/Jul/2026:15:10:29 -0600] "GET /availability-and-prices HTTP/1.1" 301 0 "-" "AutotouchCompanyCrawler/1.0 (+https://autotouch.ai)"
67.203.33.156 - - [15/Jul/2026:15:23:31 -0600] "GET /wp-content/uploads/2025/03/Candy-crowley.jpg HTTP/2" 200 109253 "https://candytheclown.com/2025/03/07/carol-crawford-aka-candy-the-clown-a-fun-filled-experience-for-your-kids-in-crowley-texas/" "Mozilla/5.0 (Macintosh; Intel Mac OS X 10_15_7) AppleWebKit/537.36 (KHTML, like Gecko) Chrome/131.0.0.0 Safari/537.36"
1.13.158.23 - - [15/Jul/2026:15:43:33 -0600] "GET / HTTP/1.1" 403 72 "http://www.candytheclown.com" "Mozilla/5.0 (iPhone; CPU iPhone OS 13_2_3 like Mac OS X) AppleWebKit/605.1.15 (KHTML, like Gecko) Version/13.0.3 Mobile/15E148 Safari/604.1"
173.239.211.44 - - [15/Jul/2026:16:41:53 -0600] "GET / HTTP/1.1" 200 24770 "http://candytheclown.com" "Go-http-client/1.1"
173.239.211.44 - - [15/Jul/2026:16:42:07 -0600] "GET / HTTP/1.1" 401 53 "http://cpcalendars.candytheclown.com" "Go-http-client/1.1"
45.130.83.244 - - [15/Jul/2026:16:42:10 -0600] "GET / HTTP/1.1" 200 24770 "http://candytheclown.com" "Go-http-client/1.1"
198.175.150.9 - - [15/Jul/2026:16:43:13 -0600] "POST /wp-cron.php?doing_wp_cron=1784155393.0066130161285400390625 HTTP/1.1" 200 0 "-" "WordPress/7.0.1; https://candytheclown.com"
74.7.243.240 - - [15/Jul/2026:16:48:44 -0600] "GET /sitemap_index.xml HTTP/2" 200 314 "-" "Mozilla/5.0 AppleWebKit/537.36 (KHTML, like Gecko; compatible; GPTBot/1.4; +https://openai.com/gptbot)"
43.167.157.80 - - [15/Jul/2026:17:27:07 -0600] "GET / HTTP/1.1" 301 0 "http://www.candytheclown.com" "Mozilla/5.0 (iPhone; CPU iPhone OS 13_2_3 like Mac OS X) AppleWebKit/605.1.15 (KHTML, like Gecko) Version/13.0.3 Mobile/15E148 Safari/604.1"
121.237.36.27 - - [15/Jul/2026:17:50:39 -0600] "GET / HTTP/1.1" 403 72 "-" "Dalvik/2.1.0 (Linux; U; Android 9.0; ZTE BA520 Build/MRA58K)"
117.84.192.25 - - [15/Jul/2026:17:48:05 -0600] "GET /robots.txt HTTP/1.1" 403 72 "http://www.candytheclown.com/robots.txt" "Mozilla/5.0 (Windows NT 10.0; Win64; x64) AppleWebKit/537.36 (KHTML, like Gecko) Chrome/81.0.3234.50 Safari/537.36"
216.76.52.131 - - [15/Jul/2026:18:10:35 -0600] "GET / HTTP/2" 200 21403 "https://www.google.com/" "Mozilla/5.0 (iPhone; CPU iPhone OS 18_7 like Mac OS X) AppleWebKit/605.1.15 (KHTML, like Gecko) Version/26.5.2 Mobile/15E148 Safari/604.1"
216.76.52.131 - - [15/Jul/2026:18:10:36 -0600] "GET /wp-content/themes/astra/assets/css/minified/main.min.css?ver=4.13.6 HTTP/2" 200 8389 "https://candytheclown.com/" "Mozilla/5.0 (iPhone; CPU iPhone OS 18_7 like Mac OS X) AppleWebKit/605.1.15 (KHTML, like Gecko) Version/26.5.2 Mobile/15E148 Safari/604.1"
216.76.52.131 - - [15/Jul/2026:18:10:36 -0600] "GET /wp-content/uploads/astra-addon/astra-addon-6a439ac31ec5c0-46925815.css?ver=4.13.5 HTTP/2" 200 2401 "https://candytheclown.com/" "Mozilla/5.0 (iPhone; CPU iPhone OS 18_7 like Mac OS X) AppleWebKit/605.1.15 (KHTML, like Gecko) Version/26.5.2 Mobile/15E148 Safari/604.1"
216.76.52.131 - - [15/Jul/2026:18:10:36 -0600] "GET /wp-content/plugins/elementor/assets/lib/eicons/css/elementor-icons.min.css?ver=5.50.0 HTTP/2" 200 4123 "https://candytheclown.com/" "Mozilla/5.0 (iPhone; CPU iPhone OS 18_7 like Mac OS X) AppleWebKit/605.1.15 (KHTML, like Gecko) Version/26.5.2 Mobile/15E148 Safari/604.1"
216.76.52.131 - - [15/Jul/2026:18:10:36 -0600] "GET /wp-content/plugins/elementor/assets/css/frontend.min.css?ver=4.1.4 HTTP/2" 200 6613 "https://candytheclown.com/" "Mozilla/5.0 (iPhone; CPU iPhone OS 18_7 like Mac OS X) AppleWebKit/605.1.15 (KHTML, like Gecko) Version/26.5.2 Mobile/15E148 Safari/604.1"
216.76.52.131 - - [15/Jul/2026:18:10:36 -0600] "GET /wp-content/uploads/elementor/css/post-9.css?ver=1784112240 HTTP/2" 200 342 "https://candytheclown.com/" "Mozilla/5.0 (iPhone; CPU iPhone OS 18_7 like Mac OS X) AppleWebKit/605.1.15 (KHTML, like Gecko) Version/26.5.2 Mobile/15E148 Safari/604.1"
216.76.52.131 - - [15/Jul/2026:18:10:36 -0600] "GET /wp-content/plugins/elementor/assets/css/widget-video.min.css?ver=4.1.4 HTTP/2" 200 328 "https://candytheclown.com/" "Mozilla/5.0 (iPhone; CPU iPhone OS 18_7 like Mac OS X) AppleWebKit/605.1.15 (KHTML, like Gecko) Version/26.5.2 Mobile/15E148 Safari/604.1"
216.76.52.131 - - [15/Jul/2026:18:10:36 -0600] "GET /wp-content/uploads/elementor/css/post-38.css?ver=1784112240 HTTP/2" 200 108 "https://candytheclown.com/" "Mozilla/5.0 (iPhone; CPU iPhone OS 18_7 like Mac OS X) AppleWebKit/605.1.15 (KHTML, like Gecko) Version/26.5.2 Mobile/15E148 Safari/604.1"
216.76.52.131 - - [15/Jul/2026:18:10:36 -0600] "GET /wp-content/uploads/elementor/google-fonts/css/roboto.css?ver=1742234071 HTTP/2" 200 1872 "https://candytheclown.com/" "Mozilla/5.0 (iPhone; CPU iPhone OS 18_7 like Mac OS X) AppleWebKit/605.1.15 (KHTML, like Gecko) Version/26.5.2 Mobile/15E148 Safari/604.1"
216.76.52.131 - - [15/Jul/2026:18:10:36 -0600] "GET /wp-content/uploads/elementor/google-fonts/css/robotoslab.css?ver=1742234078 HTTP/2" 200 708 "https://candytheclown.com/" "Mozilla/5.0 (iPhone; CPU iPhone OS 18_7 like Mac OS X) AppleWebKit/605.1.15 (KHTML, like Gecko) Version/26.5.2 Mobile/15E148 Safari/604.1"
216.76.52.131 - - [15/Jul/2026:18:10:36 -0600] "GET /wp-includes/js/jquery/jquery.min.js?ver=3.7.1 HTTP/2" 200 29744 "https://candytheclown.com/" "Mozilla/5.0 (iPhone; CPU iPhone OS 18_7 like Mac OS X) AppleWebKit/605.1.15 (KHTML, like Gecko) Version/26.5.2 Mobile/15E148 Safari/604.1"
216.76.52.131 - - [15/Jul/2026:18:10:36 -0600] "GET /wp-includes/js/jquery/jquery-migrate.min.js?ver=3.4.1 HTTP/2" 200 4678 "https://candytheclown.com/" "Mozilla/5.0 (iPhone; CPU iPhone OS 18_7 like Mac OS X) AppleWebKit/605.1.15 (KHTML, like Gecko) Version/26.5.2 Mobile/15E148 Safari/604.1"
216.76.52.131 - - [15/Jul/2026:18:10:36 -0600] "GET /wp-content/themes/astra/assets/js/minified/frontend.min.js?ver=4.13.6 HTTP/2" 200 5693 "https://candytheclown.com/" "Mozilla/5.0 (iPhone; CPU iPhone OS 18_7 like Mac OS X) AppleWebKit/605.1.15 (KHTML, like Gecko) Version/26.5.2 Mobile/15E148 Safari/604.1"
216.76.52.131 - - [15/Jul/2026:18:10:36 -0600] "GET /wp-content/uploads/astra-addon/astra-addon-6a439ac31f2be8-55963754.js?ver=4.13.5 HTTP/2" 200 3191 "https://candytheclown.com/" "Mozilla/5.0 (iPhone; CPU iPhone OS 18_7 like Mac OS X) AppleWebKit/605.1.15 (KHTML, like Gecko) Version/26.5.2 Mobile/15E148 Safari/604.1"
216.76.52.131 - - [15/Jul/2026:18:10:36 -0600] "GET /wp-content/plugins/astra-addon/assets/js/minified/purify.min.js?ver=4.13.5 HTTP/2" 200 10151 "https://candytheclown.com/" "Mozilla/5.0 (iPhone; CPU iPhone OS 18_7 like Mac OS X) AppleWebKit/605.1.15 (KHTML, like Gecko) Version/26.5.2 Mobile/15E148 Safari/604.1"
216.76.52.131 - - [15/Jul/2026:18:10:36 -0600] "GET /wp-content/plugins/elementor/assets/js/webpack.runtime.min.js?ver=4.1.4 HTTP/2" 200 2338 "https://candytheclown.com/" "Mozilla/5.0 (iPhone; CPU iPhone OS 18_7 like Mac OS X) AppleWebKit/605.1.15 (KHTML, like Gecko) Version/26.5.2 Mobile/15E148 Safari/604.1"
216.76.52.131 - - [15/Jul/2026:18:10:36 -0600] "GET /wp-content/plugins/elementor/assets/js/frontend-modules.min.js?ver=4.1.4 HTTP/2" 200 15445 "https://candytheclown.com/" "Mozilla/5.0 (iPhone; CPU iPhone OS 18_7 like Mac OS X) AppleWebKit/605.1.15 (KHTML, like Gecko) Version/26.5.2 Mobile/15E148 Safari/604.1"
216.76.52.131 - - [15/Jul/2026:18:10:36 -0600] "GET /wp-includes/js/jquery/ui/core.min.js?ver=1.13.3 HTTP/2" 200 6812 "https://candytheclown.com/" "Mozilla/5.0 (iPhone; CPU iPhone OS 18_7 like Mac OS X) AppleWebKit/605.1.15 (KHTML, like Gecko) Version/26.5.2 Mobile/15E148 Safari/604.1"
216.76.52.131 - - [15/Jul/2026:18:10:36 -0600] "GET /wp-content/plugins/elementor/assets/js/frontend.min.js?ver=4.1.4 HTTP/2" 200 10124 "https://candytheclown.com/" "Mozilla/5.0 (iPhone; CPU iPhone OS 18_7 like Mac OS X) AppleWebKit/605.1.15 (KHTML, like Gecko) Version/26.5.2 Mobile/15E148 Safari/604.1"
216.76.52.131 - - [15/Jul/2026:18:10:36 -0600] "GET /wp-content/plugins/elementor-pro/assets/js/webpack-pro.runtime.min.js?ver=4.1.2 HTTP/2" 200 2606 "https://candytheclown.com/" "Mozilla/5.0 (iPhone; CPU iPhone OS 18_7 like Mac OS X) AppleWebKit/605.1.15 (KHTML, like Gecko) Version/26.5.2 Mobile/15E148 Safari/604.1"
216.76.52.131 - - [15/Jul/2026:18:10:36 -0600] "GET /wp-includes/js/dist/hooks.min.js?ver=7496969728ca0f95732d HTTP/2" 200 1734 "https://candytheclown.com/" "Mozilla/5.0 (iPhone; CPU iPhone OS 18_7 like Mac OS X) AppleWebKit/605.1.15 (KHTML, like Gecko) Version/26.5.2 Mobile/15E148 Safari/604.1"
216.76.52.131 - - [15/Jul/2026:18:10:36 -0600] "GET /wp-includes/js/dist/i18n.min.js?ver=781d11515ad3d91786ec HTTP/2" 200 2354 "https://candytheclown.com/" "Mozilla/5.0 (iPhone; CPU iPhone OS 18_7 like Mac OS X) AppleWebKit/605.1.15 (KHTML, like Gecko) Version/26.5.2 Mobile/15E148 Safari/604.1"
216.76.52.131 - - [15/Jul/2026:18:10:36 -0600] "GET /wp-content/plugins/elementor-pro/assets/js/frontend.min.js?ver=4.1.2 HTTP/2" 200 6191 "https://candytheclown.com/" "Mozilla/5.0 (iPhone; CPU iPhone OS 18_7 like Mac OS X) AppleWebKit/605.1.15 (KHTML, like Gecko) Version/26.5.2 Mobile/15E148 Safari/604.1"
216.76.52.131 - - [15/Jul/2026:18:10:36 -0600] "GET /wp-content/plugins/elementor-pro/assets/js/elements-handlers.min.js?ver=4.1.2 HTTP/2" 200 10079 "https://candytheclown.com/" "Mozilla/5.0 (iPhone; CPU iPhone OS 18_7 like Mac OS X) AppleWebKit/605.1.15 (KHTML, like Gecko) Version/26.5.2 Mobile/15E148 Safari/604.1"
216.76.52.131 - - [15/Jul/2026:18:10:37 -0600] "GET /wp-content/plugins/elementor/assets/js/section-frontend-handlers.d85ab872da118940910d.bundle.min.js HTTP/2" 200 229 "https://candytheclown.com/" "Mozilla/5.0 (iPhone; CPU iPhone OS 18_7 like Mac OS X) AppleWebKit/605.1.15 (KHTML, like Gecko) Version/26.5.2 Mobile/15E148 Safari/604.1"
216.76.52.131 - - [15/Jul/2026:18:10:37 -0600] "GET /wp-content/plugins/elementor/assets/js/shared-frontend-handlers.03caa53373b56d3bab67.bundle.min.js HTTP/2" 200 2511 "https://candytheclown.com/" "Mozilla/5.0 (iPhone; CPU iPhone OS 18_7 like Mac OS X) AppleWebKit/605.1.15 (KHTML, like Gecko) Version/26.5.2 Mobile/15E148 Safari/604.1"
216.76.52.131 - - [15/Jul/2026:18:10:37 -0600] "GET /wp-content/plugins/elementor/assets/js/video.86d44e46e43d0807e708.bundle.min.js HTTP/2" 200 1186 "https://candytheclown.com/" "Mozilla/5.0 (iPhone; CPU iPhone OS 18_7 like Mac OS X) AppleWebKit/605.1.15 (KHTML, like Gecko) Version/26.5.2 Mobile/15E148 Safari/604.1"
216.76.52.131 - - [15/Jul/2026:18:10:37 -0600] "GET /wp-includes/js/wp-emoji-release.min.js?ver=7.0.1 HTTP/2" 200 4974 "https://candytheclown.com/" "Mozilla/5.0 (iPhone; CPU iPhone OS 18_7 like Mac OS X) AppleWebKit/605.1.15 (KHTML, like Gecko) Version/26.5.2 Mobile/15E148 Safari/604.1"
216.76.52.131 - - [15/Jul/2026:18:10:39 -0600] "GET /favicon.ico HTTP/2" 404 4986 "https://candytheclown.com/" "Mozilla/5.0 (iPhone; CPU iPhone OS 18_7 like Mac OS X) AppleWebKit/605.1.15 (KHTML, like Gecko) Version/26.5.2 Mobile/15E148 Safari/604.1"
216.76.52.131 - - [15/Jul/2026:18:10:54 -0600] "GET /wp-content/plugins/elementor/assets/lib/animations/styles/slideInRight.min.css?ver=4.1.4 HTTP/2" 200 155 "https://candytheclown.com/availability-and-prices/" "Mozilla/5.0 (iPhone; CPU iPhone OS 18_7 like Mac OS X) AppleWebKit/605.1.15 (KHTML, like Gecko) Version/26.5.2 Mobile/15E148 Safari/604.1"
216.76.52.131 - - [15/Jul/2026:18:10:54 -0600] "GET /wp-content/plugins/elementor/assets/lib/animations/styles/slideInLeft.min.css?ver=4.1.4 HTTP/2" 200 153 "https://candytheclown.com/availability-and-prices/" "Mozilla/5.0 (iPhone; CPU iPhone OS 18_7 like Mac OS X) AppleWebKit/605.1.15 (KHTML, like Gecko) Version/26.5.2 Mobile/15E148 Safari/604.1"
216.76.52.131 - - [15/Jul/2026:18:10:54 -0600] "GET /wp-content/uploads/elementor/css/post-321.css?ver=1784142163 HTTP/2" 200 361 "https://candytheclown.com/availability-and-prices/" "Mozilla/5.0 (iPhone; CPU iPhone OS 18_7 like Mac OS X) AppleWebKit/605.1.15 (KHTML, like Gecko) Version/26.5.2 Mobile/15E148 Safari/604.1"
216.76.52.131 - - [15/Jul/2026:18:10:54 -0600] "GET /wp-content/uploads/2022/10/stop-200-150x150.png HTTP/2" 200 8645 "https://candytheclown.com/availability-and-prices/" "Mozilla/5.0 (iPhone; CPU iPhone OS 18_7 like Mac OS X) AppleWebKit/605.1.15 (KHTML, like Gecko) Version/26.5.2 Mobile/15E148 Safari/604.1"
216.76.52.131 - - [15/Jul/2026:18:10:54 -0600] "GET /wp-content/uploads/elementor/google-fonts/fonts/roboto-kfo7cnqeu92fr1me7ksn66agldtyluama3yuba.woff2 HTTP/2" 200 40128 "https://candytheclown.com/" "Mozilla/5.0 (iPhone; CPU iPhone OS 18_7 like Mac OS X) AppleWebKit/605.1.15 (KHTML, like Gecko) Version/26.5.2 Mobile/15E148 Safari/604.1"
