52.167.144.166 - - [15/Jul/2026:13:25:28 -0600] "GET /wp-content/uploads/elementor/css/post-837.css?ver=1784116420 HTTP/2" 200 259 "https://dfwblogger.com/2024/02/10/the-indian-american-population-is-growing-in-dfw/" "Mozilla/5.0 AppleWebKit/537.36 (KHTML, like Gecko; compatible; bingbot/2.0; +http://www.bing.com/bingbot.htm) Chrome/136.0.0.0 Safari/537.36 AppleWebKit/537.36 (KHTML, like Gecko; compatible; bingbot/2.0; +http://www.bing.com/bingbot.htm) Chrome/116.0.1938.76 Safari/537.36"
52.167.144.166 - - [15/Jul/2026:13:25:28 -0600] "GET /wp-content/uploads/elementor/css/post-7.css?ver=1784112590 HTTP/2" 200 342 "https://dfwblogger.com/2024/02/10/the-indian-american-population-is-growing-in-dfw/" "Mozilla/5.0 AppleWebKit/537.36 (KHTML, like Gecko; compatible; bingbot/2.0; +http://www.bing.com/bingbot.htm) Chrome/136.0.0.0 Safari/537.36 AppleWebKit/537.36 (KHTML, like Gecko; compatible; bingbot/2.0; +http://www.bing.com/bingbot.htm) Chrome/116.0.1938.76 Safari/537.36"
216.73.216.84 - - [15/Jul/2026:14:01:03 -0600] "GET /robots.txt HTTP/2" 200 98 "-" "Mozilla/5.0 AppleWebKit/537.36 (KHTML, like Gecko; compatible; ClaudeBot/1.0; +claudebot@anthropic.com)"
216.73.216.84 - - [15/Jul/2026:14:01:04 -0600] "GET / HTTP/2" 200 26601 "-" "Mozilla/5.0 AppleWebKit/537.36 (KHTML, like Gecko; compatible; ClaudeBot/1.0; +claudebot@anthropic.com)"
161.142.144.179 - - [15/Jul/2026:14:21:35 -0600] "GET /wp-content/plugins/elementor/assets/js/frontend-modules.min.js?ver=4.1.4 HTTP/1.1" 200 15915 "https://dfwblogger.com/" "Mozilla/5.0 (Windows NT 10.0; Win64; x64) AppleWebKit/537.36 (KHTML, like Gecko) Chrome/124.0.0.0 Safari/537.36"
64.25.12.168 - - [15/Jul/2026:14:39:25 -0600] "GET /wp-json/google-site-kit/v1/modules/analytics-4/data/report?metrics%5B0%5D%5Bname%5D=totalUsers&startDate=2026-06-18&endDate=2026-07-15&compareStartDate=2026-05-21&compareEndDate=2026-06-17&url=https%3A%2F%2Fdfwblogger.com%2F&_locale=user HTTP/2" 500 112 "https://dfwblogger.com/" "Mozilla/5.0 (Windows NT 10.0; Win64; x64) AppleWebKit/537.36 (KHTML, like Gecko) Chrome/150.0.0.0 Safari/537.36"
64.25.12.168 - - [15/Jul/2026:14:56:30 -0600] "GET /wp-content/plugins/indexnow/static/js/main.5ed03d5a.js?ver=18 HTTP/2" 200 106782 "https://dfwblogger.com/wp-admin/edit.php" "Mozilla/5.0 (Windows NT 10.0; Win64; x64) AppleWebKit/537.36 (KHTML, like Gecko) Chrome/150.0.0.0 Safari/537.36"
64.25.12.168 - - [15/Jul/2026:14:56:30 -0600] "POST /wp-admin/admin-ajax.php HTTP/2" 200 51 "https://dfwblogger.com/wp-admin/edit.php" "Mozilla/5.0 (Windows NT 10.0; Win64; x64) AppleWebKit/537.36 (KHTML, like Gecko) Chrome/150.0.0.0 Safari/537.36"
64.25.12.168 - - [15/Jul/2026:14:56:36 -0600] "GET / HTTP/2" 200 39061 "https://dfwblogger.com/wp-admin/edit.php" "Mozilla/5.0 (Windows NT 10.0; Win64; x64) AppleWebKit/537.36 (KHTML, like Gecko) Chrome/150.0.0.0 Safari/537.36"
64.25.12.168 - - [15/Jul/2026:14:57:53 -0600] "POST /wp-admin/admin-ajax.php HTTP/2" 200 2163 "https://dfwblogger.com/" "Mozilla/5.0 (Windows NT 10.0; Win64; x64) AppleWebKit/537.36 (KHTML, like Gecko) Chrome/150.0.0.0 Safari/537.36"
64.25.12.168 - - [15/Jul/2026:14:57:54 -0600] "GET /wp-content/uploads/2025/03/What-has-changed-Will-we-ever-know-the-truth.jpg HTTP/2" 200 97379 "https://dfwblogger.com/" "Mozilla/5.0 (Windows NT 10.0; Win64; x64) AppleWebKit/537.36 (KHTML, like Gecko) Chrome/150.0.0.0 Safari/537.36"
64.25.12.168 - - [15/Jul/2026:14:57:54 -0600] "GET /wp-content/uploads/2025/03/cedar-hill-1000.jpg HTTP/2" 200 44653 "https://dfwblogger.com/" "Mozilla/5.0 (Windows NT 10.0; Win64; x64) AppleWebKit/537.36 (KHTML, like Gecko) Chrome/150.0.0.0 Safari/537.36"
64.25.12.168 - - [15/Jul/2026:14:57:54 -0600] "GET /wp-content/uploads/2025/03/Denton-Texas.jpg HTTP/2" 200 75226 "https://dfwblogger.com/" "Mozilla/5.0 (Windows NT 10.0; Win64; x64) AppleWebKit/537.36 (KHTML, like Gecko) Chrome/150.0.0.0 Safari/537.36"
64.25.12.168 - - [15/Jul/2026:14:57:54 -0600] "GET /wp-content/uploads/2025/02/old-fort-worth.jpg HTTP/2" 200 113807 "https://dfwblogger.com/" "Mozilla/5.0 (Windows NT 10.0; Win64; x64) AppleWebKit/537.36 (KHTML, like Gecko) Chrome/150.0.0.0 Safari/537.36"
64.25.12.168 - - [15/Jul/2026:14:57:54 -0600] "GET /wp-content/uploads/2025/03/Waxahachie-Texas.jpg HTTP/2" 200 181280 "https://dfwblogger.com/" "Mozilla/5.0 (Windows NT 10.0; Win64; x64) AppleWebKit/537.36 (KHTML, like Gecko) Chrome/150.0.0.0 Safari/537.36"
64.25.12.168 - - [15/Jul/2026:14:57:54 -0600] "GET /wp-content/uploads/2025/03/Why-Womens-Day-Matters-in-Dallas-Fort-Worth.jpg HTTP/2" 200 121198 "https://dfwblogger.com/" "Mozilla/5.0 (Windows NT 10.0; Win64; x64) AppleWebKit/537.36 (KHTML, like Gecko) Chrome/150.0.0.0 Safari/537.36"
64.25.12.168 - - [15/Jul/2026:14:57:54 -0600] "GET /wp-content/uploads/2025/03/UT-and-OU-in-the-Cotton-Bowl.jpg HTTP/2" 200 271357 "https://dfwblogger.com/" "Mozilla/5.0 (Windows NT 10.0; Win64; x64) AppleWebKit/537.36 (KHTML, like Gecko) Chrome/150.0.0.0 Safari/537.36"
64.25.12.168 - - [15/Jul/2026:14:58:15 -0600] "GET /wp-content/uploads/elementor/css/post-1175.css?ver=1784140111 HTTP/2" 200 178 "https://dfwblogger.com/2025/02/21/the-history-of-fort-worth-texas/" "Mozilla/5.0 (Windows NT 10.0; Win64; x64) AppleWebKit/537.36 (KHTML, like Gecko) Chrome/150.0.0.0 Safari/537.36"
64.25.12.168 - - [15/Jul/2026:14:58:14 -0600] "GET /2025/02/21/the-history-of-fort-worth-texas/ HTTP/2" 200 40687 "https://dfwblogger.com/" "Mozilla/5.0 (Windows NT 10.0; Win64; x64) AppleWebKit/537.36 (KHTML, like Gecko) Chrome/150.0.0.0 Safari/537.36"
64.25.12.168 - - [15/Jul/2026:14:58:15 -0600] "GET /wp-content/plugins/elementor/assets/js/text-editor.45609661e409413f1cef.bundle.min.js HTTP/2" 200 592 "https://dfwblogger.com/2025/02/21/the-history-of-fort-worth-texas/" "Mozilla/5.0 (Windows NT 10.0; Win64; x64) AppleWebKit/537.36 (KHTML, like Gecko) Chrome/150.0.0.0 Safari/537.36"
198.175.150.9 - - [15/Jul/2026:14:58:31 -0600] "POST /wp-cron.php?doing_wp_cron=1784149111.0545439720153808593750 HTTP/1.1" 200 0 "-" "WordPress/7.0.1; https://dfwblogger.com"
216.73.216.84 - - [15/Jul/2026:15:23:46 -0600] "GET /robots.txt HTTP/2" 200 98 "-" "Mozilla/5.0 AppleWebKit/537.36 (KHTML, like Gecko; compatible; ClaudeBot/1.0; +claudebot@anthropic.com)"
216.73.216.84 - - [15/Jul/2026:15:23:46 -0600] "GET /post/ HTTP/2" 200 25216 "-" "Mozilla/5.0 AppleWebKit/537.36 (KHTML, like Gecko; compatible; ClaudeBot/1.0; +claudebot@anthropic.com)"
54.241.225.159 - - [15/Jul/2026:15:34:23 -0600] "GET / HTTP/2" 200 30953 "-" "Mozilla/5.0 (Macintosh; Intel Mac OS X 10_15_0) AppleWebKit/537.36 (KHTML, like Gecko) Chrome/81.0.4044.138 Safari/537.36"
216.73.216.84 - - [15/Jul/2026:15:53:03 -0600] "GET /wp-sitemap.xml HTTP/2" 200 201 "-" "Mozilla/5.0 AppleWebKit/537.36 (KHTML, like Gecko; compatible; ClaudeBot/1.0; +claudebot@anthropic.com)"
17.241.75.219 - - [15/Jul/2026:15:56:13 -0600] "GET /wp-content/uploads/elementor/css/post-7.css?ver=1784112590 HTTP/2" 200 342 "https://dfwblogger.com/2025/03/11/southwest-airlines-has-decided-no-more-free-bags/" "Mozilla/5.0 (Macintosh; Intel Mac OS X 10_15_7) AppleWebKit/605.1.15 (KHTML, like Gecko) Version/17.4 Safari/605.1.15 (Applebot/0.1; +http://www.apple.com/go/applebot)"
17.241.75.219 - - [15/Jul/2026:15:56:14 -0600] "GET /wp-content/uploads/astra-addon/astra-addon-6a5586f2191895-56735099.css?ver=4.13.5 HTTP/2" 200 2401 "https://dfwblogger.com/2025/03/11/southwest-airlines-has-decided-no-more-free-bags/" "Mozilla/5.0 (Macintosh; Intel Mac OS X 10_15_7) AppleWebKit/605.1.15 (KHTML, like Gecko) Version/17.4 Safari/605.1.15 (Applebot/0.1; +http://www.apple.com/go/applebot)"
17.241.75.219 - - [15/Jul/2026:15:56:16 -0600] "GET /wp-content/themes/astra/assets/css/minified/main.min.css?ver=4.13.6 HTTP/2" 200 8389 "https://dfwblogger.com/2025/03/11/southwest-airlines-has-decided-no-more-free-bags/" "Mozilla/5.0 (Macintosh; Intel Mac OS X 10_15_7) AppleWebKit/605.1.15 (KHTML, like Gecko) Version/17.4 Safari/605.1.15 (Applebot/0.1; +http://www.apple.com/go/applebot)"
17.241.75.219 - - [15/Jul/2026:15:56:17 -0600] "GET /wp-content/plugins/ultimate-elementor/assets/min-css/uael-frontend.min.css?ver=1.45.1 HTTP/2" 200 76022 "https://dfwblogger.com/2025/03/11/southwest-airlines-has-decided-no-more-free-bags/" "Mozilla/5.0 (Macintosh; Intel Mac OS X 10_15_7) AppleWebKit/605.1.15 (KHTML, like Gecko) Version/17.4 Safari/605.1.15 (Applebot/0.1; +http://www.apple.com/go/applebot)"
17.241.75.219 - - [15/Jul/2026:15:56:19 -0600] "GET /wp-content/plugins/elementor/assets/css/frontend.min.css?ver=4.1.4 HTTP/2" 200 6613 "https://dfwblogger.com/2025/03/11/southwest-airlines-has-decided-no-more-free-bags/" "Mozilla/5.0 (Macintosh; Intel Mac OS X 10_15_7) AppleWebKit/605.1.15 (KHTML, like Gecko) Version/17.4 Safari/605.1.15 (Applebot/0.1; +http://www.apple.com/go/applebot)"
17.241.75.219 - - [15/Jul/2026:15:56:20 -0600] "GET /wp-content/plugins/elementor/assets/lib/eicons/css/elementor-icons.min.css?ver=5.50.0 HTTP/2" 200 4123 "https://dfwblogger.com/2025/03/11/southwest-airlines-has-decided-no-more-free-bags/" "Mozilla/5.0 (Macintosh; Intel Mac OS X 10_15_7) AppleWebKit/605.1.15 (KHTML, like Gecko) Version/17.4 Safari/605.1.15 (Applebot/0.1; +http://www.apple.com/go/applebot)"
17.241.75.219 - - [15/Jul/2026:15:56:22 -0600] "GET /wp-content/plugins/elementor/assets/css/widget-social-icons.min.css?ver=3.24.0 HTTP/2" 200 1039 "https://dfwblogger.com/2025/03/11/southwest-airlines-has-decided-no-more-free-bags/" "Mozilla/5.0 (Macintosh; Intel Mac OS X 10_15_7) AppleWebKit/605.1.15 (KHTML, like Gecko) Version/17.4 Safari/605.1.15 (Applebot/0.1; +http://www.apple.com/go/applebot)"
17.241.75.219 - - [15/Jul/2026:15:56:23 -0600] "GET /wp-content/plugins/elementor/assets/lib/font-awesome/css/brands.css?ver=5.15.3 HTTP/2" 200 296 "https://dfwblogger.com/2025/03/11/southwest-airlines-has-decided-no-more-free-bags/" "Mozilla/5.0 (Macintosh; Intel Mac OS X 10_15_7) AppleWebKit/605.1.15 (KHTML, like Gecko) Version/17.4 Safari/605.1.15 (Applebot/0.1; +http://www.apple.com/go/applebot)"
17.241.75.219 - - [15/Jul/2026:15:56:25 -0600] "GET /wp-content/plugins/elementor/assets/lib/font-awesome/css/fontawesome.css?ver=5.15.3 HTTP/2" 200 12526 "https://dfwblogger.com/2025/03/11/southwest-airlines-has-decided-no-more-free-bags/" "Mozilla/5.0 (Macintosh; Intel Mac OS X 10_15_7) AppleWebKit/605.1.15 (KHTML, like Gecko) Version/17.4 Safari/605.1.15 (Applebot/0.1; +http://www.apple.com/go/applebot)"
17.241.75.219 - - [15/Jul/2026:15:56:26 -0600] "GET /wp-content/plugins/elementor/assets/lib/font-awesome/css/solid.css?ver=5.15.3 HTTP/2" 200 296 "https://dfwblogger.com/2025/03/11/southwest-airlines-has-decided-no-more-free-bags/" "Mozilla/5.0 (Macintosh; Intel Mac OS X 10_15_7) AppleWebKit/605.1.15 (KHTML, like Gecko) Version/17.4 Safari/605.1.15 (Applebot/0.1; +http://www.apple.com/go/applebot)"
17.241.75.219 - - [15/Jul/2026:15:56:28 -0600] "GET /wp-content/uploads/elementor/css/post-1253.css?ver=1784152451 HTTP/2" 200 178 "https://dfwblogger.com/2025/03/11/southwest-airlines-has-decided-no-more-free-bags/" "Mozilla/5.0 (Macintosh; Intel Mac OS X 10_15_7) AppleWebKit/605.1.15 (KHTML, like Gecko) Version/17.4 Safari/605.1.15 (Applebot/0.1; +http://www.apple.com/go/applebot)"
17.241.75.219 - - [15/Jul/2026:15:56:33 -0600] "GET /wp-content/uploads/elementor/google-fonts/css/roboto.css?ver=1742235581 HTTP/2" 200 1876 "https://dfwblogger.com/2025/03/11/southwest-airlines-has-decided-no-more-free-bags/" "Mozilla/5.0 (Macintosh; Intel Mac OS X 10_15_7) AppleWebKit/605.1.15 (KHTML, like Gecko) Version/17.4 Safari/605.1.15 (Applebot/0.1; +http://www.apple.com/go/applebot)"
17.241.75.219 - - [15/Jul/2026:15:56:40 -0600] "GET /wp-content/uploads/elementor/google-fonts/css/robotoslab.css?ver=1742235587 HTTP/2" 200 708 "https://dfwblogger.com/2025/03/11/southwest-airlines-has-decided-no-more-free-bags/" "Mozilla/5.0 (Macintosh; Intel Mac OS X 10_15_7) AppleWebKit/605.1.15 (KHTML, like Gecko) Version/17.4 Safari/605.1.15 (Applebot/0.1; +http://www.apple.com/go/applebot)"
198.175.150.9 - - [15/Jul/2026:16:17:37 -0600] "POST /wp-cron.php?doing_wp_cron=1784153857.2020480632781982421875 HTTP/1.1" 200 0 "-" "WordPress/7.0.1; https://dfwblogger.com"
198.175.150.9 - - [15/Jul/2026:16:17:37 -0600] "POST /wp-cron.php?doing_wp_cron=1784153857.2399299144744873046875 HTTP/1.1" 200 0 "-" "WordPress/7.0.1; https://dfwblogger.com"
216.73.216.84 - - [15/Jul/2026:16:40:58 -0600] "GET /robots.txt HTTP/2" 200 98 "-" "Mozilla/5.0 AppleWebKit/537.36 (KHTML, like Gecko; compatible; ClaudeBot/1.0; +claudebot@anthropic.com)"
216.73.216.84 - - [15/Jul/2026:16:40:58 -0600] "GET /post/page/2/ HTTP/2" 200 26361 "-" "Mozilla/5.0 AppleWebKit/537.36 (KHTML, like Gecko; compatible; ClaudeBot/1.0; +claudebot@anthropic.com)"
216.73.216.84 - - [15/Jul/2026:16:45:49 -0600] "GET /post/page/7/ HTTP/2" 200 23026 "-" "Mozilla/5.0 AppleWebKit/537.36 (KHTML, like Gecko; compatible; ClaudeBot/1.0; +claudebot@anthropic.com)"
136.226.102.181 - - [15/Jul/2026:16:53:28 -0600] "GET /2025/03/01/the-history-of-cedar-hill-texas/ HTTP/1.1" 200 27651 "https://www.bing.com/" "Mozilla/5.0 (Windows NT 10.0; Win64; x64) AppleWebKit/537.36 (KHTML, like Gecko) Chrome/150.0.0.0 Safari/537.36 Edg/150.0.0.0"
136.226.102.181 - - [15/Jul/2026:16:53:30 -0600] "GET /wp-content/uploads/astra-addon/astra-addon-6a5586f2191895-56735099.css?ver=4.13.5 HTTP/1.1" 200 2401 "https://dfwblogger.com/2025/03/01/the-history-of-cedar-hill-texas/" "Mozilla/5.0 (Windows NT 10.0; Win64; x64) AppleWebKit/537.36 (KHTML, like Gecko) Chrome/150.0.0.0 Safari/537.36 Edg/150.0.0.0"
136.226.102.181 - - [15/Jul/2026:16:53:30 -0600] "GET /wp-content/themes/astra/assets/css/minified/main.min.css?ver=4.13.6 HTTP/1.1" 200 8389 "https://dfwblogger.com/2025/03/01/the-history-of-cedar-hill-texas/" "Mozilla/5.0 (Windows NT 10.0; Win64; x64) AppleWebKit/537.36 (KHTML, like Gecko) Chrome/150.0.0.0 Safari/537.36 Edg/150.0.0.0"
64.25.12.168 - - [15/Jul/2026:14:58:30 -0600] "GET / HTTP/2" 200 39061 "https://dfwblogger.com/wp-admin/edit.php" "Mozilla/5.0 (Windows NT 10.0; Win64; x64) AppleWebKit/537.36 (KHTML, like Gecko) Chrome/150.0.0.0 Safari/537.36"
64.25.12.168 - - [15/Jul/2026:14:58:39 -0600] "GET /wp-content/uploads/elementor/css/post-1576.css?ver=1784116424 HTTP/2" 200 178 "https://dfwblogger.com/2026/07/13/new-roller-coaster-at-six-flags/" "Mozilla/5.0 (Windows NT 10.0; Win64; x64) AppleWebKit/537.36 (KHTML, like Gecko) Chrome/150.0.0.0 Safari/537.36"
64.25.12.168 - - [15/Jul/2026:14:58:38 -0600] "GET /2026/07/13/new-roller-coaster-at-six-flags/ HTTP/2" 200 41522 "https://dfwblogger.com/" "Mozilla/5.0 (Windows NT 10.0; Win64; x64) AppleWebKit/537.36 (KHTML, like Gecko) Chrome/150.0.0.0 Safari/537.36"
198.175.150.9 - - [15/Jul/2026:15:10:03 -0600] "POST /wp-cron.php?doing_wp_cron=1784149803.2489819526672363281250 HTTP/1.1" 200 0 "-" "WordPress/7.0.1; https://dfwblogger.com"
54.203.97.146 - - [15/Jul/2026:15:16:06 -0600] "GET /wp-content/uploads/2025/03/cedar-hill-1000.jpg HTTP/2" 200 44653 "-" "Mozilla/5.0 (Windows NT 10.0; Win64; x64) AppleWebKit/537.36 (KHTML, like Gecko) Chrome/144.0.0.0 Safari/537.36"
85.208.96.195 - - [15/Jul/2026:15:19:05 -0600] "GET /robots.txt HTTP/1.1" 200 111 "-" "Mozilla/5.0 (compatible; SemrushBot/7~bl; +http://www.semrush.com/bot.html)"
85.208.96.204 - - [15/Jul/2026:15:19:06 -0600] "GET /tag/holiday-events/ HTTP/1.1" 200 26130 "-" "Mozilla/5.0 (compatible; SemrushBot/7~bl; +http://www.semrush.com/bot.html)"
32.185.220.132 - - [15/Jul/2026:15:27:25 -0600] "GET /post/ HTTP/2" 200 29535 "-" "Mozilla/5.0 (Macintosh; Intel Mac OS X 10_15_0) AppleWebKit/537.36 (KHTML, like Gecko) Chrome/81.0.4044.138 Safari/537.36"
198.244.183.206 - - [15/Jul/2026:15:50:16 -0600] "GET /robots.txt HTTP/2" 200 98 "-" "Mozilla/5.0 (compatible; AhrefsBot/7.0; +http://ahrefs.com/robot/)"
40.116.73.209 - - [15/Jul/2026:15:54:51 -0600] "GET /2025/07/28/the-i-30-rockwall-bridge/ HTTP/2" 200 30028 "-" "Mozilla/5.0 AppleWebKit/537.36 (KHTML, like Gecko); compatible; ChatGPT-User/1.0; +https://openai.com/bot"
18.144.83.152 - - [15/Jul/2026:16:20:23 -0600] "GET /post/ HTTP/2" 200 29535 "-" "Mozilla/5.0 (Macintosh; Intel Mac OS X 10_15_0) AppleWebKit/537.36 (KHTML, like Gecko) Chrome/81.0.4044.138 Safari/537.36"
69.171.234.29 - - [15/Jul/2026:16:26:47 -0600] "GET /wp-content/uploads/2025/10/heb-rockwall.jpg HTTP/2" 200 189932 "-" "facebookexternalhit/1.1 (+http://www.facebook.com/externalhit_uatext.php)"
216.73.216.84 - - [15/Jul/2026:16:47:35 -0600] "GET /category/parties-and-events/ HTTP/2" 200 23476 "-" "Mozilla/5.0 AppleWebKit/537.36 (KHTML, like Gecko; compatible; ClaudeBot/1.0; +claudebot@anthropic.com)"
216.73.216.84 - - [15/Jul/2026:16:49:59 -0600] "GET /category/entertainment/ HTTP/2" 200 22417 "-" "Mozilla/5.0 AppleWebKit/537.36 (KHTML, like Gecko; compatible; ClaudeBot/1.0; +claudebot@anthropic.com)"
136.226.102.181 - - [15/Jul/2026:16:53:30 -0600] "GET /wp-content/uploads/elementor/css/post-1201.css?ver=1784156009 HTTP/1.1" 200 178 "https://dfwblogger.com/2025/03/01/the-history-of-cedar-hill-texas/" "Mozilla/5.0 (Windows NT 10.0; Win64; x64) AppleWebKit/537.36 (KHTML, like Gecko) Chrome/150.0.0.0 Safari/537.36 Edg/150.0.0.0"
136.226.102.181 - - [15/Jul/2026:16:53:30 -0600] "GET /wp-content/uploads/elementor/google-fonts/css/roboto.css?ver=1742235581 HTTP/1.1" 200 1876 "https://dfwblogger.com/2025/03/01/the-history-of-cedar-hill-texas/" "Mozilla/5.0 (Windows NT 10.0; Win64; x64) AppleWebKit/537.36 (KHTML, like Gecko) Chrome/150.0.0.0 Safari/537.36 Edg/150.0.0.0"
136.226.102.181 - - [15/Jul/2026:16:53:30 -0600] "GET /wp-content/uploads/elementor/google-fonts/css/robotoslab.css?ver=1742235587 HTTP/1.1" 200 708 "https://dfwblogger.com/2025/03/01/the-history-of-cedar-hill-texas/" "Mozilla/5.0 (Windows NT 10.0; Win64; x64) AppleWebKit/537.36 (KHTML, like Gecko) Chrome/150.0.0.0 Safari/537.36 Edg/150.0.0.0"
136.226.102.181 - - [15/Jul/2026:16:53:30 -0600] "GET /wp-content/plugins/elementor/assets/lib/eicons/css/elementor-icons.min.css?ver=5.50.0 HTTP/1.1" 200 4123 "https://dfwblogger.com/2025/03/01/the-history-of-cedar-hill-texas/" "Mozilla/5.0 (Windows NT 10.0; Win64; x64) AppleWebKit/537.36 (KHTML, like Gecko) Chrome/150.0.0.0 Safari/537.36 Edg/150.0.0.0"
136.226.102.181 - - [15/Jul/2026:16:53:30 -0600] "GET /wp-content/plugins/elementor/assets/css/frontend.min.css?ver=4.1.4 HTTP/1.1" 200 6613 "https://dfwblogger.com/2025/03/01/the-history-of-cedar-hill-texas/" "Mozilla/5.0 (Windows NT 10.0; Win64; x64) AppleWebKit/537.36 (KHTML, like Gecko) Chrome/150.0.0.0 Safari/537.36 Edg/150.0.0.0"
136.226.102.181 - - [15/Jul/2026:16:53:30 -0600] "GET /wp-content/uploads/elementor/css/post-7.css?ver=1784112590 HTTP/1.1" 200 342 "https://dfwblogger.com/2025/03/01/the-history-of-cedar-hill-texas/" "Mozilla/5.0 (Windows NT 10.0; Win64; x64) AppleWebKit/537.36 (KHTML, like Gecko) Chrome/150.0.0.0 Safari/537.36 Edg/150.0.0.0"
136.226.102.181 - - [15/Jul/2026:16:53:30 -0600] "GET /wp-content/plugins/ultimate-elementor/assets/min-css/uael-frontend.min.css?ver=1.45.1 HTTP/1.1" 200 76022 "https://dfwblogger.com/2025/03/01/the-history-of-cedar-hill-texas/" "Mozilla/5.0 (Windows NT 10.0; Win64; x64) AppleWebKit/537.36 (KHTML, like Gecko) Chrome/150.0.0.0 Safari/537.36 Edg/150.0.0.0"
136.226.102.181 - - [15/Jul/2026:16:53:30 -0600] "GET /wp-content/plugins/elementor/assets/css/widget-social-icons.min.css?ver=3.24.0 HTTP/1.1" 200 1039 "https://dfwblogger.com/2025/03/01/the-history-of-cedar-hill-texas/" "Mozilla/5.0 (Windows NT 10.0; Win64; x64) AppleWebKit/537.36 (KHTML, like Gecko) Chrome/150.0.0.0 Safari/537.36 Edg/150.0.0.0"
136.226.102.181 - - [15/Jul/2026:16:53:30 -0600] "GET /wp-content/plugins/elementor/assets/lib/font-awesome/css/brands.css?ver=5.15.3 HTTP/1.1" 200 296 "https://dfwblogger.com/2025/03/01/the-history-of-cedar-hill-texas/" "Mozilla/5.0 (Windows NT 10.0; Win64; x64) AppleWebKit/537.36 (KHTML, like Gecko) Chrome/150.0.0.0 Safari/537.36 Edg/150.0.0.0"
136.226.102.181 - - [15/Jul/2026:16:53:30 -0600] "GET /wp-content/plugins/elementor/assets/lib/font-awesome/css/solid.css?ver=5.15.3 HTTP/1.1" 200 296 "https://dfwblogger.com/2025/03/01/the-history-of-cedar-hill-texas/" "Mozilla/5.0 (Windows NT 10.0; Win64; x64) AppleWebKit/537.36 (KHTML, like Gecko) Chrome/150.0.0.0 Safari/537.36 Edg/150.0.0.0"
136.226.102.181 - - [15/Jul/2026:16:53:30 -0600] "GET /wp-includes/js/jquery/jquery.min.js?ver=3.7.1 HTTP/1.1" 200 29744 "https://dfwblogger.com/2025/03/01/the-history-of-cedar-hill-texas/" "Mozilla/5.0 (Windows NT 10.0; Win64; x64) AppleWebKit/537.36 (KHTML, like Gecko) Chrome/150.0.0.0 Safari/537.36 Edg/150.0.0.0"
136.226.102.181 - - [15/Jul/2026:16:53:30 -0600] "GET /wp-includes/js/jquery/jquery-migrate.min.js?ver=3.4.1 HTTP/1.1" 200 4678 "https://dfwblogger.com/2025/03/01/the-history-of-cedar-hill-texas/" "Mozilla/5.0 (Windows NT 10.0; Win64; x64) AppleWebKit/537.36 (KHTML, like Gecko) Chrome/150.0.0.0 Safari/537.36 Edg/150.0.0.0"
136.226.102.181 - - [15/Jul/2026:16:53:30 -0600] "GET /wp-content/uploads/astra-addon/astra-addon-6a5586f21983a0-91101535.js?ver=4.13.5 HTTP/1.1" 200 3191 "https://dfwblogger.com/2025/03/01/the-history-of-cedar-hill-texas/" "Mozilla/5.0 (Windows NT 10.0; Win64; x64) AppleWebKit/537.36 (KHTML, like Gecko) Chrome/150.0.0.0 Safari/537.36 Edg/150.0.0.0"
136.226.102.181 - - [15/Jul/2026:16:53:30 -0600] "GET /wp-content/plugins/elementor/assets/js/webpack.runtime.min.js?ver=4.1.4 HTTP/1.1" 200 2338 "https://dfwblogger.com/2025/03/01/the-history-of-cedar-hill-texas/" "Mozilla/5.0 (Windows NT 10.0; Win64; x64) AppleWebKit/537.36 (KHTML, like Gecko) Chrome/150.0.0.0 Safari/537.36 Edg/150.0.0.0"
136.226.102.181 - - [15/Jul/2026:16:53:30 -0600] "GET /wp-content/uploads/2025/03/cedar-hill-1000.jpg HTTP/1.1" 200 44653 "https://dfwblogger.com/2025/03/01/the-history-of-cedar-hill-texas/" "Mozilla/5.0 (Windows NT 10.0; Win64; x64) AppleWebKit/537.36 (KHTML, like Gecko) Chrome/150.0.0.0 Safari/537.36 Edg/150.0.0.0"
136.226.102.181 - - [15/Jul/2026:16:53:30 -0600] "GET /wp-content/plugins/astra-addon/assets/js/minified/purify.min.js?ver=4.13.5 HTTP/1.1" 200 10151 "https://dfwblogger.com/2025/03/01/the-history-of-cedar-hill-texas/" "Mozilla/5.0 (Windows NT 10.0; Win64; x64) AppleWebKit/537.36 (KHTML, like Gecko) Chrome/150.0.0.0 Safari/537.36 Edg/150.0.0.0"
136.226.102.181 - - [15/Jul/2026:16:53:30 -0600] "GET /wp-includes/js/jquery/ui/core.min.js?ver=1.13.3 HTTP/1.1" 200 6812 "https://dfwblogger.com/2025/03/01/the-history-of-cedar-hill-texas/" "Mozilla/5.0 (Windows NT 10.0; Win64; x64) AppleWebKit/537.36 (KHTML, like Gecko) Chrome/150.0.0.0 Safari/537.36 Edg/150.0.0.0"
136.226.102.181 - - [15/Jul/2026:16:53:30 -0600] "GET /wp-content/plugins/elementor-pro/assets/js/elements-handlers.min.js?ver=4.1.2 HTTP/1.1" 200 10079 "https://dfwblogger.com/2025/03/01/the-history-of-cedar-hill-texas/" "Mozilla/5.0 (Windows NT 10.0; Win64; x64) AppleWebKit/537.36 (KHTML, like Gecko) Chrome/150.0.0.0 Safari/537.36 Edg/150.0.0.0"
136.226.102.181 - - [15/Jul/2026:16:53:31 -0600] "GET /wp-content/uploads/elementor/google-fonts/fonts/roboto-kfo7cnqeu92fr1me7ksn66agldtyluama3yuba.woff2 HTTP/1.1" 200 40128 "https://dfwblogger.com/wp-content/uploads/elementor/google-fonts/css/roboto.css?ver=1742235581" "Mozilla/5.0 (Windows NT 10.0; Win64; x64) AppleWebKit/537.36 (KHTML, like Gecko) Chrome/150.0.0.0 Safari/537.36 Edg/150.0.0.0"
136.226.102.181 - - [15/Jul/2026:16:53:31 -0600] "GET /wp-content/plugins/elementor/assets/js/shared-frontend-handlers.03caa53373b56d3bab67.bundle.min.js HTTP/1.1" 200 2511 "https://dfwblogger.com/2025/03/01/the-history-of-cedar-hill-texas/" "Mozilla/5.0 (Windows NT 10.0; Win64; x64) AppleWebKit/537.36 (KHTML, like Gecko) Chrome/150.0.0.0 Safari/537.36 Edg/150.0.0.0"
136.226.102.181 - - [15/Jul/2026:16:53:31 -0600] "GET /wp-content/uploads/2026/07/cropped-logo-dfwblogger-32x32.png HTTP/1.1" 200 2568 "https://dfwblogger.com/2025/03/01/the-history-of-cedar-hill-texas/" "Mozilla/5.0 (Windows NT 10.0; Win64; x64) AppleWebKit/537.36 (KHTML, like Gecko) Chrome/150.0.0.0 Safari/537.36 Edg/150.0.0.0"
136.226.102.181 - - [15/Jul/2026:16:53:33 -0600] "GET /wp-includes/js/wp-emoji-release.min.js?ver=7.0.1 HTTP/1.1" 200 4974 "https://dfwblogger.com/2025/03/01/the-history-of-cedar-hill-texas/" "Mozilla/5.0 (Windows NT 10.0; Win64; x64) AppleWebKit/537.36 (KHTML, like Gecko) Chrome/150.0.0.0 Safari/537.36 Edg/150.0.0.0"
74.7.227.29 - - [15/Jul/2026:17:03:06 -0600] "GET /?p=1444 HTTP/2" 301 0 "https://dfwblogger.com/2025/07/15/perside-meteor-shower-in-dfw-2025/" "Mozilla/5.0 AppleWebKit/537.36 (KHTML, like Gecko; compatible; GPTBot/1.4; +https://openai.com/gptbot)"
74.7.227.29 - - [15/Jul/2026:17:03:07 -0600] "GET /2025/07/15/perside-meteor-shower-in-dfw-2025/ HTTP/2" 200 29733 "https://dfwblogger.com/?p=1444" "Mozilla/5.0 AppleWebKit/537.36 (KHTML, like Gecko; compatible; GPTBot/1.4; +https://openai.com/gptbot)"
74.7.227.29 - - [15/Jul/2026:17:03:09 -0600] "GET /wp-json/oembed/1.0/embed?url=https%3A%2F%2Fdfwblogger.com%2F2025%2F07%2F15%2Fperside-meteor-shower-in-dfw-2025%2F HTTP/2" 200 1122 "https://dfwblogger.com/2025/07/15/perside-meteor-shower-in-dfw-2025/" "Mozilla/5.0 AppleWebKit/537.36 (KHTML, like Gecko; compatible; GPTBot/1.4; +https://openai.com/gptbot)"
74.7.227.29 - - [15/Jul/2026:17:03:12 -0600] "GET /wp-content/uploads/elementor/css/post-1444.css?ver=1784124423 HTTP/2" 200 178 "https://dfwblogger.com/2025/07/15/perside-meteor-shower-in-dfw-2025/" "Mozilla/5.0 AppleWebKit/537.36 (KHTML, like Gecko; compatible; GPTBot/1.4; +https://openai.com/gptbot)"
173.252.82.32 - - [15/Jul/2026:14:55:59 -0600] "GET /wp-content/uploads/2023/10/FWZ_gorilla-1024x683.jpg HTTP/2" 200 206768 "-" "meta-externalagent/1.1 (+https://developers.facebook.com/docs/sharing/webmasters/crawler)"
173.252.82.42 - - [15/Jul/2026:14:56:46 -0600] "GET /wp-content/uploads/2023/10/balloon-glow-768x308.jpg HTTP/2" 200 56573 "-" "meta-externalagent/1.1 (+https://developers.facebook.com/docs/sharing/webmasters/crawler)"
198.175.150.9 - - [15/Jul/2026:14:58:31 -0600] "POST /wp-cron.php?doing_wp_cron=1784149111.0841970443725585937500 HTTP/1.1" 200 0 "-" "WordPress/7.0.1; https://dfwblogger.com"
64.25.12.168 - - [15/Jul/2026:15:00:38 -0600] "GET / HTTP/2" 200 39074 "https://dfwblogger.com/2026/07/13/new-roller-coaster-at-six-flags/" "Mozilla/5.0 (Windows NT 10.0; Win64; x64) AppleWebKit/537.36 (KHTML, like Gecko) Chrome/150.0.0.0 Safari/537.36"
17.246.15.175 - - [15/Jul/2026:15:09:59 -0600] "GET /2023/10/23/bonnie-and-clyde-the-infamous-outlaw-duo-and-their-dallas-fort-worth-connection/ HTTP/2" 200 34602 "-" "Mozilla/5.0 (Macintosh; Intel Mac OS X 10_15_7) AppleWebKit/605.1.15 (KHTML, like Gecko) Version/17.4 Safari/605.1.15 (Applebot/0.1; +http://www.apple.com/go/applebot)"
17.246.23.66 - - [15/Jul/2026:15:12:42 -0600] "GET /wp-content/uploads/elementor/css/post-601.css?ver=1784149802 HTTP/2" 200 271 "https://dfwblogger.com/2023/10/23/bonnie-and-clyde-the-infamous-outlaw-duo-and-their-dallas-fort-worth-connection/" "Mozilla/5.0 (Macintosh; Intel Mac OS X 10_15_7) AppleWebKit/605.1.15 (KHTML, like Gecko) Version/17.4 Safari/605.1.15 (Applebot/0.1; +http://www.apple.com/go/applebot)"
20.169.78.127 - - [15/Jul/2026:15:19:04 -0600] "GET / HTTP/2" 200 26601 "-" "Mozilla/5.0 AppleWebKit/537.36 (KHTML, like Gecko); compatible; ChatGPT-User/1.0; +https://openai.com/bot"
198.175.150.9 - - [15/Jul/2026:15:50:17 -0600] "POST /wp-cron.php?doing_wp_cron=1784152217.8107650279998779296875 HTTP/1.1" 200 0 "-" "WordPress/7.0.1; https://dfwblogger.com"
148.113.128.254 - - [15/Jul/2026:15:50:19 -0600] "GET /tag/parks/ HTTP/2" 200 22898 "-" "Mozilla/5.0 (compatible; AhrefsBot/7.0; +http://ahrefs.com/robot/)"
17.241.227.130 - - [15/Jul/2026:15:54:09 -0600] "GET /robots.txt HTTP/2" 200 111 "-" "Mozilla/5.0 (Macintosh; Intel Mac OS X 10_15_7) AppleWebKit/605.1.15 (KHTML, like Gecko) Version/17.4 Safari/605.1.15 (Applebot/0.1; +http://www.apple.com/go/applebot)"
17.241.227.130 - - [15/Jul/2026:15:54:10 -0600] "GET /2025/03/11/southwest-airlines-has-decided-no-more-free-bags/ HTTP/2" 200 33119 "-" "Mozilla/5.0 (Macintosh; Intel Mac OS X 10_15_7) AppleWebKit/605.1.15 (KHTML, like Gecko) Version/17.4 Safari/605.1.15 (Applebot/0.1; +http://www.apple.com/go/applebot)"
216.73.216.84 - - [15/Jul/2026:16:41:05 -0600] "GET /?p=1509 HTTP/2" 301 0 "-" "Mozilla/5.0 AppleWebKit/537.36 (KHTML, like Gecko; compatible; ClaudeBot/1.0; +claudebot@anthropic.com)"
216.73.216.84 - - [15/Jul/2026:16:41:05 -0600] "GET /category/fairs-festivals/ HTTP/2" 200 22666 "-" "Mozilla/5.0 AppleWebKit/537.36 (KHTML, like Gecko; compatible; ClaudeBot/1.0; +claudebot@anthropic.com)"
216.73.216.84 - - [15/Jul/2026:16:41:06 -0600] "GET /2026/01/18/the-history-of-southlake-texas/ HTTP/2" 200 30896 "https://dfwblogger.com/?p=1509" "Mozilla/5.0 AppleWebKit/537.36 (KHTML, like Gecko; compatible; ClaudeBot/1.0; +claudebot@anthropic.com)"
170.106.192.208 - - [15/Jul/2026:16:54:12 -0600] "GET / HTTP/1.1" 200 30948 "http://dfwblogger.com" "Mozilla/5.0 (iPhone; CPU iPhone OS 13_2_3 like Mac OS X) AppleWebKit/605.1.15 (KHTML, like Gecko) Version/13.0.3 Mobile/15E148 Safari/604.1"
17.22.253.97 - - [15/Jul/2026:17:09:22 -0600] "GET /robots.txt HTTP/2" 200 111 "-" "Mozilla/5.0 (Macintosh; Intel Mac OS X 10_15_7) AppleWebKit/605.1.15 (KHTML, like Gecko) Version/17.4 Safari/605.1.15 (Applebot/0.1; +http://www.apple.com/go/applebot)"
3.235.16.126 - - [15/Jul/2026:15:02:23 -0600] "GET / HTTP/2" 200 30953 "-" "Mozilla/5.0 (Macintosh; Intel Mac OS X 10_15_0) AppleWebKit/537.36 (KHTML, like Gecko) Chrome/81.0.4044.138 Safari/537.36"
96.62.45.125 - - [15/Jul/2026:15:04:22 -0600] "GET /wp-content/uploads/2025/03/Does-your-car-look-like-this-768x461.jpg HTTP/1.1" 200 67668 "-" "Mozilla/5.0 (compatible; crawler)"
216.73.216.84 - - [15/Jul/2026:15:26:39 -0600] "GET /2026/01/18/the-history-of-southlake-texas/ HTTP/2" 200 30944 "-" "Mozilla/5.0 AppleWebKit/537.36 (KHTML, like Gecko; compatible; ClaudeBot/1.0; +claudebot@anthropic.com)"
85.208.96.195 - - [15/Jul/2026:16:17:36 -0600] "GET /tag/haunted/ HTTP/1.1" 200 26119 "-" "Mozilla/5.0 (compatible; SemrushBot/7~bl; +http://www.semrush.com/bot.html)"
54.241.153.105 - - [15/Jul/2026:16:26:23 -0600] "GET / HTTP/2" 200 30953 "-" "Mozilla/5.0 (Macintosh; Intel Mac OS X 10_15_0) AppleWebKit/537.36 (KHTML, like Gecko) Chrome/81.0.4044.138 Safari/537.36"
216.73.216.84 - - [15/Jul/2026:16:51:08 -0600] "GET /2026/01/18/the-history-of-southlake-texas/ HTTP/2" 200 30944 "-" "Mozilla/5.0 AppleWebKit/537.36 (KHTML, like Gecko; compatible; ClaudeBot/1.0; +claudebot@anthropic.com)"
136.226.102.181 - - [15/Jul/2026:16:53:30 -0600] "GET /wp-content/plugins/elementor/assets/lib/font-awesome/css/fontawesome.css?ver=5.15.3 HTTP/1.1" 200 12526 "https://dfwblogger.com/2025/03/01/the-history-of-cedar-hill-texas/" "Mozilla/5.0 (Windows NT 10.0; Win64; x64) AppleWebKit/537.36 (KHTML, like Gecko) Chrome/150.0.0.0 Safari/537.36 Edg/150.0.0.0"
136.226.102.181 - - [15/Jul/2026:16:53:30 -0600] "GET /wp-content/themes/astra/assets/js/minified/frontend.min.js?ver=4.13.6 HTTP/1.1" 200 5693 "https://dfwblogger.com/2025/03/01/the-history-of-cedar-hill-texas/" "Mozilla/5.0 (Windows NT 10.0; Win64; x64) AppleWebKit/537.36 (KHTML, like Gecko) Chrome/150.0.0.0 Safari/537.36 Edg/150.0.0.0"
136.226.102.181 - - [15/Jul/2026:16:53:30 -0600] "GET /wp-content/plugins/elementor-pro/assets/js/webpack-pro.runtime.min.js?ver=4.1.2 HTTP/1.1" 200 2606 "https://dfwblogger.com/2025/03/01/the-history-of-cedar-hill-texas/" "Mozilla/5.0 (Windows NT 10.0; Win64; x64) AppleWebKit/537.36 (KHTML, like Gecko) Chrome/150.0.0.0 Safari/537.36 Edg/150.0.0.0"
136.226.102.181 - - [15/Jul/2026:16:53:30 -0600] "GET /wp-includes/js/dist/hooks.min.js?ver=7496969728ca0f95732d HTTP/1.1" 200 1734 "https://dfwblogger.com/2025/03/01/the-history-of-cedar-hill-texas/" "Mozilla/5.0 (Windows NT 10.0; Win64; x64) AppleWebKit/537.36 (KHTML, like Gecko) Chrome/150.0.0.0 Safari/537.36 Edg/150.0.0.0"
136.226.102.181 - - [15/Jul/2026:16:53:30 -0600] "GET /wp-includes/js/dist/i18n.min.js?ver=781d11515ad3d91786ec HTTP/1.1" 200 2354 "https://dfwblogger.com/2025/03/01/the-history-of-cedar-hill-texas/" "Mozilla/5.0 (Windows NT 10.0; Win64; x64) AppleWebKit/537.36 (KHTML, like Gecko) Chrome/150.0.0.0 Safari/537.36 Edg/150.0.0.0"
136.226.102.181 - - [15/Jul/2026:16:53:31 -0600] "GET /wp-content/plugins/elementor/assets/js/text-editor.45609661e409413f1cef.bundle.min.js HTTP/1.1" 200 592 "https://dfwblogger.com/2025/03/01/the-history-of-cedar-hill-texas/" "Mozilla/5.0 (Windows NT 10.0; Win64; x64) AppleWebKit/537.36 (KHTML, like Gecko) Chrome/150.0.0.0 Safari/537.36 Edg/150.0.0.0"
74.7.230.39 - - [15/Jul/2026:17:03:04 -0600] "GET /robots.txt HTTP/2" 200 98 "-" "Mozilla/5.0 (Macintosh; Intel Mac OS X 10_15_7) AppleWebKit/537.36 (KHTML, like Gecko) Chrome/131.0.0.0 Safari/537.36; compatible; OAI-SearchBot/1.4; robots.txt; +https://openai.com/searchbot"
74.7.229.159 - - [15/Jul/2026:17:03:04 -0600] "GET /2025/07/15/perside-meteor-shower-in-dfw-2025/ HTTP/2" 200 29733 "-" "Mozilla/5.0 (Macintosh; Intel Mac OS X 10_15_7) AppleWebKit/537.36 (KHTML, like Gecko) Chrome/131.0.0.0 Safari/537.36; compatible; OAI-SearchBot/1.4; +https://openai.com/searchbot"
198.175.150.9 - - [15/Jul/2026:17:19:23 -0600] "POST /wp-cron.php?doing_wp_cron=1784157563.8107900619506835937500 HTTP/1.1" 200 0 "-" "WordPress/7.0.1; https://dfwblogger.com"
74.7.227.29 - - [15/Jul/2026:17:03:15 -0600] "GET /wp-json/oembed/1.0/embed?format=xml&url=https%3A%2F%2Fdfwblogger.com%2F2025%2F07%2F15%2Fperside-meteor-shower-in-dfw-2025%2F HTTP/2" 200 1152 "https://dfwblogger.com/2025/07/15/perside-meteor-shower-in-dfw-2025/" "Mozilla/5.0 AppleWebKit/537.36 (KHTML, like Gecko; compatible; GPTBot/1.4; +https://openai.com/gptbot)"
74.7.227.29 - - [15/Jul/2026:17:03:17 -0600] "GET /wp-json/wp/v2/posts/1444 HTTP/2" 200 5249 "https://dfwblogger.com/2025/07/15/perside-meteor-shower-in-dfw-2025/" "Mozilla/5.0 AppleWebKit/537.36 (KHTML, like Gecko; compatible; GPTBot/1.4; +https://openai.com/gptbot)"
74.7.227.29 - - [15/Jul/2026:17:03:19 -0600] "GET /wp-content/plugins/ultimate-elementor/assets/min-css/uael-frontend.min.css?ver=1.45.1 HTTP/2" 200 76022 "https://dfwblogger.com/?p=1444" "Mozilla/5.0 AppleWebKit/537.36 (KHTML, like Gecko; compatible; GPTBot/1.4; +https://openai.com/gptbot)"
3.145.88.226 - - [15/Jul/2026:17:19:23 -0600] "GET / HTTP/2" 200 30953 "-" "Mozilla/5.0 (Macintosh; Intel Mac OS X 10_15_0) AppleWebKit/537.36 (KHTML, like Gecko) Chrome/81.0.4044.138 Safari/537.36"
17.246.23.186 - - [15/Jul/2026:17:28:24 -0600] "GET /wp-content/uploads/elementor/css/post-1576.css?ver=1784116424 HTTP/2" 200 178 "https://dfwblogger.com/2026/07/13/new-roller-coaster-at-six-flags/" "Mozilla/5.0 (Macintosh; Intel Mac OS X 10_15_7) AppleWebKit/605.1.15 (KHTML, like Gecko) Version/17.4 Safari/605.1.15 (Applebot/0.1; +http://www.apple.com/go/applebot)"
17.22.253.136 - - [15/Jul/2026:17:44:25 -0600] "GET /wp-content/themes/astra/assets/css/minified/main.min.css?ver=4.13.6 HTTP/2" 200 8389 "https://dfwblogger.com/2025/03/28/earthquake-history-and-risk-assessment-in-the-dallas-fort-worth-area/" "Mozilla/5.0 (Macintosh; Intel Mac OS X 10_15_7) AppleWebKit/605.1.15 (KHTML, like Gecko) Version/17.4 Safari/605.1.15 (Applebot/0.1; +http://www.apple.com/go/applebot)"
17.22.253.136 - - [15/Jul/2026:17:44:27 -0600] "GET /wp-content/plugins/elementor/assets/lib/eicons/css/elementor-icons.min.css?ver=5.50.0 HTTP/2" 200 4123 "https://dfwblogger.com/2025/03/28/earthquake-history-and-risk-assessment-in-the-dallas-fort-worth-area/" "Mozilla/5.0 (Macintosh; Intel Mac OS X 10_15_7) AppleWebKit/605.1.15 (KHTML, like Gecko) Version/17.4 Safari/605.1.15 (Applebot/0.1; +http://www.apple.com/go/applebot)"
17.22.253.136 - - [15/Jul/2026:17:44:28 -0600] "GET /wp-content/plugins/elementor/assets/css/frontend.min.css?ver=4.1.4 HTTP/2" 200 6613 "https://dfwblogger.com/2025/03/28/earthquake-history-and-risk-assessment-in-the-dallas-fort-worth-area/" "Mozilla/5.0 (Macintosh; Intel Mac OS X 10_15_7) AppleWebKit/605.1.15 (KHTML, like Gecko) Version/17.4 Safari/605.1.15 (Applebot/0.1; +http://www.apple.com/go/applebot)"
17.22.253.136 - - [15/Jul/2026:17:44:30 -0600] "GET /wp-content/plugins/ultimate-elementor/assets/min-css/uael-frontend.min.css?ver=1.45.1 HTTP/2" 200 76022 "https://dfwblogger.com/2025/03/28/earthquake-history-and-risk-assessment-in-the-dallas-fort-worth-area/" "Mozilla/5.0 (Macintosh; Intel Mac OS X 10_15_7) AppleWebKit/605.1.15 (KHTML, like Gecko) Version/17.4 Safari/605.1.15 (Applebot/0.1; +http://www.apple.com/go/applebot)"
17.22.253.136 - - [15/Jul/2026:17:44:31 -0600] "GET /wp-content/plugins/elementor/assets/lib/font-awesome/css/brands.css?ver=5.15.3 HTTP/2" 200 296 "https://dfwblogger.com/2025/03/28/earthquake-history-and-risk-assessment-in-the-dallas-fort-worth-area/" "Mozilla/5.0 (Macintosh; Intel Mac OS X 10_15_7) AppleWebKit/605.1.15 (KHTML, like Gecko) Version/17.4 Safari/605.1.15 (Applebot/0.1; +http://www.apple.com/go/applebot)"
17.22.253.136 - - [15/Jul/2026:17:44:33 -0600] "GET /wp-content/plugins/elementor/assets/css/widget-social-icons.min.css?ver=3.24.0 HTTP/2" 200 1039 "https://dfwblogger.com/2025/03/28/earthquake-history-and-risk-assessment-in-the-dallas-fort-worth-area/" "Mozilla/5.0 (Macintosh; Intel Mac OS X 10_15_7) AppleWebKit/605.1.15 (KHTML, like Gecko) Version/17.4 Safari/605.1.15 (Applebot/0.1; +http://www.apple.com/go/applebot)"
17.22.253.136 - - [15/Jul/2026:17:44:34 -0600] "GET /wp-content/plugins/elementor/assets/lib/font-awesome/css/fontawesome.css?ver=5.15.3 HTTP/2" 200 12526 "https://dfwblogger.com/2025/03/28/earthquake-history-and-risk-assessment-in-the-dallas-fort-worth-area/" "Mozilla/5.0 (Macintosh; Intel Mac OS X 10_15_7) AppleWebKit/605.1.15 (KHTML, like Gecko) Version/17.4 Safari/605.1.15 (Applebot/0.1; +http://www.apple.com/go/applebot)"
17.22.253.136 - - [15/Jul/2026:17:44:36 -0600] "GET /wp-content/plugins/elementor/assets/lib/font-awesome/css/solid.css?ver=5.15.3 HTTP/2" 200 296 "https://dfwblogger.com/2025/03/28/earthquake-history-and-risk-assessment-in-the-dallas-fort-worth-area/" "Mozilla/5.0 (Macintosh; Intel Mac OS X 10_15_7) AppleWebKit/605.1.15 (KHTML, like Gecko) Version/17.4 Safari/605.1.15 (Applebot/0.1; +http://www.apple.com/go/applebot)"
17.22.253.136 - - [15/Jul/2026:17:44:37 -0600] "GET /wp-content/uploads/elementor/css/post-1344.css?ver=1784116368 HTTP/2" 200 178 "https://dfwblogger.com/2025/03/28/earthquake-history-and-risk-assessment-in-the-dallas-fort-worth-area/" "Mozilla/5.0 (Macintosh; Intel Mac OS X 10_15_7) AppleWebKit/605.1.15 (KHTML, like Gecko) Version/17.4 Safari/605.1.15 (Applebot/0.1; +http://www.apple.com/go/applebot)"
17.22.253.136 - - [15/Jul/2026:17:44:39 -0600] "GET /wp-content/uploads/elementor/google-fonts/css/roboto.css?ver=1742235581 HTTP/2" 200 1876 "https://dfwblogger.com/2025/03/28/earthquake-history-and-risk-assessment-in-the-dallas-fort-worth-area/" "Mozilla/5.0 (Macintosh; Intel Mac OS X 10_15_7) AppleWebKit/605.1.15 (KHTML, like Gecko) Version/17.4 Safari/605.1.15 (Applebot/0.1; +http://www.apple.com/go/applebot)"
17.22.253.136 - - [15/Jul/2026:17:44:40 -0600] "GET /wp-content/uploads/elementor/google-fonts/css/robotoslab.css?ver=1742235587 HTTP/2" 200 708 "https://dfwblogger.com/2025/03/28/earthquake-history-and-risk-assessment-in-the-dallas-fort-worth-area/" "Mozilla/5.0 (Macintosh; Intel Mac OS X 10_15_7) AppleWebKit/605.1.15 (KHTML, like Gecko) Version/17.4 Safari/605.1.15 (Applebot/0.1; +http://www.apple.com/go/applebot)"
17.22.253.136 - - [15/Jul/2026:17:44:42 -0600] "GET /wp-includes/js/jquery/jquery.min.js?ver=3.7.1 HTTP/2" 200 29744 "https://dfwblogger.com/2025/03/28/earthquake-history-and-risk-assessment-in-the-dallas-fort-worth-area/" "Mozilla/5.0 (Macintosh; Intel Mac OS X 10_15_7) AppleWebKit/605.1.15 (KHTML, like Gecko) Version/17.4 Safari/605.1.15 (Applebot/0.1; +http://www.apple.com/go/applebot)"
17.22.253.136 - - [15/Jul/2026:17:44:43 -0600] "GET /wp-includes/js/jquery/jquery-migrate.min.js?ver=3.4.1 HTTP/2" 200 4678 "https://dfwblogger.com/2025/03/28/earthquake-history-and-risk-assessment-in-the-dallas-fort-worth-area/" "Mozilla/5.0 (Macintosh; Intel Mac OS X 10_15_7) AppleWebKit/605.1.15 (KHTML, like Gecko) Version/17.4 Safari/605.1.15 (Applebot/0.1; +http://www.apple.com/go/applebot)"
17.22.253.136 - - [15/Jul/2026:17:44:45 -0600] "GET /wp-content/themes/astra/assets/js/minified/frontend.min.js?ver=4.13.6 HTTP/2" 200 5693 "https://dfwblogger.com/2025/03/28/earthquake-history-and-risk-assessment-in-the-dallas-fort-worth-area/" "Mozilla/5.0 (Macintosh; Intel Mac OS X 10_15_7) AppleWebKit/605.1.15 (KHTML, like Gecko) Version/17.4 Safari/605.1.15 (Applebot/0.1; +http://www.apple.com/go/applebot)"
17.22.253.136 - - [15/Jul/2026:17:44:46 -0600] "GET /wp-content/plugins/astra-addon/assets/js/minified/purify.min.js?ver=4.13.5 HTTP/2" 200 10151 "https://dfwblogger.com/2025/03/28/earthquake-history-and-risk-assessment-in-the-dallas-fort-worth-area/" "Mozilla/5.0 (Macintosh; Intel Mac OS X 10_15_7) AppleWebKit/605.1.15 (KHTML, like Gecko) Version/17.4 Safari/605.1.15 (Applebot/0.1; +http://www.apple.com/go/applebot)"
17.22.253.136 - - [15/Jul/2026:17:44:48 -0600] "GET /wp-content/plugins/elementor/assets/js/webpack.runtime.min.js?ver=4.1.4 HTTP/2" 200 2338 "https://dfwblogger.com/2025/03/28/earthquake-history-and-risk-assessment-in-the-dallas-fort-worth-area/" "Mozilla/5.0 (Macintosh; Intel Mac OS X 10_15_7) AppleWebKit/605.1.15 (KHTML, like Gecko) Version/17.4 Safari/605.1.15 (Applebot/0.1; +http://www.apple.com/go/applebot)"
17.22.253.136 - - [15/Jul/2026:17:44:49 -0600] "GET /wp-content/plugins/elementor/assets/js/frontend-modules.min.js?ver=4.1.4 HTTP/2" 200 15445 "https://dfwblogger.com/2025/03/28/earthquake-history-and-risk-assessment-in-the-dallas-fort-worth-area/" "Mozilla/5.0 (Macintosh; Intel Mac OS X 10_15_7) AppleWebKit/605.1.15 (KHTML, like Gecko) Version/17.4 Safari/605.1.15 (Applebot/0.1; +http://www.apple.com/go/applebot)"
17.22.253.136 - - [15/Jul/2026:17:44:51 -0600] "GET /wp-includes/js/jquery/ui/core.min.js?ver=1.13.3 HTTP/2" 200 6812 "https://dfwblogger.com/2025/03/28/earthquake-history-and-risk-assessment-in-the-dallas-fort-worth-area/" "Mozilla/5.0 (Macintosh; Intel Mac OS X 10_15_7) AppleWebKit/605.1.15 (KHTML, like Gecko) Version/17.4 Safari/605.1.15 (Applebot/0.1; +http://www.apple.com/go/applebot)"
17.22.253.136 - - [15/Jul/2026:17:44:52 -0600] "GET /wp-content/plugins/elementor/assets/js/frontend.min.js?ver=4.1.4 HTTP/2" 200 10124 "https://dfwblogger.com/2025/03/28/earthquake-history-and-risk-assessment-in-the-dallas-fort-worth-area/" "Mozilla/5.0 (Macintosh; Intel Mac OS X 10_15_7) AppleWebKit/605.1.15 (KHTML, like Gecko) Version/17.4 Safari/605.1.15 (Applebot/0.1; +http://www.apple.com/go/applebot)"
17.22.253.136 - - [15/Jul/2026:17:44:53 -0600] "GET /wp-content/plugins/elementor-pro/assets/js/webpack-pro.runtime.min.js?ver=4.1.2 HTTP/2" 200 2606 "https://dfwblogger.com/2025/03/28/earthquake-history-and-risk-assessment-in-the-dallas-fort-worth-area/" "Mozilla/5.0 (Macintosh; Intel Mac OS X 10_15_7) AppleWebKit/605.1.15 (KHTML, like Gecko) Version/17.4 Safari/605.1.15 (Applebot/0.1; +http://www.apple.com/go/applebot)"
17.22.253.136 - - [15/Jul/2026:17:44:55 -0600] "GET /wp-includes/js/dist/hooks.min.js?ver=7496969728ca0f95732d HTTP/2" 200 1734 "https://dfwblogger.com/2025/03/28/earthquake-history-and-risk-assessment-in-the-dallas-fort-worth-area/" "Mozilla/5.0 (Macintosh; Intel Mac OS X 10_15_7) AppleWebKit/605.1.15 (KHTML, like Gecko) Version/17.4 Safari/605.1.15 (Applebot/0.1; +http://www.apple.com/go/applebot)"
17.22.253.136 - - [15/Jul/2026:17:44:56 -0600] "GET /wp-includes/js/dist/i18n.min.js?ver=781d11515ad3d91786ec HTTP/2" 200 2354 "https://dfwblogger.com/2025/03/28/earthquake-history-and-risk-assessment-in-the-dallas-fort-worth-area/" "Mozilla/5.0 (Macintosh; Intel Mac OS X 10_15_7) AppleWebKit/605.1.15 (KHTML, like Gecko) Version/17.4 Safari/605.1.15 (Applebot/0.1; +http://www.apple.com/go/applebot)"
17.22.253.136 - - [15/Jul/2026:17:44:58 -0600] "GET /wp-content/plugins/elementor-pro/assets/js/frontend.min.js?ver=4.1.2 HTTP/2" 200 6191 "https://dfwblogger.com/2025/03/28/earthquake-history-and-risk-assessment-in-the-dallas-fort-worth-area/" "Mozilla/5.0 (Macintosh; Intel Mac OS X 10_15_7) AppleWebKit/605.1.15 (KHTML, like Gecko) Version/17.4 Safari/605.1.15 (Applebot/0.1; +http://www.apple.com/go/applebot)"
17.22.253.136 - - [15/Jul/2026:17:44:59 -0600] "GET /wp-content/plugins/elementor-pro/assets/js/elements-handlers.min.js?ver=4.1.2 HTTP/2" 200 10079 "https://dfwblogger.com/2025/03/28/earthquake-history-and-risk-assessment-in-the-dallas-fort-worth-area/" "Mozilla/5.0 (Macintosh; Intel Mac OS X 10_15_7) AppleWebKit/605.1.15 (KHTML, like Gecko) Version/17.4 Safari/605.1.15 (Applebot/0.1; +http://www.apple.com/go/applebot)"
136.226.102.181 - - [15/Jul/2026:16:53:30 -0600] "GET /wp-content/plugins/elementor/assets/js/frontend-modules.min.js?ver=4.1.4 HTTP/1.1" 200 15445 "https://dfwblogger.com/2025/03/01/the-history-of-cedar-hill-texas/" "Mozilla/5.0 (Windows NT 10.0; Win64; x64) AppleWebKit/537.36 (KHTML, like Gecko) Chrome/150.0.0.0 Safari/537.36 Edg/150.0.0.0"
136.226.102.181 - - [15/Jul/2026:16:53:30 -0600] "GET /wp-content/plugins/elementor/assets/js/frontend.min.js?ver=4.1.4 HTTP/1.1" 200 10124 "https://dfwblogger.com/2025/03/01/the-history-of-cedar-hill-texas/" "Mozilla/5.0 (Windows NT 10.0; Win64; x64) AppleWebKit/537.36 (KHTML, like Gecko) Chrome/150.0.0.0 Safari/537.36 Edg/150.0.0.0"
136.226.102.181 - - [15/Jul/2026:16:53:30 -0600] "GET /wp-content/plugins/elementor-pro/assets/js/frontend.min.js?ver=4.1.2 HTTP/1.1" 200 6191 "https://dfwblogger.com/2025/03/01/the-history-of-cedar-hill-texas/" "Mozilla/5.0 (Windows NT 10.0; Win64; x64) AppleWebKit/537.36 (KHTML, like Gecko) Chrome/150.0.0.0 Safari/537.36 Edg/150.0.0.0"
52.167.144.23 - - [15/Jul/2026:17:00:18 -0600] "GET /wp-content/uploads/astra-addon/astra-addon-6a53f3e84c4464-01658591.js?ver=4.13.5 HTTP/2" 404 19876 "https://dfwblogger.com/2025/03/31/how-did-april-fools-day-get-started-the-complete-history-and-global-traditions/" "Mozilla/5.0 AppleWebKit/537.36 (KHTML, like Gecko; compatible; bingbot/2.0; +http://www.bing.com/bingbot.htm) Chrome/136.0.0.0 Safari/537.36 AppleWebKit/537.36 (KHTML, like Gecko; compatible; bingbot/2.0; +http://www.bing.com/bingbot.htm) Chrome/116.0.1938.76 Safari/537.36"
157.55.39.48 - - [15/Jul/2026:17:00:23 -0600] "GET /wp-content/uploads/astra-addon/astra-addon-6a53f3e84ba751-28138355.css?ver=4.13.5 HTTP/2" 404 19876 "https://dfwblogger.com/2025/03/31/how-did-april-fools-day-get-started-the-complete-history-and-global-traditions/" "Mozilla/5.0 AppleWebKit/537.36 (KHTML, like Gecko; compatible; bingbot/2.0; +http://www.bing.com/bingbot.htm) Chrome/136.0.0.0 Safari/537.36 AppleWebKit/537.36 (KHTML, like Gecko; compatible; bingbot/2.0; +http://www.bing.com/bingbot.htm) Chrome/116.0.1938.76 Safari/537.36"
216.73.216.84 - - [15/Jul/2026:17:01:37 -0600] "GET /wp-sitemap.xml HTTP/2" 200 201 "-" "Mozilla/5.0 AppleWebKit/537.36 (KHTML, like Gecko; compatible; ClaudeBot/1.0; +claudebot@anthropic.com)"
189.104.196.99 - - [15/Jul/2026:17:16:25 -0600] "GET /wp-content/uploads/2025/10/lancasterTX-768x512.jpg HTTP/1.1" 200 117793 "-" "Mozilla/5.0 (compatible; crawler)"
216.73.216.84 - - [15/Jul/2026:17:48:59 -0600] "GET /robots.txt HTTP/2" 200 98 "-" "Mozilla/5.0 AppleWebKit/537.36 (KHTML, like Gecko; compatible; ClaudeBot/1.0; +claudebot@anthropic.com)"
216.73.216.84 - - [15/Jul/2026:17:49:00 -0600] "GET /wp-sitemap.xml HTTP/2" 200 201 "-" "Mozilla/5.0 AppleWebKit/537.36 (KHTML, like Gecko; compatible; ClaudeBot/1.0; +claudebot@anthropic.com)"
17.22.253.136 - - [15/Jul/2026:17:45:01 -0600] "GET /wp-content/plugins/elementor/assets/js/shared-frontend-handlers.03caa53373b56d3bab67.bundle.min.js HTTP/2" 200 2511 "https://dfwblogger.com/2025/03/28/earthquake-history-and-risk-assessment-in-the-dallas-fort-worth-area/" "Mozilla/5.0 (Macintosh; Intel Mac OS X 10_15_7) AppleWebKit/605.1.15 (KHTML, like Gecko) Version/17.4 Safari/605.1.15 (Applebot/0.1; +http://www.apple.com/go/applebot)"
17.22.253.136 - - [15/Jul/2026:17:45:02 -0600] "GET /wp-content/plugins/elementor/assets/js/text-editor.45609661e409413f1cef.bundle.min.js HTTP/2" 200 592 "https://dfwblogger.com/2025/03/28/earthquake-history-and-risk-assessment-in-the-dallas-fort-worth-area/" "Mozilla/5.0 (Macintosh; Intel Mac OS X 10_15_7) AppleWebKit/605.1.15 (KHTML, like Gecko) Version/17.4 Safari/605.1.15 (Applebot/0.1; +http://www.apple.com/go/applebot)"
17.22.253.136 - - [15/Jul/2026:17:45:04 -0600] "GET /wp-includes/js/wp-emoji-release.min.js?ver=7.0.1 HTTP/2" 200 4974 "https://dfwblogger.com/2025/03/28/earthquake-history-and-risk-assessment-in-the-dallas-fort-worth-area/" "Mozilla/5.0 (Macintosh; Intel Mac OS X 10_15_7) AppleWebKit/605.1.15 (KHTML, like Gecko) Version/17.4 Safari/605.1.15 (Applebot/0.1; +http://www.apple.com/go/applebot)"
17.22.253.97 - - [15/Jul/2026:17:09:23 -0600] "GET /2025/03/28/earthquake-history-and-risk-assessment-in-the-dallas-fort-worth-area/ HTTP/2" 200 32342 "-" "Mozilla/5.0 (Macintosh; Intel Mac OS X 10_15_7) AppleWebKit/605.1.15 (KHTML, like Gecko) Version/17.4 Safari/605.1.15 (Applebot/0.1; +http://www.apple.com/go/applebot)"
198.175.150.9 - - [15/Jul/2026:17:19:23 -0600] "POST /wp-cron.php?doing_wp_cron=1784157563.8262801170349121093750 HTTP/1.1" 200 0 "-" "WordPress/7.0.1; https://dfwblogger.com"
106.75.60.236 - - [15/Jul/2026:17:36:19 -0600] "GET / HTTP/1.1" 403 72 "-" "Mozilla/5.0 (Windows NT 7_2_2; Win64; x64) AppleWebKit/539.36 (KHTML, like Gecko) Chrome/73.0.2566 Safari/537.36"
106.75.60.236 - - [15/Jul/2026:17:36:23 -0600] "GET /favicon.ico HTTP/1.1" 403 72 "-" "Go-http-client/1.1"
106.75.60.236 - - [15/Jul/2026:17:36:23 -0600] "GET /sitemap.xml HTTP/1.1" 403 72 "-" "Go-http-client/1.1"
