106.75.60.236 - - [15/Jul/2026:17:36:23 -0600] "GET /robots.txt HTTP/1.1" 403 72 "-" "Go-http-client/1.1"
17.246.19.184 - - [15/Jul/2026:17:21:41 -0600] "GET /2026/07/13/new-roller-coaster-at-six-flags/ HTTP/2" 200 33418 "-" "Mozilla/5.0 (Macintosh; Intel Mac OS X 10_15_7) AppleWebKit/605.1.15 (KHTML, like Gecko) Version/17.4 Safari/605.1.15 (Applebot/0.1; +http://www.apple.com/go/applebot)"
43.159.143.187 - - [15/Jul/2026:17:41:51 -0600] "GET / HTTP/1.1" 200 30948 "http://www.dfwblogger.com" "Mozilla/5.0 (iPhone; CPU iPhone OS 13_2_3 like Mac OS X) AppleWebKit/605.1.15 (KHTML, like Gecko) Version/13.0.3 Mobile/15E148 Safari/604.1"
216.73.216.84 - - [15/Jul/2026:17:56:46 -0600] "GET /post/page/3/ HTTP/2" 200 26533 "-" "Mozilla/5.0 AppleWebKit/537.36 (KHTML, like Gecko; compatible; ClaudeBot/1.0; +claudebot@anthropic.com)"
51.161.37.139 - - [15/Jul/2026:18:13:43 -0600] "GET /tag/lakes/ HTTP/2" 200 23179 "-" "Mozilla/5.0 (compatible; AhrefsBot/7.0; +http://ahrefs.com/robot/)"
66.249.70.32 - - [15/Jul/2026:18:16:27 -0600] "GET /2023/10/03/discovering-wildlife-wonders-a-journey-through-the-dallas-zoo/ HTTP/1.1" 200 29473 "-" "Mozilla/5.0 (Linux; Android 6.0.1; Nexus 5X Build/MMB29P) AppleWebKit/537.36 (KHTML, like Gecko) Chrome/150.0.7871.114 Mobile Safari/537.36 (compatible; Googlebot/2.1; +http://www.google.com/bot.html)"
66.249.70.33 - - [15/Jul/2026:18:31:42 -0600] "GET /wp-content/uploads/elementor/css/post-35.css?ver=1783296000 HTTP/1.1" 200 289 "https://dfwblogger.com/2023/10/03/discovering-wildlife-wonders-a-journey-through-the-dallas-zoo/" "Mozilla/5.0 (Linux; Android 6.0.1; Nexus 5X Build/MMB29P) AppleWebKit/537.36 (KHTML, like Gecko) Chrome/150.0.7871.114 Mobile Safari/537.36 (compatible; Googlebot/2.1; +http://www.google.com/bot.html)"
66.249.64.15 - - [15/Jul/2026:18:47:08 -0600] "GET /robots.txt HTTP/1.1" 301 0 "-" "Mozilla/5.0 (compatible; Googlebot/2.1; +http://www.google.com/bot.html)"
66.249.70.32 - - [15/Jul/2026:18:47:09 -0600] "GET /robots.txt HTTP/1.1" 200 98 "-" "Mozilla/5.0 (compatible; Googlebot/2.1; +http://www.google.com/bot.html)"
54.202.31.233 - - [15/Jul/2026:18:47:23 -0600] "GET /post/ HTTP/2" 200 29535 "-" "Mozilla/5.0 (Macintosh; Intel Mac OS X 10_15_0) AppleWebKit/537.36 (KHTML, like Gecko) Chrome/81.0.4044.138 Safari/537.36"
216.73.216.84 - - [15/Jul/2026:18:47:39 -0600] "GET /wp-sitemap.xml HTTP/2" 200 201 "-" "Mozilla/5.0 AppleWebKit/537.36 (KHTML, like Gecko; compatible; ClaudeBot/1.0; +claudebot@anthropic.com)"
66.249.70.32 - - [15/Jul/2026:18:47:58 -0600] "GET /wp-content/plugins/elementor/assets/lib/font-awesome/css/fontawesome.css?ver=5.15.3 HTTP/1.1" 200 12526 "https://dfwblogger.com/" "Mozilla/5.0 (Linux; Android 6.0.1; Nexus 5X Build/MMB29P) AppleWebKit/537.36 (KHTML, like Gecko) Chrome/150.0.7871.114 Mobile Safari/537.36 (compatible; Googlebot/2.1; +http://www.google.com/bot.html)"
66.249.70.32 - - [15/Jul/2026:18:47:58 -0600] "GET /wp-content/uploads/elementor/google-fonts/css/roboto.css?ver=1742235581 HTTP/1.1" 200 1876 "https://dfwblogger.com/" "Mozilla/5.0 (Linux; Android 6.0.1; Nexus 5X Build/MMB29P) AppleWebKit/537.36 (KHTML, like Gecko) Chrome/150.0.7871.114 Mobile Safari/537.36 (compatible; Googlebot/2.1; +http://www.google.com/bot.html)"
66.249.70.32 - - [15/Jul/2026:18:47:58 -0600] "GET /wp-content/plugins/ultimate-elementor/assets/min-css/uael-frontend.min.css?ver=1.45.1 HTTP/1.1" 200 76022 "https://dfwblogger.com/" "Mozilla/5.0 (Linux; Android 6.0.1; Nexus 5X Build/MMB29P) AppleWebKit/537.36 (KHTML, like Gecko) Chrome/150.0.7871.114 Mobile Safari/537.36 (compatible; Googlebot/2.1; +http://www.google.com/bot.html)"
66.249.70.32 - - [15/Jul/2026:18:47:59 -0600] "GET /wp-content/uploads/elementor/css/post-7.css?ver=1783296000 HTTP/1.1" 200 342 "https://dfwblogger.com/" "Mozilla/5.0 (Linux; Android 6.0.1; Nexus 5X Build/MMB29P) AppleWebKit/537.36 (KHTML, like Gecko) Chrome/150.0.7871.114 Mobile Safari/537.36 (compatible; Googlebot/2.1; +http://www.google.com/bot.html)"
66.249.70.32 - - [15/Jul/2026:18:47:59 -0600] "GET /wp-content/plugins/elementor/assets/css/widget-image.min.css?ver=4.1.4 HTTP/1.1" 200 96 "https://dfwblogger.com/" "Mozilla/5.0 (Linux; Android 6.0.1; Nexus 5X Build/MMB29P) AppleWebKit/537.36 (KHTML, like Gecko) Chrome/150.0.7871.114 Mobile Safari/537.36 (compatible; Googlebot/2.1; +http://www.google.com/bot.html)"
216.73.216.84 - - [15/Jul/2026:18:00:45 -0600] "GET /2023/10/16/plano-balloon-festival-a-sky-high-adventure-for-kids-and-parents/ HTTP/2" 200 29857 "-" "Mozilla/5.0 AppleWebKit/537.36 (KHTML, like Gecko; compatible; ClaudeBot/1.0; +claudebot@anthropic.com)"
216.73.216.84 - - [15/Jul/2026:18:08:08 -0600] "GET /2025/03/05/daredevil-born-again-everything-you-need-to-know-about-disney-2025-release/ HTTP/2" 200 28483 "-" "Mozilla/5.0 AppleWebKit/537.36 (KHTML, like Gecko; compatible; ClaudeBot/1.0; +claudebot@anthropic.com)"
52.167.144.180 - - [15/Jul/2026:18:22:59 -0600] "GET /2023/10/16/plano-balloon-festival-a-sky-high-adventure-for-kids-and-parents/ HTTP/2" 200 29857 "-" "Mozilla/5.0 AppleWebKit/537.36 (KHTML, like Gecko; compatible; bingbot/2.0; +http://www.bing.com/bingbot.htm) Chrome/116.0.1938.76 Safari/537.36"
66.249.64.13 - - [15/Jul/2026:18:47:16 -0600] "GET / HTTP/1.1" 301 0 "-" "Mozilla/5.0 (Linux; Android 6.0.1; Nexus 5X Build/MMB29P) AppleWebKit/537.36 (KHTML, like Gecko) Chrome/150.0.7871.114 Mobile Safari/537.36 (compatible; Googlebot/2.1; +http://www.google.com/bot.html)"
66.249.70.32 - - [15/Jul/2026:18:48:06 -0600] "GET /wp-includes/js/jquery/ui/core.min.js?ver=1.13.3 HTTP/1.1" 200 6812 "https://dfwblogger.com/" "Mozilla/5.0 (Linux; Android 6.0.1; Nexus 5X Build/MMB29P) AppleWebKit/537.36 (KHTML, like Gecko) Chrome/150.0.7871.114 Mobile Safari/537.36 (compatible; Googlebot/2.1; +http://www.google.com/bot.html)"
66.249.70.32 - - [15/Jul/2026:18:48:08 -0600] "GET /wp-includes/js/imagesloaded.min.js?ver=5.0.0 HTTP/1.1" 200 1687 "https://dfwblogger.com/" "Mozilla/5.0 (Linux; Android 6.0.1; Nexus 5X Build/MMB29P) AppleWebKit/537.36 (KHTML, like Gecko) Chrome/150.0.7871.114 Mobile Safari/537.36 (compatible; Googlebot/2.1; +http://www.google.com/bot.html)"
66.249.70.32 - - [15/Jul/2026:18:48:08 -0600] "GET /wp-content/plugins/ultimate-elementor/assets/lib/jquery-element-resize/jquery_resize.min.js?ver=1.45.1 HTTP/1.1" 200 1217 "https://dfwblogger.com/" "Mozilla/5.0 (Linux; Android 6.0.1; Nexus 5X Build/MMB29P) AppleWebKit/537.36 (KHTML, like Gecko) Chrome/150.0.7871.114 Mobile Safari/537.36 (compatible; Googlebot/2.1; +http://www.google.com/bot.html)"
66.249.70.32 - - [15/Jul/2026:18:48:08 -0600] "GET /wp-content/plugins/elementor/assets/js/frontend.min.js?ver=4.1.4 HTTP/1.1" 200 10124 "https://dfwblogger.com/" "Mozilla/5.0 (Linux; Android 6.0.1; Nexus 5X Build/MMB29P) AppleWebKit/537.36 (KHTML, like Gecko) Chrome/150.0.7871.114 Mobile Safari/537.36 (compatible; Googlebot/2.1; +http://www.google.com/bot.html)"
66.249.70.32 - - [15/Jul/2026:18:48:09 -0600] "GET /wp-content/plugins/elementor-pro/assets/js/frontend.min.js?ver=4.1.2 HTTP/1.1" 200 6191 "https://dfwblogger.com/" "Mozilla/5.0 (Linux; Android 6.0.1; Nexus 5X Build/MMB29P) AppleWebKit/537.36 (KHTML, like Gecko) Chrome/150.0.7871.114 Mobile Safari/537.36 (compatible; Googlebot/2.1; +http://www.google.com/bot.html)"
66.249.70.32 - - [15/Jul/2026:18:48:09 -0600] "GET /wp-content/plugins/ultimate-elementor/assets/lib/slick/slick.min.js?ver=1.45.1 HTTP/1.1" 200 10556 "https://dfwblogger.com/" "Mozilla/5.0 (Linux; Android 6.0.1; Nexus 5X Build/MMB29P) AppleWebKit/537.36 (KHTML, like Gecko) Chrome/150.0.7871.114 Mobile Safari/537.36 (compatible; Googlebot/2.1; +http://www.google.com/bot.html)"
66.249.70.32 - - [15/Jul/2026:18:48:10 -0600] "GET /wp-content/plugins/ultimate-elementor/assets/lib/isotope/isotope.min.js?ver=1.45.1 HTTP/1.1" 200 9879 "https://dfwblogger.com/" "Mozilla/5.0 (Linux; Android 6.0.1; Nexus 5X Build/MMB29P) AppleWebKit/537.36 (KHTML, like Gecko) Chrome/150.0.7871.114 Mobile Safari/537.36 (compatible; Googlebot/2.1; +http://www.google.com/bot.html)"
66.249.70.32 - - [15/Jul/2026:18:48:10 -0600] "GET /wp-content/plugins/elementor-pro/assets/js/webpack-pro.runtime.min.js?ver=4.1.2 HTTP/1.1" 200 2606 "https://dfwblogger.com/" "Mozilla/5.0 (Linux; Android 6.0.1; Nexus 5X Build/MMB29P) AppleWebKit/537.36 (KHTML, like Gecko) Chrome/150.0.7871.114 Mobile Safari/537.36 (compatible; Googlebot/2.1; +http://www.google.com/bot.html)"
66.249.70.32 - - [15/Jul/2026:18:47:59 -0600] "GET /wp-content/plugins/elementor/assets/lib/font-awesome/css/solid.css?ver=5.15.3 HTTP/1.1" 200 296 "https://dfwblogger.com/" "Mozilla/5.0 (Linux; Android 6.0.1; Nexus 5X Build/MMB29P) AppleWebKit/537.36 (KHTML, like Gecko) Chrome/150.0.7871.114 Mobile Safari/537.36 (compatible; Googlebot/2.1; +http://www.google.com/bot.html)"
66.249.70.32 - - [15/Jul/2026:18:48:00 -0600] "GET /wp-content/uploads/astra-addon/astra-addon-6a5586f21983a0-91101535.js?ver=4.13.5 HTTP/1.1" 200 3191 "https://dfwblogger.com/" "Mozilla/5.0 (Linux; Android 6.0.1; Nexus 5X Build/MMB29P) AppleWebKit/537.36 (KHTML, like Gecko) Chrome/150.0.7871.114 Mobile Safari/537.36 (compatible; Googlebot/2.1; +http://www.google.com/bot.html)"
66.249.70.32 - - [15/Jul/2026:18:48:00 -0600] "GET /wp-content/plugins/elementor/assets/css/frontend.min.css?ver=4.1.4 HTTP/1.1" 200 6613 "https://dfwblogger.com/" "Mozilla/5.0 (Linux; Android 6.0.1; Nexus 5X Build/MMB29P) AppleWebKit/537.36 (KHTML, like Gecko) Chrome/150.0.7871.114 Mobile Safari/537.36 (compatible; Googlebot/2.1; +http://www.google.com/bot.html)"
66.249.70.32 - - [15/Jul/2026:18:48:00 -0600] "GET /wp-content/plugins/elementor/assets/css/widget-social-icons.min.css?ver=3.24.0 HTTP/1.1" 200 1039 "https://dfwblogger.com/" "Mozilla/5.0 (Linux; Android 6.0.1; Nexus 5X Build/MMB29P) AppleWebKit/537.36 (KHTML, like Gecko) Chrome/150.0.7871.114 Mobile Safari/537.36 (compatible; Googlebot/2.1; +http://www.google.com/bot.html)"
66.249.70.32 - - [15/Jul/2026:18:48:00 -0600] "GET /wp-content/uploads/elementor/css/post-1516.css?ver=1783296000 HTTP/1.1" 200 1453 "https://dfwblogger.com/" "Mozilla/5.0 (Linux; Android 6.0.1; Nexus 5X Build/MMB29P) AppleWebKit/537.36 (KHTML, like Gecko) Chrome/150.0.7871.114 Mobile Safari/537.36 (compatible; Googlebot/2.1; +http://www.google.com/bot.html)"
66.249.70.32 - - [15/Jul/2026:18:48:01 -0600] "GET /wp-includes/js/jquery/jquery.min.js?ver=3.7.1 HTTP/1.1" 200 29744 "https://dfwblogger.com/" "Mozilla/5.0 (Linux; Android 6.0.1; Nexus 5X Build/MMB29P) AppleWebKit/537.36 (KHTML, like Gecko) Chrome/150.0.7871.114 Mobile Safari/537.36 (compatible; Googlebot/2.1; +http://www.google.com/bot.html)"
66.249.70.32 - - [15/Jul/2026:18:48:01 -0600] "GET /wp-content/uploads/astra-addon/astra-addon-6a5586f2191895-56735099.css?ver=4.13.5 HTTP/1.1" 200 2401 "https://dfwblogger.com/" "Mozilla/5.0 (Linux; Android 6.0.1; Nexus 5X Build/MMB29P) AppleWebKit/537.36 (KHTML, like Gecko) Chrome/150.0.7871.114 Mobile Safari/537.36 (compatible; Googlebot/2.1; +http://www.google.com/bot.html)"
66.249.70.32 - - [15/Jul/2026:18:48:01 -0600] "GET /wp-content/plugins/elementor/assets/js/webpack.runtime.min.js?ver=4.1.4 HTTP/1.1" 200 2338 "https://dfwblogger.com/" "Mozilla/5.0 (Linux; Android 6.0.1; Nexus 5X Build/MMB29P) AppleWebKit/537.36 (KHTML, like Gecko) Chrome/150.0.7871.114 Mobile Safari/537.36 (compatible; Googlebot/2.1; +http://www.google.com/bot.html)"
66.249.64.13 - - [15/Jul/2026:18:50:11 -0600] "GET / HTTP/1.1" 301 0 "-" "Mozilla/5.0 (compatible; Googlebot/2.1; +http://www.google.com/bot.html)"
66.249.64.14 - - [15/Jul/2026:18:50:14 -0600] "GET / HTTP/1.1" 301 0 "-" "Mozilla/5.0 (Linux; Android 6.0.1; Nexus 5X Build/MMB29P) AppleWebKit/537.36 (KHTML, like Gecko) Chrome/150.0.7871.114 Mobile Safari/537.36 (compatible; Googlebot/2.1; +http://www.google.com/bot.html)"
66.249.70.32 - - [15/Jul/2026:18:51:35 -0600] "GET / HTTP/1.1" 200 26602 "-" "Mozilla/5.0 (compatible; Googlebot/2.1; +http://www.google.com/bot.html)"
157.55.39.48 - - [15/Jul/2026:19:12:54 -0600] "GET /wp-content/uploads/elementor/css/post-519.css?ver=1784116423 HTTP/2" 200 284 "https://dfwblogger.com/2023/10/16/plano-balloon-festival-a-sky-high-adventure-for-kids-and-parents/" "Mozilla/5.0 AppleWebKit/537.36 (KHTML, like Gecko; compatible; bingbot/2.0; +http://www.bing.com/bingbot.htm) Chrome/136.0.0.0 Safari/537.36 AppleWebKit/537.36 (KHTML, like Gecko; compatible; bingbot/2.0; +http://www.bing.com/bingbot.htm) Chrome/116.0.1938.76 Safari/537.36"
66.249.64.15 - - [15/Jul/2026:17:58:26 -0600] "GET /robots.txt HTTP/1.1" 301 0 "-" "Mozilla/5.0 (compatible; Googlebot/2.1; +http://www.google.com/bot.html)"
216.73.216.84 - - [15/Jul/2026:17:58:53 -0600] "GET /2025/03/01/dfw-singing-telegrams-bringing-laughter-and-joy-to-dallas-fort-worth-and-north-texas/ HTTP/2" 200 28269 "-" "Mozilla/5.0 AppleWebKit/537.36 (KHTML, like Gecko; compatible; ClaudeBot/1.0; +claudebot@anthropic.com)"
216.73.216.84 - - [15/Jul/2026:17:59:45 -0600] "GET /2023/11/12/unwrapping-the-magic-of-santadallas-com/ HTTP/2" 200 28192 "-" "Mozilla/5.0 AppleWebKit/537.36 (KHTML, like Gecko; compatible; ClaudeBot/1.0; +claudebot@anthropic.com)"
216.73.216.84 - - [15/Jul/2026:18:02:50 -0600] "GET /category/entertainment/feed/ HTTP/2" 200 3425 "-" "Mozilla/5.0 AppleWebKit/537.36 (KHTML, like Gecko; compatible; ClaudeBot/1.0; +claudebot@anthropic.com)"
198.175.150.9 - - [15/Jul/2026:18:23:00 -0600] "POST /wp-cron.php?doing_wp_cron=1784161380.3358170986175537109375 HTTP/1.1" 200 0 "-" "WordPress/7.0.1; https://dfwblogger.com"
66.249.70.32 - - [15/Jul/2026:18:31:58 -0600] "GET /favicon.ico HTTP/1.1" 404 4982 "-" "Googlebot-Image/1.0"
198.175.150.9 - - [15/Jul/2026:18:47:08 -0600] "POST /wp-cron.php?doing_wp_cron=1784162828.8785450458526611328125 HTTP/1.1" 200 0 "-" "WordPress/7.0.1; https://dfwblogger.com"
66.249.70.32 - - [15/Jul/2026:18:47:22 -0600] "GET / HTTP/1.1" 200 26628 "-" "Mozilla/5.0 (Linux; Android 6.0.1; Nexus 5X Build/MMB29P) AppleWebKit/537.36 (KHTML, like Gecko) Chrome/150.0.7871.114 Mobile Safari/537.36 (compatible; Googlebot/2.1; +http://www.google.com/bot.html)"
66.249.70.32 - - [15/Jul/2026:18:51:41 -0600] "GET / HTTP/1.1" 200 26628 "-" "Mozilla/5.0 (Linux; Android 6.0.1; Nexus 5X Build/MMB29P) AppleWebKit/537.36 (KHTML, like Gecko) Chrome/150.0.7871.114 Mobile Safari/537.36 (compatible; Googlebot/2.1; +http://www.google.com/bot.html)"
198.175.150.9 - - [15/Jul/2026:19:12:36 -0600] "POST /wp-cron.php?doing_wp_cron=1784164356.1549940109252929687500 HTTP/1.1" 200 0 "-" "WordPress/7.0.1; https://dfwblogger.com"
52.167.144.233 - - [15/Jul/2026:19:12:35 -0600] "GET /2023/10/16/plano-balloon-festival-a-sky-high-adventure-for-kids-and-parents/ HTTP/2" 200 29857 "-" "Mozilla/5.0 AppleWebKit/537.36 (KHTML, like Gecko; compatible; bingbot/2.0; +http://www.bing.com/bingbot.htm) Chrome/116.0.1938.76 Safari/537.36"
216.73.216.84 - - [15/Jul/2026:19:13:33 -0600] "GET /robots.txt HTTP/2" 200 98 "-" "Mozilla/5.0 AppleWebKit/537.36 (KHTML, like Gecko; compatible; ClaudeBot/1.0; +claudebot@anthropic.com)"
216.73.216.84 - - [15/Jul/2026:19:13:33 -0600] "GET /2023/10/04/aledo-texas-a-rich-tapestry-of-history-and-fascinating-facts/ HTTP/2" 200 29875 "-" "Mozilla/5.0 AppleWebKit/537.36 (KHTML, like Gecko; compatible; ClaudeBot/1.0; +claudebot@anthropic.com)"
216.73.216.84 - - [15/Jul/2026:19:16:53 -0600] "GET /2023/10/13/exploring-the-perot-museum-with-your-family/ HTTP/2" 200 29313 "-" "Mozilla/5.0 AppleWebKit/537.36 (KHTML, like Gecko; compatible; ClaudeBot/1.0; +claudebot@anthropic.com)"
216.73.216.84 - - [15/Jul/2026:19:18:22 -0600] "GET /2025/02/21/the-nightmare-of-updating-your-drivers-license-in-dfw/ HTTP/2" 200 24870 "-" "Mozilla/5.0 AppleWebKit/537.36 (KHTML, like Gecko; compatible; ClaudeBot/1.0; +claudebot@anthropic.com)"
216.73.216.84 - - [15/Jul/2026:19:18:22 -0600] "GET /?p=707 HTTP/2" 301 0 "-" "Mozilla/5.0 AppleWebKit/537.36 (KHTML, like Gecko; compatible; ClaudeBot/1.0; +claudebot@anthropic.com)"
216.73.216.84 - - [15/Jul/2026:19:18:23 -0600] "GET /2023/11/12/unwrapping-the-magic-of-santadallas-com/ HTTP/2" 200 28193 "https://dfwblogger.com/?p=707" "Mozilla/5.0 AppleWebKit/537.36 (KHTML, like Gecko; compatible; ClaudeBot/1.0; +claudebot@anthropic.com)"
13.59.85.69 - - [15/Jul/2026:19:21:23 -0600] "GET / HTTP/2" 200 30953 "-" "Mozilla/5.0 (Macintosh; Intel Mac OS X 10_15_0) AppleWebKit/537.36 (KHTML, like Gecko) Chrome/81.0.4044.138 Safari/537.36"
216.73.216.84 - - [15/Jul/2026:19:17:02 -0600] "GET /2023/10/15/the-fort-worth-zoo-a-haven-for-dfw-parents-and-kids/ HTTP/2" 200 28352 "-" "Mozilla/5.0 AppleWebKit/537.36 (KHTML, like Gecko; compatible; ClaudeBot/1.0; +claudebot@anthropic.com)"
216.73.216.84 - - [15/Jul/2026:19:17:02 -0600] "GET /post/page/4/ HTTP/2" 200 26666 "-" "Mozilla/5.0 AppleWebKit/537.36 (KHTML, like Gecko; compatible; ClaudeBot/1.0; +claudebot@anthropic.com)"
17.22.237.95 - - [15/Jul/2026:19:18:28 -0600] "GET /2024/02/10/the-indian-american-population-is-growing-in-dfw/ HTTP/2" 200 33779 "-" "Mozilla/5.0 (Macintosh; Intel Mac OS X 10_15_7) AppleWebKit/605.1.15 (KHTML, like Gecko) Version/17.4 Safari/605.1.15 (Applebot/0.1; +http://www.apple.com/go/applebot)"
216.73.216.84 - - [15/Jul/2026:19:19:11 -0600] "GET /?p=480 HTTP/2" 301 0 "-" "Mozilla/5.0 AppleWebKit/537.36 (KHTML, like Gecko; compatible; ClaudeBot/1.0; +claudebot@anthropic.com)"
216.73.216.84 - - [15/Jul/2026:19:19:12 -0600] "GET /2023/10/15/planning-a-spectacular-kids-birthday-party-in-dfw-with-checkers-the-magician/ HTTP/2" 200 27743 "https://dfwblogger.com/?p=480" "Mozilla/5.0 AppleWebKit/537.36 (KHTML, like Gecko; compatible; ClaudeBot/1.0; +claudebot@anthropic.com)"
216.73.216.84 - - [15/Jul/2026:19:19:20 -0600] "GET /2025/03/05/storms-blow-through-the-metroplex-march-4th-2025/ HTTP/2" 200 27814 "-" "Mozilla/5.0 AppleWebKit/537.36 (KHTML, like Gecko; compatible; ClaudeBot/1.0; +claudebot@anthropic.com)"
216.73.216.84 - - [15/Jul/2026:19:20:18 -0600] "GET /2025/03/07/spacex-and-its-impact-on-the-dfw-economy-a-look-into-the-future/ HTTP/2" 200 28731 "-" "Mozilla/5.0 AppleWebKit/537.36 (KHTML, like Gecko; compatible; ClaudeBot/1.0; +claudebot@anthropic.com)"
17.22.237.207 - - [15/Jul/2026:19:20:32 -0600] "GET /wp-content/plugins/elementor/assets/css/widget-heading.min.css?ver=4.1.4 HTTP/2" 200 126 "https://dfwblogger.com/2024/02/10/the-indian-american-population-is-growing-in-dfw/" "Mozilla/5.0 (Macintosh; Intel Mac OS X 10_15_7) AppleWebKit/605.1.15 (KHTML, like Gecko) Version/17.4 Safari/605.1.15 (Applebot/0.1; +http://www.apple.com/go/applebot)"
17.22.237.207 - - [15/Jul/2026:19:20:33 -0600] "GET /wp-content/uploads/elementor/css/post-837.css?ver=1784116420 HTTP/2" 200 259 "https://dfwblogger.com/2024/02/10/the-indian-american-population-is-growing-in-dfw/" "Mozilla/5.0 (Macintosh; Intel Mac OS X 10_15_7) AppleWebKit/605.1.15 (KHTML, like Gecko) Version/17.4 Safari/605.1.15 (Applebot/0.1; +http://www.apple.com/go/applebot)"
216.73.216.84 - - [15/Jul/2026:19:21:01 -0600] "GET /?p=519 HTTP/2" 301 0 "-" "Mozilla/5.0 AppleWebKit/537.36 (KHTML, like Gecko; compatible; ClaudeBot/1.0; +claudebot@anthropic.com)"
216.73.216.84 - - [15/Jul/2026:19:21:01 -0600] "GET /2023/10/12/nostalgia-in-motion-exploring-the-mckinney-avenue-trolley-in-dallas/ HTTP/2" 200 28311 "-" "Mozilla/5.0 AppleWebKit/537.36 (KHTML, like Gecko; compatible; ClaudeBot/1.0; +claudebot@anthropic.com)"
216.73.216.84 - - [15/Jul/2026:19:21:02 -0600] "GET /2023/10/16/plano-balloon-festival-a-sky-high-adventure-for-kids-and-parents/ HTTP/2" 200 29857 "https://dfwblogger.com/?p=519" "Mozilla/5.0 AppleWebKit/537.36 (KHTML, like Gecko; compatible; ClaudeBot/1.0; +claudebot@anthropic.com)"
216.73.216.84 - - [15/Jul/2026:19:21:08 -0600] "GET /2023/10/13/family-fun-in-dfw-exploring-lake-lewisville/ HTTP/2" 200 28194 "-" "Mozilla/5.0 AppleWebKit/537.36 (KHTML, like Gecko; compatible; ClaudeBot/1.0; +claudebot@anthropic.com)"
52.167.144.176 - - [15/Jul/2026:19:27:46 -0600] "GET /2023/10/16/plano-balloon-festival-a-sky-high-adventure-for-kids-and-parents/ HTTP/2" 200 29857 "-" "Mozilla/5.0 AppleWebKit/537.36 (KHTML, like Gecko; compatible; bingbot/2.0; +http://www.bing.com/bingbot.htm) Chrome/116.0.1938.76 Safari/537.36"
207.46.13.151 - - [15/Jul/2026:19:29:11 -0600] "GET /2025/05/26/the-best-dfw-weather-forecast/ HTTP/2" 200 28916 "-" "Mozilla/5.0 AppleWebKit/537.36 (KHTML, like Gecko; compatible; bingbot/2.0; +http://www.bing.com/bingbot.htm) Chrome/116.0.1938.76 Safari/537.36"
198.175.150.9 - - [15/Jul/2026:19:25:21 -0600] "POST /wp-cron.php?doing_wp_cron=1784165121.9609870910644531250000 HTTP/1.1" 200 0 "-" "WordPress/7.0.1; https://dfwblogger.com"
51.222.168.253 - - [15/Jul/2026:19:42:38 -0600] "GET /tag/weather/ HTTP/2" 200 22553 "-" "Mozilla/5.0 (compatible; AhrefsBot/7.0; +http://ahrefs.com/robot/)"
216.73.216.84 - - [15/Jul/2026:17:53:44 -0600] "GET /category/parties-and-events/feed/ HTTP/2" 200 7270 "-" "Mozilla/5.0 AppleWebKit/537.36 (KHTML, like Gecko; compatible; ClaudeBot/1.0; +claudebot@anthropic.com)"
216.73.216.84 - - [15/Jul/2026:17:53:47 -0600] "GET /category/entertainment/ HTTP/2" 200 22417 "-" "Mozilla/5.0 AppleWebKit/537.36 (KHTML, like Gecko; compatible; ClaudeBot/1.0; +claudebot@anthropic.com)"
216.73.216.84 - - [15/Jul/2026:17:57:57 -0600] "GET /2023/10/15/planning-a-spectacular-kids-birthday-party-in-dfw-with-checkers-the-magician/ HTTP/2" 200 27744 "-" "Mozilla/5.0 AppleWebKit/537.36 (KHTML, like Gecko; compatible; ClaudeBot/1.0; +claudebot@anthropic.com)"
216.73.216.84 - - [15/Jul/2026:17:58:41 -0600] "GET /post/page/6/ HTTP/2" 200 26333 "-" "Mozilla/5.0 AppleWebKit/537.36 (KHTML, like Gecko; compatible; ClaudeBot/1.0; +claudebot@anthropic.com)"
216.73.216.84 - - [15/Jul/2026:18:01:10 -0600] "GET /category/fairs-festivals/feed/ HTTP/2" 200 7192 "-" "Mozilla/5.0 AppleWebKit/537.36 (KHTML, like Gecko; compatible; ClaudeBot/1.0; +claudebot@anthropic.com)"
66.249.64.14 - - [15/Jul/2026:18:15:07 -0600] "GET /robots.txt HTTP/1.1" 301 0 "-" "Mozilla/5.0 (compatible; Googlebot/2.1; +http://www.google.com/bot.html)"
198.175.150.9 - - [15/Jul/2026:18:23:00 -0600] "POST /wp-cron.php?doing_wp_cron=1784161380.3029930591583251953125 HTTP/1.1" 200 0 "-" "WordPress/7.0.1; https://dfwblogger.com"
85.208.96.198 - - [15/Jul/2026:19:17:10 -0600] "GET /robots.txt HTTP/1.1" 200 111 "-" "Mozilla/5.0 (compatible; SemrushBot/7~bl; +http://www.semrush.com/bot.html)"
85.208.96.204 - - [15/Jul/2026:19:17:12 -0600] "GET /2023/10/06/white-rock-lake-a-haunting-history-and-the-enigmatic-lady-of-the-lake/ HTTP/1.1" 200 33905 "-" "Mozilla/5.0 (compatible; SemrushBot/7~bl; +http://www.semrush.com/bot.html)"
198.175.150.9 - - [15/Jul/2026:19:25:21 -0600] "POST /wp-cron.php?doing_wp_cron=1784165121.9414598941802978515625 HTTP/1.1" 200 0 "-" "WordPress/7.0.1; https://dfwblogger.com"
216.73.216.84 - - [15/Jul/2026:19:25:21 -0600] "GET /2023/10/19/dive-into-fun-and-education-at-the-dallas-world-aquarium/ HTTP/2" 200 28036 "-" "Mozilla/5.0 AppleWebKit/537.36 (KHTML, like Gecko; compatible; ClaudeBot/1.0; +claudebot@anthropic.com)"
216.73.216.84 - - [15/Jul/2026:19:25:21 -0600] "GET /2025/03/11/southwest-airlines-has-decided-no-more-free-bags/ HTTP/2" 200 28751 "-" "Mozilla/5.0 AppleWebKit/537.36 (KHTML, like Gecko; compatible; ClaudeBot/1.0; +claudebot@anthropic.com)"
198.175.150.9 - - [15/Jul/2026:19:42:39 -0600] "POST /wp-cron.php?doing_wp_cron=1784166159.9140000343322753906250 HTTP/1.1" 200 0 "-" "WordPress/7.0.1; https://dfwblogger.com"
66.249.70.32 - - [15/Jul/2026:18:48:11 -0600] "GET /wp-content/plugins/ultimate-elementor/assets/min-js/uael-posts.min.js?ver=1.45.1 HTTP/1.1" 200 2241 "https://dfwblogger.com/" "Mozilla/5.0 (Linux; Android 6.0.1; Nexus 5X Build/MMB29P) AppleWebKit/537.36 (KHTML, like Gecko) Chrome/150.0.7871.114 Mobile Safari/537.36 (compatible; Googlebot/2.1; +http://www.google.com/bot.html)"
66.249.70.32 - - [15/Jul/2026:18:48:11 -0600] "GET /wp-includes/js/dist/i18n.min.js?ver=781d11515ad3d91786ec HTTP/1.1" 200 2354 "https://dfwblogger.com/" "Mozilla/5.0 (Linux; Android 6.0.1; Nexus 5X Build/MMB29P) AppleWebKit/537.36 (KHTML, like Gecko) Chrome/150.0.7871.114 Mobile Safari/537.36 (compatible; Googlebot/2.1; +http://www.google.com/bot.html)"
216.73.216.84 - - [15/Jul/2026:19:13:44 -0600] "GET /2023/10/31/ripleys-believe-it-or-not-in-grand-prairie-a-family-adventure-of-unbelievable-fun/ HTTP/2" 200 30567 "-" "Mozilla/5.0 AppleWebKit/537.36 (KHTML, like Gecko; compatible; ClaudeBot/1.0; +claudebot@anthropic.com)"
216.73.216.84 - - [15/Jul/2026:19:13:44 -0600] "GET /2023/10/06/white-rock-lake-a-haunting-history-and-the-enigmatic-lady-of-the-lake/ HTTP/2" 200 29423 "-" "Mozilla/5.0 AppleWebKit/537.36 (KHTML, like Gecko; compatible; ClaudeBot/1.0; +claudebot@anthropic.com)"
216.73.216.84 - - [15/Jul/2026:19:17:11 -0600] "GET /2025/02/21/the-history-of-fort-worth-texas/ HTTP/2" 200 28299 "-" "Mozilla/5.0 AppleWebKit/537.36 (KHTML, like Gecko; compatible; ClaudeBot/1.0; +claudebot@anthropic.com)"
216.73.216.84 - - [15/Jul/2026:19:17:12 -0600] "GET /2025/03/05/west-coast-fleeing-to-texas/ HTTP/2" 200 27347 "-" "Mozilla/5.0 AppleWebKit/537.36 (KHTML, like Gecko; compatible; ClaudeBot/1.0; +claudebot@anthropic.com)"
216.73.216.84 - - [15/Jul/2026:19:18:17 -0600] "GET /post/page/5/ HTTP/2" 200 26445 "-" "Mozilla/5.0 AppleWebKit/537.36 (KHTML, like Gecko; compatible; ClaudeBot/1.0; +claudebot@anthropic.com)"
216.73.216.84 - - [15/Jul/2026:19:22:29 -0600] "GET /2023/10/15/the-legendary-tom-landry-coach-of-the-cowboys/ HTTP/2" 200 28184 "-" "Mozilla/5.0 AppleWebKit/537.36 (KHTML, like Gecko; compatible; ClaudeBot/1.0; +claudebot@anthropic.com)"
216.73.216.84 - - [15/Jul/2026:19:25:45 -0600] "GET /2025/03/05/daredevil-born-again-everything-you-need-to-know-about-disney-2025-release/ HTTP/2" 200 28483 "-" "Mozilla/5.0 AppleWebKit/537.36 (KHTML, like Gecko; compatible; ClaudeBot/1.0; +claudebot@anthropic.com)"
51.161.65.43 - - [15/Jul/2026:19:50:14 -0600] "GET /category/podcast/ HTTP/2" 200 24589 "-" "Mozilla/5.0 (compatible; AhrefsBot/7.0; +http://ahrefs.com/robot/)"
54.67.78.141 - - [15/Jul/2026:19:57:22 -0600] "GET / HTTP/2" 200 30953 "-" "Mozilla/5.0 (Macintosh; Intel Mac OS X 10_15_0) AppleWebKit/537.36 (KHTML, like Gecko) Chrome/81.0.4044.138 Safari/537.36"
185.191.171.17 - - [15/Jul/2026:19:59:02 -0600] "GET /tag/zoos/ HTTP/1.1" 200 26050 "-" "Mozilla/5.0 (compatible; SemrushBot/7~bl; +http://www.semrush.com/bot.html)"
216.73.216.84 - - [15/Jul/2026:20:07:50 -0600] "GET /wp-sitemap.xml HTTP/2" 200 201 "-" "Mozilla/5.0 AppleWebKit/537.36 (KHTML, like Gecko; compatible; ClaudeBot/1.0; +claudebot@anthropic.com)"
112.208.77.229 - - [15/Jul/2026:20:08:23 -0600] "GET /tag/ellis-county/ HTTP/2" 403 72 "https://dfwblogger.com/tag/ellis-county/" "Mozilla/5.0 (Macintosh; Intel Mac OS X 10_15_7) AppleWebKit/537.36 (KHTML, like Gecko) Chrome/120.0.0.0 Safari/537.36"
148.113.130.55 - - [15/Jul/2026:20:38:10 -0600] "GET /category/fairs-festivals/ HTTP/2" 200 22695 "-" "Mozilla/5.0 (compatible; AhrefsBot/7.0; +http://ahrefs.com/robot/)"
148.113.130.102 - - [15/Jul/2026:20:41:52 -0600] "GET /wp-content/uploads/2023/10/balloon-glow-1024x411.jpg HTTP/2" 200 82887 "-" "Mozilla/5.0 (compatible; AhrefsBot/7.0; +http://ahrefs.com/robot/)"
185.191.171.2 - - [15/Jul/2026:20:42:47 -0600] "GET /robots.txt HTTP/1.1" 200 111 "-" "Mozilla/5.0 (compatible; SemrushBot/7~bl; +http://www.semrush.com/bot.html)"
216.73.216.40 - - [15/Jul/2026:20:43:37 -0600] "GET /?p=1211 HTTP/2" 301 0 "-" "Mozilla/5.0 AppleWebKit/537.36 (KHTML, like Gecko; compatible; ClaudeBot/1.0; +claudebot@anthropic.com)"
216.73.216.40 - - [15/Jul/2026:20:43:37 -0600] "GET /2025/03/05/storms-blow-through-the-metroplex-march-4th-2025/ HTTP/2" 200 27814 "https://dfwblogger.com/?p=1211" "Mozilla/5.0 AppleWebKit/537.36 (KHTML, like Gecko; compatible; ClaudeBot/1.0; +claudebot@anthropic.com)"
54.177.148.205 - - [15/Jul/2026:20:36:22 -0600] "GET /post/ HTTP/2" 200 29535 "-" "Mozilla/5.0 (Macintosh; Intel Mac OS X 10_15_0) AppleWebKit/537.36 (KHTML, like Gecko) Chrome/81.0.4044.138 Safari/537.36"
216.73.216.40 - - [15/Jul/2026:20:38:51 -0600] "GET /robots.txt HTTP/2" 200 98 "-" "Mozilla/5.0 AppleWebKit/537.36 (KHTML, like Gecko; compatible; ClaudeBot/1.0; +claudebot@anthropic.com)"
216.73.216.40 - - [15/Jul/2026:20:38:52 -0600] "GET /2025/02/20/the-history-of-dallas-texas-from-settlement-to-modern-metropolis/ HTTP/2" 200 28867 "-" "Mozilla/5.0 AppleWebKit/537.36 (KHTML, like Gecko; compatible; ClaudeBot/1.0; +claudebot@anthropic.com)"
216.73.216.40 - - [15/Jul/2026:20:38:52 -0600] "GET /?p=1242 HTTP/2" 301 0 "-" "Mozilla/5.0 AppleWebKit/537.36 (KHTML, like Gecko; compatible; ClaudeBot/1.0; +claudebot@anthropic.com)"
216.73.216.40 - - [15/Jul/2026:20:38:53 -0600] "GET /?p=550 HTTP/2" 301 0 "-" "Mozilla/5.0 AppleWebKit/537.36 (KHTML, like Gecko; compatible; ClaudeBot/1.0; +claudebot@anthropic.com)"
216.73.216.40 - - [15/Jul/2026:20:38:53 -0600] "GET /2025/03/07/spacex-and-its-impact-on-the-dfw-economy-a-look-into-the-future/ HTTP/2" 200 28731 "https://dfwblogger.com/?p=1242" "Mozilla/5.0 AppleWebKit/537.36 (KHTML, like Gecko; compatible; ClaudeBot/1.0; +claudebot@anthropic.com)"
216.73.216.40 - - [15/Jul/2026:20:38:53 -0600] "GET /2023/10/19/dive-into-fun-and-education-at-the-dallas-world-aquarium/ HTTP/2" 200 28036 "https://dfwblogger.com/?p=550" "Mozilla/5.0 AppleWebKit/537.36 (KHTML, like Gecko; compatible; ClaudeBot/1.0; +claudebot@anthropic.com)"
216.73.216.40 - - [15/Jul/2026:20:38:59 -0600] "GET /2025/03/11/southwest-airlines-has-decided-no-more-free-bags/ HTTP/2" 200 28751 "-" "Mozilla/5.0 AppleWebKit/537.36 (KHTML, like Gecko; compatible; ClaudeBot/1.0; +claudebot@anthropic.com)"
216.73.216.40 - - [15/Jul/2026:20:39:08 -0600] "GET /?p=1175 HTTP/2" 301 0 "-" "Mozilla/5.0 AppleWebKit/537.36 (KHTML, like Gecko; compatible; ClaudeBot/1.0; +claudebot@anthropic.com)"
216.73.216.40 - - [15/Jul/2026:20:39:07 -0600] "GET /2023/10/21/the-history-of-dallas-texas-and-its-influential-figures/ HTTP/2" 200 29888 "-" "Mozilla/5.0 AppleWebKit/537.36 (KHTML, like Gecko; compatible; ClaudeBot/1.0; +claudebot@anthropic.com)"
216.73.216.40 - - [15/Jul/2026:20:39:08 -0600] "GET /2025/02/21/the-history-of-fort-worth-texas/ HTTP/2" 200 28299 "https://dfwblogger.com/?p=1175" "Mozilla/5.0 AppleWebKit/537.36 (KHTML, like Gecko; compatible; ClaudeBot/1.0; +claudebot@anthropic.com)"
216.73.216.40 - - [15/Jul/2026:20:41:40 -0600] "GET /?p=429 HTTP/2" 301 0 "-" "Mozilla/5.0 AppleWebKit/537.36 (KHTML, like Gecko; compatible; ClaudeBot/1.0; +claudebot@anthropic.com)"
216.73.216.40 - - [15/Jul/2026:20:41:41 -0600] "GET /2023/10/13/family-fun-in-dfw-exploring-lake-lewisville/ HTTP/2" 200 28194 "https://dfwblogger.com/?p=429" "Mozilla/5.0 AppleWebKit/537.36 (KHTML, like Gecko; compatible; ClaudeBot/1.0; +claudebot@anthropic.com)"
216.73.216.40 - - [15/Jul/2026:20:42:17 -0600] "GET /?p=1184 HTTP/2" 301 0 "-" "Mozilla/5.0 AppleWebKit/537.36 (KHTML, like Gecko; compatible; ClaudeBot/1.0; +claudebot@anthropic.com)"
216.73.216.40 - - [15/Jul/2026:20:42:18 -0600] "GET /2025/02/21/the-nightmare-of-updating-your-drivers-license-in-dfw/ HTTP/2" 200 24870 "https://dfwblogger.com/?p=1184" "Mozilla/5.0 AppleWebKit/537.36 (KHTML, like Gecko; compatible; ClaudeBot/1.0; +claudebot@anthropic.com)"
216.73.216.40 - - [15/Jul/2026:20:42:33 -0600] "GET /?p=468 HTTP/2" 301 0 "-" "Mozilla/5.0 AppleWebKit/537.36 (KHTML, like Gecko; compatible; ClaudeBot/1.0; +claudebot@anthropic.com)"
216.73.216.40 - - [15/Jul/2026:20:42:34 -0600] "GET /2023/10/15/the-legendary-tom-landry-coach-of-the-cowboys/ HTTP/2" 200 28184 "https://dfwblogger.com/?p=468" "Mozilla/5.0 AppleWebKit/537.36 (KHTML, like Gecko; compatible; ClaudeBot/1.0; +claudebot@anthropic.com)"
142.44.220.69 - - [15/Jul/2026:20:47:16 -0600] "GET /category/museums/ HTTP/2" 200 24435 "-" "Mozilla/5.0 (compatible; AhrefsBot/7.0; +http://ahrefs.com/robot/)"
216.73.216.40 - - [15/Jul/2026:20:48:48 -0600] "GET /2024/02/10/the-indian-american-population-is-growing-in-dfw/ HTTP/2" 200 29291 "-" "Mozilla/5.0 AppleWebKit/537.36 (KHTML, like Gecko; compatible; ClaudeBot/1.0; +claudebot@anthropic.com)"
198.175.150.9 - - [15/Jul/2026:20:38:11 -0600] "POST /wp-cron.php?doing_wp_cron=1784169491.6296188831329345703125 HTTP/1.1" 200 0 "-" "WordPress/7.0.1; https://dfwblogger.com"
216.73.216.40 - - [15/Jul/2026:20:41:49 -0600] "GET /?p=1253 HTTP/2" 301 0 "-" "Mozilla/5.0 AppleWebKit/537.36 (KHTML, like Gecko; compatible; ClaudeBot/1.0; +claudebot@anthropic.com)"
216.73.216.40 - - [15/Jul/2026:20:41:49 -0600] "GET /2025/03/11/southwest-airlines-has-decided-no-more-free-bags/ HTTP/2" 200 28751 "https://dfwblogger.com/?p=1253" "Mozilla/5.0 AppleWebKit/537.36 (KHTML, like Gecko; compatible; ClaudeBot/1.0; +claudebot@anthropic.com)"
85.208.96.199 - - [15/Jul/2026:20:42:48 -0600] "GET /2023/10/23/bonnie-and-clyde-the-infamous-outlaw-duo-and-their-dallas-fort-worth-connection/ HTTP/1.1" 200 34637 "-" "Mozilla/5.0 (compatible; SemrushBot/7~bl; +http://www.semrush.com/bot.html)"
216.73.216.40 - - [15/Jul/2026:20:44:57 -0600] "GET /?p=441 HTTP/2" 301 0 "-" "Mozilla/5.0 AppleWebKit/537.36 (KHTML, like Gecko; compatible; ClaudeBot/1.0; +claudebot@anthropic.com)"
216.73.216.40 - - [15/Jul/2026:20:44:57 -0600] "GET /2023/10/13/exploring-the-perot-museum-with-your-family/ HTTP/2" 200 29313 "https://dfwblogger.com/?p=441" "Mozilla/5.0 AppleWebKit/537.36 (KHTML, like Gecko; compatible; ClaudeBot/1.0; +claudebot@anthropic.com)"
216.73.216.40 - - [15/Jul/2026:20:48:11 -0600] "GET /?p=1218 HTTP/2" 301 0 "-" "Mozilla/5.0 AppleWebKit/537.36 (KHTML, like Gecko; compatible; ClaudeBot/1.0; +claudebot@anthropic.com)"
216.73.216.40 - - [15/Jul/2026:20:48:12 -0600] "GET /2025/03/05/west-coast-fleeing-to-texas/ HTTP/2" 200 27347 "https://dfwblogger.com/?p=1218" "Mozilla/5.0 AppleWebKit/537.36 (KHTML, like Gecko; compatible; ClaudeBot/1.0; +claudebot@anthropic.com)"
167.88.167.140 - - [15/Jul/2026:20:50:55 -0600] "HEAD /wp-content/plugins/custom-api-for-wp/classes/Common/Resources/JS/mo-caw-script.min.js HTTP/1.1" 404 0 "-" "Mozilla/5.0 (Windows NT 11.0; Win64; x64) AppleWebKit/537.36 (KHTML, like Gecko) Chrome/131.0.6778.86 Safari/537.36"
15.235.27.178 - - [15/Jul/2026:20:50:59 -0600] "GET /wp-content/uploads/2023/10/newspaper-1024x573.jpg HTTP/2" 200 64255 "-" "Mozilla/5.0 (compatible; AhrefsBot/7.0; +http://ahrefs.com/robot/)"
216.73.216.40 - - [15/Jul/2026:20:51:19 -0600] "GET /?p=238 HTTP/2" 301 0 "-" "Mozilla/5.0 AppleWebKit/537.36 (KHTML, like Gecko; compatible; ClaudeBot/1.0; +claudebot@anthropic.com)"
216.73.216.40 - - [15/Jul/2026:20:51:19 -0600] "GET /2023/10/19/dive-into-fun-and-education-at-the-dallas-world-aquarium/ HTTP/2" 200 28036 "-" "Mozilla/5.0 AppleWebKit/537.36 (KHTML, like Gecko; compatible; ClaudeBot/1.0; +claudebot@anthropic.com)"
216.73.216.40 - - [15/Jul/2026:20:51:20 -0600] "GET /2023/10/06/white-rock-lake-a-haunting-history-and-the-enigmatic-lady-of-the-lake/ HTTP/2" 200 29423 "https://dfwblogger.com/?p=238" "Mozilla/5.0 AppleWebKit/537.36 (KHTML, like Gecko; compatible; ClaudeBot/1.0; +claudebot@anthropic.com)"
216.73.216.40 - - [15/Jul/2026:20:50:28 -0600] "GET /?p=153 HTTP/2" 301 0 "-" "Mozilla/5.0 AppleWebKit/537.36 (KHTML, like Gecko; compatible; ClaudeBot/1.0; +claudebot@anthropic.com)"
216.73.216.40 - - [15/Jul/2026:20:50:29 -0600] "GET /2023/10/04/aledo-texas-a-rich-tapestry-of-history-and-fascinating-facts/ HTTP/2" 200 29875 "https://dfwblogger.com/?p=153" "Mozilla/5.0 AppleWebKit/537.36 (KHTML, like Gecko; compatible; ClaudeBot/1.0; +claudebot@anthropic.com)"
216.73.216.40 - - [15/Jul/2026:20:51:01 -0600] "GET /2023/10/15/the-legendary-tom-landry-coach-of-the-cowboys/ HTTP/2" 200 28184 "-" "Mozilla/5.0 AppleWebKit/537.36 (KHTML, like Gecko; compatible; ClaudeBot/1.0; +claudebot@anthropic.com)"
54.39.210.53 - - [15/Jul/2026:20:50:57 -0600] "GET /wp-content/uploads/2023/10/dallas-aquarium-1024x576.jpg HTTP/2" 200 233774 "-" "Mozilla/5.0 (compatible; AhrefsBot/7.0; +http://ahrefs.com/robot/)"
52.167.144.225 - - [15/Jul/2026:20:49:25 -0600] "GET /2023/10/21/the-history-of-dallas-texas-and-its-influential-figures/ HTTP/2" 200 29888 "-" "Mozilla/5.0 AppleWebKit/537.36 (KHTML, like Gecko; compatible; bingbot/2.0; +http://www.bing.com/bingbot.htm) Chrome/116.0.1938.76 Safari/537.36"
51.161.65.123 - - [15/Jul/2026:20:51:01 -0600] "GET /wp-content/uploads/2023/10/Ripleys-featured-1024x578.jpg HTTP/2" 200 108234 "-" "Mozilla/5.0 (compatible; AhrefsBot/7.0; +http://ahrefs.com/robot/)"
216.73.216.40 - - [15/Jul/2026:20:51:50 -0600] "GET /2023/10/27/the-lewisville-fishing-barge-a-legacy-lost/ HTTP/2" 200 29467 "-" "Mozilla/5.0 AppleWebKit/537.36 (KHTML, like Gecko; compatible; ClaudeBot/1.0; +claudebot@anthropic.com)"
216.73.216.40 - - [15/Jul/2026:20:53:24 -0600] "GET /?p=681 HTTP/2" 301 0 "-" "Mozilla/5.0 AppleWebKit/537.36 (KHTML, like Gecko; compatible; ClaudeBot/1.0; +claudebot@anthropic.com)"
216.73.216.40 - - [15/Jul/2026:20:53:25 -0600] "GET /?p=503 HTTP/2" 301 0 "-" "Mozilla/5.0 AppleWebKit/537.36 (KHTML, like Gecko; compatible; ClaudeBot/1.0; +claudebot@anthropic.com)"
216.73.216.40 - - [15/Jul/2026:20:53:25 -0600] "GET /2023/10/31/ripleys-believe-it-or-not-in-grand-prairie-a-family-adventure-of-unbelievable-fun/ HTTP/2" 200 30567 "https://dfwblogger.com/?p=681" "Mozilla/5.0 AppleWebKit/537.36 (KHTML, like Gecko; compatible; ClaudeBot/1.0; +claudebot@anthropic.com)"
216.73.216.40 - - [15/Jul/2026:20:53:25 -0600] "GET /2023/10/15/the-fort-worth-zoo-a-haven-for-dfw-parents-and-kids/ HTTP/2" 200 28352 "https://dfwblogger.com/?p=503" "Mozilla/5.0 AppleWebKit/537.36 (KHTML, like Gecko; compatible; ClaudeBot/1.0; +claudebot@anthropic.com)"
17.241.75.254 - - [15/Jul/2026:20:55:56 -0600] "GET /2026/07/ HTTP/2" 200 25935 "-" "Mozilla/5.0 (Macintosh; Intel Mac OS X 10_15_7) AppleWebKit/605.1.15 (KHTML, like Gecko) Version/17.4 Safari/605.1.15 (Applebot/0.1; +http://www.apple.com/go/applebot)"
170.106.193.108 - - [15/Jul/2026:21:02:35 -0600] "GET / HTTP/1.1" 200 30948 "http://dfwblogger.com" "Mozilla/5.0 (iPhone; CPU iPhone OS 13_2_3 like Mac OS X) AppleWebKit/605.1.15 (KHTML, like Gecko) Version/13.0.3 Mobile/15E148 Safari/604.1"
17.241.227.149 - - [15/Jul/2026:21:03:06 -0600] "GET /2025/09/09/dallas-fort-worths-highways-are-becoming-obstacle-courses/ HTTP/2" 200 36852 "-" "Mozilla/5.0 (Macintosh; Intel Mac OS X 10_15_7) AppleWebKit/605.1.15 (KHTML, like Gecko) Version/17.4 Safari/605.1.15 (Applebot/0.1; +http://www.apple.com/go/applebot)"
216.73.216.40 - - [15/Jul/2026:20:54:19 -0600] "GET /2023/10/23/bonnie-and-clyde-the-infamous-outlaw-duo-and-their-dallas-fort-worth-connection/ HTTP/2" 200 30074 "-" "Mozilla/5.0 AppleWebKit/537.36 (KHTML, like Gecko; compatible; ClaudeBot/1.0; +claudebot@anthropic.com)"
207.46.13.9 - - [15/Jul/2026:21:02:12 -0600] "GET /2025/03/05/storms-blow-through-the-metroplex-march-4th-2025/ HTTP/2" 200 27814 "-" "Mozilla/5.0 AppleWebKit/537.36 (KHTML, like Gecko; compatible; bingbot/2.0; +http://www.bing.com/bingbot.htm) Chrome/116.0.1938.76 Safari/537.36"
216.73.216.40 - - [15/Jul/2026:20:54:06 -0600] "GET /2024/02/11/the-sweet-legacy-of-sees-candies/ HTTP/2" 200 29505 "-" "Mozilla/5.0 AppleWebKit/537.36 (KHTML, like Gecko; compatible; ClaudeBot/1.0; +claudebot@anthropic.com)"
46.202.67.142 - - [15/Jul/2026:20:55:57 -0600] "HEAD / HTTP/1.1" 200 0 "https://dfwblogger.com" "Mozilla/5.0 (Windows NT 10.0; Win64; x64) AppleWebKit/537.36 (KHTML, like Gecko) Chrome/100.0.4896.127 Safari/537.36"
46.202.67.142 - - [15/Jul/2026:20:55:57 -0600] "GET / HTTP/1.1" 200 30953 "https://dfwblogger.com" "Mozilla/5.0 (Windows NT 10.0; Win64; x64) AppleWebKit/537.36 (KHTML, like Gecko) Chrome/100.0.4896.127 Safari/537.36"
142.44.220.184 - - [15/Jul/2026:21:10:25 -0600] "GET /2026/07/ HTTP/2" 200 22274 "-" "Mozilla/5.0 (compatible; AhrefsBot/7.0; +http://ahrefs.com/robot/)"
17.241.227.94 - - [15/Jul/2026:21:05:57 -0600] "GET /wp-includes/js/jquery/jquery.min.js?ver=3.7.1 HTTP/2" 200 29744 "https://dfwblogger.com/2026/07/" "Mozilla/5.0 (Macintosh; Intel Mac OS X 10_15_7) AppleWebKit/605.1.15 (KHTML, like Gecko) Version/17.4 Safari/605.1.15 (Applebot/0.1; +http://www.apple.com/go/applebot)"
17.241.227.94 - - [15/Jul/2026:21:05:58 -0600] "GET /wp-content/themes/astra/assets/js/minified/frontend.min.js?ver=4.13.6 HTTP/2" 200 5693 "https://dfwblogger.com/2026/07/" "Mozilla/5.0 (Macintosh; Intel Mac OS X 10_15_7) AppleWebKit/605.1.15 (KHTML, like Gecko) Version/17.4 Safari/605.1.15 (Applebot/0.1; +http://www.apple.com/go/applebot)"
17.241.227.94 - - [15/Jul/2026:21:05:59 -0600] "GET /wp-content/plugins/astra-addon/assets/js/minified/purify.min.js?ver=4.13.5 HTTP/2" 200 10151 "https://dfwblogger.com/2026/07/" "Mozilla/5.0 (Macintosh; Intel Mac OS X 10_15_7) AppleWebKit/605.1.15 (KHTML, like Gecko) Version/17.4 Safari/605.1.15 (Applebot/0.1; +http://www.apple.com/go/applebot)"
17.241.227.94 - - [15/Jul/2026:21:06:01 -0600] "GET /wp-includes/js/jquery/jquery-migrate.min.js?ver=3.4.1 HTTP/2" 200 4678 "https://dfwblogger.com/2026/07/" "Mozilla/5.0 (Macintosh; Intel Mac OS X 10_15_7) AppleWebKit/605.1.15 (KHTML, like Gecko) Version/17.4 Safari/605.1.15 (Applebot/0.1; +http://www.apple.com/go/applebot)"
17.241.227.94 - - [15/Jul/2026:21:06:02 -0600] "GET /wp-content/uploads/astra-addon/astra-addon-6a5586f21983a0-91101535.js?ver=4.13.5 HTTP/2" 200 3191 "https://dfwblogger.com/2026/07/" "Mozilla/5.0 (Macintosh; Intel Mac OS X 10_15_7) AppleWebKit/605.1.15 (KHTML, like Gecko) Version/17.4 Safari/605.1.15 (Applebot/0.1; +http://www.apple.com/go/applebot)"
17.241.227.94 - - [15/Jul/2026:21:06:04 -0600] "GET /wp-includes/js/wp-emoji-release.min.js?ver=7.0.1 HTTP/2" 200 4974 "https://dfwblogger.com/2026/07/" "Mozilla/5.0 (Macintosh; Intel Mac OS X 10_15_7) AppleWebKit/605.1.15 (KHTML, like Gecko) Version/17.4 Safari/605.1.15 (Applebot/0.1; +http://www.apple.com/go/applebot)"
15.235.27.169 - - [15/Jul/2026:21:11:00 -0600] "GET /wp-content/uploads/2026/07/new-coaster.jpg HTTP/2" 200 112630 "-" "Mozilla/5.0 (compatible; AhrefsBot/7.0; +http://ahrefs.com/robot/)"
17.241.75.168 - - [15/Jul/2026:21:14:49 -0600] "GET /wp-content/uploads/elementor/google-fonts/css/roboto.css?ver=1742235581 HTTP/2" 200 1876 "https://dfwblogger.com/2025/09/09/dallas-fort-worths-highways-are-becoming-obstacle-courses/" "Mozilla/5.0 (Macintosh; Intel Mac OS X 10_15_7) AppleWebKit/605.1.15 (KHTML, like Gecko) Version/17.4 Safari/605.1.15 (Applebot/0.1; +http://www.apple.com/go/applebot)"
17.241.75.168 - - [15/Jul/2026:21:14:50 -0600] "GET /wp-content/uploads/elementor/css/post-1466.css?ver=1784124423 HTTP/2" 200 178 "https://dfwblogger.com/2025/09/09/dallas-fort-worths-highways-are-becoming-obstacle-courses/" "Mozilla/5.0 (Macintosh; Intel Mac OS X 10_15_7) AppleWebKit/605.1.15 (KHTML, like Gecko) Version/17.4 Safari/605.1.15 (Applebot/0.1; +http://www.apple.com/go/applebot)"
17.241.75.168 - - [15/Jul/2026:21:14:52 -0600] "GET /wp-content/uploads/elementor/google-fonts/css/robotoslab.css?ver=1742235587 HTTP/2" 200 708 "https://dfwblogger.com/2025/09/09/dallas-fort-worths-highways-are-becoming-obstacle-courses/" "Mozilla/5.0 (Macintosh; Intel Mac OS X 10_15_7) AppleWebKit/605.1.15 (KHTML, like Gecko) Version/17.4 Safari/605.1.15 (Applebot/0.1; +http://www.apple.com/go/applebot)"
17.241.75.168 - - [15/Jul/2026:21:14:53 -0600] "GET /wp-content/plugins/elementor/assets/js/frontend-modules.min.js?ver=4.1.4 HTTP/2" 200 15445 "https://dfwblogger.com/2025/09/09/dallas-fort-worths-highways-are-becoming-obstacle-courses/" "Mozilla/5.0 (Macintosh; Intel Mac OS X 10_15_7) AppleWebKit/605.1.15 (KHTML, like Gecko) Version/17.4 Safari/605.1.15 (Applebot/0.1; +http://www.apple.com/go/applebot)"
17.241.75.168 - - [15/Jul/2026:21:14:55 -0600] "GET /wp-content/plugins/elementor/assets/js/webpack.runtime.min.js?ver=4.1.4 HTTP/2" 200 2338 "https://dfwblogger.com/2025/09/09/dallas-fort-worths-highways-are-becoming-obstacle-courses/" "Mozilla/5.0 (Macintosh; Intel Mac OS X 10_15_7) AppleWebKit/605.1.15 (KHTML, like Gecko) Version/17.4 Safari/605.1.15 (Applebot/0.1; +http://www.apple.com/go/applebot)"
17.241.75.168 - - [15/Jul/2026:21:14:56 -0600] "GET /wp-includes/js/jquery/ui/core.min.js?ver=1.13.3 HTTP/2" 200 6812 "https://dfwblogger.com/2025/09/09/dallas-fort-worths-highways-are-becoming-obstacle-courses/" "Mozilla/5.0 (Macintosh; Intel Mac OS X 10_15_7) AppleWebKit/605.1.15 (KHTML, like Gecko) Version/17.4 Safari/605.1.15 (Applebot/0.1; +http://www.apple.com/go/applebot)"
17.241.75.168 - - [15/Jul/2026:21:14:58 -0600] "GET /wp-content/plugins/elementor/assets/js/frontend.min.js?ver=4.1.4 HTTP/2" 200 10124 "https://dfwblogger.com/2025/09/09/dallas-fort-worths-highways-are-becoming-obstacle-courses/" "Mozilla/5.0 (Macintosh; Intel Mac OS X 10_15_7) AppleWebKit/605.1.15 (KHTML, like Gecko) Version/17.4 Safari/605.1.15 (Applebot/0.1; +http://www.apple.com/go/applebot)"
17.241.75.168 - - [15/Jul/2026:21:14:59 -0600] "GET /wp-content/plugins/elementor-pro/assets/js/webpack-pro.runtime.min.js?ver=4.1.2 HTTP/2" 200 2606 "https://dfwblogger.com/2025/09/09/dallas-fort-worths-highways-are-becoming-obstacle-courses/" "Mozilla/5.0 (Macintosh; Intel Mac OS X 10_15_7) AppleWebKit/605.1.15 (KHTML, like Gecko) Version/17.4 Safari/605.1.15 (Applebot/0.1; +http://www.apple.com/go/applebot)"
17.241.75.168 - - [15/Jul/2026:21:15:01 -0600] "GET /wp-includes/js/dist/hooks.min.js?ver=7496969728ca0f95732d HTTP/2" 200 1734 "https://dfwblogger.com/2025/09/09/dallas-fort-worths-highways-are-becoming-obstacle-courses/" "Mozilla/5.0 (Macintosh; Intel Mac OS X 10_15_7) AppleWebKit/605.1.15 (KHTML, like Gecko) Version/17.4 Safari/605.1.15 (Applebot/0.1; +http://www.apple.com/go/applebot)"
17.241.75.168 - - [15/Jul/2026:21:15:02 -0600] "GET /wp-includes/js/dist/i18n.min.js?ver=781d11515ad3d91786ec HTTP/2" 200 2354 "https://dfwblogger.com/2025/09/09/dallas-fort-worths-highways-are-becoming-obstacle-courses/" "Mozilla/5.0 (Macintosh; Intel Mac OS X 10_15_7) AppleWebKit/605.1.15 (KHTML, like Gecko) Version/17.4 Safari/605.1.15 (Applebot/0.1; +http://www.apple.com/go/applebot)"
17.241.75.168 - - [15/Jul/2026:21:15:04 -0600] "GET /wp-content/plugins/elementor-pro/assets/js/frontend.min.js?ver=4.1.2 HTTP/2" 200 6191 "https://dfwblogger.com/2025/09/09/dallas-fort-worths-highways-are-becoming-obstacle-courses/" "Mozilla/5.0 (Macintosh; Intel Mac OS X 10_15_7) AppleWebKit/605.1.15 (KHTML, like Gecko) Version/17.4 Safari/605.1.15 (Applebot/0.1; +http://www.apple.com/go/applebot)"
17.241.75.168 - - [15/Jul/2026:21:15:05 -0600] "GET /wp-content/plugins/elementor-pro/assets/js/elements-handlers.min.js?ver=4.1.2 HTTP/2" 200 10079 "https://dfwblogger.com/2025/09/09/dallas-fort-worths-highways-are-becoming-obstacle-courses/" "Mozilla/5.0 (Macintosh; Intel Mac OS X 10_15_7) AppleWebKit/605.1.15 (KHTML, like Gecko) Version/17.4 Safari/605.1.15 (Applebot/0.1; +http://www.apple.com/go/applebot)"
17.241.75.168 - - [15/Jul/2026:21:15:07 -0600] "GET /wp-content/plugins/elementor/assets/js/shared-frontend-handlers.03caa53373b56d3bab67.bundle.min.js HTTP/2" 200 2511 "https://dfwblogger.com/2025/09/09/dallas-fort-worths-highways-are-becoming-obstacle-courses/" "Mozilla/5.0 (Macintosh; Intel Mac OS X 10_15_7) AppleWebKit/605.1.15 (KHTML, like Gecko) Version/17.4 Safari/605.1.15 (Applebot/0.1; +http://www.apple.com/go/applebot)"
17.241.75.168 - - [15/Jul/2026:21:15:08 -0600] "GET /wp-content/plugins/elementor/assets/js/text-editor.45609661e409413f1cef.bundle.min.js HTTP/2" 200 592 "https://dfwblogger.com/2025/09/09/dallas-fort-worths-highways-are-becoming-obstacle-courses/" "Mozilla/5.0 (Macintosh; Intel Mac OS X 10_15_7) AppleWebKit/605.1.15 (KHTML, like Gecko) Version/17.4 Safari/605.1.15 (Applebot/0.1; +http://www.apple.com/go/applebot)"
198.175.150.9 - - [15/Jul/2026:21:36:23 -0600] "POST /wp-cron.php?doing_wp_cron=1784172983.4998369216918945312500 HTTP/1.1" 200 0 "-" "WordPress/7.0.1; https://dfwblogger.com"
66.249.70.34 - - [15/Jul/2026:21:37:33 -0600] "GET /2025/03/28/earthquake-history-and-risk-assessment-in-the-dallas-fort-worth-area/ HTTP/1.1" 200 28104 "-" "Mozilla/5.0 (Linux; Android 6.0.1; Nexus 5X Build/MMB29P) AppleWebKit/537.36 (KHTML, like Gecko) Chrome/150.0.7871.114 Mobile Safari/537.36 (compatible; Googlebot/2.1; +http://www.google.com/bot.html)"
98.81.114.78 - - [15/Jul/2026:21:36:22 -0600] "GET / HTTP/2" 200 30953 "-" "Mozilla/5.0 (Macintosh; Intel Mac OS X 10_15_0) AppleWebKit/537.36 (KHTML, like Gecko) Chrome/81.0.4044.138 Safari/537.36"
198.175.150.9 - - [15/Jul/2026:21:37:34 -0600] "POST /wp-cron.php?doing_wp_cron=1784173054.7554121017456054687500 HTTP/1.1" 200 0 "-" "WordPress/7.0.1; https://dfwblogger.com"
198.175.150.9 - - [15/Jul/2026:21:36:23 -0600] "POST /wp-cron.php?doing_wp_cron=1784172983.5236020088195800781250 HTTP/1.1" 200 0 "-" "WordPress/7.0.1; https://dfwblogger.com"
151.244.73.63 - - [15/Jul/2026:21:41:37 -0600] "GET /wp-content/themes/astra/assets/css/minified/main.min.css?ver=4.13.6 HTTP/2" 200 8389 "https://dfwblogger.com/2025/09/09/dallas-fort-worths-highways-are-becoming-obstacle-courses/" "Mozilla/5.0 (Linux; Android 8.0; Pixel 2 Build/OPD3.170816.012) AppleWebKit/537.36 (KHTML, like Gecko) Chrome/55.0.9314.1866 Mobile Safari/537.36"
151.244.73.63 - - [15/Jul/2026:21:41:37 -0600] "GET /wp-content/plugins/elementor/assets/lib/eicons/css/elementor-icons.min.css?ver=5.50.0 HTTP/2" 200 4123 "https://dfwblogger.com/2025/09/09/dallas-fort-worths-highways-are-becoming-obstacle-courses/" "Mozilla/5.0 (Linux; Android 8.0; Pixel 2 Build/OPD3.170816.012) AppleWebKit/537.36 (KHTML, like Gecko) Chrome/55.0.9314.1866 Mobile Safari/537.36"
