35.231.137.58 - - [15/Jul/2026:08:29:31 -0600] "POST /xmlrpc.php HTTP/1.1" 200 401 "-" "Mozilla/5.0 (Windows NT 10.0; Win64; x64) AppleWebKit/537.36 (KHTML, like Gecko) Chrome/78.0.3904.108 Safari/537.36"
35.231.137.58 - - [15/Jul/2026:08:29:46 -0600] "POST /xmlrpc.php HTTP/1.1" 200 401 "-" "Mozilla/5.0 (Windows NT 10.0; Win64; x64) AppleWebKit/537.36 (KHTML, like Gecko) Chrome/78.0.3904.108 Safari/537.36"
35.231.137.58 - - [15/Jul/2026:08:30:02 -0600] "POST /xmlrpc.php HTTP/1.1" 200 401 "-" "Mozilla/5.0 (Windows NT 10.0; Win64; x64) AppleWebKit/537.36 (KHTML, like Gecko) Chrome/78.0.3904.108 Safari/537.36"
35.231.137.58 - - [15/Jul/2026:08:30:16 -0600] "POST /xmlrpc.php HTTP/1.1" 200 401 "-" "Mozilla/5.0 (Windows NT 10.0; Win64; x64) AppleWebKit/537.36 (KHTML, like Gecko) Chrome/78.0.3904.108 Safari/537.36"
35.231.137.58 - - [15/Jul/2026:08:30:31 -0600] "POST /xmlrpc.php HTTP/1.1" 200 401 "-" "Mozilla/5.0 (Windows NT 10.0; Win64; x64) AppleWebKit/537.36 (KHTML, like Gecko) Chrome/78.0.3904.108 Safari/537.36"
35.231.137.58 - - [15/Jul/2026:08:30:46 -0600] "POST /xmlrpc.php HTTP/1.1" 200 401 "-" "Mozilla/5.0 (Windows NT 10.0; Win64; x64) AppleWebKit/537.36 (KHTML, like Gecko) Chrome/78.0.3904.108 Safari/537.36"
35.231.137.58 - - [15/Jul/2026:08:31:01 -0600] "POST /xmlrpc.php HTTP/1.1" 200 401 "-" "Mozilla/5.0 (Windows NT 10.0; Win64; x64) AppleWebKit/537.36 (KHTML, like Gecko) Chrome/78.0.3904.108 Safari/537.36"
35.231.137.58 - - [15/Jul/2026:08:31:16 -0600] "POST /xmlrpc.php HTTP/1.1" 200 401 "-" "Mozilla/5.0 (Windows NT 10.0; Win64; x64) AppleWebKit/537.36 (KHTML, like Gecko) Chrome/78.0.3904.108 Safari/537.36"
35.231.137.58 - - [15/Jul/2026:08:31:31 -0600] "POST /xmlrpc.php HTTP/1.1" 200 401 "-" "Mozilla/5.0 (Windows NT 10.0; Win64; x64) AppleWebKit/537.36 (KHTML, like Gecko) Chrome/78.0.3904.108 Safari/537.36"
35.231.137.58 - - [15/Jul/2026:08:27:31 -0600] "POST /xmlrpc.php HTTP/1.1" 200 401 "-" "Mozilla/5.0 (Windows NT 10.0; Win64; x64) AppleWebKit/537.36 (KHTML, like Gecko) Chrome/78.0.3904.108 Safari/537.36"
35.231.137.58 - - [15/Jul/2026:08:27:46 -0600] "POST /xmlrpc.php HTTP/1.1" 200 401 "-" "Mozilla/5.0 (Windows NT 10.0; Win64; x64) AppleWebKit/537.36 (KHTML, like Gecko) Chrome/78.0.3904.108 Safari/537.36"
35.231.137.58 - - [15/Jul/2026:08:28:01 -0600] "POST /xmlrpc.php HTTP/1.1" 200 401 "-" "Mozilla/5.0 (Windows NT 10.0; Win64; x64) AppleWebKit/537.36 (KHTML, like Gecko) Chrome/78.0.3904.108 Safari/537.36"
35.231.137.58 - - [15/Jul/2026:08:28:16 -0600] "POST /xmlrpc.php HTTP/1.1" 200 401 "-" "Mozilla/5.0 (Windows NT 10.0; Win64; x64) AppleWebKit/537.36 (KHTML, like Gecko) Chrome/78.0.3904.108 Safari/537.36"
35.231.137.58 - - [15/Jul/2026:08:28:31 -0600] "POST /xmlrpc.php HTTP/1.1" 200 401 "-" "Mozilla/5.0 (Windows NT 10.0; Win64; x64) AppleWebKit/537.36 (KHTML, like Gecko) Chrome/78.0.3904.108 Safari/537.36"
35.231.137.58 - - [15/Jul/2026:08:28:46 -0600] "POST /xmlrpc.php HTTP/1.1" 200 401 "-" "Mozilla/5.0 (Windows NT 10.0; Win64; x64) AppleWebKit/537.36 (KHTML, like Gecko) Chrome/78.0.3904.108 Safari/537.36"
35.231.137.58 - - [15/Jul/2026:08:29:01 -0600] "POST /xmlrpc.php HTTP/1.1" 200 401 "-" "Mozilla/5.0 (Windows NT 10.0; Win64; x64) AppleWebKit/537.36 (KHTML, like Gecko) Chrome/78.0.3904.108 Safari/537.36"
35.231.137.58 - - [15/Jul/2026:08:29:16 -0600] "POST /xmlrpc.php HTTP/1.1" 200 401 "-" "Mozilla/5.0 (Windows NT 10.0; Win64; x64) AppleWebKit/537.36 (KHTML, like Gecko) Chrome/78.0.3904.108 Safari/537.36"
35.231.137.58 - - [15/Jul/2026:08:29:31 -0600] "POST /xmlrpc.php HTTP/1.1" 200 401 "-" "Mozilla/5.0 (Windows NT 10.0; Win64; x64) AppleWebKit/537.36 (KHTML, like Gecko) Chrome/78.0.3904.108 Safari/537.36"
35.231.137.58 - - [15/Jul/2026:08:29:46 -0600] "POST /xmlrpc.php HTTP/1.1" 200 401 "-" "Mozilla/5.0 (Windows NT 10.0; Win64; x64) AppleWebKit/537.36 (KHTML, like Gecko) Chrome/78.0.3904.108 Safari/537.36"
35.231.137.58 - - [15/Jul/2026:08:30:02 -0600] "POST /xmlrpc.php HTTP/1.1" 200 401 "-" "Mozilla/5.0 (Windows NT 10.0; Win64; x64) AppleWebKit/537.36 (KHTML, like Gecko) Chrome/78.0.3904.108 Safari/537.36"
35.231.137.58 - - [15/Jul/2026:08:30:16 -0600] "POST /xmlrpc.php HTTP/1.1" 200 401 "-" "Mozilla/5.0 (Windows NT 10.0; Win64; x64) AppleWebKit/537.36 (KHTML, like Gecko) Chrome/78.0.3904.108 Safari/537.36"
2a06:98c0:3600::103 - - [15/Jul/2026:08:30:45 -0600] "GET /wp-admin/install.php?step=1 HTTP/1.1" 200 549 "-" "http://dfwchat.net/wp-admin/install.php?step=1"
35.231.137.58 - - [15/Jul/2026:08:30:31 -0600] "POST /xmlrpc.php HTTP/1.1" 200 401 "-" "Mozilla/5.0 (Windows NT 10.0; Win64; x64) AppleWebKit/537.36 (KHTML, like Gecko) Chrome/78.0.3904.108 Safari/537.36"
35.231.137.58 - - [15/Jul/2026:08:30:46 -0600] "POST /xmlrpc.php HTTP/1.1" 200 401 "-" "Mozilla/5.0 (Windows NT 10.0; Win64; x64) AppleWebKit/537.36 (KHTML, like Gecko) Chrome/78.0.3904.108 Safari/537.36"
35.231.137.58 - - [15/Jul/2026:08:31:01 -0600] "POST /xmlrpc.php HTTP/1.1" 200 401 "-" "Mozilla/5.0 (Windows NT 10.0; Win64; x64) AppleWebKit/537.36 (KHTML, like Gecko) Chrome/78.0.3904.108 Safari/537.36"
35.231.137.58 - - [15/Jul/2026:08:31:16 -0600] "POST /xmlrpc.php HTTP/1.1" 200 401 "-" "Mozilla/5.0 (Windows NT 10.0; Win64; x64) AppleWebKit/537.36 (KHTML, like Gecko) Chrome/78.0.3904.108 Safari/537.36"
35.231.137.58 - - [15/Jul/2026:08:31:31 -0600] "POST /xmlrpc.php HTTP/1.1" 200 401 "-" "Mozilla/5.0 (Windows NT 10.0; Win64; x64) AppleWebKit/537.36 (KHTML, like Gecko) Chrome/78.0.3904.108 Safari/537.36"
35.231.137.58 - - [15/Jul/2026:08:31:46 -0600] "POST /xmlrpc.php HTTP/1.1" 200 401 "-" "Mozilla/5.0 (Windows NT 10.0; Win64; x64) AppleWebKit/537.36 (KHTML, like Gecko) Chrome/78.0.3904.108 Safari/537.36"
35.231.137.58 - - [15/Jul/2026:08:32:02 -0600] "POST /xmlrpc.php HTTP/1.1" 200 401 "-" "Mozilla/5.0 (Windows NT 10.0; Win64; x64) AppleWebKit/537.36 (KHTML, like Gecko) Chrome/78.0.3904.108 Safari/537.36"
151.115.99.206 - - [15/Jul/2026:08:03:20 -0600] "GET /wp-includes/js/wp-emoji-release.min.js?ver=7.0.1 HTTP/1.1" 200 5399 "http://dfwchat.net/" "Mozilla/5.0 (X11; Linux x86_64) AppleWebKit/537.36 (KHTML, like Gecko) Chrome/134.0.0.0 Safari/537.3"
43.153.10.83 - - [15/Jul/2026:08:13:04 -0600] "GET / HTTP/1.1" 301 0 "-" "Mozilla/5.0 (iPhone; CPU iPhone OS 13_2_3 like Mac OS X) AppleWebKit/605.1.15 (KHTML, like Gecko) Version/13.0.3 Mobile/15E148 Safari/604.1"
151.115.99.206 - - [15/Jul/2026:08:03:20 -0600] "GET /favicon.ico HTTP/1.1" 404 1251 "http://dfwchat.net/" "Mozilla/5.0 (X11; Linux x86_64) AppleWebKit/537.36 (KHTML, like Gecko) Chrome/134.0.0.0 Safari/537.3"
43.153.10.83 - - [15/Jul/2026:08:13:05 -0600] "GET / HTTP/1.1" 200 21700 "http://www.dfwchat.net" "Mozilla/5.0 (iPhone; CPU iPhone OS 13_2_3 like Mac OS X) AppleWebKit/605.1.15 (KHTML, like Gecko) Version/13.0.3 Mobile/15E148 Safari/604.1"
2a06:98c0:3600::103 - - [15/Jul/2026:08:46:35 -0600] "GET /wp-admin/install.php?step=1 HTTP/1.1" 200 549 "-" "http://dfwchat.net/wp-admin/install.php?step=1"
35.231.137.58 - - [15/Jul/2026:08:31:46 -0600] "POST /xmlrpc.php HTTP/1.1" 200 401 "-" "Mozilla/5.0 (Windows NT 10.0; Win64; x64) AppleWebKit/537.36 (KHTML, like Gecko) Chrome/78.0.3904.108 Safari/537.36"
35.231.137.58 - - [15/Jul/2026:08:32:02 -0600] "POST /xmlrpc.php HTTP/1.1" 200 401 "-" "Mozilla/5.0 (Windows NT 10.0; Win64; x64) AppleWebKit/537.36 (KHTML, like Gecko) Chrome/78.0.3904.108 Safari/537.36"
35.231.137.58 - - [15/Jul/2026:08:32:16 -0600] "POST /xmlrpc.php HTTP/1.1" 200 401 "-" "Mozilla/5.0 (Windows NT 10.0; Win64; x64) AppleWebKit/537.36 (KHTML, like Gecko) Chrome/78.0.3904.108 Safari/537.36"
35.231.137.58 - - [15/Jul/2026:08:32:31 -0600] "POST /xmlrpc.php HTTP/1.1" 200 401 "-" "Mozilla/5.0 (Windows NT 10.0; Win64; x64) AppleWebKit/537.36 (KHTML, like Gecko) Chrome/78.0.3904.108 Safari/537.36"
35.231.137.58 - - [15/Jul/2026:08:32:46 -0600] "POST /xmlrpc.php HTTP/1.1" 200 401 "-" "Mozilla/5.0 (Windows NT 10.0; Win64; x64) AppleWebKit/537.36 (KHTML, like Gecko) Chrome/78.0.3904.108 Safari/537.36"
35.231.137.58 - - [15/Jul/2026:08:33:02 -0600] "POST /xmlrpc.php HTTP/1.1" 200 401 "-" "Mozilla/5.0 (Windows NT 10.0; Win64; x64) AppleWebKit/537.36 (KHTML, like Gecko) Chrome/78.0.3904.108 Safari/537.36"
35.231.137.58 - - [15/Jul/2026:08:33:16 -0600] "POST /xmlrpc.php HTTP/1.1" 200 401 "-" "Mozilla/5.0 (Windows NT 10.0; Win64; x64) AppleWebKit/537.36 (KHTML, like Gecko) Chrome/78.0.3904.108 Safari/537.36"
35.231.137.58 - - [15/Jul/2026:08:33:32 -0600] "POST /xmlrpc.php HTTP/1.1" 200 401 "-" "Mozilla/5.0 (Windows NT 10.0; Win64; x64) AppleWebKit/537.36 (KHTML, like Gecko) Chrome/78.0.3904.108 Safari/537.36"
35.231.137.58 - - [15/Jul/2026:08:33:47 -0600] "POST /xmlrpc.php HTTP/1.1" 200 401 "-" "Mozilla/5.0 (Windows NT 10.0; Win64; x64) AppleWebKit/537.36 (KHTML, like Gecko) Chrome/78.0.3904.108 Safari/537.36"
35.231.137.58 - - [15/Jul/2026:08:34:02 -0600] "POST /xmlrpc.php HTTP/1.1" 200 401 "-" "Mozilla/5.0 (Windows NT 10.0; Win64; x64) AppleWebKit/537.36 (KHTML, like Gecko) Chrome/78.0.3904.108 Safari/537.36"
35.231.137.58 - - [15/Jul/2026:08:34:17 -0600] "POST /xmlrpc.php HTTP/1.1" 200 401 "-" "Mozilla/5.0 (Windows NT 10.0; Win64; x64) AppleWebKit/537.36 (KHTML, like Gecko) Chrome/78.0.3904.108 Safari/537.36"
35.231.137.58 - - [15/Jul/2026:08:34:31 -0600] "POST /xmlrpc.php HTTP/1.1" 200 401 "-" "Mozilla/5.0 (Windows NT 10.0; Win64; x64) AppleWebKit/537.36 (KHTML, like Gecko) Chrome/78.0.3904.108 Safari/537.36"
35.231.137.58 - - [15/Jul/2026:08:34:46 -0600] "POST /xmlrpc.php HTTP/1.1" 200 401 "-" "Mozilla/5.0 (Windows NT 10.0; Win64; x64) AppleWebKit/537.36 (KHTML, like Gecko) Chrome/78.0.3904.108 Safari/537.36"
35.231.137.58 - - [15/Jul/2026:08:35:02 -0600] "POST /xmlrpc.php HTTP/1.1" 200 401 "-" "Mozilla/5.0 (Windows NT 10.0; Win64; x64) AppleWebKit/537.36 (KHTML, like Gecko) Chrome/78.0.3904.108 Safari/537.36"
35.231.137.58 - - [15/Jul/2026:08:35:17 -0600] "POST /xmlrpc.php HTTP/1.1" 403 1242 "-" "Mozilla/5.0 (Windows NT 10.0; Win64; x64) AppleWebKit/537.36 (KHTML, like Gecko) Chrome/78.0.3904.108 Safari/537.36"
35.231.137.58 - - [15/Jul/2026:08:32:16 -0600] "POST /xmlrpc.php HTTP/1.1" 200 401 "-" "Mozilla/5.0 (Windows NT 10.0; Win64; x64) AppleWebKit/537.36 (KHTML, like Gecko) Chrome/78.0.3904.108 Safari/537.36"
35.231.137.58 - - [15/Jul/2026:08:32:31 -0600] "POST /xmlrpc.php HTTP/1.1" 200 401 "-" "Mozilla/5.0 (Windows NT 10.0; Win64; x64) AppleWebKit/537.36 (KHTML, like Gecko) Chrome/78.0.3904.108 Safari/537.36"
35.231.137.58 - - [15/Jul/2026:08:32:46 -0600] "POST /xmlrpc.php HTTP/1.1" 200 401 "-" "Mozilla/5.0 (Windows NT 10.0; Win64; x64) AppleWebKit/537.36 (KHTML, like Gecko) Chrome/78.0.3904.108 Safari/537.36"
35.231.137.58 - - [15/Jul/2026:08:33:02 -0600] "POST /xmlrpc.php HTTP/1.1" 200 401 "-" "Mozilla/5.0 (Windows NT 10.0; Win64; x64) AppleWebKit/537.36 (KHTML, like Gecko) Chrome/78.0.3904.108 Safari/537.36"
35.231.137.58 - - [15/Jul/2026:08:33:16 -0600] "POST /xmlrpc.php HTTP/1.1" 200 401 "-" "Mozilla/5.0 (Windows NT 10.0; Win64; x64) AppleWebKit/537.36 (KHTML, like Gecko) Chrome/78.0.3904.108 Safari/537.36"
35.231.137.58 - - [15/Jul/2026:08:33:32 -0600] "POST /xmlrpc.php HTTP/1.1" 200 401 "-" "Mozilla/5.0 (Windows NT 10.0; Win64; x64) AppleWebKit/537.36 (KHTML, like Gecko) Chrome/78.0.3904.108 Safari/537.36"
35.231.137.58 - - [15/Jul/2026:08:33:47 -0600] "POST /xmlrpc.php HTTP/1.1" 200 401 "-" "Mozilla/5.0 (Windows NT 10.0; Win64; x64) AppleWebKit/537.36 (KHTML, like Gecko) Chrome/78.0.3904.108 Safari/537.36"
35.231.137.58 - - [15/Jul/2026:08:34:02 -0600] "POST /xmlrpc.php HTTP/1.1" 200 401 "-" "Mozilla/5.0 (Windows NT 10.0; Win64; x64) AppleWebKit/537.36 (KHTML, like Gecko) Chrome/78.0.3904.108 Safari/537.36"
35.231.137.58 - - [15/Jul/2026:08:34:16 -0600] "POST /xmlrpc.php HTTP/1.1" 200 401 "-" "Mozilla/5.0 (Windows NT 10.0; Win64; x64) AppleWebKit/537.36 (KHTML, like Gecko) Chrome/78.0.3904.108 Safari/537.36"
35.231.137.58 - - [15/Jul/2026:08:34:31 -0600] "POST /xmlrpc.php HTTP/1.1" 200 401 "-" "Mozilla/5.0 (Windows NT 10.0; Win64; x64) AppleWebKit/537.36 (KHTML, like Gecko) Chrome/78.0.3904.108 Safari/537.36"
35.231.137.58 - - [15/Jul/2026:08:34:46 -0600] "POST /xmlrpc.php HTTP/1.1" 200 401 "-" "Mozilla/5.0 (Windows NT 10.0; Win64; x64) AppleWebKit/537.36 (KHTML, like Gecko) Chrome/78.0.3904.108 Safari/537.36"
35.231.137.58 - - [15/Jul/2026:08:35:02 -0600] "POST /xmlrpc.php HTTP/1.1" 200 401 "-" "Mozilla/5.0 (Windows NT 10.0; Win64; x64) AppleWebKit/537.36 (KHTML, like Gecko) Chrome/78.0.3904.108 Safari/537.36"
35.231.137.58 - - [15/Jul/2026:08:35:17 -0600] "POST /xmlrpc.php HTTP/1.1" 200 401 "-" "Mozilla/5.0 (Windows NT 10.0; Win64; x64) AppleWebKit/537.36 (KHTML, like Gecko) Chrome/78.0.3904.108 Safari/537.36"
35.231.137.58 - - [15/Jul/2026:08:35:31 -0600] "POST /xmlrpc.php HTTP/1.1" 403 1242 "-" "Mozilla/5.0 (Windows NT 10.0; Win64; x64) AppleWebKit/537.36 (KHTML, like Gecko) Chrome/78.0.3904.108 Safari/537.36"
2a06:98c0:3600::103 - - [15/Jul/2026:09:23:41 -0600] "GET /wp-admin/install.php?step=1 HTTP/1.1" 200 549 "-" "http://dfwchat.net/wp-admin/install.php?step=1"
2a06:98c0:3600::103 - - [15/Jul/2026:09:35:22 -0600] "GET /wp-admin/install.php?step=1 HTTP/1.1" 200 549 "-" "http://dfwchat.net/wp-admin/install.php?step=1"
2a06:98c0:3600::103 - - [15/Jul/2026:09:56:46 -0600] "GET /wp-admin/install.php?step=1 HTTP/1.1" 200 549 "-" "http://dfwchat.net/wp-admin/install.php?step=1"
2a06:98c0:3600::103 - - [15/Jul/2026:10:59:36 -0600] "GET /wp-admin/install.php?step=1 HTTP/1.1" 200 549 "-" "http://dfwchat.net/wp-admin/install.php?step=1"
62.109.6.135 - - [15/Jul/2026:11:43:09 -0600] "GET / HTTP/1.1" 200 82517 "https://aisearchindex.space" "Mozilla/5.0 (Windows NT 10.0; Win64; x64) AppleWebKit/537.36 (KHTML, like Gecko) Chrome/123.0.0.0 Safari/537.36 AISearchIndex.space"
43.157.53.115 - - [15/Jul/2026:09:04:11 -0600] "GET / HTTP/1.1" 301 0 "-" "Mozilla/5.0 (iPhone; CPU iPhone OS 13_2_3 like Mac OS X) AppleWebKit/605.1.15 (KHTML, like Gecko) Version/13.0.3 Mobile/15E148 Safari/604.1"
43.157.53.115 - - [15/Jul/2026:09:04:12 -0600] "GET / HTTP/1.1" 200 21700 "http://www.dfwchat.net" "Mozilla/5.0 (iPhone; CPU iPhone OS 13_2_3 like Mac OS X) AppleWebKit/605.1.15 (KHTML, like Gecko) Version/13.0.3 Mobile/15E148 Safari/604.1"
43.163.80.48 - - [15/Jul/2026:11:12:00 -0600] "GET / HTTP/1.1" 200 21700 "-" "Mozilla/5.0 (iPhone; CPU iPhone OS 13_2_3 like Mac OS X) AppleWebKit/605.1.15 (KHTML, like Gecko) Version/13.0.3 Mobile/15E148 Safari/604.1"
2a06:98c0:3600::103 - - [15/Jul/2026:11:36:42 -0600] "GET /wp-admin/install.php?step=1 HTTP/1.1" 200 549 "-" "http://dfwchat.net/wp-admin/install.php?step=1"
17.246.19.203 - - [15/Jul/2026:11:41:21 -0600] "GET /robots.txt HTTP/1.1" 403 1242 "-" "Mozilla/5.0 (Macintosh; Intel Mac OS X 10_15_7) AppleWebKit/605.1.15 (KHTML, like Gecko) Version/17.4 Safari/605.1.15 (Applebot/0.1; +http://www.apple.com/go/applebot)"
2a06:98c0:3600::103 - - [15/Jul/2026:10:33:14 -0600] "GET /wp-admin/install.php?step=1 HTTP/1.1" 200 549 "-" "http://dfwchat.net/wp-admin/install.php?step=1"
2a06:98c0:3600::103 - - [15/Jul/2026:11:15:12 -0600] "GET /wp-admin/install.php?step=1 HTTP/1.1" 200 549 "-" "http://dfwchat.net/wp-admin/install.php?step=1"
62.109.6.135 - - [15/Jul/2026:11:43:13 -0600] "GET / HTTP/1.0" 200 82517 "-" "-"
2a06:98c0:3600::103 - - [15/Jul/2026:08:56:43 -0600] "GET /wp-admin/install.php?step=1 HTTP/1.1" 200 549 "-" "http://dfwchat.net/wp-admin/install.php?step=1"
2a06:98c0:3600::103 - - [15/Jul/2026:09:32:02 -0600] "GET /wp-admin/install.php?step=1 HTTP/1.1" 200 549 "-" "http://dfwchat.net/wp-admin/install.php?step=1"
139.155.134.17 - - [15/Jul/2026:09:54:38 -0600] "GET / HTTP/1.1" 200 21701 "-" "Mozilla/5.0 (iPhone; CPU iPhone OS 13_2_3 like Mac OS X) AppleWebKit/605.1.15 (KHTML, like Gecko) Version/13.0.3 Mobile/15E148 Safari/604.1"
2a06:98c0:3600::103 - - [15/Jul/2026:10:19:45 -0600] "GET /wp-admin/install.php?step=1 HTTP/1.1" 200 549 "-" "http://dfwchat.net/wp-admin/install.php?step=1"
2a06:98c0:3600::103 - - [15/Jul/2026:11:24:06 -0600] "GET /wp-admin/install.php?step=1 HTTP/1.1" 200 549 "-" "http://dfwchat.net/wp-admin/install.php?step=1"
17.241.219.101 - - [15/Jul/2026:11:38:26 -0600] "GET /robots.txt HTTP/1.1" 403 1242 "-" "Mozilla/5.0 (Macintosh; Intel Mac OS X 10_15_7) AppleWebKit/605.1.15 (KHTML, like Gecko) Version/17.4 Safari/605.1.15 (Applebot/0.1; +http://www.apple.com/go/applebot)"
2a06:98c0:3600::103 - - [15/Jul/2026:11:56:05 -0600] "GET /wp-admin/install.php?step=1 HTTP/1.1" 200 549 "-" "http://dfwchat.net/wp-admin/install.php?step=1"
49.51.253.83 - - [15/Jul/2026:11:57:40 -0600] "GET / HTTP/1.1" 301 0 "-" "Mozilla/5.0 (iPhone; CPU iPhone OS 13_2_3 like Mac OS X) AppleWebKit/605.1.15 (KHTML, like Gecko) Version/13.0.3 Mobile/15E148 Safari/604.1"
107.151.197.144 - - [15/Jul/2026:12:00:37 -0600] "POST / HTTP/1.1" 200 21698 "-" "-"
49.51.253.83 - - [15/Jul/2026:11:57:41 -0600] "GET / HTTP/1.1" 200 21701 "http://www.dfwchat.net" "Mozilla/5.0 (iPhone; CPU iPhone OS 13_2_3 like Mac OS X) AppleWebKit/605.1.15 (KHTML, like Gecko) Version/13.0.3 Mobile/15E148 Safari/604.1"
2a06:98c0:3600::103 - - [15/Jul/2026:12:15:55 -0600] "GET /wp-admin/install.php?step=1 HTTP/1.1" 200 549 "-" "http://dfwchat.net/wp-admin/install.php?step=1"
2a06:98c0:3600::103 - - [15/Jul/2026:13:13:18 -0600] "GET /wp-admin/install.php?step=1 HTTP/1.1" 200 549 "-" "http://dfwchat.net/wp-admin/install.php?step=1"
2a06:98c0:3600::103 - - [15/Jul/2026:13:13:28 -0600] "GET /wp-admin/install.php?step=1 HTTP/1.1" 200 549 "-" "http://dfwchat.net/wp-admin/install.php?step=1"
2a06:98c0:3600::103 - - [15/Jul/2026:14:33:12 -0600] "GET /wp-admin/install.php?step=1 HTTP/1.1" 200 549 "-" "http://dfwchat.net/wp-admin/install.php?step=1"
2a06:98c0:3600::103 - - [15/Jul/2026:12:50:05 -0600] "GET /wp-admin/install.php?step=1 HTTP/1.1" 200 549 "-" "http://dfwchat.net/wp-admin/install.php?step=1"
2a06:98c0:3600::103 - - [15/Jul/2026:13:06:35 -0600] "GET /wp-admin/install.php?step=1 HTTP/1.1" 200 549 "-" "http://dfwchat.net/wp-admin/install.php?step=1"
45.92.84.86 - - [15/Jul/2026:14:34:59 -0600] "GET / HTTP/1.1" 200 21697 "-" "Mozilla/5.0 (Windows NT 10.0; Win64; x64) AppleWebKit/537.36 (KHTML, like Gecko) Chrome/94.0.4606.61 Safari/537.36"
2a06:98c0:3600::103 - - [15/Jul/2026:13:52:11 -0600] "GET /wp-admin/install.php?step=1 HTTP/1.1" 200 549 "-" "http://dfwchat.net/wp-admin/install.php?step=1"
2a06:98c0:3600::103 - - [15/Jul/2026:14:08:24 -0600] "GET /wp-admin/install.php?step=1 HTTP/1.1" 200 549 "-" "http://dfwchat.net/wp-admin/install.php?step=1"
2a06:98c0:3600::103 - - [15/Jul/2026:14:46:41 -0600] "GET /wp-admin/install.php?step=1 HTTP/1.1" 200 549 "-" "http://dfwchat.net/wp-admin/install.php?step=1"
49.51.203.164 - - [15/Jul/2026:15:06:45 -0600] "GET / HTTP/1.1" 301 0 "-" "Mozilla/5.0 (iPhone; CPU iPhone OS 13_2_3 like Mac OS X) AppleWebKit/605.1.15 (KHTML, like Gecko) Version/13.0.3 Mobile/15E148 Safari/604.1"
2a06:98c0:3600::103 - - [15/Jul/2026:15:39:29 -0600] "GET /wp-admin/install.php?step=1 HTTP/1.1" 200 549 "-" "http://dfwchat.net/wp-admin/install.php?step=1"
43.134.91.35 - - [15/Jul/2026:15:46:37 -0600] "GET / HTTP/1.1" 301 0 "-" "Mozilla/5.0 (iPhone; CPU iPhone OS 13_2_3 like Mac OS X) AppleWebKit/605.1.15 (KHTML, like Gecko) Version/13.0.3 Mobile/15E148 Safari/604.1"
43.134.91.35 - - [15/Jul/2026:15:46:39 -0600] "GET / HTTP/1.1" 200 21702 "http://www.dfwchat.net" "Mozilla/5.0 (iPhone; CPU iPhone OS 13_2_3 like Mac OS X) AppleWebKit/605.1.15 (KHTML, like Gecko) Version/13.0.3 Mobile/15E148 Safari/604.1"
2a06:98c0:3600::103 - - [15/Jul/2026:15:55:26 -0600] "GET /wp-admin/install.php?step=1 HTTP/1.1" 200 549 "-" "http://dfwchat.net/wp-admin/install.php?step=1"
2a06:98c0:3600::103 - - [15/Jul/2026:17:17:37 -0600] "GET /wp-admin/install.php?step=1 HTTP/1.1" 200 549 "-" "http://dfwchat.net/wp-admin/install.php?step=1"
2a06:98c0:3600::103 - - [15/Jul/2026:17:40:52 -0600] "GET /wp-admin/install.php?step=1 HTTP/1.1" 200 549 "-" "http://dfwchat.net/wp-admin/install.php?step=1"
43.130.110.130 - - [15/Jul/2026:15:03:08 -0600] "GET / HTTP/1.1" 200 21701 "-" "Mozilla/5.0 (iPhone; CPU iPhone OS 13_2_3 like Mac OS X) AppleWebKit/605.1.15 (KHTML, like Gecko) Version/13.0.3 Mobile/15E148 Safari/604.1"
49.51.203.164 - - [15/Jul/2026:15:06:46 -0600] "GET / HTTP/1.1" 200 21703 "http://www.dfwchat.net" "Mozilla/5.0 (iPhone; CPU iPhone OS 13_2_3 like Mac OS X) AppleWebKit/605.1.15 (KHTML, like Gecko) Version/13.0.3 Mobile/15E148 Safari/604.1"
2a06:98c0:3600::103 - - [15/Jul/2026:15:09:52 -0600] "GET /wp-admin/install.php?step=1 HTTP/1.1" 200 549 "-" "http://dfwchat.net/wp-admin/install.php?step=1"
2a06:98c0:3600::103 - - [15/Jul/2026:15:20:11 -0600] "GET /wp-admin/install.php?step=1 HTTP/1.1" 200 549 "-" "http://dfwchat.net/wp-admin/install.php?step=1"
198.175.150.9 - - [15/Jul/2026:16:44:34 -0600] "POST /wp-cron.php?doing_wp_cron=1784155474.5912570953369140625000 HTTP/1.1" 200 0 "-" "WordPress/7.0.1; https://dfwchat.net"
198.175.150.9 - - [15/Jul/2026:16:46:23 -0600] "POST /wp-cron.php?doing_wp_cron=1784155583.8705849647521972656250 HTTP/1.1" 200 0 "-" "WordPress/7.0.1; https://dfwchat.net"
198.175.150.9 - - [15/Jul/2026:17:40:53 -0600] "POST /wp-cron.php?doing_wp_cron=1784158853.3218119144439697265625 HTTP/1.1" 200 0 "-" "WordPress/7.0.1; https://dfwchat.net"
2a06:98c0:3600::103 - - [15/Jul/2026:15:03:49 -0600] "GET /wp-admin/install.php?step=1 HTTP/1.1" 200 549 "-" "http://dfwchat.net/wp-admin/install.php?step=1"
198.175.150.9 - - [15/Jul/2026:15:20:11 -0600] "POST /wp-cron.php?doing_wp_cron=1784150411.9165060520172119140625 HTTP/1.1" 200 0 "-" "WordPress/7.0.1; https://dfwchat.net"
2a06:98c0:3600::103 - - [15/Jul/2026:16:46:23 -0600] "GET /wp-admin/install.php?step=1 HTTP/1.1" 200 549 "-" "http://dfwchat.net/wp-admin/install.php?step=1"
198.175.150.9 - - [15/Jul/2026:16:48:45 -0600] "POST /wp-cron.php?doing_wp_cron=1784155725.9839229583740234375000 HTTP/1.1" 200 0 "-" "WordPress/7.0.1; https://dfwchat.net"
2a06:98c0:3600::103 - - [15/Jul/2026:16:48:45 -0600] "GET /wp-admin/install.php?step=1 HTTP/1.1" 200 549 "-" "http://dfwchat.net/wp-admin/install.php?step=1"
2a06:98c0:3600::103 - - [15/Jul/2026:16:17:31 -0600] "GET /wp-admin/install.php?step=1 HTTP/1.1" 200 549 "-" "http://dfwchat.net/wp-admin/install.php?step=1"
2a06:98c0:3600::103 - - [15/Jul/2026:16:44:34 -0600] "GET /wp-admin/install.php?step=1 HTTP/1.1" 200 549 "-" "http://dfwchat.net/wp-admin/install.php?step=1"
198.175.150.9 - - [15/Jul/2026:17:17:37 -0600] "POST /wp-cron.php?doing_wp_cron=1784157457.4317679405212402343750 HTTP/1.1" 200 0 "-" "WordPress/7.0.1; https://dfwchat.net"
2a06:98c0:3600::103 - - [15/Jul/2026:17:54:28 -0600] "GET /wp-admin/install.php?step=1 HTTP/1.1" 200 549 "-" "http://dfwchat.net/wp-admin/install.php?step=1"
167.94.146.58 - - [15/Jul/2026:18:17:49 -0600] "GET /wp-json/?_fields=name,description,home,gmt_offset,timezone_string,namespaces HTTP/1.1" 200 213 "-" "Mozilla/5.0 (compatible; CensysInspect/1.1; +https://about.censys.io/)"
2a06:98c0:3600::103 - - [15/Jul/2026:19:01:59 -0600] "GET /wp-admin/install.php?step=1 HTTP/1.1" 200 549 "-" "http://dfwchat.net/wp-admin/install.php?step=1"
43.159.36.180 - - [15/Jul/2026:19:43:49 -0600] "GET / HTTP/1.1" 301 0 "-" "Mozilla/5.0 (iPhone; CPU iPhone OS 13_2_3 like Mac OS X) AppleWebKit/605.1.15 (KHTML, like Gecko) Version/13.0.3 Mobile/15E148 Safari/604.1"
192.36.109.114 - - [15/Jul/2026:19:46:48 -0600] "GET /robots.txt HTTP/1.1" 200 108 "-" "Mozilla/5.0 (Windows NT 10.0; Win64; x64; rv:123.0) Gecko/20100101 Firefox/123"
198.175.150.9 - - [15/Jul/2026:17:54:28 -0600] "POST /wp-cron.php?doing_wp_cron=1784159668.5964329242706298828125 HTTP/1.1" 200 0 "-" "WordPress/7.0.1; https://dfwchat.net"
167.94.146.58 - - [15/Jul/2026:18:17:40 -0600] "GET / HTTP/1.1" 200 21719 "-" "Mozilla/5.0 (compatible; CensysInspect/1.1; +https://about.censys.io/)"
198.175.150.9 - - [15/Jul/2026:18:30:35 -0600] "POST /wp-cron.php?doing_wp_cron=1784161835.0897660255432128906250 HTTP/1.1" 200 0 "-" "WordPress/7.0.1; https://dfwchat.net"
2a06:98c0:3600::103 - - [15/Jul/2026:19:24:54 -0600] "GET /wp-admin/install.php?step=1 HTTP/1.1" 200 549 "-" "http://dfwchat.net/wp-admin/install.php?step=1"
188.166.59.55 - - [15/Jul/2026:19:31:42 -0600] "GET / HTTP/1.1" 301 0 "-" "Mozilla/5.0 (Windows NT 10.0; Win64; x64) AppleWebKit/537.36 (KHTML, like Gecko) Chrome/137.0.0.0 Safari/537.36 +https://forestengine.net/#opt-out"
188.166.59.55 - - [15/Jul/2026:19:31:44 -0600] "GET /favicon.ico HTTP/1.1" 404 1251 "-" "Mozilla/5.0 (Windows NT 10.0; Win64; x64) AppleWebKit/537.36 (KHTML, like Gecko) Chrome/137.0.0.0 Safari/537.36 +https://forestengine.net/#opt-out"
167.94.146.58 - - [15/Jul/2026:18:17:43 -0600] "GET /favicon.ico HTTP/1.1" 404 1251 "-" "Mozilla/5.0 (compatible; CensysInspect/1.1; +https://about.censys.io/)"
2a06:98c0:3600::103 - - [15/Jul/2026:18:17:44 -0600] "GET /wp-admin/install.php?step=1 HTTP/1.1" 200 549 "-" "http://dfwchat.net/wp-admin/install.php?step=1"
2a06:98c0:3600::103 - - [15/Jul/2026:18:30:34 -0600] "GET /wp-admin/install.php?step=1 HTTP/1.1" 200 549 "-" "http://dfwchat.net/wp-admin/install.php?step=1"
198.175.150.9 - - [15/Jul/2026:18:50:25 -0600] "POST /wp-cron.php?doing_wp_cron=1784163025.4310159683227539062500 HTTP/1.1" 200 0 "-" "WordPress/7.0.1; https://dfwchat.net"
43.134.236.36 - - [15/Jul/2026:18:50:24 -0600] "GET / HTTP/1.1" 200 21699 "-" "Mozilla/5.0 (iPhone; CPU iPhone OS 13_2_3 like Mac OS X) AppleWebKit/605.1.15 (KHTML, like Gecko) Version/13.0.3 Mobile/15E148 Safari/604.1"
2a06:98c0:3600::103 - - [15/Jul/2026:18:50:44 -0600] "GET /wp-admin/install.php?step=1 HTTP/1.1" 200 549 "-" "http://dfwchat.net/wp-admin/install.php?step=1"
43.159.36.180 - - [15/Jul/2026:19:43:51 -0600] "GET / HTTP/1.1" 200 21697 "http://www.dfwchat.net" "Mozilla/5.0 (iPhone; CPU iPhone OS 13_2_3 like Mac OS X) AppleWebKit/605.1.15 (KHTML, like Gecko) Version/13.0.3 Mobile/15E148 Safari/604.1"
192.36.109.127 - - [15/Jul/2026:19:46:49 -0600] "GET / HTTP/1.1" 200 21695 "-" "Mozilla/5.0 (Windows NT 10.0; Win64; x64; rv:123.0) Gecko/20100101 Firefox/123"
49.51.183.75 - - [15/Jul/2026:19:07:56 -0600] "GET / HTTP/1.1" 200 21698 "-" "Mozilla/5.0 (iPhone; CPU iPhone OS 13_2_3 like Mac OS X) AppleWebKit/605.1.15 (KHTML, like Gecko) Version/13.0.3 Mobile/15E148 Safari/604.1"
64.227.103.201 - - [15/Jul/2026:19:50:48 -0600] "GET / HTTP/1.1" 200 21720 "-" "Mozilla/5.0 (X11; Linux x86_64; rv:142.0) Gecko/20100101 Firefox/142.0"
2a06:98c0:3600::103 - - [15/Jul/2026:19:49:49 -0600] "GET /wp-admin/install.php?step=1 HTTP/1.1" 200 549 "-" "http://dfwchat.net/wp-admin/install.php?step=1"
64.227.103.201 - - [15/Jul/2026:19:50:49 -0600] "GET /favicon.ico HTTP/1.1" 404 1251 "http://dfwchat.net.dfw.party/" "Mozilla/5.0 (X11; Linux x86_64; rv:142.0) Gecko/20100101 Firefox/142.0"
2a06:98c0:3600::103 - - [15/Jul/2026:19:56:48 -0600] "GET /wp-admin/install.php?step=1 HTTP/1.1" 200 549 "-" "http://dfwchat.net/wp-admin/install.php?step=1"
49.51.36.179 - - [15/Jul/2026:20:03:07 -0600] "GET / HTTP/1.1" 200 21699 "http://www.dfwchat.net" "Mozilla/5.0 (iPhone; CPU iPhone OS 13_2_3 like Mac OS X) AppleWebKit/605.1.15 (KHTML, like Gecko) Version/13.0.3 Mobile/15E148 Safari/604.1"
49.51.36.179 - - [15/Jul/2026:20:03:05 -0600] "GET / HTTP/1.1" 301 0 "-" "Mozilla/5.0 (iPhone; CPU iPhone OS 13_2_3 like Mac OS X) AppleWebKit/605.1.15 (KHTML, like Gecko) Version/13.0.3 Mobile/15E148 Safari/604.1"
2a06:98c0:3600::103 - - [15/Jul/2026:20:12:44 -0600] "GET /wp-admin/install.php?step=1 HTTP/1.1" 200 549 "-" "http://dfwchat.net/wp-admin/install.php?step=1"
2a06:98c0:3600::103 - - [15/Jul/2026:20:38:31 -0600] "GET /wp-admin/install.php?step=1 HTTP/1.1" 200 549 "-" "http://dfwchat.net/wp-admin/install.php?step=1"
113.31.186.195 - - [15/Jul/2026:20:48:12 -0600] "GET / HTTP/1.1" 200 21694 "-" "Mozilla/5.0 (X11; U; Linux x86_64; en-US; rv:1.9.2.13) Gecko/20101219 Gentoo Firefox/3.6.13"
198.175.150.9 - - [15/Jul/2026:20:33:49 -0600] "POST /wp-cron.php?doing_wp_cron=1784169229.6449890136718750000000 HTTP/1.1" 200 0 "-" "WordPress/7.0.1; https://dfwchat.net"
2a06:98c0:3600::103 - - [15/Jul/2026:20:33:49 -0600] "GET /wp-admin/install.php?step=1 HTTP/1.1" 200 549 "-" "http://dfwchat.net/wp-admin/install.php?step=1"
2a06:98c0:3600::103 - - [15/Jul/2026:21:04:22 -0600] "GET /wp-admin/install.php?step=1 HTTP/1.1" 200 549 "-" "http://dfwchat.net/wp-admin/install.php?step=1"
2a06:98c0:3600::103 - - [15/Jul/2026:21:19:17 -0600] "GET /wp-admin/install.php?step=1 HTTP/1.1" 200 549 "-" "http://dfwchat.net/wp-admin/install.php?step=1"
2a06:98c0:3600::103 - - [15/Jul/2026:21:37:43 -0600] "GET /wp-admin/install.php?step=1 HTTP/1.1" 200 549 "-" "http://dfwchat.net/wp-admin/install.php?step=1"
198.175.150.9 - - [15/Jul/2026:21:37:43 -0600] "POST /wp-cron.php?doing_wp_cron=1784173063.8457539081573486328125 HTTP/1.1" 200 0 "-" "WordPress/7.0.1; https://dfwchat.net"
2a06:98c0:3600::103 - - [15/Jul/2026:21:54:29 -0600] "GET /wp-admin/install.php?step=1 HTTP/1.1" 200 549 "-" "http://dfwchat.net/wp-admin/install.php?step=1"
198.175.150.9 - - [15/Jul/2026:21:54:30 -0600] "POST /wp-cron.php?doing_wp_cron=1784174070.0752260684967041015625 HTTP/1.1" 200 0 "-" "WordPress/7.0.1; https://dfwchat.net"
20.98.104.241 - - [15/Jul/2026:21:59:59 -0600] "GET / HTTP/1.1" 200 21694 "-" "Mozilla/5.0 (Windows NT 6.1; WOW64) AppleWebKit/534.24 (KHTML, like Gecko) Chrome/11.0.696.71 Safari/534.24"
2a06:98c0:3600::103 - - [15/Jul/2026:22:02:11 -0600] "GET /wp-admin/install.php?step=1 HTTP/1.1" 200 549 "-" "http://dfwchat.net/wp-admin/install.php?step=1"
198.175.150.9 - - [15/Jul/2026:22:00:01 -0600] "POST /wp-cron.php?doing_wp_cron=1784174401.0252079963684082031250 HTTP/1.1" 200 0 "-" "WordPress/7.0.1; https://dfwchat.net"
198.175.150.9 - - [15/Jul/2026:22:21:45 -0600] "POST /wp-cron.php?doing_wp_cron=1784175705.0162529945373535156250 HTTP/1.1" 200 0 "-" "WordPress/7.0.1; https://dfwchat.net"
2a06:98c0:3600::103 - - [15/Jul/2026:22:21:44 -0600] "GET /wp-admin/install.php?step=1 HTTP/1.1" 200 549 "-" "http://dfwchat.net/wp-admin/install.php?step=1"
198.175.150.9 - - [15/Jul/2026:22:24:59 -0600] "POST /wp-cron.php?doing_wp_cron=1784175899.0225849151611328125000 HTTP/1.1" 200 0 "-" "WordPress/7.0.1; https://dfwchat.net"
20.98.104.241 - - [15/Jul/2026:22:24:58 -0600] "GET / HTTP/1.1" 301 0 "http://dfwchat.net/" "Mozilla/5.0 (Windows NT 6.1; WOW64) AppleWebKit/534.24 (KHTML, like Gecko) Chrome/11.0.696.71 Safari/534.24"
20.98.104.241 - - [15/Jul/2026:22:24:59 -0600] "GET / HTTP/1.1" 200 21694 "http://dfwchat.net/" "Mozilla/5.0 (Windows NT 6.1; WOW64) AppleWebKit/534.24 (KHTML, like Gecko) Chrome/11.0.696.71 Safari/534.24"
118.24.135.34 - - [15/Jul/2026:22:39:50 -0600] "GET / HTTP/1.1" 200 21699 "-" "Mozilla/5.0 (iPhone; CPU iPhone OS 13_2_3 like Mac OS X) AppleWebKit/605.1.15 (KHTML, like Gecko) Version/13.0.3 Mobile/15E148 Safari/604.1"
2a06:98c0:3600::103 - - [15/Jul/2026:22:30:27 -0600] "GET /wp-admin/install.php?step=1 HTTP/1.1" 200 549 "-" "http://dfwchat.net/wp-admin/install.php?step=1"
2a06:98c0:3600::103 - - [15/Jul/2026:22:46:22 -0600] "GET /wp-admin/install.php?step=1 HTTP/1.1" 200 549 "-" "http://dfwchat.net/wp-admin/install.php?step=1"
2a06:98c0:3600::103 - - [15/Jul/2026:23:00:40 -0600] "GET /wp-admin/install.php?step=1 HTTP/1.1" 200 549 "-" "http://dfwchat.net/wp-admin/install.php?step=1"
2a06:98c0:3600::103 - - [15/Jul/2026:22:52:16 -0600] "GET /wp-admin/install.php?step=1 HTTP/1.1" 200 549 "-" "http://dfwchat.net/wp-admin/install.php?step=1"
43.130.105.21 - - [15/Jul/2026:23:04:45 -0600] "GET /wp-content/plugins/buddyboss-platform/bp-core/bb-core-native-presence.php HTTP/1.1" 401 126 "-" "Mozilla/5.0 (iPhone; CPU iPhone OS 13_2_3 like Mac OS X) AppleWebKit/605.1.15 (KHTML, like Gecko) Version/13.0.3 Mobile/15E148 Safari/604.1"
2a06:98c0:3600::103 - - [16/Jul/2026:00:15:00 -0600] "GET /wp-admin/install.php?step=1 HTTP/1.1" 200 549 "-" "http://dfwchat.net/wp-admin/install.php?step=1"
45.92.84.170 - - [16/Jul/2026:00:20:05 -0600] "GET / HTTP/1.1" 200 21695 "-" "Mozilla/5.0 (Windows NT 10.0; Win64; x64) AppleWebKit/537.36 (KHTML, like Gecko) Chrome/94.0.4606.61 Safari/537.36"
198.175.150.9 - - [16/Jul/2026:00:15:00 -0600] "POST /wp-cron.php?doing_wp_cron=1784182500.6227879524230957031250 HTTP/1.1" 200 0 "-" "WordPress/7.0.1; https://dfwchat.net"
198.175.150.9 - - [16/Jul/2026:00:20:09 -0600] "POST /wp-cron.php?doing_wp_cron=1784182809.2009990215301513671875 HTTP/1.1" 200 0 "-" "WordPress/7.0.1; https://dfwchat.net"
43.159.34.167 - - [16/Jul/2026:00:23:57 -0600] "GET / HTTP/1.1" 500 1095 "-" "Mozilla/5.0 (iPhone; CPU iPhone OS 13_2_3 like Mac OS X) AppleWebKit/605.1.15 (KHTML, like Gecko) Version/13.0.3 Mobile/15E148 Safari/604.1"
2a06:98c0:3600::103 - - [16/Jul/2026:00:35:28 -0600] "GET /wp-admin/install.php?step=1 HTTP/1.1" 200 549 "-" "http://dfwchat.net/wp-admin/install.php?step=1"
2a06:98c0:3600::103 - - [16/Jul/2026:00:35:54 -0600] "GET /wp-admin/install.php?step=1 HTTP/1.1" 200 549 "-" "http://dfwchat.net/wp-admin/install.php?step=1"
151.115.91.3 - - [16/Jul/2026:00:54:01 -0600] "GET /wp-includes/css/admin-bar.min.css?ver=7.0.1 HTTP/1.1" 200 3888 "http://dfwchat.net/" "Mozilla/5.0 (X11; Linux x86_64) AppleWebKit/537.36 (KHTML, like Gecko) Chrome/134.0.0.0 Safari/537.3"
151.115.91.3 - - [16/Jul/2026:00:54:01 -0600] "GET /wp-content/themes/buddyboss-theme/inc/plugins/buddyboss-menu-icons/vendor/kucrut/icon-picker/css/types/buddyboss_legacy.css?ver=1.0 HTTP/1.1" 200 4200 "http://dfwchat.net/" "Mozilla/5.0 (X11; Linux x86_64) AppleWebKit/537.36 (KHTML, like Gecko) Chrome/134.0.0.0 Safari/537.3"
151.115.91.3 - - [16/Jul/2026:00:54:01 -0600] "GET /wp-content/plugins/buddyboss-platform/bp-core/css/admin-bar.min.css?ver=3.1.1 HTTP/1.1" 200 630 "http://dfwchat.net/" "Mozilla/5.0 (X11; Linux x86_64) AppleWebKit/537.36 (KHTML, like Gecko) Chrome/134.0.0.0 Safari/537.3"
151.115.91.3 - - [16/Jul/2026:00:54:01 -0600] "GET /wp-content/plugins/buddyboss-platform-pro/includes/schedule-posts/assets/css/bb-schedule-posts.min.css?ver=3.0.3 HTTP/1.1" 200 1872 "http://dfwchat.net/" "Mozilla/5.0 (X11; Linux x86_64) AppleWebKit/537.36 (KHTML, like Gecko) Chrome/134.0.0.0 Safari/537.3"
151.115.91.3 - - [16/Jul/2026:00:54:01 -0600] "GET /wp-content/plugins/buddyboss-platform/bp-templates/bp-nouveau/css/buddypress.min.css?ver=3.1.1 HTTP/1.1" 200 102411 "http://dfwchat.net/" "Mozilla/5.0 (X11; Linux x86_64) AppleWebKit/537.36 (KHTML, like Gecko) Chrome/134.0.0.0 Safari/537.3"
151.115.91.3 - - [16/Jul/2026:00:54:01 -0600] "GET /wp-content/plugins/buddyboss-platform-pro/includes/integrations/meprlms/assets/css/meprlms-frontend.min.css?ver=3.1.1 HTTP/1.1" 200 9302 "http://dfwchat.net/" "Mozilla/5.0 (X11; Linux x86_64) AppleWebKit/537.36 (KHTML, like Gecko) Chrome/134.0.0.0 Safari/537.3"
151.115.91.3 - - [16/Jul/2026:00:54:01 -0600] "GET /wp-content/themes/buddyboss-theme/assets/fonts/fonts.css?ver=2.20.1 HTTP/1.1" 200 594 "http://dfwchat.net/" "Mozilla/5.0 (X11; Linux x86_64) AppleWebKit/537.36 (KHTML, like Gecko) Chrome/134.0.0.0 Safari/537.3"
151.115.91.3 - - [16/Jul/2026:00:54:01 -0600] "GET /wp-content/themes/buddyboss-theme/assets/css/vendors/select2.min.css?ver=2.20.1 HTTP/1.1" 200 1993 "http://dfwchat.net/" "Mozilla/5.0 (X11; Linux x86_64) AppleWebKit/537.36 (KHTML, like Gecko) Chrome/134.0.0.0 Safari/537.3"
151.115.91.3 - - [16/Jul/2026:00:54:01 -0600] "GET /wp-content/themes/buddyboss-theme/assets/css/template-v2.min.css?ver=2.20.1 HTTP/1.1" 200 15245 "http://dfwchat.net/" "Mozilla/5.0 (X11; Linux x86_64) AppleWebKit/537.36 (KHTML, like Gecko) Chrome/134.0.0.0 Safari/537.3"
151.115.91.3 - - [16/Jul/2026:00:54:01 -0600] "GET /wp-content/themes/buddyboss-theme/assets/css/buddypress.min.css?ver=2.20.1 HTTP/1.1" 200 117118 "http://dfwchat.net/" "Mozilla/5.0 (X11; Linux x86_64) AppleWebKit/537.36 (KHTML, like Gecko) Chrome/134.0.0.0 Safari/537.3"
151.115.91.3 - - [16/Jul/2026:00:54:02 -0600] "GET /wp-content/plugins/buddyboss-platform/bp-core/js/bb-emoji-loader.min.js?ver=3.1.1 HTTP/1.1" 200 1449 "http://dfwchat.net/" "Mozilla/5.0 (X11; Linux x86_64) AppleWebKit/537.36 (KHTML, like Gecko) Chrome/134.0.0.0 Safari/537.3"
151.115.91.3 - - [16/Jul/2026:00:54:02 -0600] "GET /wp-includes/js/jquery/jquery.min.js?ver=3.7.1 HTTP/1.1" 200 30412 "http://dfwchat.net/" "Mozilla/5.0 (X11; Linux x86_64) AppleWebKit/537.36 (KHTML, like Gecko) Chrome/134.0.0.0 Safari/537.3"
151.115.91.3 - - [16/Jul/2026:00:54:02 -0600] "GET /wp-content/plugins/buddyboss-platform/bp-core/js/widget-members.min.js?ver=3.1.1 HTTP/1.1" 200 880 "http://dfwchat.net/" "Mozilla/5.0 (X11; Linux x86_64) AppleWebKit/537.36 (KHTML, like Gecko) Chrome/134.0.0.0 Safari/537.3"
151.115.91.3 - - [16/Jul/2026:00:54:02 -0600] "GET /wp-content/plugins/buddyboss-platform/bp-core/js/jquery-query.min.js?ver=3.1.1 HTTP/1.1" 200 231 "http://dfwchat.net/" "Mozilla/5.0 (X11; Linux x86_64) AppleWebKit/537.36 (KHTML, like Gecko) Chrome/134.0.0.0 Safari/537.3"
151.115.91.3 - - [16/Jul/2026:00:53:54 -0600] "HEAD / HTTP/1.1" 200 0 "-" "python-httpx/0.28.1"
151.115.91.3 - - [16/Jul/2026:00:54:00 -0600] "GET / HTTP/1.1" 200 21694 "-" "Mozilla/5.0 (X11; Linux x86_64) AppleWebKit/537.36 (KHTML, like Gecko) Chrome/134.0.0.0 Safari/537.3"
151.115.91.3 - - [16/Jul/2026:00:54:01 -0600] "GET /wp-includes/css/dashicons.min.css?ver=7.0.1 HTTP/1.1" 200 35591 "http://dfwchat.net/" "Mozilla/5.0 (X11; Linux x86_64) AppleWebKit/537.36 (KHTML, like Gecko) Chrome/134.0.0.0 Safari/537.3"
151.115.91.3 - - [16/Jul/2026:00:54:01 -0600] "GET /wp-content/plugins/buddyboss-platform/bp-templates/bp-nouveau/icons/css/bb-icons.min.css?ver=1.0.11 HTTP/1.1" 200 4837 "http://dfwchat.net/" "Mozilla/5.0 (X11; Linux x86_64) AppleWebKit/537.36 (KHTML, like Gecko) Chrome/134.0.0.0 Safari/537.3"
151.115.91.3 - - [16/Jul/2026:00:54:01 -0600] "GET /wp-content/plugins/buddyboss-platform-pro/assets/css/index.min.css?ver=3.0.3 HTTP/1.1" 200 953 "http://dfwchat.net/" "Mozilla/5.0 (X11; Linux x86_64) AppleWebKit/537.36 (KHTML, like Gecko) Chrome/134.0.0.0 Safari/537.3"
151.115.91.3 - - [16/Jul/2026:00:54:01 -0600] "GET /wp-content/plugins/buddyboss-platform-pro/includes/polls/assets/css/bb-polls.min.css?ver=3.0.3 HTTP/1.1" 200 2371 "http://dfwchat.net/" "Mozilla/5.0 (X11; Linux x86_64) AppleWebKit/537.36 (KHTML, like Gecko) Chrome/134.0.0.0 Safari/537.3"
151.115.91.3 - - [16/Jul/2026:00:54:01 -0600] "GET /wp-content/plugins/buddyboss-platform-pro/includes/integrations/tutorlms/assets/css/bb-tutorlms-admin.min.css?ver=3.1.1 HTTP/1.1" 200 1057 "http://dfwchat.net/" "Mozilla/5.0 (X11; Linux x86_64) AppleWebKit/537.36 (KHTML, like Gecko) Chrome/134.0.0.0 Safari/537.3"
151.115.91.3 - - [16/Jul/2026:00:54:01 -0600] "GET /wp-content/themes/buddyboss-theme/inc/admin/framework/redux-core/assets/css/extendify-utilities.css?ver=4.4.11 HTTP/1.1" 200 5873 "http://dfwchat.net/" "Mozilla/5.0 (X11; Linux x86_64) AppleWebKit/537.36 (KHTML, like Gecko) Chrome/134.0.0.0 Safari/537.3"
151.115.91.3 - - [16/Jul/2026:00:54:01 -0600] "GET /wp-content/plugins/buddyboss-platform-pro/includes/integrations/zoom/assets/css/bp-zoom.min.css?ver=3.0.3 HTTP/1.1" 200 14462 "http://dfwchat.net/" "Mozilla/5.0 (X11; Linux x86_64) AppleWebKit/537.36 (KHTML, like Gecko) Chrome/134.0.0.0 Safari/537.3"
151.115.91.3 - - [16/Jul/2026:00:54:01 -0600] "GET /wp-content/themes/buddyboss-theme/assets/css/theme.min.css?ver=2.20.1 HTTP/1.1" 200 45876 "http://dfwchat.net/" "Mozilla/5.0 (X11; Linux x86_64) AppleWebKit/537.36 (KHTML, like Gecko) Chrome/134.0.0.0 Safari/537.3"
151.115.91.3 - - [16/Jul/2026:00:54:02 -0600] "GET /wp-content/themes/buddyboss-theme/assets/css/bbpress.min.css?ver=2.20.1 HTTP/1.1" 200 22283 "http://dfwchat.net/" "Mozilla/5.0 (X11; Linux x86_64) AppleWebKit/537.36 (KHTML, like Gecko) Chrome/134.0.0.0 Safari/537.3"
151.115.91.3 - - [16/Jul/2026:00:54:02 -0600] "GET /wp-includes/js/jquery/jquery-migrate.min.js?ver=3.4.1 HTTP/1.1" 200 4870 "http://dfwchat.net/" "Mozilla/5.0 (X11; Linux x86_64) AppleWebKit/537.36 (KHTML, like Gecko) Chrome/134.0.0.0 Safari/537.3"
151.115.91.3 - - [16/Jul/2026:00:54:02 -0600] "GET /wp-content/plugins/buddyboss-platform/bp-core/js/vendor/jquery-scroll-to.min.js?ver=3.1.1 HTTP/1.1" 200 1509 "http://dfwchat.net/" "Mozilla/5.0 (X11; Linux x86_64) AppleWebKit/537.36 (KHTML, like Gecko) Chrome/134.0.0.0 Safari/537.3"
151.115.91.3 - - [16/Jul/2026:00:54:02 -0600] "GET /wp-content/plugins/buddyboss-platform-pro/includes/integrations/tutorlms/assets/js/bb-tutorlms-admin.min.js?ver=3.1.1 HTTP/1.1" 200 995 "http://dfwchat.net/" "Mozilla/5.0 (X11; Linux x86_64) AppleWebKit/537.36 (KHTML, like Gecko) Chrome/134.0.0.0 Safari/537.3"
151.115.91.3 - - [16/Jul/2026:00:54:02 -0600] "GET /wp-includes/js/hoverintent-js.min.js?ver=2.2.1 HTTP/1.1" 200 715 "http://dfwchat.net/" "Mozilla/5.0 (X11; Linux x86_64) AppleWebKit/537.36 (KHTML, like Gecko) Chrome/134.0.0.0 Safari/537.3"
151.115.91.3 - - [16/Jul/2026:00:54:02 -0600] "GET /wp-content/plugins/buddyboss-platform-pro/includes/integrations/meprlms/assets/js/bb-meprlms-frontend.min.js?ver=3.1.1 HTTP/1.1" 200 169 "http://dfwchat.net/" "Mozilla/5.0 (X11; Linux x86_64) AppleWebKit/537.36 (KHTML, like Gecko) Chrome/134.0.0.0 Safari/537.3"
151.115.91.3 - - [16/Jul/2026:00:54:02 -0600] "GET /wp-content/plugins/buddyboss-platform/bp-core/js/vendor/magnific-popup.js?ver=3.1.1 HTTP/1.1" 200 7376 "http://dfwchat.net/" "Mozilla/5.0 (X11; Linux x86_64) AppleWebKit/537.36 (KHTML, like Gecko) Chrome/134.0.0.0 Safari/537.3"
151.115.91.3 - - [16/Jul/2026:00:54:02 -0600] "GET /wp-content/themes/buddyboss-theme/assets/images/svg/no-results.svg HTTP/1.1" 200 916 "http://dfwchat.net/" "Mozilla/5.0 (X11; Linux x86_64) AppleWebKit/537.36 (KHTML, like Gecko) Chrome/134.0.0.0 Safari/537.3"
151.115.91.3 - - [16/Jul/2026:00:54:02 -0600] "GET /wp-includes/js/admin-bar.min.js?ver=7.0.1 HTTP/1.1" 200 1353 "http://dfwchat.net/" "Mozilla/5.0 (X11; Linux x86_64) AppleWebKit/537.36 (KHTML, like Gecko) Chrome/134.0.0.0 Safari/537.3"
151.115.91.3 - - [16/Jul/2026:00:54:02 -0600] "GET /wp-includes/js/underscore.min.js?ver=1.13.8 HTTP/1.1" 200 7384 "http://dfwchat.net/" "Mozilla/5.0 (X11; Linux x86_64) AppleWebKit/537.36 (KHTML, like Gecko) Chrome/134.0.0.0 Safari/537.3"
151.115.91.3 - - [16/Jul/2026:00:54:02 -0600] "GET /wp-content/plugins/buddyboss-platform/bp-core/js/livestamp.min.js?ver=3.1.1 HTTP/1.1" 200 1000 "http://dfwchat.net/" "Mozilla/5.0 (X11; Linux x86_64) AppleWebKit/537.36 (KHTML, like Gecko) Chrome/134.0.0.0 Safari/537.3"
151.115.91.3 - - [16/Jul/2026:00:54:02 -0600] "GET /wp-content/plugins/buddyboss-platform/bp-templates/bp-nouveau/js/buddypress-nouveau.min.js?ver=3.1.1 HTTP/1.1" 200 24224 "http://dfwchat.net/" "Mozilla/5.0 (X11; Linux x86_64) AppleWebKit/537.36 (KHTML, like Gecko) Chrome/134.0.0.0 Safari/537.3"
151.115.91.3 - - [16/Jul/2026:00:54:02 -0600] "GET /wp-includes/js/backbone.min.js?ver=1.6.1 HTTP/1.1" 200 8029 "http://dfwchat.net/" "Mozilla/5.0 (X11; Linux x86_64) AppleWebKit/537.36 (KHTML, like Gecko) Chrome/134.0.0.0 Safari/537.3"
151.115.91.3 - - [16/Jul/2026:00:54:02 -0600] "GET /wp-includes/js/wp-backbone.min.js?ver=7.0.1 HTTP/1.1" 200 1169 "http://dfwchat.net/" "Mozilla/5.0 (X11; Linux x86_64) AppleWebKit/537.36 (KHTML, like Gecko) Chrome/134.0.0.0 Safari/537.3"
151.115.91.3 - - [16/Jul/2026:00:54:03 -0600] "GET /wp-content/themes/buddyboss-theme/assets/images/svg/search.svg HTTP/1.1" 200 258 "http://dfwchat.net/wp-content/themes/buddyboss-theme/assets/css/theme.min.css?ver=2.20.1" "Mozilla/5.0 (X11; Linux x86_64) AppleWebKit/537.36 (KHTML, like Gecko) Chrome/134.0.0.0 Safari/537.3"
151.115.91.3 - - [16/Jul/2026:00:54:03 -0600] "GET /wp-includes/js/jquery/ui/sortable.min.js?ver=1.13.3 HTTP/1.1" 200 6596 "http://dfwchat.net/" "Mozilla/5.0 (X11; Linux x86_64) AppleWebKit/537.36 (KHTML, like Gecko) Chrome/134.0.0.0 Safari/537.3"
151.115.91.3 - - [16/Jul/2026:00:54:03 -0600] "GET /wp-content/plugins/buddyboss-platform-pro/includes/polls/assets/js/bb-poll.min.js?ver=3.0.3 HTTP/1.1" 200 3968 "http://dfwchat.net/" "Mozilla/5.0 (X11; Linux x86_64) AppleWebKit/537.36 (KHTML, like Gecko) Chrome/134.0.0.0 Safari/537.3"
151.115.91.3 - - [16/Jul/2026:00:54:03 -0600] "GET /wp-content/plugins/buddyboss-platform/bp-templates/bp-nouveau/js/jquery.guillotine.min.js?ver=3.1.1 HTTP/1.1" 200 2584 "http://dfwchat.net/" "Mozilla/5.0 (X11; Linux x86_64) AppleWebKit/537.36 (KHTML, like Gecko) Chrome/134.0.0.0 Safari/537.3"
151.115.91.3 - - [16/Jul/2026:00:54:03 -0600] "GET /wp-includes/js/jquery/ui/menu.min.js?ver=1.13.3 HTTP/1.1" 200 3068 "http://dfwchat.net/" "Mozilla/5.0 (X11; Linux x86_64) AppleWebKit/537.36 (KHTML, like Gecko) Chrome/134.0.0.0 Safari/537.3"
151.115.91.3 - - [16/Jul/2026:00:54:03 -0600] "GET /wp-includes/js/dist/dom-ready.min.js?ver=a06281ae5cf5500e9317 HTTP/1.1" 200 472 "http://dfwchat.net/" "Mozilla/5.0 (X11; Linux x86_64) AppleWebKit/537.36 (KHTML, like Gecko) Chrome/134.0.0.0 Safari/537.3"
151.115.91.3 - - [16/Jul/2026:00:54:02 -0600] "GET /wp-includes/js/dist/vendor/moment.min.js?ver=2.30.1 HTTP/1.1" 200 18858 "http://dfwchat.net/" "Mozilla/5.0 (X11; Linux x86_64) AppleWebKit/537.36 (KHTML, like Gecko) Chrome/134.0.0.0 Safari/537.3"
151.115.91.3 - - [16/Jul/2026:00:54:02 -0600] "GET /wp-content/plugins/buddyboss-platform-pro/includes/reactions/assets/js/bb-reaction.min.js?ver=3.0.3 HTTP/1.1" 200 652 "http://dfwchat.net/" "Mozilla/5.0 (X11; Linux x86_64) AppleWebKit/537.36 (KHTML, like Gecko) Chrome/134.0.0.0 Safari/537.3"
151.115.91.3 - - [16/Jul/2026:00:54:02 -0600] "GET /wp-includes/js/dist/hooks.min.js?ver=7496969728ca0f95732d HTTP/1.1" 200 1824 "http://dfwchat.net/" "Mozilla/5.0 (X11; Linux x86_64) AppleWebKit/537.36 (KHTML, like Gecko) Chrome/134.0.0.0 Safari/537.3"
151.115.91.3 - - [16/Jul/2026:00:54:02 -0600] "GET /wp-includes/js/jquery/ui/core.min.js?ver=1.13.3 HTTP/1.1" 200 7104 "http://dfwchat.net/" "Mozilla/5.0 (X11; Linux x86_64) AppleWebKit/537.36 (KHTML, like Gecko) Chrome/134.0.0.0 Safari/537.3"
151.115.91.3 - - [16/Jul/2026:00:54:03 -0600] "GET /wp-content/themes/buddyboss-theme/assets/images/adminbar-background.png HTTP/1.1" 200 83 "http://dfwchat.net/wp-content/themes/buddyboss-theme/assets/css/theme.min.css?ver=2.20.1" "Mozilla/5.0 (X11; Linux x86_64) AppleWebKit/537.36 (KHTML, like Gecko) Chrome/134.0.0.0 Safari/537.3"
151.115.91.3 - - [16/Jul/2026:00:54:03 -0600] "GET /wp-includes/js/jquery/ui/mouse.min.js?ver=1.13.3 HTTP/1.1" 200 1096 "http://dfwchat.net/" "Mozilla/5.0 (X11; Linux x86_64) AppleWebKit/537.36 (KHTML, like Gecko) Chrome/134.0.0.0 Safari/537.3"
151.115.91.3 - - [16/Jul/2026:00:54:03 -0600] "GET /wp-content/plugins/buddyboss-platform-pro/includes/schedule-posts/assets/js/bb-schedule-posts.min.js?ver=3.0.3 HTTP/1.1" 200 4467 "http://dfwchat.net/" "Mozilla/5.0 (X11; Linux x86_64) AppleWebKit/537.36 (KHTML, like Gecko) Chrome/134.0.0.0 Safari/537.3"
151.115.91.3 - - [16/Jul/2026:00:54:03 -0600] "GET /wp-includes/js/heartbeat.min.js?ver=7.0.1 HTTP/1.1" 200 2042 "http://dfwchat.net/" "Mozilla/5.0 (X11; Linux x86_64) AppleWebKit/537.36 (KHTML, like Gecko) Chrome/134.0.0.0 Safari/537.3"
151.115.91.3 - - [16/Jul/2026:00:54:03 -0600] "GET /wp-includes/js/jquery/ui/autocomplete.min.js?ver=1.13.3 HTTP/1.1" 200 2905 "http://dfwchat.net/" "Mozilla/5.0 (X11; Linux x86_64) AppleWebKit/537.36 (KHTML, like Gecko) Chrome/134.0.0.0 Safari/537.3"
151.115.91.3 - - [16/Jul/2026:00:54:03 -0600] "GET /wp-content/plugins/buddyboss-platform/bp-templates/bp-nouveau/js/buddypress-search.min.js?ver=3.1.1 HTTP/1.1" 200 1637 "http://dfwchat.net/" "Mozilla/5.0 (X11; Linux x86_64) AppleWebKit/537.36 (KHTML, like Gecko) Chrome/134.0.0.0 Safari/537.3"
151.115.91.3 - - [16/Jul/2026:00:54:03 -0600] "GET /wp-content/plugins/buddyboss-platform/bp-core/js/jquery.atwho.min.js?ver=3.1.1 HTTP/1.1" 200 6261 "http://dfwchat.net/" "Mozilla/5.0 (X11; Linux x86_64) AppleWebKit/537.36 (KHTML, like Gecko) Chrome/134.0.0.0 Safari/537.3"
151.115.91.3 - - [16/Jul/2026:00:54:03 -0600] "GET /wp-content/plugins/buddyboss-platform-pro/assets/js/vendor/jquery.mask.js?ver=5.0.4 HTTP/1.1" 200 5887 "http://dfwchat.net/" "Mozilla/5.0 (X11; Linux x86_64) AppleWebKit/537.36 (KHTML, like Gecko) Chrome/134.0.0.0 Safari/537.3"
151.115.91.3 - - [16/Jul/2026:00:54:03 -0600] "GET /wp-content/themes/buddyboss-theme/assets/js/vendors/menu.js?ver=2.20.1 HTTP/1.1" 200 956 "http://dfwchat.net/" "Mozilla/5.0 (X11; Linux x86_64) AppleWebKit/537.36 (KHTML, like Gecko) Chrome/134.0.0.0 Safari/537.3"
151.115.91.3 - - [16/Jul/2026:00:54:03 -0600] "GET /wp-content/themes/buddyboss-theme/assets/js/vendors/fitvids.js?ver=2.20.1 HTTP/1.1" 200 1599 "http://dfwchat.net/" "Mozilla/5.0 (X11; Linux x86_64) AppleWebKit/537.36 (KHTML, like Gecko) Chrome/134.0.0.0 Safari/537.3"
151.115.91.3 - - [16/Jul/2026:00:54:03 -0600] "GET /wp-content/themes/buddyboss-theme/assets/js/vendors/jssocials.min.js?ver=2.20.1 HTTP/1.1" 200 3031 "http://dfwchat.net/" "Mozilla/5.0 (X11; Linux x86_64) AppleWebKit/537.36 (KHTML, like Gecko) Chrome/134.0.0.0 Safari/537.3"
151.115.91.3 - - [16/Jul/2026:00:54:03 -0600] "GET /wp-includes/js/dist/a11y.min.js?ver=af934e5259bc51b8718e HTTP/1.1" 200 1055 "http://dfwchat.net/" "Mozilla/5.0 (X11; Linux x86_64) AppleWebKit/537.36 (KHTML, like Gecko) Chrome/134.0.0.0 Safari/537.3"
151.115.91.3 - - [16/Jul/2026:00:54:03 -0600] "GET /wp-content/themes/buddyboss-theme/assets/js/plugins/bbp-scrubber.min.js?ver=2.20.1 HTTP/1.1" 200 1675 "http://dfwchat.net/" "Mozilla/5.0 (X11; Linux x86_64) AppleWebKit/537.36 (KHTML, like Gecko) Chrome/134.0.0.0 Safari/537.3"
151.115.91.3 - - [16/Jul/2026:00:54:03 -0600] "GET /wp-content/themes/buddyboss-theme/assets/js/vendors/draggabilly.min.js?ver=2.20.1 HTTP/1.1" 200 4461 "http://dfwchat.net/" "Mozilla/5.0 (X11; Linux x86_64) AppleWebKit/537.36 (KHTML, like Gecko) Chrome/134.0.0.0 Safari/537.3"
