34.19.117.21 - - [16/Jul/2026:06:47:31 -0600] "POST /xmlrpc.php HTTP/1.1" 200 401 "-" "Mozilla/5.0 (Windows NT 10.0; Win64; x64) AppleWebKit/537.36 (KHTML, like Gecko) Chrome/78.0.3904.108 Safari/537.36"
34.19.117.21 - - [16/Jul/2026:06:47:37 -0600] "POST /xmlrpc.php HTTP/1.1" 200 401 "-" "Mozilla/5.0 (Windows NT 10.0; Win64; x64) AppleWebKit/537.36 (KHTML, like Gecko) Chrome/78.0.3904.108 Safari/537.36"
34.19.117.21 - - [16/Jul/2026:06:47:43 -0600] "POST /xmlrpc.php HTTP/1.1" 200 401 "-" "Mozilla/5.0 (Windows NT 10.0; Win64; x64) AppleWebKit/537.36 (KHTML, like Gecko) Chrome/78.0.3904.108 Safari/537.36"
34.19.117.21 - - [16/Jul/2026:06:47:49 -0600] "POST /xmlrpc.php HTTP/1.1" 200 401 "-" "Mozilla/5.0 (Windows NT 10.0; Win64; x64) AppleWebKit/537.36 (KHTML, like Gecko) Chrome/78.0.3904.108 Safari/537.36"
34.19.117.21 - - [16/Jul/2026:06:47:55 -0600] "POST /xmlrpc.php HTTP/1.1" 200 401 "-" "Mozilla/5.0 (Windows NT 10.0; Win64; x64) AppleWebKit/537.36 (KHTML, like Gecko) Chrome/78.0.3904.108 Safari/537.36"
34.19.117.21 - - [16/Jul/2026:06:48:01 -0600] "POST /xmlrpc.php HTTP/1.1" 200 401 "-" "Mozilla/5.0 (Windows NT 10.0; Win64; x64) AppleWebKit/537.36 (KHTML, like Gecko) Chrome/78.0.3904.108 Safari/537.36"
34.19.117.21 - - [16/Jul/2026:06:48:07 -0600] "POST /xmlrpc.php HTTP/1.1" 200 401 "-" "Mozilla/5.0 (Windows NT 10.0; Win64; x64) AppleWebKit/537.36 (KHTML, like Gecko) Chrome/78.0.3904.108 Safari/537.36"
34.19.117.21 - - [16/Jul/2026:06:48:13 -0600] "POST /xmlrpc.php HTTP/1.1" 200 401 "-" "Mozilla/5.0 (Windows NT 10.0; Win64; x64) AppleWebKit/537.36 (KHTML, like Gecko) Chrome/78.0.3904.108 Safari/537.36"
34.19.117.21 - - [16/Jul/2026:06:48:19 -0600] "POST /xmlrpc.php HTTP/1.1" 200 401 "-" "Mozilla/5.0 (Windows NT 10.0; Win64; x64) AppleWebKit/537.36 (KHTML, like Gecko) Chrome/78.0.3904.108 Safari/537.36"
34.19.117.21 - - [16/Jul/2026:06:48:25 -0600] "POST /xmlrpc.php HTTP/1.1" 200 401 "-" "Mozilla/5.0 (Windows NT 10.0; Win64; x64) AppleWebKit/537.36 (KHTML, like Gecko) Chrome/78.0.3904.108 Safari/537.36"
34.19.117.21 - - [16/Jul/2026:06:46:31 -0600] "POST /xmlrpc.php HTTP/1.1" 200 401 "-" "Mozilla/5.0 (Windows NT 10.0; Win64; x64) AppleWebKit/537.36 (KHTML, like Gecko) Chrome/78.0.3904.108 Safari/537.36"
34.19.117.21 - - [16/Jul/2026:06:46:37 -0600] "POST /xmlrpc.php HTTP/1.1" 200 401 "-" "Mozilla/5.0 (Windows NT 10.0; Win64; x64) AppleWebKit/537.36 (KHTML, like Gecko) Chrome/78.0.3904.108 Safari/537.36"
34.19.117.21 - - [16/Jul/2026:06:46:43 -0600] "POST /xmlrpc.php HTTP/1.1" 200 401 "-" "Mozilla/5.0 (Windows NT 10.0; Win64; x64) AppleWebKit/537.36 (KHTML, like Gecko) Chrome/78.0.3904.108 Safari/537.36"
34.19.117.21 - - [16/Jul/2026:06:46:49 -0600] "POST /xmlrpc.php HTTP/1.1" 200 401 "-" "Mozilla/5.0 (Windows NT 10.0; Win64; x64) AppleWebKit/537.36 (KHTML, like Gecko) Chrome/78.0.3904.108 Safari/537.36"
34.19.117.21 - - [16/Jul/2026:06:46:55 -0600] "POST /xmlrpc.php HTTP/1.1" 200 401 "-" "Mozilla/5.0 (Windows NT 10.0; Win64; x64) AppleWebKit/537.36 (KHTML, like Gecko) Chrome/78.0.3904.108 Safari/537.36"
34.19.117.21 - - [16/Jul/2026:06:47:01 -0600] "POST /xmlrpc.php HTTP/1.1" 200 401 "-" "Mozilla/5.0 (Windows NT 10.0; Win64; x64) AppleWebKit/537.36 (KHTML, like Gecko) Chrome/78.0.3904.108 Safari/537.36"
34.19.117.21 - - [16/Jul/2026:06:47:07 -0600] "POST /xmlrpc.php HTTP/1.1" 200 401 "-" "Mozilla/5.0 (Windows NT 10.0; Win64; x64) AppleWebKit/537.36 (KHTML, like Gecko) Chrome/78.0.3904.108 Safari/537.36"
34.19.117.21 - - [16/Jul/2026:06:47:13 -0600] "POST /xmlrpc.php HTTP/1.1" 200 401 "-" "Mozilla/5.0 (Windows NT 10.0; Win64; x64) AppleWebKit/537.36 (KHTML, like Gecko) Chrome/78.0.3904.108 Safari/537.36"
34.19.117.21 - - [16/Jul/2026:06:47:19 -0600] "POST /xmlrpc.php HTTP/1.1" 200 401 "-" "Mozilla/5.0 (Windows NT 10.0; Win64; x64) AppleWebKit/537.36 (KHTML, like Gecko) Chrome/78.0.3904.108 Safari/537.36"
34.19.117.21 - - [16/Jul/2026:06:47:25 -0600] "POST /xmlrpc.php HTTP/1.1" 200 401 "-" "Mozilla/5.0 (Windows NT 10.0; Win64; x64) AppleWebKit/537.36 (KHTML, like Gecko) Chrome/78.0.3904.108 Safari/537.36"
34.19.117.21 - - [16/Jul/2026:06:47:32 -0600] "POST /xmlrpc.php HTTP/1.1" 200 401 "-" "Mozilla/5.0 (Windows NT 10.0; Win64; x64) AppleWebKit/537.36 (KHTML, like Gecko) Chrome/78.0.3904.108 Safari/537.36"
34.19.117.21 - - [16/Jul/2026:06:47:37 -0600] "POST /xmlrpc.php HTTP/1.1" 200 401 "-" "Mozilla/5.0 (Windows NT 10.0; Win64; x64) AppleWebKit/537.36 (KHTML, like Gecko) Chrome/78.0.3904.108 Safari/537.36"
34.19.117.21 - - [16/Jul/2026:06:47:43 -0600] "POST /xmlrpc.php HTTP/1.1" 200 401 "-" "Mozilla/5.0 (Windows NT 10.0; Win64; x64) AppleWebKit/537.36 (KHTML, like Gecko) Chrome/78.0.3904.108 Safari/537.36"
34.19.117.21 - - [16/Jul/2026:06:47:49 -0600] "POST /xmlrpc.php HTTP/1.1" 200 401 "-" "Mozilla/5.0 (Windows NT 10.0; Win64; x64) AppleWebKit/537.36 (KHTML, like Gecko) Chrome/78.0.3904.108 Safari/537.36"
34.19.117.21 - - [16/Jul/2026:06:47:55 -0600] "POST /xmlrpc.php HTTP/1.1" 200 401 "-" "Mozilla/5.0 (Windows NT 10.0; Win64; x64) AppleWebKit/537.36 (KHTML, like Gecko) Chrome/78.0.3904.108 Safari/537.36"
34.19.117.21 - - [16/Jul/2026:06:48:01 -0600] "POST /xmlrpc.php HTTP/1.1" 200 401 "-" "Mozilla/5.0 (Windows NT 10.0; Win64; x64) AppleWebKit/537.36 (KHTML, like Gecko) Chrome/78.0.3904.108 Safari/537.36"
34.19.117.21 - - [16/Jul/2026:06:48:07 -0600] "POST /xmlrpc.php HTTP/1.1" 200 401 "-" "Mozilla/5.0 (Windows NT 10.0; Win64; x64) AppleWebKit/537.36 (KHTML, like Gecko) Chrome/78.0.3904.108 Safari/537.36"
34.19.117.21 - - [16/Jul/2026:06:48:13 -0600] "POST /xmlrpc.php HTTP/1.1" 200 401 "-" "Mozilla/5.0 (Windows NT 10.0; Win64; x64) AppleWebKit/537.36 (KHTML, like Gecko) Chrome/78.0.3904.108 Safari/537.36"
34.19.117.21 - - [16/Jul/2026:06:48:19 -0600] "POST /xmlrpc.php HTTP/1.1" 200 401 "-" "Mozilla/5.0 (Windows NT 10.0; Win64; x64) AppleWebKit/537.36 (KHTML, like Gecko) Chrome/78.0.3904.108 Safari/537.36"
34.19.117.21 - - [16/Jul/2026:06:48:25 -0600] "POST /xmlrpc.php HTTP/1.1" 200 401 "-" "Mozilla/5.0 (Windows NT 10.0; Win64; x64) AppleWebKit/537.36 (KHTML, like Gecko) Chrome/78.0.3904.108 Safari/537.36"
34.19.117.21 - - [16/Jul/2026:06:48:31 -0600] "POST /xmlrpc.php HTTP/1.1" 200 401 "-" "Mozilla/5.0 (Windows NT 10.0; Win64; x64) AppleWebKit/537.36 (KHTML, like Gecko) Chrome/78.0.3904.108 Safari/537.36"
34.19.117.21 - - [16/Jul/2026:06:48:37 -0600] "POST /xmlrpc.php HTTP/1.1" 200 401 "-" "Mozilla/5.0 (Windows NT 10.0; Win64; x64) AppleWebKit/537.36 (KHTML, like Gecko) Chrome/78.0.3904.108 Safari/537.36"
34.19.117.21 - - [16/Jul/2026:06:48:43 -0600] "POST /xmlrpc.php HTTP/1.1" 200 401 "-" "Mozilla/5.0 (Windows NT 10.0; Win64; x64) AppleWebKit/537.36 (KHTML, like Gecko) Chrome/78.0.3904.108 Safari/537.36"
34.19.117.21 - - [16/Jul/2026:06:48:49 -0600] "POST /xmlrpc.php HTTP/1.1" 200 401 "-" "Mozilla/5.0 (Windows NT 10.0; Win64; x64) AppleWebKit/537.36 (KHTML, like Gecko) Chrome/78.0.3904.108 Safari/537.36"
34.19.117.21 - - [16/Jul/2026:06:48:55 -0600] "POST /xmlrpc.php HTTP/1.1" 200 401 "-" "Mozilla/5.0 (Windows NT 10.0; Win64; x64) AppleWebKit/537.36 (KHTML, like Gecko) Chrome/78.0.3904.108 Safari/537.36"
34.19.117.21 - - [16/Jul/2026:06:49:01 -0600] "POST /xmlrpc.php HTTP/1.1" 200 401 "-" "Mozilla/5.0 (Windows NT 10.0; Win64; x64) AppleWebKit/537.36 (KHTML, like Gecko) Chrome/78.0.3904.108 Safari/537.36"
34.19.117.21 - - [16/Jul/2026:06:49:07 -0600] "POST /xmlrpc.php HTTP/1.1" 200 401 "-" "Mozilla/5.0 (Windows NT 10.0; Win64; x64) AppleWebKit/537.36 (KHTML, like Gecko) Chrome/78.0.3904.108 Safari/537.36"
34.19.117.21 - - [16/Jul/2026:06:49:13 -0600] "POST /xmlrpc.php HTTP/1.1" 200 401 "-" "Mozilla/5.0 (Windows NT 10.0; Win64; x64) AppleWebKit/537.36 (KHTML, like Gecko) Chrome/78.0.3904.108 Safari/537.36"
34.19.117.21 - - [16/Jul/2026:06:49:19 -0600] "POST /xmlrpc.php HTTP/1.1" 200 401 "-" "Mozilla/5.0 (Windows NT 10.0; Win64; x64) AppleWebKit/537.36 (KHTML, like Gecko) Chrome/78.0.3904.108 Safari/537.36"
34.19.117.21 - - [16/Jul/2026:06:49:25 -0600] "POST /xmlrpc.php HTTP/1.1" 403 1242 "-" "Mozilla/5.0 (Windows NT 10.0; Win64; x64) AppleWebKit/537.36 (KHTML, like Gecko) Chrome/78.0.3904.108 Safari/537.36"
35.196.209.78 - - [16/Jul/2026:07:08:33 -0600] "GET / HTTP/1.1" 200 82576 "-" "Mozilla/5.0 (Windows NT 10.0; Win64; x64) AppleWebKit/537.36 (KHTML, like Gecko) Chrome/78.0.3904.108 Safari/537.36"
35.196.209.78 - - [16/Jul/2026:07:08:34 -0600] "GET /?author=1 HTTP/1.1" 200 82814 "-" "Mozilla/5.0 (Windows NT 10.0; Win64; x64) AppleWebKit/537.36 (KHTML, like Gecko) Chrome/78.0.3904.108 Safari/537.36"
35.196.209.78 - - [16/Jul/2026:07:08:35 -0600] "GET /?author=2 HTTP/1.1" 404 143862 "-" "Mozilla/5.0 (Windows NT 10.0; Win64; x64) AppleWebKit/537.36 (KHTML, like Gecko) Chrome/78.0.3904.108 Safari/537.36"
35.196.209.78 - - [16/Jul/2026:07:08:35 -0600] "GET /wp-json/wp/v2/users/ HTTP/1.1" 200 614 "-" "Mozilla/5.0 (Windows NT 10.0; Win64; x64) AppleWebKit/537.36 (KHTML, like Gecko) Chrome/78.0.3904.108 Safari/537.36"
35.196.209.78 - - [16/Jul/2026:07:08:36 -0600] "POST /xmlrpc.php HTTP/1.1" 200 401 "-" "Mozilla/5.0 (Windows NT 10.0; Win64; x64) AppleWebKit/537.36 (KHTML, like Gecko) Chrome/78.0.3904.108 Safari/537.36"
35.196.209.78 - - [16/Jul/2026:07:08:37 -0600] "POST /xmlrpc.php HTTP/1.1" 200 401 "-" "Mozilla/5.0 (Windows NT 10.0; Win64; x64) AppleWebKit/537.36 (KHTML, like Gecko) Chrome/78.0.3904.108 Safari/537.36"
35.196.209.78 - - [16/Jul/2026:07:08:38 -0600] "POST /xmlrpc.php HTTP/1.1" 200 401 "-" "Mozilla/5.0 (Windows NT 10.0; Win64; x64) AppleWebKit/537.36 (KHTML, like Gecko) Chrome/78.0.3904.108 Safari/537.36"
35.196.209.78 - - [16/Jul/2026:07:08:39 -0600] "POST /xmlrpc.php HTTP/1.1" 200 401 "-" "Mozilla/5.0 (Windows NT 10.0; Win64; x64) AppleWebKit/537.36 (KHTML, like Gecko) Chrome/78.0.3904.108 Safari/537.36"
35.196.209.78 - - [16/Jul/2026:07:08:40 -0600] "POST /xmlrpc.php HTTP/1.1" 200 401 "-" "Mozilla/5.0 (Windows NT 10.0; Win64; x64) AppleWebKit/537.36 (KHTML, like Gecko) Chrome/78.0.3904.108 Safari/537.36"
35.196.209.78 - - [16/Jul/2026:07:08:40 -0600] "POST /xmlrpc.php HTTP/1.1" 200 401 "-" "Mozilla/5.0 (Windows NT 10.0; Win64; x64) AppleWebKit/537.36 (KHTML, like Gecko) Chrome/78.0.3904.108 Safari/537.36"
35.196.209.78 - - [16/Jul/2026:07:08:41 -0600] "POST /xmlrpc.php HTTP/1.1" 200 401 "-" "Mozilla/5.0 (Windows NT 10.0; Win64; x64) AppleWebKit/537.36 (KHTML, like Gecko) Chrome/78.0.3904.108 Safari/537.36"
35.196.209.78 - - [16/Jul/2026:07:08:42 -0600] "POST /xmlrpc.php HTTP/1.1" 200 401 "-" "Mozilla/5.0 (Windows NT 10.0; Win64; x64) AppleWebKit/537.36 (KHTML, like Gecko) Chrome/78.0.3904.108 Safari/537.36"
35.196.209.78 - - [16/Jul/2026:07:08:43 -0600] "POST /xmlrpc.php HTTP/1.1" 200 401 "-" "Mozilla/5.0 (Windows NT 10.0; Win64; x64) AppleWebKit/537.36 (KHTML, like Gecko) Chrome/78.0.3904.108 Safari/537.36"
35.196.209.78 - - [16/Jul/2026:07:08:44 -0600] "POST /xmlrpc.php HTTP/1.1" 200 401 "-" "Mozilla/5.0 (Windows NT 10.0; Win64; x64) AppleWebKit/537.36 (KHTML, like Gecko) Chrome/78.0.3904.108 Safari/537.36"
35.196.209.78 - - [16/Jul/2026:07:08:45 -0600] "POST /xmlrpc.php HTTP/1.1" 200 401 "-" "Mozilla/5.0 (Windows NT 10.0; Win64; x64) AppleWebKit/537.36 (KHTML, like Gecko) Chrome/78.0.3904.108 Safari/537.36"
35.196.209.78 - - [16/Jul/2026:07:08:45 -0600] "POST /xmlrpc.php HTTP/1.1" 200 401 "-" "Mozilla/5.0 (Windows NT 10.0; Win64; x64) AppleWebKit/537.36 (KHTML, like Gecko) Chrome/78.0.3904.108 Safari/537.36"
35.196.209.78 - - [16/Jul/2026:07:08:46 -0600] "POST /xmlrpc.php HTTP/1.1" 200 401 "-" "Mozilla/5.0 (Windows NT 10.0; Win64; x64) AppleWebKit/537.36 (KHTML, like Gecko) Chrome/78.0.3904.108 Safari/537.36"
35.196.209.78 - - [16/Jul/2026:07:08:47 -0600] "POST /xmlrpc.php HTTP/1.1" 200 401 "-" "Mozilla/5.0 (Windows NT 10.0; Win64; x64) AppleWebKit/537.36 (KHTML, like Gecko) Chrome/78.0.3904.108 Safari/537.36"
35.196.209.78 - - [16/Jul/2026:07:08:48 -0600] "POST /xmlrpc.php HTTP/1.1" 200 401 "-" "Mozilla/5.0 (Windows NT 10.0; Win64; x64) AppleWebKit/537.36 (KHTML, like Gecko) Chrome/78.0.3904.108 Safari/537.36"
35.196.209.78 - - [16/Jul/2026:07:08:49 -0600] "POST /xmlrpc.php HTTP/1.1" 200 401 "-" "Mozilla/5.0 (Windows NT 10.0; Win64; x64) AppleWebKit/537.36 (KHTML, like Gecko) Chrome/78.0.3904.108 Safari/537.36"
35.196.209.78 - - [16/Jul/2026:07:08:51 -0600] "POST /xmlrpc.php HTTP/1.1" 200 401 "-" "Mozilla/5.0 (Windows NT 10.0; Win64; x64) AppleWebKit/537.36 (KHTML, like Gecko) Chrome/78.0.3904.108 Safari/537.36"
35.196.209.78 - - [16/Jul/2026:07:08:53 -0600] "POST /xmlrpc.php HTTP/1.1" 200 401 "-" "Mozilla/5.0 (Windows NT 10.0; Win64; x64) AppleWebKit/537.36 (KHTML, like Gecko) Chrome/78.0.3904.108 Safari/537.36"
35.196.209.78 - - [16/Jul/2026:07:08:55 -0600] "POST /xmlrpc.php HTTP/1.1" 200 401 "-" "Mozilla/5.0 (Windows NT 10.0; Win64; x64) AppleWebKit/537.36 (KHTML, like Gecko) Chrome/78.0.3904.108 Safari/537.36"
35.196.209.78 - - [16/Jul/2026:07:08:58 -0600] "POST /xmlrpc.php HTTP/1.1" 200 401 "-" "Mozilla/5.0 (Windows NT 10.0; Win64; x64) AppleWebKit/537.36 (KHTML, like Gecko) Chrome/78.0.3904.108 Safari/537.36"
35.196.209.78 - - [16/Jul/2026:07:09:02 -0600] "POST /xmlrpc.php HTTP/1.1" 200 401 "-" "Mozilla/5.0 (Windows NT 10.0; Win64; x64) AppleWebKit/537.36 (KHTML, like Gecko) Chrome/78.0.3904.108 Safari/537.36"
35.196.209.78 - - [16/Jul/2026:07:09:07 -0600] "POST /xmlrpc.php HTTP/1.1" 200 401 "-" "Mozilla/5.0 (Windows NT 10.0; Win64; x64) AppleWebKit/537.36 (KHTML, like Gecko) Chrome/78.0.3904.108 Safari/537.36"
35.196.209.78 - - [16/Jul/2026:07:09:11 -0600] "POST /xmlrpc.php HTTP/1.1" 200 401 "-" "Mozilla/5.0 (Windows NT 10.0; Win64; x64) AppleWebKit/537.36 (KHTML, like Gecko) Chrome/78.0.3904.108 Safari/537.36"
35.196.209.78 - - [16/Jul/2026:07:09:16 -0600] "POST /xmlrpc.php HTTP/1.1" 200 401 "-" "Mozilla/5.0 (Windows NT 10.0; Win64; x64) AppleWebKit/537.36 (KHTML, like Gecko) Chrome/78.0.3904.108 Safari/537.36"
35.196.209.78 - - [16/Jul/2026:07:09:20 -0600] "POST /xmlrpc.php HTTP/1.1" 200 401 "-" "Mozilla/5.0 (Windows NT 10.0; Win64; x64) AppleWebKit/537.36 (KHTML, like Gecko) Chrome/78.0.3904.108 Safari/537.36"
35.196.209.78 - - [16/Jul/2026:07:09:24 -0600] "POST /xmlrpc.php HTTP/1.1" 200 401 "-" "Mozilla/5.0 (Windows NT 10.0; Win64; x64) AppleWebKit/537.36 (KHTML, like Gecko) Chrome/78.0.3904.108 Safari/537.36"
35.196.209.78 - - [16/Jul/2026:07:09:29 -0600] "POST /xmlrpc.php HTTP/1.1" 200 401 "-" "Mozilla/5.0 (Windows NT 10.0; Win64; x64) AppleWebKit/537.36 (KHTML, like Gecko) Chrome/78.0.3904.108 Safari/537.36"
35.196.209.78 - - [16/Jul/2026:07:09:34 -0600] "POST /xmlrpc.php HTTP/1.1" 200 401 "-" "Mozilla/5.0 (Windows NT 10.0; Win64; x64) AppleWebKit/537.36 (KHTML, like Gecko) Chrome/78.0.3904.108 Safari/537.36"
35.196.209.78 - - [16/Jul/2026:07:09:40 -0600] "POST /xmlrpc.php HTTP/1.1" 200 401 "-" "Mozilla/5.0 (Windows NT 10.0; Win64; x64) AppleWebKit/537.36 (KHTML, like Gecko) Chrome/78.0.3904.108 Safari/537.36"
35.196.209.78 - - [16/Jul/2026:07:09:46 -0600] "POST /xmlrpc.php HTTP/1.1" 200 401 "-" "Mozilla/5.0 (Windows NT 10.0; Win64; x64) AppleWebKit/537.36 (KHTML, like Gecko) Chrome/78.0.3904.108 Safari/537.36"
35.196.209.78 - - [16/Jul/2026:07:09:51 -0600] "POST /xmlrpc.php HTTP/1.1" 200 401 "-" "Mozilla/5.0 (Windows NT 10.0; Win64; x64) AppleWebKit/537.36 (KHTML, like Gecko) Chrome/78.0.3904.108 Safari/537.36"
35.196.209.78 - - [16/Jul/2026:07:09:56 -0600] "POST /xmlrpc.php HTTP/1.1" 200 401 "-" "Mozilla/5.0 (Windows NT 10.0; Win64; x64) AppleWebKit/537.36 (KHTML, like Gecko) Chrome/78.0.3904.108 Safari/537.36"
35.196.209.78 - - [16/Jul/2026:07:10:02 -0600] "POST /xmlrpc.php HTTP/1.1" 200 401 "-" "Mozilla/5.0 (Windows NT 10.0; Win64; x64) AppleWebKit/537.36 (KHTML, like Gecko) Chrome/78.0.3904.108 Safari/537.36"
35.196.209.78 - - [16/Jul/2026:07:10:08 -0600] "POST /xmlrpc.php HTTP/1.1" 200 401 "-" "Mozilla/5.0 (Windows NT 10.0; Win64; x64) AppleWebKit/537.36 (KHTML, like Gecko) Chrome/78.0.3904.108 Safari/537.36"
35.196.209.78 - - [16/Jul/2026:07:10:14 -0600] "POST /xmlrpc.php HTTP/1.1" 200 401 "-" "Mozilla/5.0 (Windows NT 10.0; Win64; x64) AppleWebKit/537.36 (KHTML, like Gecko) Chrome/78.0.3904.108 Safari/537.36"
35.196.209.78 - - [16/Jul/2026:07:10:20 -0600] "POST /xmlrpc.php HTTP/1.1" 200 401 "-" "Mozilla/5.0 (Windows NT 10.0; Win64; x64) AppleWebKit/537.36 (KHTML, like Gecko) Chrome/78.0.3904.108 Safari/537.36"
35.196.209.78 - - [16/Jul/2026:07:10:26 -0600] "POST /xmlrpc.php HTTP/1.1" 200 401 "-" "Mozilla/5.0 (Windows NT 10.0; Win64; x64) AppleWebKit/537.36 (KHTML, like Gecko) Chrome/78.0.3904.108 Safari/537.36"
35.196.209.78 - - [16/Jul/2026:07:10:31 -0600] "POST /xmlrpc.php HTTP/1.1" 200 401 "-" "Mozilla/5.0 (Windows NT 10.0; Win64; x64) AppleWebKit/537.36 (KHTML, like Gecko) Chrome/78.0.3904.108 Safari/537.36"
35.196.209.78 - - [16/Jul/2026:07:10:43 -0600] "POST /xmlrpc.php HTTP/1.1" 200 401 "-" "Mozilla/5.0 (Windows NT 10.0; Win64; x64) AppleWebKit/537.36 (KHTML, like Gecko) Chrome/78.0.3904.108 Safari/537.36"
35.196.209.78 - - [16/Jul/2026:07:10:49 -0600] "POST /xmlrpc.php HTTP/1.1" 200 401 "-" "Mozilla/5.0 (Windows NT 10.0; Win64; x64) AppleWebKit/537.36 (KHTML, like Gecko) Chrome/78.0.3904.108 Safari/537.36"
35.196.209.78 - - [16/Jul/2026:07:10:55 -0600] "POST /xmlrpc.php HTTP/1.1" 200 401 "-" "Mozilla/5.0 (Windows NT 10.0; Win64; x64) AppleWebKit/537.36 (KHTML, like Gecko) Chrome/78.0.3904.108 Safari/537.36"
35.196.209.78 - - [16/Jul/2026:07:11:35 -0600] "POST /xmlrpc.php HTTP/1.1" 200 401 "-" "Mozilla/5.0 (Windows NT 10.0; Win64; x64) AppleWebKit/537.36 (KHTML, like Gecko) Chrome/78.0.3904.108 Safari/537.36"
35.196.209.78 - - [16/Jul/2026:07:11:42 -0600] "POST /xmlrpc.php HTTP/1.1" 200 401 "-" "Mozilla/5.0 (Windows NT 10.0; Win64; x64) AppleWebKit/537.36 (KHTML, like Gecko) Chrome/78.0.3904.108 Safari/537.36"
35.196.209.78 - - [16/Jul/2026:07:11:48 -0600] "POST /xmlrpc.php HTTP/1.1" 200 401 "-" "Mozilla/5.0 (Windows NT 10.0; Win64; x64) AppleWebKit/537.36 (KHTML, like Gecko) Chrome/78.0.3904.108 Safari/537.36"
2a06:98c0:3600::103 - - [16/Jul/2026:06:37:04 -0600] "GET /wp-admin/install.php?step=1 HTTP/1.1" 200 549 "-" "http://dfwchat.net/wp-admin/install.php?step=1"
43.153.74.75 - - [16/Jul/2026:06:53:06 -0600] "GET /wp-admin/admin-ajax.php HTTP/1.1" 400 21 "-" "Mozilla/5.0 (iPhone; CPU iPhone OS 13_2_3 like Mac OS X) AppleWebKit/605.1.15 (KHTML, like Gecko) Version/13.0.3 Mobile/15E148 Safari/604.1"
2a06:98c0:3600::103 - - [16/Jul/2026:07:46:41 -0600] "GET /wp-admin/install.php?step=1 HTTP/1.1" 200 549 "-" "http://dfwchat.net/wp-admin/install.php?step=1"
35.196.209.78 - - [16/Jul/2026:06:38:22 -0600] "GET / HTTP/1.1" 200 21720 "-" "Mozilla/5.0 (compatible; CMS-Checker/1.0; +https://example.com)"
2a06:98c0:3600::103 - - [16/Jul/2026:06:51:31 -0600] "GET /wp-admin/install.php?step=1 HTTP/1.1" 200 549 "-" "http://dfwchat.net/wp-admin/install.php?step=1"
2a06:98c0:3600::103 - - [16/Jul/2026:07:31:50 -0600] "GET /wp-admin/install.php?step=1 HTTP/1.1" 200 549 "-" "http://dfwchat.net/wp-admin/install.php?step=1"
2a06:98c0:3600::103 - - [16/Jul/2026:08:03:46 -0600] "GET /wp-admin/install.php?step=1 HTTP/1.1" 200 549 "-" "http://dfwchat.net/wp-admin/install.php?step=1"
198.175.150.9 - - [16/Jul/2026:08:21:06 -0600] "POST /wp-cron.php?doing_wp_cron=1784211666.8083100318908691406250 HTTP/1.1" 200 0 "-" "WordPress/7.0.1; https://dfwchat.net"
2a06:98c0:3600::103 - - [16/Jul/2026:08:21:06 -0600] "GET /wp-admin/install.php?step=1 HTTP/1.1" 200 549 "-" "http://dfwchat.net/wp-admin/install.php?step=1"
35.196.209.78 - - [16/Jul/2026:07:11:54 -0600] "POST /xmlrpc.php HTTP/1.1" 200 401 "-" "Mozilla/5.0 (Windows NT 10.0; Win64; x64) AppleWebKit/537.36 (KHTML, like Gecko) Chrome/78.0.3904.108 Safari/537.36"
35.196.209.78 - - [16/Jul/2026:07:12:01 -0600] "POST /xmlrpc.php HTTP/1.1" 200 401 "-" "Mozilla/5.0 (Windows NT 10.0; Win64; x64) AppleWebKit/537.36 (KHTML, like Gecko) Chrome/78.0.3904.108 Safari/537.36"
35.196.209.78 - - [16/Jul/2026:07:12:07 -0600] "POST /xmlrpc.php HTTP/1.1" 200 401 "-" "Mozilla/5.0 (Windows NT 10.0; Win64; x64) AppleWebKit/537.36 (KHTML, like Gecko) Chrome/78.0.3904.108 Safari/537.36"
35.196.209.78 - - [16/Jul/2026:07:12:12 -0600] "POST /xmlrpc.php HTTP/1.1" 200 401 "-" "Mozilla/5.0 (Windows NT 10.0; Win64; x64) AppleWebKit/537.36 (KHTML, like Gecko) Chrome/78.0.3904.108 Safari/537.36"
35.196.209.78 - - [16/Jul/2026:07:12:18 -0600] "POST /xmlrpc.php HTTP/1.1" 200 401 "-" "Mozilla/5.0 (Windows NT 10.0; Win64; x64) AppleWebKit/537.36 (KHTML, like Gecko) Chrome/78.0.3904.108 Safari/537.36"
35.196.209.78 - - [16/Jul/2026:07:12:24 -0600] "POST /xmlrpc.php HTTP/1.1" 200 401 "-" "Mozilla/5.0 (Windows NT 10.0; Win64; x64) AppleWebKit/537.36 (KHTML, like Gecko) Chrome/78.0.3904.108 Safari/537.36"
35.196.209.78 - - [16/Jul/2026:07:12:30 -0600] "POST /xmlrpc.php HTTP/1.1" 200 401 "-" "Mozilla/5.0 (Windows NT 10.0; Win64; x64) AppleWebKit/537.36 (KHTML, like Gecko) Chrome/78.0.3904.108 Safari/537.36"
35.196.209.78 - - [16/Jul/2026:07:12:36 -0600] "POST /xmlrpc.php HTTP/1.1" 200 401 "-" "Mozilla/5.0 (Windows NT 10.0; Win64; x64) AppleWebKit/537.36 (KHTML, like Gecko) Chrome/78.0.3904.108 Safari/537.36"
35.196.209.78 - - [16/Jul/2026:07:12:42 -0600] "POST /xmlrpc.php HTTP/1.1" 200 401 "-" "Mozilla/5.0 (Windows NT 10.0; Win64; x64) AppleWebKit/537.36 (KHTML, like Gecko) Chrome/78.0.3904.108 Safari/537.36"
35.196.209.78 - - [16/Jul/2026:07:12:49 -0600] "POST /xmlrpc.php HTTP/1.1" 200 401 "-" "Mozilla/5.0 (Windows NT 10.0; Win64; x64) AppleWebKit/537.36 (KHTML, like Gecko) Chrome/78.0.3904.108 Safari/537.36"
35.196.209.78 - - [16/Jul/2026:07:12:54 -0600] "POST /xmlrpc.php HTTP/1.1" 200 401 "-" "Mozilla/5.0 (Windows NT 10.0; Win64; x64) AppleWebKit/537.36 (KHTML, like Gecko) Chrome/78.0.3904.108 Safari/537.36"
35.196.209.78 - - [16/Jul/2026:07:13:01 -0600] "POST /xmlrpc.php HTTP/1.1" 200 401 "-" "Mozilla/5.0 (Windows NT 10.0; Win64; x64) AppleWebKit/537.36 (KHTML, like Gecko) Chrome/78.0.3904.108 Safari/537.36"
35.196.209.78 - - [16/Jul/2026:07:13:07 -0600] "POST /xmlrpc.php HTTP/1.1" 200 401 "-" "Mozilla/5.0 (Windows NT 10.0; Win64; x64) AppleWebKit/537.36 (KHTML, like Gecko) Chrome/78.0.3904.108 Safari/537.36"
35.196.209.78 - - [16/Jul/2026:07:13:12 -0600] "POST /xmlrpc.php HTTP/1.1" 200 401 "-" "Mozilla/5.0 (Windows NT 10.0; Win64; x64) AppleWebKit/537.36 (KHTML, like Gecko) Chrome/78.0.3904.108 Safari/537.36"
35.196.209.78 - - [16/Jul/2026:07:13:18 -0600] "POST /xmlrpc.php HTTP/1.1" 200 401 "-" "Mozilla/5.0 (Windows NT 10.0; Win64; x64) AppleWebKit/537.36 (KHTML, like Gecko) Chrome/78.0.3904.108 Safari/537.36"
35.196.209.78 - - [16/Jul/2026:07:13:24 -0600] "POST /xmlrpc.php HTTP/1.1" 200 401 "-" "Mozilla/5.0 (Windows NT 10.0; Win64; x64) AppleWebKit/537.36 (KHTML, like Gecko) Chrome/78.0.3904.108 Safari/537.36"
34.19.117.21 - - [16/Jul/2026:06:48:31 -0600] "POST /xmlrpc.php HTTP/1.1" 200 401 "-" "Mozilla/5.0 (Windows NT 10.0; Win64; x64) AppleWebKit/537.36 (KHTML, like Gecko) Chrome/78.0.3904.108 Safari/537.36"
34.19.117.21 - - [16/Jul/2026:06:48:37 -0600] "POST /xmlrpc.php HTTP/1.1" 200 401 "-" "Mozilla/5.0 (Windows NT 10.0; Win64; x64) AppleWebKit/537.36 (KHTML, like Gecko) Chrome/78.0.3904.108 Safari/537.36"
34.19.117.21 - - [16/Jul/2026:06:48:43 -0600] "POST /xmlrpc.php HTTP/1.1" 200 401 "-" "Mozilla/5.0 (Windows NT 10.0; Win64; x64) AppleWebKit/537.36 (KHTML, like Gecko) Chrome/78.0.3904.108 Safari/537.36"
34.19.117.21 - - [16/Jul/2026:06:48:50 -0600] "POST /xmlrpc.php HTTP/1.1" 200 401 "-" "Mozilla/5.0 (Windows NT 10.0; Win64; x64) AppleWebKit/537.36 (KHTML, like Gecko) Chrome/78.0.3904.108 Safari/537.36"
34.19.117.21 - - [16/Jul/2026:06:48:55 -0600] "POST /xmlrpc.php HTTP/1.1" 200 401 "-" "Mozilla/5.0 (Windows NT 10.0; Win64; x64) AppleWebKit/537.36 (KHTML, like Gecko) Chrome/78.0.3904.108 Safari/537.36"
34.19.117.21 - - [16/Jul/2026:06:49:01 -0600] "POST /xmlrpc.php HTTP/1.1" 200 401 "-" "Mozilla/5.0 (Windows NT 10.0; Win64; x64) AppleWebKit/537.36 (KHTML, like Gecko) Chrome/78.0.3904.108 Safari/537.36"
34.19.117.21 - - [16/Jul/2026:06:49:07 -0600] "POST /xmlrpc.php HTTP/1.1" 200 401 "-" "Mozilla/5.0 (Windows NT 10.0; Win64; x64) AppleWebKit/537.36 (KHTML, like Gecko) Chrome/78.0.3904.108 Safari/537.36"
34.19.117.21 - - [16/Jul/2026:06:49:13 -0600] "POST /xmlrpc.php HTTP/1.1" 200 401 "-" "Mozilla/5.0 (Windows NT 10.0; Win64; x64) AppleWebKit/537.36 (KHTML, like Gecko) Chrome/78.0.3904.108 Safari/537.36"
34.19.117.21 - - [16/Jul/2026:06:49:19 -0600] "POST /xmlrpc.php HTTP/1.1" 200 401 "-" "Mozilla/5.0 (Windows NT 10.0; Win64; x64) AppleWebKit/537.36 (KHTML, like Gecko) Chrome/78.0.3904.108 Safari/537.36"
34.19.117.21 - - [16/Jul/2026:06:49:25 -0600] "POST /xmlrpc.php HTTP/1.1" 403 1242 "-" "Mozilla/5.0 (Windows NT 10.0; Win64; x64) AppleWebKit/537.36 (KHTML, like Gecko) Chrome/78.0.3904.108 Safari/537.36"
62.238.33.225 - - [16/Jul/2026:07:10:09 -0600] "POST / HTTP/1.1" 200 65536 "-" "-"
2a06:98c0:3600::103 - - [16/Jul/2026:07:17:58 -0600] "GET /wp-admin/install.php?step=1 HTTP/1.1" 200 549 "-" "http://dfwchat.net/wp-admin/install.php?step=1"
2a06:98c0:3600::103 - - [16/Jul/2026:07:34:43 -0600] "GET /wp-admin/install.php?step=1 HTTP/1.1" 200 549 "-" "http://dfwchat.net/wp-admin/install.php?step=1"
134.209.151.21 - - [16/Jul/2026:08:07:08 -0600] "GET / HTTP/1.1" 200 21721 "-" "Mozilla/5.0 (X11; Linux x86_64; rv:142.0) Gecko/20100101 Firefox/142.0"
43.165.167.69 - - [16/Jul/2026:09:08:05 -0600] "GET / HTTP/1.1" 301 0 "-" "Mozilla/5.0 (iPhone; CPU iPhone OS 13_2_3 like Mac OS X) AppleWebKit/605.1.15 (KHTML, like Gecko) Version/13.0.3 Mobile/15E148 Safari/604.1"
43.165.167.69 - - [16/Jul/2026:09:08:08 -0600] "GET / HTTP/1.1" 200 21696 "http://www.dfwchat.net" "Mozilla/5.0 (iPhone; CPU iPhone OS 13_2_3 like Mac OS X) AppleWebKit/605.1.15 (KHTML, like Gecko) Version/13.0.3 Mobile/15E148 Safari/604.1"
198.175.150.9 - - [16/Jul/2026:09:26:02 -0600] "POST /wp-cron.php?doing_wp_cron=1784215562.9413108825683593750000 HTTP/1.1" 200 0 "-" "WordPress/7.0.1; https://dfwchat.net"
2a06:98c0:3600::103 - - [16/Jul/2026:09:59:42 -0600] "GET /wp-admin/install.php?step=1 HTTP/1.1" 200 549 "-" "http://dfwchat.net/wp-admin/install.php?step=1"
2a06:98c0:3600::103 - - [16/Jul/2026:08:59:27 -0600] "GET /wp-admin/install.php?step=1 HTTP/1.1" 200 549 "-" "http://dfwchat.net/wp-admin/install.php?step=1"
2a06:98c0:3600::103 - - [16/Jul/2026:08:53:16 -0600] "GET /wp-admin/install.php?step=1 HTTP/1.1" 200 549 "-" "http://dfwchat.net/wp-admin/install.php?step=1"
2a06:98c0:3600::103 - - [16/Jul/2026:09:26:02 -0600] "GET /wp-admin/install.php?step=1 HTTP/1.1" 200 549 "-" "http://dfwchat.net/wp-admin/install.php?step=1"
2a06:98c0:3600::103 - - [16/Jul/2026:09:44:32 -0600] "GET /wp-admin/install.php?step=1 HTTP/1.1" 200 549 "-" "http://dfwchat.net/wp-admin/install.php?step=1"
2a06:98c0:3600::103 - - [16/Jul/2026:09:15:37 -0600] "GET /wp-admin/install.php?step=1 HTTP/1.1" 200 549 "-" "http://dfwchat.net/wp-admin/install.php?step=1"
49.51.183.75 - - [16/Jul/2026:09:25:55 -0600] "GET /wp-content/plugins/buddyboss-platform/bp-core/bb-core-native-presence.php HTTP/1.1" 401 126 "-" "Mozilla/5.0 (iPhone; CPU iPhone OS 13_2_3 like Mac OS X) AppleWebKit/605.1.15 (KHTML, like Gecko) Version/13.0.3 Mobile/15E148 Safari/604.1"
2a06:98c0:3600::103 - - [16/Jul/2026:10:24:58 -0600] "GET /wp-admin/install.php?step=1 HTTP/1.1" 200 549 "-" "http://dfwchat.net/wp-admin/install.php?step=1"
2a06:98c0:3600::103 - - [16/Jul/2026:10:35:14 -0600] "GET /wp-admin/install.php?step=1 HTTP/1.1" 200 549 "-" "http://dfwchat.net/wp-admin/install.php?step=1"
2a06:98c0:3600::103 - - [16/Jul/2026:10:58:56 -0600] "GET /wp-admin/install.php?step=1 HTTP/1.1" 200 549 "-" "http://dfwchat.net/wp-admin/install.php?step=1"
2a06:98c0:3600::103 - - [16/Jul/2026:10:59:18 -0600] "GET /wp-admin/install.php?step=1 HTTP/1.1" 200 549 "-" "http://dfwchat.net/wp-admin/install.php?step=1"
198.175.150.9 - - [16/Jul/2026:11:24:01 -0600] "POST /wp-cron.php?doing_wp_cron=1784222641.5463778972625732421875 HTTP/1.1" 200 0 "-" "WordPress/7.0.1; https://dfwchat.net"
2a06:98c0:3600::103 - - [16/Jul/2026:11:24:01 -0600] "GET /wp-admin/install.php?step=1 HTTP/1.1" 200 549 "-" "http://dfwchat.net/wp-admin/install.php?step=1"
198.175.150.9 - - [16/Jul/2026:11:36:18 -0600] "POST /wp-cron.php?doing_wp_cron=1784223378.3965020179748535156250 HTTP/1.1" 200 0 "-" "WordPress/7.0.1; https://dfwchat.net"
2a06:98c0:3600::103 - - [16/Jul/2026:11:36:18 -0600] "GET /wp-admin/install.php?step=1 HTTP/1.1" 200 549 "-" "http://dfwchat.net/wp-admin/install.php?step=1"
198.175.150.9 - - [16/Jul/2026:11:59:46 -0600] "POST /wp-cron.php?doing_wp_cron=1784224786.2196080684661865234375 HTTP/1.1" 200 0 "-" "WordPress/7.0.1; https://dfwchat.net"
2a06:98c0:3600::103 - - [16/Jul/2026:11:59:45 -0600] "GET /wp-admin/install.php?step=1 HTTP/1.1" 200 549 "-" "http://dfwchat.net/wp-admin/install.php?step=1"
2a06:98c0:3600::103 - - [16/Jul/2026:12:14:33 -0600] "GET /wp-admin/install.php?step=1 HTTP/1.1" 200 549 "-" "http://dfwchat.net/wp-admin/install.php?step=1"
198.175.150.9 - - [16/Jul/2026:12:20:39 -0600] "POST /wp-cron.php?doing_wp_cron=1784226039.5908150672912597656250 HTTP/1.1" 200 0 "-" "WordPress/7.0.1; https://dfwchat.net"
162.14.81.106 - - [16/Jul/2026:12:20:38 -0600] "GET / HTTP/1.1" 200 21698 "-" "Mozilla/5.0 (iPhone; CPU iPhone OS 13_2_3 like Mac OS X) AppleWebKit/605.1.15 (KHTML, like Gecko) Version/13.0.3 Mobile/15E148 Safari/604.1"
2a06:98c0:3600::103 - - [16/Jul/2026:12:37:20 -0600] "GET /wp-admin/install.php?step=1 HTTP/1.1" 200 549 "-" "http://dfwchat.net/wp-admin/install.php?step=1"
2a06:98c0:3600::103 - - [16/Jul/2026:12:49:08 -0600] "GET /wp-admin/install.php?step=1 HTTP/1.1" 200 549 "-" "http://dfwchat.net/wp-admin/install.php?step=1"
146.190.227.220 - - [16/Jul/2026:12:57:41 -0600] "GET / HTTP/1.1" 200 21720 "-" "Mozilla/5.0 (Windows NT 10.0; Win64; x64) AppleWebKit/537.36 (KHTML, like Gecko) Chrome/137.0.0.0 Safari/537.36 +https://forestengine.net/#opt-out"
146.190.227.220 - - [16/Jul/2026:12:57:51 -0600] "GET /favicon.ico HTTP/1.1" 404 1251 "-" "Mozilla/5.0 (Windows NT 10.0; Win64; x64) AppleWebKit/537.36 (KHTML, like Gecko) Chrome/137.0.0.0 Safari/537.36 +https://forestengine.net/#opt-out"
2a06:98c0:3600::103 - - [16/Jul/2026:13:01:46 -0600] "GET /wp-admin/install.php?step=1 HTTP/1.1" 200 549 "-" "http://dfwchat.net/wp-admin/install.php?step=1"
167.114.145.184 - - [16/Jul/2026:13:08:08 -0600] "POST / HTTP/1.1" 200 21715 "-" "-"
198.175.150.9 - - [16/Jul/2026:13:28:39 -0600] "POST /wp-cron.php?doing_wp_cron=1784230119.5448560714721679687500 HTTP/1.1" 200 0 "-" "WordPress/7.0.1; https://dfwchat.net"
43.164.190.124 - - [16/Jul/2026:13:28:38 -0600] "GET / HTTP/1.1" 301 0 "-" "Mozilla/5.0 (iPhone; CPU iPhone OS 13_2_3 like Mac OS X) AppleWebKit/605.1.15 (KHTML, like Gecko) Version/13.0.3 Mobile/15E148 Safari/604.1"
2a06:98c0:3600::103 - - [16/Jul/2026:13:18:04 -0600] "GET /wp-admin/install.php?step=1 HTTP/1.1" 200 549 "-" "http://dfwchat.net/wp-admin/install.php?step=1"
43.164.190.124 - - [16/Jul/2026:13:28:40 -0600] "GET / HTTP/1.1" 200 21690 "http://www.dfwchat.net" "Mozilla/5.0 (iPhone; CPU iPhone OS 13_2_3 like Mac OS X) AppleWebKit/605.1.15 (KHTML, like Gecko) Version/13.0.3 Mobile/15E148 Safari/604.1"
2a06:98c0:3600::103 - - [16/Jul/2026:13:36:27 -0600] "GET /wp-admin/install.php?step=1 HTTP/1.1" 200 549 "-" "http://dfwchat.net/wp-admin/install.php?step=1"