151.115.91.3 - - [16/Jul/2026:00:54:03 -0600] "GET /wp-content/plugins/buddyboss-platform/bp-core/js/vendor/jquery.caret.min.js?ver=3.1.1 HTTP/1.1" 200 2203 "http://dfwchat.net/" "Mozilla/5.0 (X11; Linux x86_64) AppleWebKit/537.36 (KHTML, like Gecko) Chrome/134.0.0.0 Safari/537.3"
151.115.91.3 - - [16/Jul/2026:00:54:03 -0600] "GET /wp-content/plugins/buddyboss-platform-pro/includes/integrations/zoom/assets/js/bp-zoom.min.js?ver=3.0.3 HTTP/1.1" 200 10038 "http://dfwchat.net/" "Mozilla/5.0 (X11; Linux x86_64) AppleWebKit/537.36 (KHTML, like Gecko) Chrome/134.0.0.0 Safari/537.3"
151.115.91.3 - - [16/Jul/2026:00:54:03 -0600] "GET /wp-content/plugins/buddyboss-platform-pro/assets/js/bb-countdown.min.js?ver=1.0.1 HTTP/1.1" 200 699 "http://dfwchat.net/" "Mozilla/5.0 (X11; Linux x86_64) AppleWebKit/537.36 (KHTML, like Gecko) Chrome/134.0.0.0 Safari/537.3"
151.115.91.3 - - [16/Jul/2026:00:54:03 -0600] "GET /wp-includes/js/imagesloaded.min.js?ver=5.0.0 HTTP/1.1" 200 1801 "http://dfwchat.net/" "Mozilla/5.0 (X11; Linux x86_64) AppleWebKit/537.36 (KHTML, like Gecko) Chrome/134.0.0.0 Safari/537.3"
151.115.91.3 - - [16/Jul/2026:00:54:03 -0600] "GET /wp-content/themes/buddyboss-theme/assets/js/vendors/panelslider.min.js?ver=2.20.1 HTTP/1.1" 200 545 "http://dfwchat.net/" "Mozilla/5.0 (X11; Linux x86_64) AppleWebKit/537.36 (KHTML, like Gecko) Chrome/134.0.0.0 Safari/537.3"
151.115.91.3 - - [16/Jul/2026:00:54:03 -0600] "GET /wp-content/themes/buddyboss-theme/assets/js/vendors/slick.min.js?ver=2.20.1 HTTP/1.1" 200 10730 "http://dfwchat.net/" "Mozilla/5.0 (X11; Linux x86_64) AppleWebKit/537.36 (KHTML, like Gecko) Chrome/134.0.0.0 Safari/537.3"
151.115.91.3 - - [16/Jul/2026:00:54:03 -0600] "GET /wp-content/themes/buddyboss-theme/assets/js/vendors/sticky-kit.js?ver=2.20.1 HTTP/1.1" 200 1415 "http://dfwchat.net/" "Mozilla/5.0 (X11; Linux x86_64) AppleWebKit/537.36 (KHTML, like Gecko) Chrome/134.0.0.0 Safari/537.3"
151.115.91.3 - - [16/Jul/2026:00:54:04 -0600] "GET /wp-content/themes/buddyboss-theme/assets/js/vendors/select2.full.min.js?ver=2.20.1 HTTP/1.1" 200 22036 "http://dfwchat.net/" "Mozilla/5.0 (X11; Linux x86_64) AppleWebKit/537.36 (KHTML, like Gecko) Chrome/134.0.0.0 Safari/537.3"
151.115.91.3 - - [16/Jul/2026:00:54:04 -0600] "GET /wp-content/themes/buddyboss-theme/assets/js/vendors/progressbar.min.js?ver=2.20.1 HTTP/1.1" 200 6953 "http://dfwchat.net/" "Mozilla/5.0 (X11; Linux x86_64) AppleWebKit/537.36 (KHTML, like Gecko) Chrome/134.0.0.0 Safari/537.3"
151.115.91.3 - - [16/Jul/2026:00:54:04 -0600] "GET /wp-content/themes/buddyboss-theme/assets/js/vendors/mousewheel.min.js?ver=2.20.1 HTTP/1.1" 200 1244 "http://dfwchat.net/" "Mozilla/5.0 (X11; Linux x86_64) AppleWebKit/537.36 (KHTML, like Gecko) Chrome/134.0.0.0 Safari/537.3"
151.115.91.3 - - [16/Jul/2026:00:54:04 -0600] "GET /favicon.ico HTTP/1.1" 404 1251 "http://dfwchat.net/" "Mozilla/5.0 (X11; Linux x86_64) AppleWebKit/537.36 (KHTML, like Gecko) Chrome/134.0.0.0 Safari/537.3"
151.115.91.3 - - [16/Jul/2026:00:54:04 -0600] "GET /wp-includes/js/wp-emoji-release.min.js?ver=7.0.1 HTTP/1.1" 200 5399 "http://dfwchat.net/" "Mozilla/5.0 (X11; Linux x86_64) AppleWebKit/537.36 (KHTML, like Gecko) Chrome/134.0.0.0 Safari/537.3"
151.115.91.3 - - [16/Jul/2026:00:54:12 -0600] "GET /sellers.json HTTP/1.1" 404 40535 "-" "Mozilla/5.0 (X11; Linux x86_64) AppleWebKit/537.36 (KHTML, like Gecko) Chrome/134.0.0.0 Safari/537.3"
151.115.91.3 - - [16/Jul/2026:00:55:01 -0600] "GET / HTTP/1.1" 200 21693 "-" "Mozilla/5.0 (X11; Linux x86_64) AppleWebKit/537.36 (KHTML, like Gecko) Chrome/134.0.0.0 Safari/537.3"
151.115.91.3 - - [16/Jul/2026:00:55:03 -0600] "GET /wp-includes/css/dashicons.min.css?ver=7.0.1 HTTP/1.1" 200 35591 "http://dfwchat.net/" "Mozilla/5.0 (X11; Linux x86_64) AppleWebKit/537.36 (KHTML, like Gecko) Chrome/134.0.0.0 Safari/537.3"
151.115.91.3 - - [16/Jul/2026:00:55:03 -0600] "GET /wp-includes/css/admin-bar.min.css?ver=7.0.1 HTTP/1.1" 200 3888 "http://dfwchat.net/" "Mozilla/5.0 (X11; Linux x86_64) AppleWebKit/537.36 (KHTML, like Gecko) Chrome/134.0.0.0 Safari/537.3"
151.115.91.3 - - [16/Jul/2026:00:55:03 -0600] "GET /wp-content/plugins/buddyboss-platform/bp-core/css/admin-bar.min.css?ver=3.1.1 HTTP/1.1" 200 630 "http://dfwchat.net/" "Mozilla/5.0 (X11; Linux x86_64) AppleWebKit/537.36 (KHTML, like Gecko) Chrome/134.0.0.0 Safari/537.3"
151.115.91.3 - - [16/Jul/2026:00:55:03 -0600] "GET /wp-content/plugins/buddyboss-platform-pro/assets/css/index.min.css?ver=3.0.3 HTTP/1.1" 200 953 "http://dfwchat.net/" "Mozilla/5.0 (X11; Linux x86_64) AppleWebKit/537.36 (KHTML, like Gecko) Chrome/134.0.0.0 Safari/537.3"
151.115.91.3 - - [16/Jul/2026:00:55:03 -0600] "GET /wp-content/plugins/buddyboss-platform-pro/includes/integrations/meprlms/assets/css/meprlms-frontend.min.css?ver=3.1.1 HTTP/1.1" 200 9302 "http://dfwchat.net/" "Mozilla/5.0 (X11; Linux x86_64) AppleWebKit/537.36 (KHTML, like Gecko) Chrome/134.0.0.0 Safari/537.3"
151.115.91.3 - - [16/Jul/2026:00:55:03 -0600] "GET /wp-content/plugins/buddyboss-platform-pro/includes/integrations/tutorlms/assets/css/bb-tutorlms-admin.min.css?ver=3.1.1 HTTP/1.1" 200 1057 "http://dfwchat.net/" "Mozilla/5.0 (X11; Linux x86_64) AppleWebKit/537.36 (KHTML, like Gecko) Chrome/134.0.0.0 Safari/537.3"
151.115.91.3 - - [16/Jul/2026:00:55:03 -0600] "GET /wp-content/plugins/buddyboss-platform-pro/includes/integrations/zoom/assets/css/bp-zoom.min.css?ver=3.0.3 HTTP/1.1" 200 14462 "http://dfwchat.net/" "Mozilla/5.0 (X11; Linux x86_64) AppleWebKit/537.36 (KHTML, like Gecko) Chrome/134.0.0.0 Safari/537.3"
151.115.91.3 - - [16/Jul/2026:00:55:03 -0600] "GET /wp-content/themes/buddyboss-theme/assets/css/vendors/magnific-popup.min.css?ver=2.20.1 HTTP/1.1" 200 2050 "http://dfwchat.net/" "Mozilla/5.0 (X11; Linux x86_64) AppleWebKit/537.36 (KHTML, like Gecko) Chrome/134.0.0.0 Safari/537.3"
151.115.91.3 - - [16/Jul/2026:00:55:03 -0600] "GET /wp-content/themes/buddyboss-theme/assets/css/bbpress.min.css?ver=2.20.1 HTTP/1.1" 200 22283 "http://dfwchat.net/" "Mozilla/5.0 (X11; Linux x86_64) AppleWebKit/537.36 (KHTML, like Gecko) Chrome/134.0.0.0 Safari/537.3"
151.115.91.3 - - [16/Jul/2026:00:55:03 -0600] "GET /wp-includes/js/twemoji.min.js?ver=3.1.1 HTTP/1.1" 200 4168 "http://dfwchat.net/" "Mozilla/5.0 (X11; Linux x86_64) AppleWebKit/537.36 (KHTML, like Gecko) Chrome/134.0.0.0 Safari/537.3"
151.115.91.3 - - [16/Jul/2026:00:55:04 -0600] "GET /wp-content/plugins/buddyboss-platform/bp-core/js/widget-members.min.js?ver=3.1.1 HTTP/1.1" 200 880 "http://dfwchat.net/" "Mozilla/5.0 (X11; Linux x86_64) AppleWebKit/537.36 (KHTML, like Gecko) Chrome/134.0.0.0 Safari/537.3"
151.115.91.3 - - [16/Jul/2026:00:55:04 -0600] "GET /wp-content/plugins/buddyboss-platform/bp-core/js/jquery-query.min.js?ver=3.1.1 HTTP/1.1" 200 231 "http://dfwchat.net/" "Mozilla/5.0 (X11; Linux x86_64) AppleWebKit/537.36 (KHTML, like Gecko) Chrome/134.0.0.0 Safari/537.3"
151.115.91.3 - - [16/Jul/2026:00:55:04 -0600] "GET /wp-content/plugins/buddyboss-platform/bp-core/js/vendor/magnific-popup.js?ver=3.1.1 HTTP/1.1" 200 7376 "http://dfwchat.net/" "Mozilla/5.0 (X11; Linux x86_64) AppleWebKit/537.36 (KHTML, like Gecko) Chrome/134.0.0.0 Safari/537.3"
151.115.91.3 - - [16/Jul/2026:00:54:03 -0600] "GET /wp-content/themes/buddyboss-theme/assets/js/vendors/validate.min.js?ver=2.20.1 HTTP/1.1" 200 8077 "http://dfwchat.net/" "Mozilla/5.0 (X11; Linux x86_64) AppleWebKit/537.36 (KHTML, like Gecko) Chrome/134.0.0.0 Safari/537.3"
151.115.91.3 - - [16/Jul/2026:00:54:09 -0600] "GET /favicon.ico HTTP/1.1" 404 1251 "-" "Mozilla/5.0 (X11; Linux x86_64) AppleWebKit/537.36 (KHTML, like Gecko) Chrome/134.0.0.0 Safari/537.3"
151.115.91.3 - - [16/Jul/2026:00:54:10 -0600] "GET /ads.txt HTTP/1.1" 404 40531 "-" "Mozilla/5.0 (X11; Linux x86_64) AppleWebKit/537.36 (KHTML, like Gecko) Chrome/134.0.0.0 Safari/537.3"
151.115.91.3 - - [16/Jul/2026:00:55:03 -0600] "GET /wp-content/plugins/buddyboss-platform/bp-templates/bp-nouveau/icons/css/bb-icons.min.css?ver=1.0.11 HTTP/1.1" 200 4837 "http://dfwchat.net/" "Mozilla/5.0 (X11; Linux x86_64) AppleWebKit/537.36 (KHTML, like Gecko) Chrome/134.0.0.0 Safari/537.3"
151.115.91.3 - - [16/Jul/2026:00:55:03 -0600] "GET /wp-content/plugins/buddyboss-platform-pro/includes/access-control/assets/css/bb-access-control.min.css?ver=3.0.3 HTTP/1.1" 200 231 "http://dfwchat.net/" "Mozilla/5.0 (X11; Linux x86_64) AppleWebKit/537.36 (KHTML, like Gecko) Chrome/134.0.0.0 Safari/537.3"
151.115.91.3 - - [16/Jul/2026:00:55:03 -0600] "GET /wp-content/plugins/buddyboss-platform/bp-templates/bp-nouveau/css/buddypress.min.css?ver=3.1.1 HTTP/1.1" 200 102411 "http://dfwchat.net/" "Mozilla/5.0 (X11; Linux x86_64) AppleWebKit/537.36 (KHTML, like Gecko) Chrome/134.0.0.0 Safari/537.3"
151.115.91.3 - - [16/Jul/2026:00:55:03 -0600] "GET /wp-content/plugins/buddyboss-platform/bp-core/css/mentions.min.css?ver=3.1.1 HTTP/1.1" 200 674 "http://dfwchat.net/" "Mozilla/5.0 (X11; Linux x86_64) AppleWebKit/537.36 (KHTML, like Gecko) Chrome/134.0.0.0 Safari/537.3"
151.115.91.3 - - [16/Jul/2026:00:55:03 -0600] "GET /wp-content/themes/buddyboss-theme/assets/css/vendors/select2.min.css?ver=2.20.1 HTTP/1.1" 200 1993 "http://dfwchat.net/" "Mozilla/5.0 (X11; Linux x86_64) AppleWebKit/537.36 (KHTML, like Gecko) Chrome/134.0.0.0 Safari/537.3"
151.115.91.3 - - [16/Jul/2026:00:55:03 -0600] "GET /wp-content/themes/buddyboss-theme/assets/css/buddypress.min.css?ver=2.20.1 HTTP/1.1" 200 117118 "http://dfwchat.net/" "Mozilla/5.0 (X11; Linux x86_64) AppleWebKit/537.36 (KHTML, like Gecko) Chrome/134.0.0.0 Safari/537.3"
151.115.91.3 - - [16/Jul/2026:00:55:03 -0600] "GET /wp-content/plugins/buddyboss-platform/bp-core/js/bb-emoji-loader.min.js?ver=3.1.1 HTTP/1.1" 200 1449 "http://dfwchat.net/" "Mozilla/5.0 (X11; Linux x86_64) AppleWebKit/537.36 (KHTML, like Gecko) Chrome/134.0.0.0 Safari/537.3"
151.115.91.3 - - [16/Jul/2026:00:55:04 -0600] "GET /wp-includes/js/jquery/jquery-migrate.min.js?ver=3.4.1 HTTP/1.1" 200 4870 "http://dfwchat.net/" "Mozilla/5.0 (X11; Linux x86_64) AppleWebKit/537.36 (KHTML, like Gecko) Chrome/134.0.0.0 Safari/537.3"
151.115.91.3 - - [16/Jul/2026:00:55:04 -0600] "GET /wp-content/plugins/buddyboss-platform/bp-core/js/vendor/jquery-cookie.min.js?ver=3.1.1 HTTP/1.1" 200 667 "http://dfwchat.net/" "Mozilla/5.0 (X11; Linux x86_64) AppleWebKit/537.36 (KHTML, like Gecko) Chrome/134.0.0.0 Safari/537.3"
151.115.91.3 - - [16/Jul/2026:00:55:04 -0600] "GET /wp-content/plugins/buddyboss-platform-pro/includes/integrations/tutorlms/assets/js/bb-tutorlms-admin.min.js?ver=3.1.1 HTTP/1.1" 200 995 "http://dfwchat.net/" "Mozilla/5.0 (X11; Linux x86_64) AppleWebKit/537.36 (KHTML, like Gecko) Chrome/134.0.0.0 Safari/537.3"
151.115.91.3 - - [16/Jul/2026:00:55:04 -0600] "GET /wp-includes/js/hoverintent-js.min.js?ver=2.2.1 HTTP/1.1" 200 715 "http://dfwchat.net/" "Mozilla/5.0 (X11; Linux x86_64) AppleWebKit/537.36 (KHTML, like Gecko) Chrome/134.0.0.0 Safari/537.3"
151.115.91.3 - - [16/Jul/2026:00:55:04 -0600] "GET /wp-includes/js/dist/vendor/moment.min.js?ver=2.30.1 HTTP/1.1" 200 18858 "http://dfwchat.net/" "Mozilla/5.0 (X11; Linux x86_64) AppleWebKit/537.36 (KHTML, like Gecko) Chrome/134.0.0.0 Safari/537.3"
151.115.91.3 - - [16/Jul/2026:00:55:03 -0600] "GET /wp-content/plugins/buddyboss-platform/bp-templates/bp-nouveau/icons/css/icons-map.min.css?ver=3.1.1 HTTP/1.1" 200 2686 "http://dfwchat.net/" "Mozilla/5.0 (X11; Linux x86_64) AppleWebKit/537.36 (KHTML, like Gecko) Chrome/134.0.0.0 Safari/537.3"
151.115.91.3 - - [16/Jul/2026:00:55:03 -0600] "GET /wp-content/themes/buddyboss-theme/inc/plugins/buddyboss-menu-icons/vendor/kucrut/icon-picker/css/types/buddyboss_legacy.css?ver=1.0 HTTP/1.1" 200 4200 "http://dfwchat.net/" "Mozilla/5.0 (X11; Linux x86_64) AppleWebKit/537.36 (KHTML, like Gecko) Chrome/134.0.0.0 Safari/537.3"
151.115.91.3 - - [16/Jul/2026:00:55:03 -0600] "GET /wp-content/plugins/buddyboss-platform-pro/includes/polls/assets/css/bb-polls.min.css?ver=3.0.3 HTTP/1.1" 200 2371 "http://dfwchat.net/" "Mozilla/5.0 (X11; Linux x86_64) AppleWebKit/537.36 (KHTML, like Gecko) Chrome/134.0.0.0 Safari/537.3"
151.115.91.3 - - [16/Jul/2026:00:55:03 -0600] "GET /wp-content/plugins/buddyboss-platform-pro/includes/schedule-posts/assets/css/bb-schedule-posts.min.css?ver=3.0.3 HTTP/1.1" 200 1872 "http://dfwchat.net/" "Mozilla/5.0 (X11; Linux x86_64) AppleWebKit/537.36 (KHTML, like Gecko) Chrome/134.0.0.0 Safari/537.3"
151.115.91.3 - - [16/Jul/2026:00:55:03 -0600] "GET /wp-content/themes/buddyboss-theme/assets/fonts/fonts.css?ver=2.20.1 HTTP/1.1" 200 594 "http://dfwchat.net/" "Mozilla/5.0 (X11; Linux x86_64) AppleWebKit/537.36 (KHTML, like Gecko) Chrome/134.0.0.0 Safari/537.3"
151.115.91.3 - - [16/Jul/2026:00:55:03 -0600] "GET /wp-content/themes/buddyboss-theme/inc/admin/framework/redux-core/assets/css/extendify-utilities.css?ver=4.4.11 HTTP/1.1" 200 5873 "http://dfwchat.net/" "Mozilla/5.0 (X11; Linux x86_64) AppleWebKit/537.36 (KHTML, like Gecko) Chrome/134.0.0.0 Safari/537.3"
151.115.91.3 - - [16/Jul/2026:00:55:03 -0600] "GET /wp-content/themes/buddyboss-theme/assets/css/theme.min.css?ver=2.20.1 HTTP/1.1" 200 45876 "http://dfwchat.net/" "Mozilla/5.0 (X11; Linux x86_64) AppleWebKit/537.36 (KHTML, like Gecko) Chrome/134.0.0.0 Safari/537.3"
151.115.91.3 - - [16/Jul/2026:00:55:03 -0600] "GET /wp-content/themes/buddyboss-theme/assets/css/template-v2.min.css?ver=2.20.1 HTTP/1.1" 200 15245 "http://dfwchat.net/" "Mozilla/5.0 (X11; Linux x86_64) AppleWebKit/537.36 (KHTML, like Gecko) Chrome/134.0.0.0 Safari/537.3"
151.115.91.3 - - [16/Jul/2026:00:55:03 -0600] "GET /wp-includes/js/jquery/jquery.min.js?ver=3.7.1 HTTP/1.1" 200 30412 "http://dfwchat.net/" "Mozilla/5.0 (X11; Linux x86_64) AppleWebKit/537.36 (KHTML, like Gecko) Chrome/134.0.0.0 Safari/537.3"
151.115.91.3 - - [16/Jul/2026:00:55:04 -0600] "GET /wp-content/plugins/buddyboss-platform/bp-core/js/vendor/jquery-scroll-to.min.js?ver=3.1.1 HTTP/1.1" 200 1509 "http://dfwchat.net/" "Mozilla/5.0 (X11; Linux x86_64) AppleWebKit/537.36 (KHTML, like Gecko) Chrome/134.0.0.0 Safari/537.3"
151.115.91.3 - - [16/Jul/2026:00:55:04 -0600] "GET /wp-content/plugins/buddyboss-platform-pro/includes/integrations/meprlms/assets/js/bb-meprlms-frontend.min.js?ver=3.1.1 HTTP/1.1" 200 169 "http://dfwchat.net/" "Mozilla/5.0 (X11; Linux x86_64) AppleWebKit/537.36 (KHTML, like Gecko) Chrome/134.0.0.0 Safari/537.3"
151.115.91.3 - - [16/Jul/2026:00:55:04 -0600] "GET /wp-content/plugins/buddyboss-platform/bp-core/js/livestamp.min.js?ver=3.1.1 HTTP/1.1" 200 1000 "http://dfwchat.net/" "Mozilla/5.0 (X11; Linux x86_64) AppleWebKit/537.36 (KHTML, like Gecko) Chrome/134.0.0.0 Safari/537.3"
151.115.91.3 - - [16/Jul/2026:00:55:04 -0600] "GET /wp-content/plugins/buddyboss-platform-pro/includes/reactions/assets/js/bb-reaction.min.js?ver=3.0.3 HTTP/1.1" 200 652 "http://dfwchat.net/" "Mozilla/5.0 (X11; Linux x86_64) AppleWebKit/537.36 (KHTML, like Gecko) Chrome/134.0.0.0 Safari/537.3"
151.115.91.3 - - [16/Jul/2026:00:55:04 -0600] "GET /wp-includes/js/dist/i18n.min.js?ver=781d11515ad3d91786ec HTTP/1.1" 200 2466 "http://dfwchat.net/" "Mozilla/5.0 (X11; Linux x86_64) AppleWebKit/537.36 (KHTML, like Gecko) Chrome/134.0.0.0 Safari/537.3"
151.115.91.3 - - [16/Jul/2026:00:55:04 -0600] "GET /wp-content/themes/buddyboss-theme/assets/images/svg/no-results.svg HTTP/1.1" 200 916 "http://dfwchat.net/" "Mozilla/5.0 (X11; Linux x86_64) AppleWebKit/537.36 (KHTML, like Gecko) Chrome/134.0.0.0 Safari/537.3"
151.115.91.3 - - [16/Jul/2026:00:55:04 -0600] "GET /wp-includes/js/admin-bar.min.js?ver=7.0.1 HTTP/1.1" 200 1353 "http://dfwchat.net/" "Mozilla/5.0 (X11; Linux x86_64) AppleWebKit/537.36 (KHTML, like Gecko) Chrome/134.0.0.0 Safari/537.3"
151.115.91.3 - - [16/Jul/2026:00:55:04 -0600] "GET /wp-includes/js/underscore.min.js?ver=1.13.8 HTTP/1.1" 200 7384 "http://dfwchat.net/" "Mozilla/5.0 (X11; Linux x86_64) AppleWebKit/537.36 (KHTML, like Gecko) Chrome/134.0.0.0 Safari/537.3"
151.115.91.3 - - [16/Jul/2026:00:55:04 -0600] "GET /wp-content/plugins/buddyboss-platform/bp-templates/bp-nouveau/js/buddypress-nouveau.min.js?ver=3.1.1 HTTP/1.1" 200 24224 "http://dfwchat.net/" "Mozilla/5.0 (X11; Linux x86_64) AppleWebKit/537.36 (KHTML, like Gecko) Chrome/134.0.0.0 Safari/537.3"
151.115.91.3 - - [16/Jul/2026:00:55:04 -0600] "GET /wp-content/plugins/buddyboss-platform/bp-templates/bp-nouveau/icons/fonts/lined.woff2?1753964645 HTTP/1.1" 200 95020 "http://dfwchat.net/wp-content/plugins/buddyboss-platform/bp-templates/bp-nouveau/icons/css/bb-icons.min.css?ver=1.0.11" "Mozilla/5.0 (X11; Linux x86_64) AppleWebKit/537.36 (KHTML, like Gecko) Chrome/134.0.0.0 Safari/537.3"
151.115.91.3 - - [16/Jul/2026:00:55:04 -0600] "GET /wp-includes/js/jquery/ui/core.min.js?ver=1.13.3 HTTP/1.1" 200 7104 "http://dfwchat.net/" "Mozilla/5.0 (X11; Linux x86_64) AppleWebKit/537.36 (KHTML, like Gecko) Chrome/134.0.0.0 Safari/537.3"
151.115.91.3 - - [16/Jul/2026:00:55:04 -0600] "GET /wp-content/plugins/buddyboss-platform-pro/includes/polls/assets/js/bb-poll.min.js?ver=3.0.3 HTTP/1.1" 200 3968 "http://dfwchat.net/" "Mozilla/5.0 (X11; Linux x86_64) AppleWebKit/537.36 (KHTML, like Gecko) Chrome/134.0.0.0 Safari/537.3"
151.115.91.3 - - [16/Jul/2026:00:55:04 -0600] "GET /wp-includes/js/heartbeat.min.js?ver=7.0.1 HTTP/1.1" 200 2042 "http://dfwchat.net/" "Mozilla/5.0 (X11; Linux x86_64) AppleWebKit/537.36 (KHTML, like Gecko) Chrome/134.0.0.0 Safari/537.3"
151.115.91.3 - - [16/Jul/2026:00:55:04 -0600] "GET /wp-includes/js/dist/a11y.min.js?ver=af934e5259bc51b8718e HTTP/1.1" 200 1055 "http://dfwchat.net/" "Mozilla/5.0 (X11; Linux x86_64) AppleWebKit/537.36 (KHTML, like Gecko) Chrome/134.0.0.0 Safari/537.3"
151.115.91.3 - - [16/Jul/2026:00:55:05 -0600] "GET /wp-content/plugins/buddyboss-platform/bp-templates/bp-nouveau/js/buddypress-moderation.min.js?ver=3.1.1 HTTP/1.1" 200 1067 "http://dfwchat.net/" "Mozilla/5.0 (X11; Linux x86_64) AppleWebKit/537.36 (KHTML, like Gecko) Chrome/134.0.0.0 Safari/537.3"
151.115.91.3 - - [16/Jul/2026:00:55:05 -0600] "GET /wp-content/plugins/buddyboss-platform/bp-core/js/vendor/jquery.caret.min.js?ver=3.1.1 HTTP/1.1" 200 2203 "http://dfwchat.net/" "Mozilla/5.0 (X11; Linux x86_64) AppleWebKit/537.36 (KHTML, like Gecko) Chrome/134.0.0.0 Safari/537.3"
151.115.91.3 - - [16/Jul/2026:00:55:05 -0600] "GET /wp-content/plugins/buddyboss-platform-pro/assets/js/vendor/jquery.mask.js?ver=5.0.4 HTTP/1.1" 200 5887 "http://dfwchat.net/" "Mozilla/5.0 (X11; Linux x86_64) AppleWebKit/537.36 (KHTML, like Gecko) Chrome/134.0.0.0 Safari/537.3"
151.115.91.3 - - [16/Jul/2026:00:55:05 -0600] "GET /wp-includes/js/imagesloaded.min.js?ver=5.0.0 HTTP/1.1" 200 1801 "http://dfwchat.net/" "Mozilla/5.0 (X11; Linux x86_64) AppleWebKit/537.36 (KHTML, like Gecko) Chrome/134.0.0.0 Safari/537.3"
151.115.91.3 - - [16/Jul/2026:00:55:05 -0600] "GET /wp-content/themes/buddyboss-theme/assets/js/vendors/fitvids.js?ver=2.20.1 HTTP/1.1" 200 1599 "http://dfwchat.net/" "Mozilla/5.0 (X11; Linux x86_64) AppleWebKit/537.36 (KHTML, like Gecko) Chrome/134.0.0.0 Safari/537.3"
151.115.91.3 - - [16/Jul/2026:00:55:04 -0600] "GET /wp-includes/js/wp-util.min.js?ver=7.0.1 HTTP/1.1" 200 757 "http://dfwchat.net/" "Mozilla/5.0 (X11; Linux x86_64) AppleWebKit/537.36 (KHTML, like Gecko) Chrome/134.0.0.0 Safari/537.3"
151.115.91.3 - - [16/Jul/2026:00:55:04 -0600] "GET /wp-content/themes/buddyboss-theme/assets/images/adminbar-background.png HTTP/1.1" 200 83 "http://dfwchat.net/wp-content/themes/buddyboss-theme/assets/css/theme.min.css?ver=2.20.1" "Mozilla/5.0 (X11; Linux x86_64) AppleWebKit/537.36 (KHTML, like Gecko) Chrome/134.0.0.0 Safari/537.3"
151.115.91.3 - - [16/Jul/2026:00:55:04 -0600] "GET /wp-content/themes/buddyboss-theme/assets/images/svg/search.svg HTTP/1.1" 200 258 "http://dfwchat.net/wp-content/themes/buddyboss-theme/assets/css/theme.min.css?ver=2.20.1" "Mozilla/5.0 (X11; Linux x86_64) AppleWebKit/537.36 (KHTML, like Gecko) Chrome/134.0.0.0 Safari/537.3"
151.115.91.3 - - [16/Jul/2026:00:55:04 -0600] "GET /wp-includes/js/jquery/ui/mouse.min.js?ver=1.13.3 HTTP/1.1" 200 1096 "http://dfwchat.net/" "Mozilla/5.0 (X11; Linux x86_64) AppleWebKit/537.36 (KHTML, like Gecko) Chrome/134.0.0.0 Safari/537.3"
151.115.91.3 - - [16/Jul/2026:00:55:04 -0600] "GET /wp-includes/js/jquery/ui/sortable.min.js?ver=1.13.3 HTTP/1.1" 200 6596 "http://dfwchat.net/" "Mozilla/5.0 (X11; Linux x86_64) AppleWebKit/537.36 (KHTML, like Gecko) Chrome/134.0.0.0 Safari/537.3"
151.115.91.3 - - [16/Jul/2026:00:55:04 -0600] "GET /wp-includes/js/jquery/ui/menu.min.js?ver=1.13.3 HTTP/1.1" 200 3068 "http://dfwchat.net/" "Mozilla/5.0 (X11; Linux x86_64) AppleWebKit/537.36 (KHTML, like Gecko) Chrome/134.0.0.0 Safari/537.3"
151.115.91.3 - - [16/Jul/2026:00:55:04 -0600] "GET /wp-includes/js/dist/dom-ready.min.js?ver=a06281ae5cf5500e9317 HTTP/1.1" 200 472 "http://dfwchat.net/" "Mozilla/5.0 (X11; Linux x86_64) AppleWebKit/537.36 (KHTML, like Gecko) Chrome/134.0.0.0 Safari/537.3"
151.115.91.3 - - [16/Jul/2026:00:55:05 -0600] "GET /wp-content/themes/buddyboss-theme/assets/js/vendors/draggabilly.min.js?ver=2.20.1 HTTP/1.1" 200 4461 "http://dfwchat.net/" "Mozilla/5.0 (X11; Linux x86_64) AppleWebKit/537.36 (KHTML, like Gecko) Chrome/134.0.0.0 Safari/537.3"
151.115.91.3 - - [16/Jul/2026:00:55:05 -0600] "GET /wp-content/themes/buddyboss-theme/assets/js/plugins/bbp-scrubber.min.js?ver=2.20.1 HTTP/1.1" 200 1675 "http://dfwchat.net/" "Mozilla/5.0 (X11; Linux x86_64) AppleWebKit/537.36 (KHTML, like Gecko) Chrome/134.0.0.0 Safari/537.3"
151.115.91.3 - - [16/Jul/2026:00:55:05 -0600] "GET /wp-content/plugins/buddyboss-platform-pro/includes/integrations/zoom/assets/js/bp-zoom.min.js?ver=3.0.3 HTTP/1.1" 200 10038 "http://dfwchat.net/" "Mozilla/5.0 (X11; Linux x86_64) AppleWebKit/537.36 (KHTML, like Gecko) Chrome/134.0.0.0 Safari/537.3"
151.115.91.3 - - [16/Jul/2026:00:55:05 -0600] "GET /wp-content/plugins/buddyboss-platform-pro/assets/js/bb-countdown.min.js?ver=1.0.1 HTTP/1.1" 200 699 "http://dfwchat.net/" "Mozilla/5.0 (X11; Linux x86_64) AppleWebKit/537.36 (KHTML, like Gecko) Chrome/134.0.0.0 Safari/537.3"
151.115.91.3 - - [16/Jul/2026:00:55:05 -0600] "GET /wp-content/themes/buddyboss-theme/assets/js/vendors/slick.min.js?ver=2.20.1 HTTP/1.1" 200 10730 "http://dfwchat.net/" "Mozilla/5.0 (X11; Linux x86_64) AppleWebKit/537.36 (KHTML, like Gecko) Chrome/134.0.0.0 Safari/537.3"
151.115.91.3 - - [16/Jul/2026:00:55:05 -0600] "GET /wp-content/themes/buddyboss-theme/assets/js/vendors/panelslider.min.js?ver=2.20.1 HTTP/1.1" 200 545 "http://dfwchat.net/" "Mozilla/5.0 (X11; Linux x86_64) AppleWebKit/537.36 (KHTML, like Gecko) Chrome/134.0.0.0 Safari/537.3"
151.115.91.3 - - [16/Jul/2026:00:55:05 -0600] "GET /wp-content/themes/buddyboss-theme/assets/js/vendors/select2.full.min.js?ver=2.20.1 HTTP/1.1" 200 22036 "http://dfwchat.net/" "Mozilla/5.0 (X11; Linux x86_64) AppleWebKit/537.36 (KHTML, like Gecko) Chrome/134.0.0.0 Safari/537.3"
151.115.91.3 - - [16/Jul/2026:00:54:01 -0600] "GET /wp-content/plugins/buddyboss-platform/bp-templates/bp-nouveau/icons/css/icons-map.min.css?ver=3.1.1 HTTP/1.1" 200 2686 "http://dfwchat.net/" "Mozilla/5.0 (X11; Linux x86_64) AppleWebKit/537.36 (KHTML, like Gecko) Chrome/134.0.0.0 Safari/537.3"
151.115.91.3 - - [16/Jul/2026:00:54:01 -0600] "GET /wp-content/plugins/buddyboss-platform-pro/includes/access-control/assets/css/bb-access-control.min.css?ver=3.0.3 HTTP/1.1" 200 231 "http://dfwchat.net/" "Mozilla/5.0 (X11; Linux x86_64) AppleWebKit/537.36 (KHTML, like Gecko) Chrome/134.0.0.0 Safari/537.3"
151.115.91.3 - - [16/Jul/2026:00:54:01 -0600] "GET /wp-content/plugins/buddyboss-platform/bp-core/css/mentions.min.css?ver=3.1.1 HTTP/1.1" 200 674 "http://dfwchat.net/" "Mozilla/5.0 (X11; Linux x86_64) AppleWebKit/537.36 (KHTML, like Gecko) Chrome/134.0.0.0 Safari/537.3"
151.115.91.3 - - [16/Jul/2026:00:54:01 -0600] "GET /wp-content/themes/buddyboss-theme/assets/css/vendors/magnific-popup.min.css?ver=2.20.1 HTTP/1.1" 200 2050 "http://dfwchat.net/" "Mozilla/5.0 (X11; Linux x86_64) AppleWebKit/537.36 (KHTML, like Gecko) Chrome/134.0.0.0 Safari/537.3"
151.115.91.3 - - [16/Jul/2026:00:54:02 -0600] "GET /wp-includes/js/twemoji.min.js?ver=3.1.1 HTTP/1.1" 200 4168 "http://dfwchat.net/" "Mozilla/5.0 (X11; Linux x86_64) AppleWebKit/537.36 (KHTML, like Gecko) Chrome/134.0.0.0 Safari/537.3"
151.115.91.3 - - [16/Jul/2026:00:54:02 -0600] "GET /wp-content/plugins/buddyboss-platform/bp-core/js/vendor/jquery-cookie.min.js?ver=3.1.1 HTTP/1.1" 200 667 "http://dfwchat.net/" "Mozilla/5.0 (X11; Linux x86_64) AppleWebKit/537.36 (KHTML, like Gecko) Chrome/134.0.0.0 Safari/537.3"
151.115.91.3 - - [16/Jul/2026:00:54:02 -0600] "GET /wp-includes/js/wp-util.min.js?ver=7.0.1 HTTP/1.1" 200 757 "http://dfwchat.net/" "Mozilla/5.0 (X11; Linux x86_64) AppleWebKit/537.36 (KHTML, like Gecko) Chrome/134.0.0.0 Safari/537.3"
151.115.91.3 - - [16/Jul/2026:00:54:02 -0600] "GET /wp-includes/js/dist/i18n.min.js?ver=781d11515ad3d91786ec HTTP/1.1" 200 2466 "http://dfwchat.net/" "Mozilla/5.0 (X11; Linux x86_64) AppleWebKit/537.36 (KHTML, like Gecko) Chrome/134.0.0.0 Safari/537.3"
151.115.91.3 - - [16/Jul/2026:00:54:03 -0600] "GET /wp-content/plugins/buddyboss-platform/bp-templates/bp-nouveau/icons/fonts/lined.woff2?1753964645 HTTP/1.1" 200 95020 "http://dfwchat.net/wp-content/plugins/buddyboss-platform/bp-templates/bp-nouveau/icons/css/bb-icons.min.css?ver=1.0.11" "Mozilla/5.0 (X11; Linux x86_64) AppleWebKit/537.36 (KHTML, like Gecko) Chrome/134.0.0.0 Safari/537.3"
151.115.91.3 - - [16/Jul/2026:00:54:03 -0600] "GET /wp-content/plugins/buddyboss-platform/bp-templates/bp-nouveau/js/buddypress-moderation.min.js?ver=3.1.1 HTTP/1.1" 200 1067 "http://dfwchat.net/" "Mozilla/5.0 (X11; Linux x86_64) AppleWebKit/537.36 (KHTML, like Gecko) Chrome/134.0.0.0 Safari/537.3"
151.115.91.3 - - [16/Jul/2026:00:54:03 -0600] "GET /wp-content/plugins/buddyboss-platform/bp-core/js/mentions.min.js?ver=3.1.1 HTTP/1.1" 200 2336 "http://dfwchat.net/" "Mozilla/5.0 (X11; Linux x86_64) AppleWebKit/537.36 (KHTML, like Gecko) Chrome/134.0.0.0 Safari/537.3"
151.115.91.3 - - [16/Jul/2026:00:54:03 -0600] "GET /wp-includes/js/masonry.min.js?ver=4.2.2 HTTP/1.1" 200 7376 "http://dfwchat.net/" "Mozilla/5.0 (X11; Linux x86_64) AppleWebKit/537.36 (KHTML, like Gecko) Chrome/134.0.0.0 Safari/537.3"
151.115.91.3 - - [16/Jul/2026:00:54:03 -0600] "GET /wp-content/themes/buddyboss-theme/assets/js/main.min.js?ver=2.20.1 HTTP/1.1" 200 12102 "http://dfwchat.net/" "Mozilla/5.0 (X11; Linux x86_64) AppleWebKit/537.36 (KHTML, like Gecko) Chrome/134.0.0.0 Safari/537.3"
151.115.91.3 - - [16/Jul/2026:00:54:11 -0600] "GET /app-ads.txt HTTP/1.1" 404 40533 "-" "Mozilla/5.0 (X11; Linux x86_64) AppleWebKit/537.36 (KHTML, like Gecko) Chrome/134.0.0.0 Safari/537.3"
151.115.91.3 - - [16/Jul/2026:00:54:55 -0600] "HEAD / HTTP/1.1" 200 0 "-" "python-httpx/0.28.1"
151.115.91.3 - - [16/Jul/2026:00:55:14 -0600] "GET /sellers.json HTTP/1.1" 404 40534 "-" "Mozilla/5.0 (X11; Linux x86_64) AppleWebKit/537.36 (KHTML, like Gecko) Chrome/134.0.0.0 Safari/537.3"
151.115.91.3 - - [16/Jul/2026:00:55:05 -0600] "GET /wp-content/themes/buddyboss-theme/assets/js/vendors/progressbar.min.js?ver=2.20.1 HTTP/1.1" 200 6953 "http://dfwchat.net/" "Mozilla/5.0 (X11; Linux x86_64) AppleWebKit/537.36 (KHTML, like Gecko) Chrome/134.0.0.0 Safari/537.3"
151.115.91.3 - - [16/Jul/2026:00:55:05 -0600] "GET /wp-includes/js/wp-emoji-release.min.js?ver=7.0.1 HTTP/1.1" 200 5399 "http://dfwchat.net/" "Mozilla/5.0 (X11; Linux x86_64) AppleWebKit/537.36 (KHTML, like Gecko) Chrome/134.0.0.0 Safari/537.3"
151.115.91.3 - - [16/Jul/2026:00:55:11 -0600] "GET /favicon.ico HTTP/1.1" 404 1251 "-" "Mozilla/5.0 (X11; Linux x86_64) AppleWebKit/537.36 (KHTML, like Gecko) Chrome/134.0.0.0 Safari/537.3"
151.115.91.3 - - [16/Jul/2026:00:55:13 -0600] "GET /app-ads.txt HTTP/1.1" 404 40534 "-" "Mozilla/5.0 (X11; Linux x86_64) AppleWebKit/537.36 (KHTML, like Gecko) Chrome/134.0.0.0 Safari/537.3"
151.115.91.3 - - [16/Jul/2026:00:55:05 -0600] "GET /wp-content/themes/buddyboss-theme/assets/js/vendors/sticky-kit.js?ver=2.20.1 HTTP/1.1" 200 1415 "http://dfwchat.net/" "Mozilla/5.0 (X11; Linux x86_64) AppleWebKit/537.36 (KHTML, like Gecko) Chrome/134.0.0.0 Safari/537.3"
151.115.91.3 - - [16/Jul/2026:00:55:05 -0600] "GET /wp-content/themes/buddyboss-theme/assets/js/vendors/validate.min.js?ver=2.20.1 HTTP/1.1" 200 8077 "http://dfwchat.net/" "Mozilla/5.0 (X11; Linux x86_64) AppleWebKit/537.36 (KHTML, like Gecko) Chrome/134.0.0.0 Safari/537.3"
151.115.91.3 - - [16/Jul/2026:00:55:05 -0600] "GET /wp-content/themes/buddyboss-theme/assets/js/vendors/mousewheel.min.js?ver=2.20.1 HTTP/1.1" 200 1244 "http://dfwchat.net/" "Mozilla/5.0 (X11; Linux x86_64) AppleWebKit/537.36 (KHTML, like Gecko) Chrome/134.0.0.0 Safari/537.3"
151.115.91.3 - - [16/Jul/2026:00:55:05 -0600] "GET /favicon.ico HTTP/1.1" 404 1251 "http://dfwchat.net/" "Mozilla/5.0 (X11; Linux x86_64) AppleWebKit/537.36 (KHTML, like Gecko) Chrome/134.0.0.0 Safari/537.3"
151.115.91.3 - - [16/Jul/2026:00:55:11 -0600] "GET /ads.txt HTTP/1.1" 404 40530 "-" "Mozilla/5.0 (X11; Linux x86_64) AppleWebKit/537.36 (KHTML, like Gecko) Chrome/134.0.0.0 Safari/537.3"
151.115.91.3 - - [16/Jul/2026:00:55:04 -0600] "GET /wp-includes/js/dist/hooks.min.js?ver=7496969728ca0f95732d HTTP/1.1" 200 1824 "http://dfwchat.net/" "Mozilla/5.0 (X11; Linux x86_64) AppleWebKit/537.36 (KHTML, like Gecko) Chrome/134.0.0.0 Safari/537.3"
151.115.91.3 - - [16/Jul/2026:00:55:04 -0600] "GET /wp-includes/js/backbone.min.js?ver=1.6.1 HTTP/1.1" 200 8029 "http://dfwchat.net/" "Mozilla/5.0 (X11; Linux x86_64) AppleWebKit/537.36 (KHTML, like Gecko) Chrome/134.0.0.0 Safari/537.3"
151.115.91.3 - - [16/Jul/2026:00:55:04 -0600] "GET /wp-includes/js/wp-backbone.min.js?ver=7.0.1 HTTP/1.1" 200 1169 "http://dfwchat.net/" "Mozilla/5.0 (X11; Linux x86_64) AppleWebKit/537.36 (KHTML, like Gecko) Chrome/134.0.0.0 Safari/537.3"
151.115.91.3 - - [16/Jul/2026:00:55:04 -0600] "GET /wp-content/plugins/buddyboss-platform-pro/includes/schedule-posts/assets/js/bb-schedule-posts.min.js?ver=3.0.3 HTTP/1.1" 200 4467 "http://dfwchat.net/" "Mozilla/5.0 (X11; Linux x86_64) AppleWebKit/537.36 (KHTML, like Gecko) Chrome/134.0.0.0 Safari/537.3"
151.115.91.3 - - [16/Jul/2026:00:55:04 -0600] "GET /wp-content/plugins/buddyboss-platform/bp-templates/bp-nouveau/js/jquery.guillotine.min.js?ver=3.1.1 HTTP/1.1" 200 2584 "http://dfwchat.net/" "Mozilla/5.0 (X11; Linux x86_64) AppleWebKit/537.36 (KHTML, like Gecko) Chrome/134.0.0.0 Safari/537.3"
151.115.91.3 - - [16/Jul/2026:00:55:05 -0600] "GET /wp-includes/js/jquery/ui/autocomplete.min.js?ver=1.13.3 HTTP/1.1" 200 2905 "http://dfwchat.net/" "Mozilla/5.0 (X11; Linux x86_64) AppleWebKit/537.36 (KHTML, like Gecko) Chrome/134.0.0.0 Safari/537.3"
151.115.91.3 - - [16/Jul/2026:00:55:05 -0600] "GET /wp-content/plugins/buddyboss-platform/bp-templates/bp-nouveau/js/buddypress-search.min.js?ver=3.1.1 HTTP/1.1" 200 1637 "http://dfwchat.net/" "Mozilla/5.0 (X11; Linux x86_64) AppleWebKit/537.36 (KHTML, like Gecko) Chrome/134.0.0.0 Safari/537.3"
151.115.91.3 - - [16/Jul/2026:00:55:05 -0600] "GET /wp-content/plugins/buddyboss-platform/bp-core/js/jquery.atwho.min.js?ver=3.1.1 HTTP/1.1" 200 6261 "http://dfwchat.net/" "Mozilla/5.0 (X11; Linux x86_64) AppleWebKit/537.36 (KHTML, like Gecko) Chrome/134.0.0.0 Safari/537.3"
151.115.91.3 - - [16/Jul/2026:00:55:05 -0600] "GET /wp-content/plugins/buddyboss-platform/bp-core/js/mentions.min.js?ver=3.1.1 HTTP/1.1" 200 2336 "http://dfwchat.net/" "Mozilla/5.0 (X11; Linux x86_64) AppleWebKit/537.36 (KHTML, like Gecko) Chrome/134.0.0.0 Safari/537.3"
151.115.91.3 - - [16/Jul/2026:00:55:05 -0600] "GET /wp-includes/js/masonry.min.js?ver=4.2.2 HTTP/1.1" 200 7376 "http://dfwchat.net/" "Mozilla/5.0 (X11; Linux x86_64) AppleWebKit/537.36 (KHTML, like Gecko) Chrome/134.0.0.0 Safari/537.3"
151.115.91.3 - - [16/Jul/2026:00:55:05 -0600] "GET /wp-content/themes/buddyboss-theme/assets/js/vendors/menu.js?ver=2.20.1 HTTP/1.1" 200 956 "http://dfwchat.net/" "Mozilla/5.0 (X11; Linux x86_64) AppleWebKit/537.36 (KHTML, like Gecko) Chrome/134.0.0.0 Safari/537.3"
151.115.91.3 - - [16/Jul/2026:00:55:05 -0600] "GET /wp-content/themes/buddyboss-theme/assets/js/vendors/jssocials.min.js?ver=2.20.1 HTTP/1.1" 200 3031 "http://dfwchat.net/" "Mozilla/5.0 (X11; Linux x86_64) AppleWebKit/537.36 (KHTML, like Gecko) Chrome/134.0.0.0 Safari/537.3"
151.115.91.3 - - [16/Jul/2026:00:55:05 -0600] "GET /wp-content/themes/buddyboss-theme/assets/js/main.min.js?ver=2.20.1 HTTP/1.1" 200 12102 "http://dfwchat.net/" "Mozilla/5.0 (X11; Linux x86_64) AppleWebKit/537.36 (KHTML, like Gecko) Chrome/134.0.0.0 Safari/537.3"
34.21.156.249 - - [16/Jul/2026:00:55:41 -0600] "GET /administrator/components/com_jce/config.xml HTTP/1.1" 404 40571 "-" "Mozilla/5.0 (Windows NT 10.0; Win64; x64) Chrome/120.0 Safari/537.36"
2a06:98c0:3600::103 - - [16/Jul/2026:01:01:14 -0600] "GET /wp-admin/install.php?step=1 HTTP/1.1" 200 549 "-" "http://dfwchat.net/wp-admin/install.php?step=1"
2a06:98c0:3600::103 - - [16/Jul/2026:01:14:30 -0600] "GET /wp-admin/install.php?step=1 HTTP/1.1" 200 549 "-" "http://dfwchat.net/wp-admin/install.php?step=1"
2a06:98c0:3600::103 - - [16/Jul/2026:01:49:51 -0600] "GET /wp-admin/install.php?step=1 HTTP/1.1" 200 549 "-" "http://dfwchat.net/wp-admin/install.php?step=1"
2a06:98c0:3600::103 - - [16/Jul/2026:02:05:57 -0600] "GET /wp-admin/install.php?step=1 HTTP/1.1" 200 549 "-" "http://dfwchat.net/wp-admin/install.php?step=1"
2a06:98c0:3600::103 - - [16/Jul/2026:02:13:52 -0600] "GET /wp-admin/install.php?step=1 HTTP/1.1" 200 549 "-" "http://dfwchat.net/wp-admin/install.php?step=1"
198.175.150.9 - - [16/Jul/2026:02:20:02 -0600] "POST /wp-cron.php?doing_wp_cron=1784190002.2590920925140380859375 HTTP/1.1" 200 0 "-" "WordPress/7.0.1; https://dfwchat.net"
2a06:98c0:3600::103 - - [16/Jul/2026:02:20:01 -0600] "GET /wp-admin/install.php?step=1 HTTP/1.1" 200 549 "-" "http://dfwchat.net/wp-admin/install.php?step=1"
198.175.150.9 - - [16/Jul/2026:02:51:44 -0600] "POST /wp-cron.php?doing_wp_cron=1784191904.0997030735015869140625 HTTP/1.1" 200 0 "-" "WordPress/7.0.1; https://dfwchat.net"
2a06:98c0:3600::103 - - [16/Jul/2026:02:51:43 -0600] "GET /wp-admin/install.php?step=1 HTTP/1.1" 200 549 "-" "http://dfwchat.net/wp-admin/install.php?step=1"
43.159.36.180 - - [16/Jul/2026:02:57:28 -0600] "GET / HTTP/1.1" 200 21698 "http://www.dfwchat.net" "Mozilla/5.0 (iPhone; CPU iPhone OS 13_2_3 like Mac OS X) AppleWebKit/605.1.15 (KHTML, like Gecko) Version/13.0.3 Mobile/15E148 Safari/604.1"
43.159.36.180 - - [16/Jul/2026:02:57:26 -0600] "GET / HTTP/1.1" 301 0 "-" "Mozilla/5.0 (iPhone; CPU iPhone OS 13_2_3 like Mac OS X) AppleWebKit/605.1.15 (KHTML, like Gecko) Version/13.0.3 Mobile/15E148 Safari/604.1"
198.175.150.9 - - [16/Jul/2026:02:57:27 -0600] "POST /wp-cron.php?doing_wp_cron=1784192247.4837040901184082031250 HTTP/1.1" 200 0 "-" "WordPress/7.0.1; https://dfwchat.net"
2a06:98c0:3600::103 - - [16/Jul/2026:03:06:52 -0600] "GET /wp-admin/install.php?step=1 HTTP/1.1" 200 549 "-" "http://dfwchat.net/wp-admin/install.php?step=1"
2a06:98c0:3600::103 - - [16/Jul/2026:03:17:12 -0600] "GET /wp-admin/install.php?step=1 HTTP/1.1" 200 549 "-" "http://dfwchat.net/wp-admin/install.php?step=1"
2a06:98c0:3600::103 - - [16/Jul/2026:03:36:31 -0600] "GET /wp-admin/install.php?step=1 HTTP/1.1" 200 549 "-" "http://dfwchat.net/wp-admin/install.php?step=1"
198.175.150.9 - - [16/Jul/2026:03:36:31 -0600] "POST /wp-cron.php?doing_wp_cron=1784194591.7503108978271484375000 HTTP/1.1" 200 0 "-" "WordPress/7.0.1; https://dfwchat.net"
198.175.150.9 - - [16/Jul/2026:03:54:00 -0600] "POST /wp-cron.php?doing_wp_cron=1784195640.8682680130004882812500 HTTP/1.1" 200 0 "-" "WordPress/7.0.1; https://dfwchat.net"
2a06:98c0:3600::103 - - [16/Jul/2026:04:02:41 -0600] "GET /wp-admin/install.php?step=1 HTTP/1.1" 200 549 "-" "http://dfwchat.net/wp-admin/install.php?step=1"
198.175.150.9 - - [16/Jul/2026:04:02:42 -0600] "POST /wp-cron.php?doing_wp_cron=1784196162.0205020904541015625000 HTTP/1.1" 200 0 "-" "WordPress/7.0.1; https://dfwchat.net"
2a06:98c0:3600::103 - - [16/Jul/2026:03:54:00 -0600] "GET /wp-admin/install.php?step=1 HTTP/1.1" 200 549 "-" "http://dfwchat.net/wp-admin/install.php?step=1"
198.175.150.9 - - [16/Jul/2026:04:27:10 -0600] "POST /wp-cron.php?doing_wp_cron=1784197630.7549540996551513671875 HTTP/1.1" 200 0 "-" "WordPress/7.0.1; https://dfwchat.net"
2a06:98c0:3600::103 - - [16/Jul/2026:04:27:10 -0600] "GET /wp-admin/install.php?step=1 HTTP/1.1" 200 549 "-" "http://dfwchat.net/wp-admin/install.php?step=1"
198.175.150.9 - - [16/Jul/2026:04:48:43 -0600] "POST /wp-cron.php?doing_wp_cron=1784198923.2123711109161376953125 HTTP/1.1" 200 0 "-" "WordPress/7.0.1; https://dfwchat.net"
2a06:98c0:3600::103 - - [16/Jul/2026:04:48:42 -0600] "GET /wp-admin/install.php?step=1 HTTP/1.1" 200 549 "-" "http://dfwchat.net/wp-admin/install.php?step=1"
198.175.150.9 - - [16/Jul/2026:04:49:51 -0600] "POST /wp-cron.php?doing_wp_cron=1784198991.7540130615234375000000 HTTP/1.1" 200 0 "-" "WordPress/7.0.1; https://dfwchat.net"
2a06:98c0:3600::103 - - [16/Jul/2026:04:49:51 -0600] "GET /wp-admin/install.php?step=1 HTTP/1.1" 200 549 "-" "http://dfwchat.net/wp-admin/install.php?step=1"
2a06:98c0:3600::103 - - [16/Jul/2026:05:20:18 -0600] "GET /wp-admin/install.php?step=1 HTTP/1.1" 200 549 "-" "http://dfwchat.net/wp-admin/install.php?step=1"
198.175.150.9 - - [16/Jul/2026:05:20:19 -0600] "POST /wp-cron.php?doing_wp_cron=1784200818.9981091022491455078125 HTTP/1.1" 200 0 "-" "WordPress/7.0.1; https://dfwchat.net"
198.175.150.9 - - [16/Jul/2026:05:43:31 -0600] "POST /wp-cron.php?doing_wp_cron=1784202211.6001129150390625000000 HTTP/1.1" 200 0 "-" "WordPress/7.0.1; https://dfwchat.net"
43.136.86.241 - - [16/Jul/2026:05:43:34 -0600] "GET / HTTP/1.1" 200 21699 "http://www.dfwchat.net" "Mozilla/5.0 (iPhone; CPU iPhone OS 13_2_3 like Mac OS X) AppleWebKit/605.1.15 (KHTML, like Gecko) Version/13.0.3 Mobile/15E148 Safari/604.1"
2a06:98c0:3600::103 - - [16/Jul/2026:05:45:47 -0600] "GET /wp-admin/install.php?step=1 HTTP/1.1" 200 549 "-" "http://dfwchat.net/wp-admin/install.php?step=1"
198.175.150.9 - - [16/Jul/2026:05:35:32 -0600] "POST /wp-cron.php?doing_wp_cron=1784201732.5908169746398925781250 HTTP/1.1" 200 0 "-" "WordPress/7.0.1; https://dfwchat.net"
43.136.86.241 - - [16/Jul/2026:05:43:30 -0600] "GET / HTTP/1.1" 301 0 "-" "Mozilla/5.0 (iPhone; CPU iPhone OS 13_2_3 like Mac OS X) AppleWebKit/605.1.15 (KHTML, like Gecko) Version/13.0.3 Mobile/15E148 Safari/604.1"
2a06:98c0:3600::103 - - [16/Jul/2026:05:35:32 -0600] "GET /wp-admin/install.php?step=1 HTTP/1.1" 200 549 "-" "http://dfwchat.net/wp-admin/install.php?step=1"
2a06:98c0:3600::103 - - [16/Jul/2026:05:58:22 -0600] "GET /wp-admin/install.php?step=1 HTTP/1.1" 200 549 "-" "http://dfwchat.net/wp-admin/install.php?step=1"
34.19.117.21 - - [16/Jul/2026:06:06:29 -0600] "GET / HTTP/1.1" 200 21693 "-" "Mozilla/5.0 (compatible; CMS-Checker/1.0; +https://example.com)"
2a06:98c0:3600::103 - - [16/Jul/2026:06:06:28 -0600] "GET /wp-admin/install.php?step=1 HTTP/1.1" 200 549 "-" "http://dfwchat.net/wp-admin/install.php?step=1"
43.164.196.244 - - [16/Jul/2026:06:09:35 -0600] "GET / HTTP/1.1" 301 0 "-" "Mozilla/5.0 (iPhone; CPU iPhone OS 13_2_3 like Mac OS X) AppleWebKit/605.1.15 (KHTML, like Gecko) Version/13.0.3 Mobile/15E148 Safari/604.1"
34.19.117.21 - - [16/Jul/2026:06:06:29 -0600] "GET / HTTP/1.1" 200 21721 "-" "Mozilla/5.0 (compatible; CMS-Checker/1.0; +https://example.com)"
43.164.196.244 - - [16/Jul/2026:06:09:37 -0600] "GET / HTTP/1.1" 200 21696 "http://www.dfwchat.net" "Mozilla/5.0 (iPhone; CPU iPhone OS 13_2_3 like Mac OS X) AppleWebKit/605.1.15 (KHTML, like Gecko) Version/13.0.3 Mobile/15E148 Safari/604.1"
107.151.195.124 - - [16/Jul/2026:06:13:29 -0600] "POST  / HTTP/1.1" 200 21693 "-" "-"
107.151.195.124 - - [16/Jul/2026:06:13:33 -0600] "POST  / HTTP/1.1" 200 21693 "-" "-"
34.19.117.21 - - [16/Jul/2026:06:45:27 -0600] "GET / HTTP/1.1" 200 82576 "-" "Mozilla/5.0 (Windows NT 10.0; Win64; x64) AppleWebKit/537.36 (KHTML, like Gecko) Chrome/78.0.3904.108 Safari/537.36"
34.19.117.21 - - [16/Jul/2026:06:45:28 -0600] "GET /?author=1 HTTP/1.1" 200 82814 "-" "Mozilla/5.0 (Windows NT 10.0; Win64; x64) AppleWebKit/537.36 (KHTML, like Gecko) Chrome/78.0.3904.108 Safari/537.36"
34.19.117.21 - - [16/Jul/2026:06:45:29 -0600] "GET /?author=2 HTTP/1.1" 404 143862 "-" "Mozilla/5.0 (Windows NT 10.0; Win64; x64) AppleWebKit/537.36 (KHTML, like Gecko) Chrome/78.0.3904.108 Safari/537.36"
34.19.117.21 - - [16/Jul/2026:06:45:31 -0600] "GET /wp-json/wp/v2/users/ HTTP/1.1" 200 614 "-" "Mozilla/5.0 (Windows NT 10.0; Win64; x64) AppleWebKit/537.36 (KHTML, like Gecko) Chrome/78.0.3904.108 Safari/537.36"
34.19.117.21 - - [16/Jul/2026:06:45:32 -0600] "POST /xmlrpc.php HTTP/1.1" 200 401 "-" "Mozilla/5.0 (Windows NT 10.0; Win64; x64) AppleWebKit/537.36 (KHTML, like Gecko) Chrome/78.0.3904.108 Safari/537.36"
34.19.117.21 - - [16/Jul/2026:06:45:33 -0600] "POST /xmlrpc.php HTTP/1.1" 200 401 "-" "Mozilla/5.0 (Windows NT 10.0; Win64; x64) AppleWebKit/537.36 (KHTML, like Gecko) Chrome/78.0.3904.108 Safari/537.36"
34.19.117.21 - - [16/Jul/2026:06:45:34 -0600] "POST /xmlrpc.php HTTP/1.1" 200 401 "-" "Mozilla/5.0 (Windows NT 10.0; Win64; x64) AppleWebKit/537.36 (KHTML, like Gecko) Chrome/78.0.3904.108 Safari/537.36"
34.19.117.21 - - [16/Jul/2026:06:45:35 -0600] "POST /xmlrpc.php HTTP/1.1" 200 401 "-" "Mozilla/5.0 (Windows NT 10.0; Win64; x64) AppleWebKit/537.36 (KHTML, like Gecko) Chrome/78.0.3904.108 Safari/537.36"
34.19.117.21 - - [16/Jul/2026:06:45:36 -0600] "POST /xmlrpc.php HTTP/1.1" 200 401 "-" "Mozilla/5.0 (Windows NT 10.0; Win64; x64) AppleWebKit/537.36 (KHTML, like Gecko) Chrome/78.0.3904.108 Safari/537.36"
34.19.117.21 - - [16/Jul/2026:06:45:37 -0600] "POST /xmlrpc.php HTTP/1.1" 200 401 "-" "Mozilla/5.0 (Windows NT 10.0; Win64; x64) AppleWebKit/537.36 (KHTML, like Gecko) Chrome/78.0.3904.108 Safari/537.36"
34.19.117.21 - - [16/Jul/2026:06:45:38 -0600] "POST /xmlrpc.php HTTP/1.1" 200 401 "-" "Mozilla/5.0 (Windows NT 10.0; Win64; x64) AppleWebKit/537.36 (KHTML, like Gecko) Chrome/78.0.3904.108 Safari/537.36"
34.19.117.21 - - [16/Jul/2026:06:45:42 -0600] "POST /xmlrpc.php HTTP/1.1" 200 401 "-" "Mozilla/5.0 (Windows NT 10.0; Win64; x64) AppleWebKit/537.36 (KHTML, like Gecko) Chrome/78.0.3904.108 Safari/537.36"
34.19.117.21 - - [16/Jul/2026:06:45:46 -0600] "POST /xmlrpc.php HTTP/1.1" 200 401 "-" "Mozilla/5.0 (Windows NT 10.0; Win64; x64) AppleWebKit/537.36 (KHTML, like Gecko) Chrome/78.0.3904.108 Safari/537.36"
34.19.117.21 - - [16/Jul/2026:06:45:50 -0600] "POST /xmlrpc.php HTTP/1.1" 200 401 "-" "Mozilla/5.0 (Windows NT 10.0; Win64; x64) AppleWebKit/537.36 (KHTML, like Gecko) Chrome/78.0.3904.108 Safari/537.36"
34.19.117.21 - - [16/Jul/2026:06:45:55 -0600] "POST /xmlrpc.php HTTP/1.1" 200 401 "-" "Mozilla/5.0 (Windows NT 10.0; Win64; x64) AppleWebKit/537.36 (KHTML, like Gecko) Chrome/78.0.3904.108 Safari/537.36"
34.19.117.21 - - [16/Jul/2026:06:46:01 -0600] "POST /xmlrpc.php HTTP/1.1" 200 401 "-" "Mozilla/5.0 (Windows NT 10.0; Win64; x64) AppleWebKit/537.36 (KHTML, like Gecko) Chrome/78.0.3904.108 Safari/537.36"
34.19.117.21 - - [16/Jul/2026:06:46:07 -0600] "POST /xmlrpc.php HTTP/1.1" 200 401 "-" "Mozilla/5.0 (Windows NT 10.0; Win64; x64) AppleWebKit/537.36 (KHTML, like Gecko) Chrome/78.0.3904.108 Safari/537.36"
34.19.117.21 - - [16/Jul/2026:06:46:13 -0600] "POST /xmlrpc.php HTTP/1.1" 200 401 "-" "Mozilla/5.0 (Windows NT 10.0; Win64; x64) AppleWebKit/537.36 (KHTML, like Gecko) Chrome/78.0.3904.108 Safari/537.36"
34.19.117.21 - - [16/Jul/2026:06:46:19 -0600] "POST /xmlrpc.php HTTP/1.1" 200 401 "-" "Mozilla/5.0 (Windows NT 10.0; Win64; x64) AppleWebKit/537.36 (KHTML, like Gecko) Chrome/78.0.3904.108 Safari/537.36"
34.19.117.21 - - [16/Jul/2026:06:46:25 -0600] "POST /xmlrpc.php HTTP/1.1" 200 401 "-" "Mozilla/5.0 (Windows NT 10.0; Win64; x64) AppleWebKit/537.36 (KHTML, like Gecko) Chrome/78.0.3904.108 Safari/537.36"
34.19.117.21 - - [16/Jul/2026:06:45:27 -0600] "GET / HTTP/1.1" 200 82517 "-" "Mozilla/5.0 (Windows NT 10.0; Win64; x64) AppleWebKit/537.36 (KHTML, like Gecko) Chrome/78.0.3904.108 Safari/537.36"
34.19.117.21 - - [16/Jul/2026:06:45:28 -0600] "GET /?author=1 HTTP/1.1" 301 0 "-" "Mozilla/5.0 (Windows NT 10.0; Win64; x64) AppleWebKit/537.36 (KHTML, like Gecko) Chrome/78.0.3904.108 Safari/537.36"
34.19.117.21 - - [16/Jul/2026:06:45:29 -0600] "GET /?author=2 HTTP/1.1" 404 143803 "-" "Mozilla/5.0 (Windows NT 10.0; Win64; x64) AppleWebKit/537.36 (KHTML, like Gecko) Chrome/78.0.3904.108 Safari/537.36"
34.19.117.21 - - [16/Jul/2026:06:45:31 -0600] "GET /wp-json/wp/v2/users/ HTTP/1.1" 200 614 "-" "Mozilla/5.0 (Windows NT 10.0; Win64; x64) AppleWebKit/537.36 (KHTML, like Gecko) Chrome/78.0.3904.108 Safari/537.36"
34.19.117.21 - - [16/Jul/2026:06:45:32 -0600] "POST /xmlrpc.php HTTP/1.1" 200 401 "-" "Mozilla/5.0 (Windows NT 10.0; Win64; x64) AppleWebKit/537.36 (KHTML, like Gecko) Chrome/78.0.3904.108 Safari/537.36"
34.19.117.21 - - [16/Jul/2026:06:45:33 -0600] "POST /xmlrpc.php HTTP/1.1" 200 401 "-" "Mozilla/5.0 (Windows NT 10.0; Win64; x64) AppleWebKit/537.36 (KHTML, like Gecko) Chrome/78.0.3904.108 Safari/537.36"
34.19.117.21 - - [16/Jul/2026:06:45:35 -0600] "POST /xmlrpc.php HTTP/1.1" 200 401 "-" "Mozilla/5.0 (Windows NT 10.0; Win64; x64) AppleWebKit/537.36 (KHTML, like Gecko) Chrome/78.0.3904.108 Safari/537.36"
34.19.117.21 - - [16/Jul/2026:06:45:35 -0600] "POST /xmlrpc.php HTTP/1.1" 200 401 "-" "Mozilla/5.0 (Windows NT 10.0; Win64; x64) AppleWebKit/537.36 (KHTML, like Gecko) Chrome/78.0.3904.108 Safari/537.36"
34.19.117.21 - - [16/Jul/2026:06:45:36 -0600] "POST /xmlrpc.php HTTP/1.1" 200 401 "-" "Mozilla/5.0 (Windows NT 10.0; Win64; x64) AppleWebKit/537.36 (KHTML, like Gecko) Chrome/78.0.3904.108 Safari/537.36"
34.19.117.21 - - [16/Jul/2026:06:45:37 -0600] "POST /xmlrpc.php HTTP/1.1" 200 401 "-" "Mozilla/5.0 (Windows NT 10.0; Win64; x64) AppleWebKit/537.36 (KHTML, like Gecko) Chrome/78.0.3904.108 Safari/537.36"
34.19.117.21 - - [16/Jul/2026:06:45:38 -0600] "POST /xmlrpc.php HTTP/1.1" 200 401 "-" "Mozilla/5.0 (Windows NT 10.0; Win64; x64) AppleWebKit/537.36 (KHTML, like Gecko) Chrome/78.0.3904.108 Safari/537.36"
34.19.117.21 - - [16/Jul/2026:06:45:42 -0600] "POST /xmlrpc.php HTTP/1.1" 200 401 "-" "Mozilla/5.0 (Windows NT 10.0; Win64; x64) AppleWebKit/537.36 (KHTML, like Gecko) Chrome/78.0.3904.108 Safari/537.36"
34.19.117.21 - - [16/Jul/2026:06:45:46 -0600] "POST /xmlrpc.php HTTP/1.1" 200 401 "-" "Mozilla/5.0 (Windows NT 10.0; Win64; x64) AppleWebKit/537.36 (KHTML, like Gecko) Chrome/78.0.3904.108 Safari/537.36"
34.19.117.21 - - [16/Jul/2026:06:45:50 -0600] "POST /xmlrpc.php HTTP/1.1" 200 401 "-" "Mozilla/5.0 (Windows NT 10.0; Win64; x64) AppleWebKit/537.36 (KHTML, like Gecko) Chrome/78.0.3904.108 Safari/537.36"
34.19.117.21 - - [16/Jul/2026:06:45:55 -0600] "POST /xmlrpc.php HTTP/1.1" 200 401 "-" "Mozilla/5.0 (Windows NT 10.0; Win64; x64) AppleWebKit/537.36 (KHTML, like Gecko) Chrome/78.0.3904.108 Safari/537.36"
34.19.117.21 - - [16/Jul/2026:06:46:01 -0600] "POST /xmlrpc.php HTTP/1.1" 200 401 "-" "Mozilla/5.0 (Windows NT 10.0; Win64; x64) AppleWebKit/537.36 (KHTML, like Gecko) Chrome/78.0.3904.108 Safari/537.36"
34.19.117.21 - - [16/Jul/2026:06:46:07 -0600] "POST /xmlrpc.php HTTP/1.1" 200 401 "-" "Mozilla/5.0 (Windows NT 10.0; Win64; x64) AppleWebKit/537.36 (KHTML, like Gecko) Chrome/78.0.3904.108 Safari/537.36"
34.19.117.21 - - [16/Jul/2026:06:46:13 -0600] "POST /xmlrpc.php HTTP/1.1" 200 401 "-" "Mozilla/5.0 (Windows NT 10.0; Win64; x64) AppleWebKit/537.36 (KHTML, like Gecko) Chrome/78.0.3904.108 Safari/537.36"
34.19.117.21 - - [16/Jul/2026:06:46:19 -0600] "POST /xmlrpc.php HTTP/1.1" 200 401 "-" "Mozilla/5.0 (Windows NT 10.0; Win64; x64) AppleWebKit/537.36 (KHTML, like Gecko) Chrome/78.0.3904.108 Safari/537.36"
34.19.117.21 - - [16/Jul/2026:06:46:25 -0600] "POST /xmlrpc.php HTTP/1.1" 200 401 "-" "Mozilla/5.0 (Windows NT 10.0; Win64; x64) AppleWebKit/537.36 (KHTML, like Gecko) Chrome/78.0.3904.108 Safari/537.36"
34.19.117.21 - - [16/Jul/2026:06:46:31 -0600] "POST /xmlrpc.php HTTP/1.1" 200 401 "-" "Mozilla/5.0 (Windows NT 10.0; Win64; x64) AppleWebKit/537.36 (KHTML, like Gecko) Chrome/78.0.3904.108 Safari/537.36"
34.19.117.21 - - [16/Jul/2026:06:46:37 -0600] "POST /xmlrpc.php HTTP/1.1" 200 401 "-" "Mozilla/5.0 (Windows NT 10.0; Win64; x64) AppleWebKit/537.36 (KHTML, like Gecko) Chrome/78.0.3904.108 Safari/537.36"
34.19.117.21 - - [16/Jul/2026:06:46:43 -0600] "POST /xmlrpc.php HTTP/1.1" 200 401 "-" "Mozilla/5.0 (Windows NT 10.0; Win64; x64) AppleWebKit/537.36 (KHTML, like Gecko) Chrome/78.0.3904.108 Safari/537.36"
34.19.117.21 - - [16/Jul/2026:06:46:49 -0600] "POST /xmlrpc.php HTTP/1.1" 200 401 "-" "Mozilla/5.0 (Windows NT 10.0; Win64; x64) AppleWebKit/537.36 (KHTML, like Gecko) Chrome/78.0.3904.108 Safari/537.36"
34.19.117.21 - - [16/Jul/2026:06:46:55 -0600] "POST /xmlrpc.php HTTP/1.1" 200 401 "-" "Mozilla/5.0 (Windows NT 10.0; Win64; x64) AppleWebKit/537.36 (KHTML, like Gecko) Chrome/78.0.3904.108 Safari/537.36"
34.19.117.21 - - [16/Jul/2026:06:47:01 -0600] "POST /xmlrpc.php HTTP/1.1" 200 401 "-" "Mozilla/5.0 (Windows NT 10.0; Win64; x64) AppleWebKit/537.36 (KHTML, like Gecko) Chrome/78.0.3904.108 Safari/537.36"
34.19.117.21 - - [16/Jul/2026:06:47:07 -0600] "POST /xmlrpc.php HTTP/1.1" 200 401 "-" "Mozilla/5.0 (Windows NT 10.0; Win64; x64) AppleWebKit/537.36 (KHTML, like Gecko) Chrome/78.0.3904.108 Safari/537.36"
34.19.117.21 - - [16/Jul/2026:06:47:13 -0600] "POST /xmlrpc.php HTTP/1.1" 200 401 "-" "Mozilla/5.0 (Windows NT 10.0; Win64; x64) AppleWebKit/537.36 (KHTML, like Gecko) Chrome/78.0.3904.108 Safari/537.36"
34.19.117.21 - - [16/Jul/2026:06:47:19 -0600] "POST /xmlrpc.php HTTP/1.1" 200 401 "-" "Mozilla/5.0 (Windows NT 10.0; Win64; x64) AppleWebKit/537.36 (KHTML, like Gecko) Chrome/78.0.3904.108 Safari/537.36"
34.19.117.21 - - [16/Jul/2026:06:47:25 -0600] "POST /xmlrpc.php HTTP/1.1" 200 401 "-" "Mozilla/5.0 (Windows NT 10.0; Win64; x64) AppleWebKit/537.36 (KHTML, like Gecko) Chrome/78.0.3904.108 Safari/537.36"
