151.115.99.206 - - [15/Jul/2026:08:03:23 -0600] "GET /wp-content/themes/buddyboss-theme/assets/js/vendors/slick.min.js?ver=2.20.1 HTTP/2" 200 10656 "https://dfwchat.net/" "Mozilla/5.0 (X11; Linux x86_64) AppleWebKit/537.36 (KHTML, like Gecko) Chrome/134.0.0.0 Safari/537.3"
151.115.99.206 - - [15/Jul/2026:08:03:23 -0600] "GET /wp-content/themes/buddyboss-theme/assets/js/vendors/panelslider.min.js?ver=2.20.1 HTTP/2" 200 477 "https://dfwchat.net/" "Mozilla/5.0 (X11; Linux x86_64) AppleWebKit/537.36 (KHTML, like Gecko) Chrome/134.0.0.0 Safari/537.3"
151.115.99.206 - - [15/Jul/2026:08:03:23 -0600] "GET /wp-content/themes/buddyboss-theme/assets/js/vendors/sticky-kit.js?ver=2.20.1 HTTP/2" 200 1306 "https://dfwchat.net/" "Mozilla/5.0 (X11; Linux x86_64) AppleWebKit/537.36 (KHTML, like Gecko) Chrome/134.0.0.0 Safari/537.3"
151.115.99.206 - - [15/Jul/2026:08:03:23 -0600] "GET /favicon.ico HTTP/2" 404 1251 "https://dfwchat.net/" "Mozilla/5.0 (X11; Linux x86_64) AppleWebKit/537.36 (KHTML, like Gecko) Chrome/134.0.0.0 Safari/537.3"
151.115.99.206 - - [15/Jul/2026:08:03:23 -0600] "GET /wp-content/themes/buddyboss-theme/assets/js/vendors/jssocials.min.js?ver=2.20.1 HTTP/2" 200 2897 "https://dfwchat.net/" "Mozilla/5.0 (X11; Linux x86_64) AppleWebKit/537.36 (KHTML, like Gecko) Chrome/134.0.0.0 Safari/537.3"
151.115.99.206 - - [15/Jul/2026:08:03:23 -0600] "GET /wp-content/themes/buddyboss-theme/assets/js/main.min.js?ver=2.20.1 HTTP/2" 200 11468 "https://dfwchat.net/" "Mozilla/5.0 (X11; Linux x86_64) AppleWebKit/537.36 (KHTML, like Gecko) Chrome/134.0.0.0 Safari/537.3"
151.115.99.206 - - [15/Jul/2026:08:03:23 -0600] "GET /wp-content/themes/buddyboss-theme/assets/js/vendors/validate.min.js?ver=2.20.1 HTTP/2" 200 7806 "https://dfwchat.net/" "Mozilla/5.0 (X11; Linux x86_64) AppleWebKit/537.36 (KHTML, like Gecko) Chrome/134.0.0.0 Safari/537.3"
151.115.99.206 - - [15/Jul/2026:08:03:23 -0600] "GET /wp-includes/js/wp-emoji-release.min.js?ver=7.0.1 HTTP/2" 200 4974 "https://dfwchat.net/" "Mozilla/5.0 (X11; Linux x86_64) AppleWebKit/537.36 (KHTML, like Gecko) Chrome/134.0.0.0 Safari/537.3"
151.115.99.206 - - [15/Jul/2026:08:03:23 -0600] "GET /wp-content/themes/buddyboss-theme/assets/js/vendors/progressbar.min.js?ver=2.20.1 HTTP/2" 200 6771 "https://dfwchat.net/" "Mozilla/5.0 (X11; Linux x86_64) AppleWebKit/537.36 (KHTML, like Gecko) Chrome/134.0.0.0 Safari/537.3"
151.115.99.206 - - [15/Jul/2026:08:03:23 -0600] "GET /wp-content/themes/buddyboss-theme/assets/js/vendors/select2.full.min.js?ver=2.20.1 HTTP/2" 200 20518 "https://dfwchat.net/" "Mozilla/5.0 (X11; Linux x86_64) AppleWebKit/537.36 (KHTML, like Gecko) Chrome/134.0.0.0 Safari/537.3"
151.115.99.206 - - [15/Jul/2026:08:03:23 -0600] "GET /wp-content/themes/buddyboss-theme/assets/js/vendors/mousewheel.min.js?ver=2.20.1 HTTP/2" 200 1127 "https://dfwchat.net/" "Mozilla/5.0 (X11; Linux x86_64) AppleWebKit/537.36 (KHTML, like Gecko) Chrome/134.0.0.0 Safari/537.3"
151.115.99.206 - - [15/Jul/2026:08:03:23 -0600] "GET /wp-content/plugins/buddyboss-platform/bp-templates/bp-nouveau/icons/fonts/lined.woff2?1753964645 HTTP/2" 200 95020 "https://dfwchat.net/wp-content/plugins/buddyboss-platform/bp-templates/bp-nouveau/icons/css/bb-icons.min.css?ver=1.0.11" "Mozilla/5.0 (X11; Linux x86_64) AppleWebKit/537.36 (KHTML, like Gecko) Chrome/134.0.0.0 Safari/537.3"
151.115.99.206 - - [15/Jul/2026:08:03:24 -0600] "GET /wp-includes/js/wp-emoji-release.min.js?ver=7.0.1 HTTP/2" 200 4974 "https://dfwchat.net/" "Mozilla/5.0 (X11; Linux x86_64) AppleWebKit/537.36 (KHTML, like Gecko) Chrome/134.0.0.0 Safari/537.3"
151.115.99.206 - - [15/Jul/2026:08:03:24 -0600] "GET /favicon.ico HTTP/2" 404 1251 "https://dfwchat.net/" "Mozilla/5.0 (X11; Linux x86_64) AppleWebKit/537.36 (KHTML, like Gecko) Chrome/134.0.0.0 Safari/537.3"
151.115.99.206 - - [15/Jul/2026:08:03:34 -0600] "GET /app-ads.txt HTTP/1.1" 404 40510 "-" "Mozilla/5.0 (X11; Linux x86_64) AppleWebKit/537.36 (KHTML, like Gecko) Chrome/134.0.0.0 Safari/537.3"
151.115.99.206 - - [15/Jul/2026:08:03:35 -0600] "GET /sellers.json HTTP/1.1" 404 40511 "-" "Mozilla/5.0 (X11; Linux x86_64) AppleWebKit/537.36 (KHTML, like Gecko) Chrome/134.0.0.0 Safari/537.3"
151.115.99.206 - - [15/Jul/2026:08:03:48 -0600] "GET /app-ads.txt HTTP/1.1" 404 40510 "-" "Mozilla/5.0 (X11; Linux x86_64) AppleWebKit/537.36 (KHTML, like Gecko) Chrome/134.0.0.0 Safari/537.3"
43.153.96.233 - - [15/Jul/2026:08:22:56 -0600] "GET /register/embed/ HTTP/1.1" 200 18577 "https://dfwchat.net/register/embed" "Mozilla/5.0 (iPhone; CPU iPhone OS 13_2_3 like Mac OS X) AppleWebKit/605.1.15 (KHTML, like Gecko) Version/13.0.3 Mobile/15E148 Safari/604.1"
198.175.150.9 - - [15/Jul/2026:08:41:55 -0600] "GET /wp-content/plugins/buddyboss-platform/bp-core/images/cover-image.png HTTP/1.1" 200 23033 "-" "-"
198.175.150.9 - - [15/Jul/2026:08:41:55 -0600] "GET /wp-content/plugins/buddyboss-platform/bp-core/images/cover-image.png HTTP/1.1" 200 23033 "-" "-"
151.115.99.206 - - [15/Jul/2026:08:03:23 -0600] "GET /favicon.ico HTTP/2" 404 1251 "https://dfwchat.net/" "Mozilla/5.0 (X11; Linux x86_64) AppleWebKit/537.36 (KHTML, like Gecko) Chrome/134.0.0.0 Safari/537.3"
151.115.99.206 - - [15/Jul/2026:08:03:28 -0600] "GET /favicon.ico HTTP/1.1" 404 1251 "-" "Mozilla/5.0 (X11; Linux x86_64) AppleWebKit/537.36 (KHTML, like Gecko) Chrome/134.0.0.0 Safari/537.3"
151.115.99.206 - - [15/Jul/2026:08:03:29 -0600] "GET /favicon.ico HTTP/1.1" 404 1251 "-" "Mozilla/5.0 (X11; Linux x86_64) AppleWebKit/537.36 (KHTML, like Gecko) Chrome/134.0.0.0 Safari/537.3"
151.115.99.206 - - [15/Jul/2026:08:03:30 -0600] "GET /favicon.ico HTTP/1.1" 404 1251 "-" "Mozilla/5.0 (X11; Linux x86_64) AppleWebKit/537.36 (KHTML, like Gecko) Chrome/134.0.0.0 Safari/537.3"
151.115.99.206 - - [15/Jul/2026:08:03:33 -0600] "GET /ads.txt HTTP/1.1" 404 40505 "-" "Mozilla/5.0 (X11; Linux x86_64) AppleWebKit/537.36 (KHTML, like Gecko) Chrome/134.0.0.0 Safari/537.3"
151.115.99.206 - - [15/Jul/2026:08:03:33 -0600] "GET /ads.txt HTTP/1.1" 404 40505 "-" "Mozilla/5.0 (X11; Linux x86_64) AppleWebKit/537.36 (KHTML, like Gecko) Chrome/134.0.0.0 Safari/537.3"
43.130.72.177 - - [15/Jul/2026:08:12:32 -0600] "GET /wp-login.php?redirect_to=https%3A%2F%2Fdfwchat.net%2Fjm-ajax%2F HTTP/1.1" 200 5699 "-" "Mozilla/5.0 (iPhone; CPU iPhone OS 13_2_3 like Mac OS X) AppleWebKit/605.1.15 (KHTML, like Gecko) Version/13.0.3 Mobile/15E148 Safari/604.1"
198.175.150.9 - - [15/Jul/2026:08:22:54 -0600] "POST /wp-cron.php?doing_wp_cron=1784125374.1371169090270996093750 HTTP/1.1" 200 0 "-" "WordPress/7.0.1; https://dfwchat.net"
43.159.34.167 - - [15/Jul/2026:08:31:21 -0600] "GET /wp-json/oembed/1.0/embed/activity?url=https%3A%2F%2Fdfwchat.net%2Fmembers%2Fjohnfite%2Factivity%2F2%2F HTTP/1.1" 200 1166 "-" "Mozilla/5.0 (iPhone; CPU iPhone OS 13_2_3 like Mac OS X) AppleWebKit/605.1.15 (KHTML, like Gecko) Version/13.0.3 Mobile/15E148 Safari/604.1"
43.133.220.37 - - [15/Jul/2026:08:41:54 -0600] "GET /members/johnfite/activity/2/ HTTP/1.1" 200 22140 "https://dfwchat.net/members/johnfite/activity/2" "Mozilla/5.0 (iPhone; CPU iPhone OS 13_2_3 like Mac OS X) AppleWebKit/605.1.15 (KHTML, like Gecko) Version/13.0.3 Mobile/15E148 Safari/604.1"
170.106.148.137 - - [15/Jul/2026:08:52:31 -0600] "GET /wp-json/wp/v2/pages/0 HTTP/1.1" 404 94 "-" "Mozilla/5.0 (iPhone; CPU iPhone OS 13_2_3 like Mac OS X) AppleWebKit/605.1.15 (KHTML, like Gecko) Version/13.0.3 Mobile/15E148 Safari/604.1"
43.133.253.253 - - [15/Jul/2026:07:42:40 -0600] "GET /news-feed/p/2/ HTTP/1.1" 302 0 "-" "Mozilla/5.0 (iPhone; CPU iPhone OS 13_2_3 like Mac OS X) AppleWebKit/605.1.15 (KHTML, like Gecko) Version/13.0.3 Mobile/15E148 Safari/604.1"
129.226.195.146 - - [15/Jul/2026:08:01:54 -0600] "GET /news-feed/p/3/ HTTP/1.1" 302 0 "-" "Mozilla/5.0 (iPhone; CPU iPhone OS 13_2_3 like Mac OS X) AppleWebKit/605.1.15 (KHTML, like Gecko) Version/13.0.3 Mobile/15E148 Safari/604.1"
198.175.150.9 - - [15/Jul/2026:08:01:57 -0600] "GET /wp-content/plugins/buddyboss-platform/bp-core/images/cover-image.png HTTP/1.1" 200 23033 "-" "-"
198.175.150.9 - - [15/Jul/2026:08:01:58 -0600] "GET /wp-content/plugins/buddyboss-platform/bp-core/images/cover-image.png HTTP/1.1" 200 23033 "-" "-"
151.115.99.206 - - [15/Jul/2026:08:03:16 -0600] "GET / HTTP/2" 301 0 "-" "Mozilla/5.0 (X11; Linux x86_64) AppleWebKit/537.36 (KHTML, like Gecko) Chrome/134.0.0.0 Safari/537.3"
151.115.99.206 - - [15/Jul/2026:08:03:35 -0600] "GET /sellers.json HTTP/1.1" 404 40511 "-" "Mozilla/5.0 (X11; Linux x86_64) AppleWebKit/537.36 (KHTML, like Gecko) Chrome/134.0.0.0 Safari/537.3"
151.115.99.206 - - [15/Jul/2026:08:03:49 -0600] "GET /sellers.json HTTP/1.1" 404 40513 "-" "Mozilla/5.0 (X11; Linux x86_64) AppleWebKit/537.36 (KHTML, like Gecko) Chrome/134.0.0.0 Safari/537.3"
43.153.96.233 - - [15/Jul/2026:08:22:53 -0600] "GET /register/embed HTTP/1.1" 301 0 "-" "Mozilla/5.0 (iPhone; CPU iPhone OS 13_2_3 like Mac OS X) AppleWebKit/605.1.15 (KHTML, like Gecko) Version/13.0.3 Mobile/15E148 Safari/604.1"
198.175.150.9 - - [15/Jul/2026:07:42:46 -0600] "GET /wp-content/plugins/buddyboss-platform/bp-core/images/cover-image.png HTTP/1.1" 200 23033 "-" "-"
198.175.150.9 - - [15/Jul/2026:07:42:46 -0600] "GET /wp-content/plugins/buddyboss-platform/bp-core/images/cover-image.png HTTP/1.1" 200 23033 "-" "-"
129.226.195.146 - - [15/Jul/2026:08:01:57 -0600] "GET /members/johnfite/activity/3/ HTTP/1.1" 200 22221 "https://dfwchat.net/news-feed/p/3/" "Mozilla/5.0 (iPhone; CPU iPhone OS 13_2_3 like Mac OS X) AppleWebKit/605.1.15 (KHTML, like Gecko) Version/13.0.3 Mobile/15E148 Safari/604.1"
151.115.99.206 - - [15/Jul/2026:08:03:34 -0600] "GET /app-ads.txt HTTP/1.1" 404 40510 "-" "Mozilla/5.0 (X11; Linux x86_64) AppleWebKit/537.36 (KHTML, like Gecko) Chrome/134.0.0.0 Safari/537.3"
151.115.99.206 - - [15/Jul/2026:08:03:41 -0600] "GET /ads.txt HTTP/1.1" 404 40506 "-" "Mozilla/5.0 (X11; Linux x86_64) AppleWebKit/537.36 (KHTML, like Gecko) Chrome/134.0.0.0 Safari/537.3"
43.133.220.37 - - [15/Jul/2026:08:41:52 -0600] "GET /members/johnfite/activity/2 HTTP/1.1" 301 0 "-" "Mozilla/5.0 (iPhone; CPU iPhone OS 13_2_3 like Mac OS X) AppleWebKit/605.1.15 (KHTML, like Gecko) Version/13.0.3 Mobile/15E148 Safari/604.1"
198.175.150.9 - - [15/Jul/2026:09:02:36 -0600] "GET /wp-content/plugins/buddyboss-platform/bp-core/images/cover-image.png HTTP/1.1" 200 23033 "-" "-"
43.134.78.217 - - [15/Jul/2026:09:02:35 -0600] "GET /members/johnfite/ HTTP/1.1" 200 19966 "-" "Mozilla/5.0 (iPhone; CPU iPhone OS 13_2_3 like Mac OS X) AppleWebKit/605.1.15 (KHTML, like Gecko) Version/13.0.3 Mobile/15E148 Safari/604.1"
1.39.234.26 - - [15/Jul/2026:09:19:59 -0600] "POST /xmlrpc.php HTTP/1.1" 200 403 "-" "Mozilla/5.0 (Windows NT 10.0; x86) AppleWebKit/537.36 (KHTML, like Gecko) Opera/71.0.0.0 Safari/537.36"
157.48.211.49 - - [15/Jul/2026:09:41:25 -0600] "POST /xmlrpc.php HTTP/1.1" 200 403 "-" "Mozilla/5.0 (X11; Ubuntu; Linux x86_64; x86) AppleWebKit/537.36 (KHTML, like Gecko) Firefox/76.0.0.0 Safari/537.36"
43.130.12.43 - - [15/Jul/2026:09:42:45 -0600] "GET /groups/searchdfw/ HTTP/1.1" 302 0 "-" "Mozilla/5.0 (iPhone; CPU iPhone OS 13_2_3 like Mac OS X) AppleWebKit/605.1.15 (KHTML, like Gecko) Version/13.0.3 Mobile/15E148 Safari/604.1"
43.130.12.43 - - [15/Jul/2026:09:42:50 -0600] "GET /wp-login.php?redirect_to=https%3A%2F%2Fdfwchat.net%2Fgroups%2Fsearchdfw%2F&bp-auth=1&action=bpnoaccess HTTP/1.1" 200 5791 "https://dfwchat.net/groups/searchdfw/" "Mozilla/5.0 (iPhone; CPU iPhone OS 13_2_3 like Mac OS X) AppleWebKit/605.1.15 (KHTML, like Gecko) Version/13.0.3 Mobile/15E148 Safari/604.1"
157.48.211.49 - - [15/Jul/2026:09:42:51 -0600] "POST /xmlrpc.php HTTP/1.1" 200 403 "-" "Mozilla/5.0 (Macintosh; Intel Mac OS X 10_15_7; arm64) AppleWebKit/537.36 (KHTML, like Gecko) Safari/11.0.0.0 Safari/537.36"
157.48.211.49 - - [15/Jul/2026:09:45:14 -0600] "POST /xmlrpc.php HTTP/1.1" 200 403 "-" "Mozilla/5.0 (Linux; Android 10; arm64) AppleWebKit/537.36 (KHTML, like Gecko) Safari/14.0.0.0 Safari/537.36"
157.48.211.49 - - [15/Jul/2026:09:46:22 -0600] "POST /xmlrpc.php HTTP/1.1" 200 403 "-" "Mozilla/5.0 (X11; Ubuntu; Linux x86_64; x86) AppleWebKit/537.36 (KHTML, like Gecko) Chrome/102.0.0.0 Safari/537.36"
157.48.211.49 - - [15/Jul/2026:09:51:09 -0600] "POST /xmlrpc.php HTTP/1.1" 200 403 "-" "Mozilla/5.0 (Macintosh; Intel Mac OS X 10_15_7; x86) AppleWebKit/537.36 (KHTML, like Gecko) Safari/14.0.0.0 Safari/537.36"
157.48.211.49 - - [15/Jul/2026:09:51:42 -0600] "POST /xmlrpc.php HTTP/1.1" 200 403 "-" "Mozilla/5.0 (X11; Ubuntu; Linux x86_64; arm64) AppleWebKit/537.36 (KHTML, like Gecko) Firefox/82.0.0.0 Safari/537.36"
43.128.149.102 - - [15/Jul/2026:09:52:17 -0600] "GET /news-feed/ HTTP/1.1" 200 24078 "https://dfwchat.net/?p=7" "Mozilla/5.0 (iPhone; CPU iPhone OS 13_2_3 like Mac OS X) AppleWebKit/605.1.15 (KHTML, like Gecko) Version/13.0.3 Mobile/15E148 Safari/604.1"
157.48.211.49 - - [15/Jul/2026:09:52:17 -0600] "POST /xmlrpc.php HTTP/1.1" 200 403 "-" "Mozilla/5.0 (Windows NT 6.2; x64) AppleWebKit/537.36 (KHTML, like Gecko) Chrome/101.0.0.0 Safari/537.36"
157.48.211.49 - - [15/Jul/2026:09:53:58 -0600] "POST /xmlrpc.php HTTP/1.1" 200 403 "-" "Mozilla/5.0 (Macintosh; Intel Mac OS X 10_15_7; x64) AppleWebKit/537.36 (KHTML, like Gecko) Firefox/94.0.0.0 Safari/537.36"
157.48.211.49 - - [15/Jul/2026:09:57:20 -0600] "POST /xmlrpc.php HTTP/1.1" 200 403 "-" "Mozilla/5.0 (Linux; Android 10; x64) AppleWebKit/537.36 (KHTML, like Gecko) Chrome/103.0.0.0 Safari/537.36"
43.166.250.187 - - [15/Jul/2026:10:02:32 -0600] "GET /wp-login.php?redirect_to=https%3A%2F%2Fdfwchat.net%2Fmembers%2Fjohnfite%2Factivity%2F3%2F HTTP/1.1" 200 5712 "-" "Mozilla/5.0 (iPhone; CPU iPhone OS 13_2_3 like Mac OS X) AppleWebKit/605.1.15 (KHTML, like Gecko) Version/13.0.3 Mobile/15E148 Safari/604.1"
157.48.211.49 - - [15/Jul/2026:10:05:59 -0600] "POST /xmlrpc.php HTTP/1.1" 200 403 "-" "Mozilla/5.0 (Macintosh; Intel Mac OS X 10_15_7; x64) AppleWebKit/537.36 (KHTML, like Gecko) Opera/63.0.0.0 Safari/537.36"
49.51.52.250 - - [15/Jul/2026:10:12:29 -0600] "GET /members/johnfite/activity/ HTTP/1.1" 200 24740 "-" "Mozilla/5.0 (iPhone; CPU iPhone OS 13_2_3 like Mac OS X) AppleWebKit/605.1.15 (KHTML, like Gecko) Version/13.0.3 Mobile/15E148 Safari/604.1"
43.156.232.154 - - [15/Jul/2026:09:22:19 -0600] "GET /groups/ HTTP/1.1" 200 19965 "-" "Mozilla/5.0 (iPhone; CPU iPhone OS 13_2_3 like Mac OS X) AppleWebKit/605.1.15 (KHTML, like Gecko) Version/13.0.3 Mobile/15E148 Safari/604.1"
157.48.211.49 - - [15/Jul/2026:09:42:09 -0600] "POST /xmlrpc.php HTTP/1.1" 200 403 "-" "Mozilla/5.0 (X11; Ubuntu; Linux x86_64; x64) AppleWebKit/537.36 (KHTML, like Gecko) Chrome/107.0.0.0 Safari/537.36"
157.48.211.49 - - [15/Jul/2026:09:45:49 -0600] "POST /xmlrpc.php HTTP/1.1" 200 403 "-" "Mozilla/5.0 (Linux; Android 10; x64) AppleWebKit/537.36 (KHTML, like Gecko) Opera/78.0.0.0 Safari/537.36"
157.48.211.49 - - [15/Jul/2026:09:48:08 -0600] "POST /xmlrpc.php HTTP/1.1" 200 403 "-" "Mozilla/5.0 (Windows NT 10.0; arm64) AppleWebKit/537.36 (KHTML, like Gecko) Chrome/105.0.0.0 Safari/537.36"
157.48.211.49 - - [15/Jul/2026:09:53:23 -0600] "POST /xmlrpc.php HTTP/1.1" 200 403 "-" "Mozilla/5.0 (Windows NT 6.3; x64) AppleWebKit/537.36 (KHTML, like Gecko) Firefox/98.0.0.0 Safari/537.36"
157.48.211.49 - - [15/Jul/2026:09:54:29 -0600] "POST /xmlrpc.php HTTP/1.1" 200 403 "-" "Mozilla/5.0 (Macintosh; Intel Mac OS X 10_15_7; arm64) AppleWebKit/537.36 (KHTML, like Gecko) Edge/80.0.0.0 Safari/537.36"
157.48.211.49 - - [15/Jul/2026:09:55:04 -0600] "POST /xmlrpc.php HTTP/1.1" 200 403 "-" "Mozilla/5.0 (Linux; Android 10; x64) AppleWebKit/537.36 (KHTML, like Gecko) Safari/10.0.0.0 Safari/537.36"
157.48.211.49 - - [15/Jul/2026:09:56:44 -0600] "POST /xmlrpc.php HTTP/1.1" 200 403 "-" "Mozilla/5.0 (Linux; Android 10; arm64) AppleWebKit/537.36 (KHTML, like Gecko) Opera/78.0.0.0 Safari/537.36"
157.48.211.49 - - [15/Jul/2026:09:58:26 -0600] "POST /xmlrpc.php HTTP/1.1" 200 403 "-" "Mozilla/5.0 (Linux; Android 10; x64) AppleWebKit/537.36 (KHTML, like Gecko) Chrome/103.0.0.0 Safari/537.36"
157.48.211.49 - - [15/Jul/2026:09:59:02 -0600] "POST /xmlrpc.php HTTP/1.1" 200 403 "-" "Mozilla/5.0 (Windows NT 6.2; x86) AppleWebKit/537.36 (KHTML, like Gecko) Edge/95.0.0.0 Safari/537.36"
157.48.211.49 - - [15/Jul/2026:10:00:15 -0600] "POST /xmlrpc.php HTTP/1.1" 200 403 "-" "Mozilla/5.0 (Windows NT 10.0; arm64) AppleWebKit/537.36 (KHTML, like Gecko) Edge/96.0.0.0 Safari/537.36"
157.48.211.49 - - [15/Jul/2026:10:01:53 -0600] "POST /xmlrpc.php HTTP/1.1" 200 403 "-" "Mozilla/5.0 (Macintosh; Intel Mac OS X 10_15_7; arm64) AppleWebKit/537.36 (KHTML, like Gecko) Edge/96.0.0.0 Safari/537.36"
157.48.211.49 - - [15/Jul/2026:10:03:03 -0600] "POST /xmlrpc.php HTTP/1.1" 200 403 "-" "Mozilla/5.0 (Windows NT 10.0; x64) AppleWebKit/537.36 (KHTML, like Gecko) Opera/73.0.0.0 Safari/537.36"
157.48.211.49 - - [15/Jul/2026:10:04:31 -0600] "POST /xmlrpc.php HTTP/1.1" 200 403 "-" "Mozilla/5.0 (Windows NT 6.3; x64) AppleWebKit/537.36 (KHTML, like Gecko) Firefox/79.0.0.0 Safari/537.36"
157.48.211.49 - - [15/Jul/2026:10:06:42 -0600] "POST /xmlrpc.php HTTP/1.1" 200 403 "-" "Mozilla/5.0 (Linux; Android 10; x64) AppleWebKit/537.36 (KHTML, like Gecko) Safari/14.0.0.0 Safari/537.36"
157.48.211.49 - - [15/Jul/2026:10:07:29 -0600] "POST /xmlrpc.php HTTP/1.1" 200 403 "-" "Mozilla/5.0 (Windows NT 10.0; x64) AppleWebKit/537.36 (KHTML, like Gecko) Chrome/93.0.0.0 Safari/537.36"
157.48.211.49 - - [15/Jul/2026:10:10:52 -0600] "POST /xmlrpc.php HTTP/1.1" 200 403 "-" "Mozilla/5.0 (Windows NT 6.2; arm64) AppleWebKit/537.36 (KHTML, like Gecko) Chrome/102.0.0.0 Safari/537.36"
157.48.211.49 - - [15/Jul/2026:10:12:23 -0600] "POST /xmlrpc.php HTTP/1.1" 200 403 "-" "Mozilla/5.0 (Windows NT 6.3; arm64) AppleWebKit/537.36 (KHTML, like Gecko) Firefox/93.0.0.0 Safari/537.36"
157.48.211.49 - - [15/Jul/2026:10:15:03 -0600] "POST /xmlrpc.php HTTP/1.1" 200 403 "-" "Mozilla/5.0 (Macintosh; Intel Mac OS X 10_15_7; x64) AppleWebKit/537.36 (KHTML, like Gecko) Firefox/81.0.0.0 Safari/537.36"
198.175.150.9 - - [15/Jul/2026:10:22:49 -0600] "POST /wp-cron.php?doing_wp_cron=1784132569.2690119743347167968750 HTTP/1.1" 200 0 "-" "WordPress/7.0.1; https://dfwchat.net"
198.175.150.9 - - [15/Jul/2026:09:02:36 -0600] "GET /wp-content/plugins/buddyboss-platform/bp-core/images/cover-image.png HTTP/1.1" 200 23033 "-" "-"
198.175.150.9 - - [15/Jul/2026:09:20:01 -0600] "POST /wp-cron.php?doing_wp_cron=1784128801.5125429630279541015625 HTTP/1.1" 200 0 "-" "WordPress/7.0.1; https://dfwchat.net"
1.39.234.26 - - [15/Jul/2026:09:23:43 -0600] "GET /wp-json/wp/v2/users HTTP/1.1" 200 617 "-" "Mozilla/4.0 (compatible; Win32; WinHttp.WinHttpRequest.5)"
170.106.163.84 - - [15/Jul/2026:09:33:28 -0600] "GET /members/ HTTP/1.1" 200 20124 "-" "Mozilla/5.0 (iPhone; CPU iPhone OS 13_2_3 like Mac OS X) AppleWebKit/605.1.15 (KHTML, like Gecko) Version/13.0.3 Mobile/15E148 Safari/604.1"
157.48.211.49 - - [15/Jul/2026:09:44:00 -0600] "POST /xmlrpc.php HTTP/1.1" 200 403 "-" "Mozilla/5.0 (Macintosh; Intel Mac OS X 10_15_7; arm64) AppleWebKit/537.36 (KHTML, like Gecko) Chrome/98.0.0.0 Safari/537.36"
157.48.211.49 - - [15/Jul/2026:09:44:35 -0600] "POST /xmlrpc.php HTTP/1.1" 200 403 "-" "Mozilla/5.0 (Macintosh; Intel Mac OS X 10_15_7; arm64) AppleWebKit/537.36 (KHTML, like Gecko) Safari/14.0.0.0 Safari/537.36"
157.48.211.49 - - [15/Jul/2026:09:46:56 -0600] "POST /xmlrpc.php HTTP/1.1" 200 403 "-" "Mozilla/5.0 (X11; Ubuntu; Linux x86_64; x64) AppleWebKit/537.36 (KHTML, like Gecko) Opera/73.0.0.0 Safari/537.36"
157.48.211.49 - - [15/Jul/2026:09:49:59 -0600] "POST /xmlrpc.php HTTP/1.1" 200 403 "-" "Mozilla/5.0 (Macintosh; Intel Mac OS X 10_15_7; x64) AppleWebKit/537.36 (KHTML, like Gecko) Safari/12.0.0.0 Safari/537.36"
157.48.211.49 - - [15/Jul/2026:09:52:49 -0600] "POST /xmlrpc.php HTTP/1.1" 200 403 "-" "Mozilla/5.0 (X11; Ubuntu; Linux x86_64; x64) AppleWebKit/537.36 (KHTML, like Gecko) Opera/62.0.0.0 Safari/537.36"
157.48.211.49 - - [15/Jul/2026:09:55:37 -0600] "POST /xmlrpc.php HTTP/1.1" 200 403 "-" "Mozilla/5.0 (Windows NT 6.3; arm64) AppleWebKit/537.36 (KHTML, like Gecko) Opera/71.0.0.0 Safari/537.36"
157.48.211.49 - - [15/Jul/2026:09:57:54 -0600] "POST /xmlrpc.php HTTP/1.1" 200 403 "-" "Mozilla/5.0 (Linux; Android 10; arm64) AppleWebKit/537.36 (KHTML, like Gecko) Safari/12.0.0.0 Safari/537.36"
157.48.211.49 - - [15/Jul/2026:10:00:50 -0600] "POST /xmlrpc.php HTTP/1.1" 200 403 "-" "Mozilla/5.0 (X11; Ubuntu; Linux x86_64; x64) AppleWebKit/537.36 (KHTML, like Gecko) Edge/97.0.0.0 Safari/537.36"
157.48.211.49 - - [15/Jul/2026:10:01:22 -0600] "POST /xmlrpc.php HTTP/1.1" 200 403 "-" "Mozilla/5.0 (Windows NT 10.0; x64) AppleWebKit/537.36 (KHTML, like Gecko) Safari/11.0.0.0 Safari/537.36"
157.48.211.49 - - [15/Jul/2026:10:03:43 -0600] "POST /xmlrpc.php HTTP/1.1" 200 403 "-" "Mozilla/5.0 (Windows NT 6.2; x64) AppleWebKit/537.36 (KHTML, like Gecko) Opera/63.0.0.0 Safari/537.36"
157.48.211.49 - - [15/Jul/2026:10:05:15 -0600] "POST /xmlrpc.php HTTP/1.1" 200 403 "-" "Mozilla/5.0 (Windows NT 6.3; arm64) AppleWebKit/537.36 (KHTML, like Gecko) Chrome/86.0.0.0 Safari/537.36"
157.48.211.49 - - [15/Jul/2026:10:08:23 -0600] "POST /xmlrpc.php HTTP/1.1" 200 403 "-" "Mozilla/5.0 (Macintosh; Intel Mac OS X 10_15_7; x86) AppleWebKit/537.36 (KHTML, like Gecko) Edge/95.0.0.0 Safari/537.36"
157.48.211.49 - - [15/Jul/2026:10:10:04 -0600] "POST /xmlrpc.php HTTP/1.1" 200 403 "-" "Mozilla/5.0 (Macintosh; Intel Mac OS X 10_15_7; arm64) AppleWebKit/537.36 (KHTML, like Gecko) Chrome/92.0.0.0 Safari/537.36"
198.175.150.9 - - [15/Jul/2026:10:12:29 -0600] "GET /wp-content/plugins/buddyboss-platform/bp-core/images/cover-image.png HTTP/1.1" 200 23033 "-" "-"
198.175.150.9 - - [15/Jul/2026:10:12:29 -0600] "GET /wp-content/plugins/buddyboss-platform/bp-core/images/cover-image.png HTTP/1.1" 200 23033 "-" "-"
157.48.211.49 - - [15/Jul/2026:10:13:01 -0600] "POST /xmlrpc.php HTTP/1.1" 200 403 "-" "Mozilla/5.0 (Windows NT 10.0; x86) AppleWebKit/537.36 (KHTML, like Gecko) Opera/70.0.0.0 Safari/537.36"
157.48.211.49 - - [15/Jul/2026:10:15:57 -0600] "POST /xmlrpc.php HTTP/1.1" 200 403 "-" "Mozilla/5.0 (Windows NT 10.0; x64) AppleWebKit/537.36 (KHTML, like Gecko) Edge/88.0.0.0 Safari/537.36"
43.155.157.239 - - [15/Jul/2026:09:11:35 -0600] "GET /forums/ HTTP/1.1" 200 18823 "-" "Mozilla/5.0 (iPhone; CPU iPhone OS 13_2_3 like Mac OS X) AppleWebKit/605.1.15 (KHTML, like Gecko) Version/13.0.3 Mobile/15E148 Safari/604.1"
1.39.234.26 - - [15/Jul/2026:09:24:23 -0600] "POST /xmlrpc.php HTTP/1.1" 200 403 "-" "Mozilla/5.0 (Windows NT 6.2; arm64) AppleWebKit/537.36 (KHTML, like Gecko) Chrome/88.0.0.0 Safari/537.36"
157.48.211.49 - - [15/Jul/2026:09:40:31 -0600] "POST /xmlrpc.php HTTP/1.1" 200 403 "-" "Mozilla/5.0 (Linux; Android 10; arm64) AppleWebKit/537.36 (KHTML, like Gecko) Edge/95.0.0.0 Safari/537.36"
157.48.211.49 - - [15/Jul/2026:09:43:25 -0600] "POST /xmlrpc.php HTTP/1.1" 200 403 "-" "Mozilla/5.0 (Linux; Android 10; arm64) AppleWebKit/537.36 (KHTML, like Gecko) Opera/77.0.0.0 Safari/537.36"
157.48.211.49 - - [15/Jul/2026:09:47:34 -0600] "POST /xmlrpc.php HTTP/1.1" 200 403 "-" "Mozilla/5.0 (Windows NT 6.2; arm64) AppleWebKit/537.36 (KHTML, like Gecko) Safari/13.0.0.0 Safari/537.36"
157.48.211.49 - - [15/Jul/2026:09:48:47 -0600] "POST /xmlrpc.php HTTP/1.1" 200 403 "-" "Mozilla/5.0 (Windows NT 6.3; arm64) AppleWebKit/537.36 (KHTML, like Gecko) Chrome/106.0.0.0 Safari/537.36"
157.48.211.49 - - [15/Jul/2026:09:49:21 -0600] "POST /xmlrpc.php HTTP/1.1" 200 403 "-" "Mozilla/5.0 (Windows NT 6.3; x64) AppleWebKit/537.36 (KHTML, like Gecko) Opera/72.0.0.0 Safari/537.36"
157.48.211.49 - - [15/Jul/2026:09:50:35 -0600] "POST /xmlrpc.php HTTP/1.1" 200 403 "-" "Mozilla/5.0 (Macintosh; Intel Mac OS X 10_15_7; arm64) AppleWebKit/537.36 (KHTML, like Gecko) Firefox/96.0.0.0 Safari/537.36"
43.128.149.102 - - [15/Jul/2026:09:52:14 -0600] "GET /?p=7 HTTP/1.1" 301 0 "-" "Mozilla/5.0 (iPhone; CPU iPhone OS 13_2_3 like Mac OS X) AppleWebKit/605.1.15 (KHTML, like Gecko) Version/13.0.3 Mobile/15E148 Safari/604.1"
157.48.211.49 - - [15/Jul/2026:09:56:10 -0600] "POST /xmlrpc.php HTTP/1.1" 200 403 "-" "Mozilla/5.0 (Macintosh; Intel Mac OS X 10_15_7; arm64) AppleWebKit/537.36 (KHTML, like Gecko) Opera/80.0.0.0 Safari/537.36"
157.48.211.49 - - [15/Jul/2026:09:59:37 -0600] "POST /xmlrpc.php HTTP/1.1" 200 403 "-" "Mozilla/5.0 (Windows NT 10.0; arm64) AppleWebKit/537.36 (KHTML, like Gecko) Edge/90.0.0.0 Safari/537.36"
157.48.211.49 - - [15/Jul/2026:10:02:26 -0600] "POST /xmlrpc.php HTTP/1.1" 200 403 "-" "Mozilla/5.0 (Windows NT 10.0; x64) AppleWebKit/537.36 (KHTML, like Gecko) Edge/94.0.0.0 Safari/537.36"
157.48.211.49 - - [15/Jul/2026:10:09:11 -0600] "POST /xmlrpc.php HTTP/1.1" 200 403 "-" "Mozilla/5.0 (Macintosh; Intel Mac OS X 10_15_7; x86) AppleWebKit/537.36 (KHTML, like Gecko) Firefox/93.0.0.0 Safari/537.36"
157.48.211.49 - - [15/Jul/2026:10:11:40 -0600] "POST /xmlrpc.php HTTP/1.1" 200 403 "-" "Mozilla/5.0 (X11; Ubuntu; Linux x86_64; arm64) AppleWebKit/537.36 (KHTML, like Gecko) Firefox/96.0.0.0 Safari/537.36"
157.48.211.49 - - [15/Jul/2026:10:13:42 -0600] "POST /xmlrpc.php HTTP/1.1" 200 403 "-" "Mozilla/5.0 (Linux; Android 10; x86) AppleWebKit/537.36 (KHTML, like Gecko) Edge/87.0.0.0 Safari/537.36"
157.48.211.49 - - [15/Jul/2026:10:15:44 -0600] "POST /xmlrpc.php HTTP/1.1" 200 403 "-" "Mozilla/5.0 (Windows NT 6.3; arm64) AppleWebKit/537.36 (KHTML, like Gecko) Edge/97.0.0.0 Safari/537.36"
104.64.150.190 - - [15/Jul/2026:10:46:09 -0600] "GET /wp-login.php HTTP/1.1" 200 5693 "-" "Mozilla/5.0 (Windows NT 10.0; Win64; rv:143.0) Gecko/20100101 Firefox/143.0"
104.64.150.190 - - [15/Jul/2026:10:46:11 -0600] "GET /?author=1 HTTP/1.1" 301 0 "-" "Mozilla/5.0 (Windows NT 10.0; Win64; x64) AppleWebKit/537.36 Chrome/129.0.0.0 Safari/537.36"
104.64.150.190 - - [15/Jul/2026:10:46:12 -0600] "GET /?rest_route=/wp/v2/users HTTP/1.1" 200 267 "-" "Mozilla/5.0 (Windows NT 10.0; Win64; rv:143.0) Gecko/20100101 Firefox/143.0"
104.64.150.190 - - [15/Jul/2026:10:46:14 -0600] "GET /?author=2 HTTP/1.1" 404 40504 "-" "Mozilla/5.0 (Windows NT 10.0; Win64; rv:143.0) Gecko/20100101 Firefox/143.0"
104.64.150.190 - - [15/Jul/2026:10:46:16 -0600] "GET /?rest_route=/wp/v2/users HTTP/1.1" 200 267 "-" "Mozilla/5.0 (Windows NT 10.0; Win64; rv:143.0) Gecko/20100101 Firefox/143.0"
43.159.128.155 - - [15/Jul/2026:10:32:17 -0600] "GET /wp-login.php?redirect_to=https%3A%2F%2Fdfwchat.net%2Fmembers%2Fjohnfite%2F HTTP/1.1" 200 5704 "-" "Mozilla/5.0 (iPhone; CPU iPhone OS 13_2_3 like Mac OS X) AppleWebKit/605.1.15 (KHTML, like Gecko) Version/13.0.3 Mobile/15E148 Safari/604.1"
35.240.129.194 - - [15/Jul/2026:10:33:54 -0600] "GET /administrator/components/com_sppagebuilder/config.xml HTTP/2" 404 40567 "-" "Mozilla/5.0 (X11; Linux x86_64) Firefox/117.0"
198.175.150.9 - - [15/Jul/2026:10:52:39 -0600] "GET /wp-content/plugins/buddyboss-platform/bp-core/images/cover-image.png HTTP/1.1" 200 23033 "-" "-"
170.106.37.134 - - [15/Jul/2026:11:02:15 -0600] "GET /members/johnfite HTTP/1.1" 301 0 "-" "Mozilla/5.0 (iPhone; CPU iPhone OS 13_2_3 like Mac OS X) AppleWebKit/605.1.15 (KHTML, like Gecko) Version/13.0.3 Mobile/15E148 Safari/604.1"
43.156.37.91 - - [15/Jul/2026:11:11:05 -0600] "GET /forums/ HTTP/1.1" 200 18823 "https://dfwchat.net/forums" "Mozilla/5.0 (iPhone; CPU iPhone OS 13_2_3 like Mac OS X) AppleWebKit/605.1.15 (KHTML, like Gecko) Version/13.0.3 Mobile/15E148 Safari/604.1"
198.175.150.9 - - [15/Jul/2026:11:22:30 -0600] "POST /wp-cron.php?doing_wp_cron=1784136150.8598430156707763671875 HTTP/1.1" 200 0 "-" "WordPress/7.0.1; https://dfwchat.net"
43.135.172.89 - - [15/Jul/2026:11:32:39 -0600] "GET /members/ HTTP/1.1" 200 20125 "https://dfwchat.net/members" "Mozilla/5.0 (iPhone; CPU iPhone OS 13_2_3 like Mac OS X) AppleWebKit/605.1.15 (KHTML, like Gecko) Version/13.0.3 Mobile/15E148 Safari/604.1"
43.135.140.225 - - [15/Jul/2026:11:52:42 -0600] "GET /wp-login.php?redirect_to=https%3A%2F%2Fdfwchat.net%2Fmembers%2Fjohnfite%2Factivity%2F3%2F HTTP/1.1" 200 5712 "-" "Mozilla/5.0 (iPhone; CPU iPhone OS 13_2_3 like Mac OS X) AppleWebKit/605.1.15 (KHTML, like Gecko) Version/13.0.3 Mobile/15E148 Safari/604.1"
157.48.211.49 - - [15/Jul/2026:10:14:23 -0600] "POST /xmlrpc.php HTTP/1.1" 200 403 "-" "Mozilla/5.0 (X11; Ubuntu; Linux x86_64; x64) AppleWebKit/537.36 (KHTML, like Gecko) Opera/69.0.0.0 Safari/537.36"
43.130.14.245 - - [15/Jul/2026:10:22:48 -0600] "GET /members/johnfite/activity/feed/ HTTP/1.1" 200 645 "-" "Mozilla/5.0 (iPhone; CPU iPhone OS 13_2_3 like Mac OS X) AppleWebKit/605.1.15 (KHTML, like Gecko) Version/13.0.3 Mobile/15E148 Safari/604.1"
43.130.16.140 - - [15/Jul/2026:10:52:39 -0600] "GET /members/johnfite/groups/ HTTP/1.1" 200 21414 "-" "Mozilla/5.0 (iPhone; CPU iPhone OS 13_2_3 like Mac OS X) AppleWebKit/605.1.15 (KHTML, like Gecko) Version/13.0.3 Mobile/15E148 Safari/604.1"
198.175.150.9 - - [15/Jul/2026:11:02:21 -0600] "GET /wp-content/plugins/buddyboss-platform/bp-core/images/cover-image.png HTTP/1.1" 200 23033 "-" "-"
43.133.253.253 - - [15/Jul/2026:11:22:30 -0600] "GET /wp-json/wp/v2/pages/29 HTTP/1.1" 200 521 "-" "Mozilla/5.0 (iPhone; CPU iPhone OS 13_2_3 like Mac OS X) AppleWebKit/605.1.15 (KHTML, like Gecko) Version/13.0.3 Mobile/15E148 Safari/604.1"
43.135.172.89 - - [15/Jul/2026:11:32:34 -0600] "GET /members HTTP/1.1" 301 0 "-" "Mozilla/5.0 (iPhone; CPU iPhone OS 13_2_3 like Mac OS X) AppleWebKit/605.1.15 (KHTML, like Gecko) Version/13.0.3 Mobile/15E148 Safari/604.1"
43.130.111.40 - - [15/Jul/2026:10:42:14 -0600] "GET /wp-json/oembed/1.0/embed?url=https%3A%2F%2Fdfwchat.net%2F HTTP/1.1" 404 91 "-" "Mozilla/5.0 (iPhone; CPU iPhone OS 13_2_3 like Mac OS X) AppleWebKit/605.1.15 (KHTML, like Gecko) Version/13.0.3 Mobile/15E148 Safari/604.1"
34.142.230.186 - - [15/Jul/2026:10:43:30 -0600] "GET /administrator/components/com_sppagebuilder/config.xml HTTP/2" 404 40567 "-" "Mozilla/5.0 (X11; Linux x86_64) Firefox/117.0"
198.175.150.9 - - [15/Jul/2026:11:02:21 -0600] "GET /wp-content/plugins/buddyboss-platform/bp-core/images/cover-image.png HTTP/1.1" 200 23033 "-" "-"
170.106.37.134 - - [15/Jul/2026:11:02:20 -0600] "GET /members/johnfite/ HTTP/1.1" 200 19962 "https://dfwchat.net/members/johnfite" "Mozilla/5.0 (iPhone; CPU iPhone OS 13_2_3 like Mac OS X) AppleWebKit/605.1.15 (KHTML, like Gecko) Version/13.0.3 Mobile/15E148 Safari/604.1"
43.156.37.91 - - [15/Jul/2026:11:11:01 -0600] "GET /forums HTTP/1.1" 301 0 "-" "Mozilla/5.0 (iPhone; CPU iPhone OS 13_2_3 like Mac OS X) AppleWebKit/605.1.15 (KHTML, like Gecko) Version/13.0.3 Mobile/15E148 Safari/604.1"
162.62.132.25 - - [15/Jul/2026:11:42:18 -0600] "GET /wp-login.php?redirect_to=https%3A%2F%2Fdfwchat.net%2Fgroups%2Fsearchdfw%2F&bp-auth=1&action=bpnoaccess HTTP/1.1" 200 5791 "-" "Mozilla/5.0 (iPhone; CPU iPhone OS 13_2_3 like Mac OS X) AppleWebKit/605.1.15 (KHTML, like Gecko) Version/13.0.3 Mobile/15E148 Safari/604.1"
198.175.150.9 - - [15/Jul/2026:10:52:39 -0600] "GET /wp-content/plugins/buddyboss-platform/bp-core/images/cover-image.png HTTP/1.1" 200 23033 "-" "-"
49.51.39.209 - - [15/Jul/2026:12:02:30 -0600] "GET /members/johnfite/activity/%7B%7B%20user.profile_url%20%7D%7D HTTP/1.1" 301 0 "-" "Mozilla/5.0 (iPhone; CPU iPhone OS 13_2_3 like Mac OS X) AppleWebKit/605.1.15 (KHTML, like Gecko) Version/13.0.3 Mobile/15E148 Safari/604.1"
49.51.39.209 - - [15/Jul/2026:12:02:34 -0600] "GET /members/johnfite/activity/%7B%7B%20user.profile_url%20%7D%7D/ HTTP/1.1" 404 43376 "https://dfwchat.net/members/johnfite/activity/%7B%7B%20user.profile_url%20%7D%7D" "Mozilla/5.0 (iPhone; CPU iPhone OS 13_2_3 like Mac OS X) AppleWebKit/605.1.15 (KHTML, like Gecko) Version/13.0.3 Mobile/15E148 Safari/604.1"
198.175.150.9 - - [15/Jul/2026:12:02:35 -0600] "GET /wp-content/plugins/buddyboss-platform/bp-core/images/cover-image.png HTTP/1.1" 200 23033 "-" "-"
198.175.150.9 - - [15/Jul/2026:12:02:35 -0600] "GET /wp-content/plugins/buddyboss-platform/bp-core/images/cover-image.png HTTP/1.1" 200 23033 "-" "-"
198.175.150.9 - - [15/Jul/2026:12:24:18 -0600] "GET / HTTP/1.1" 200 21693 "-" "WordPress/7.0.1; https://dfwchat.net"
185.247.137.64 - - [15/Jul/2026:13:28:33 -0600] "GET / HTTP/1.1" 200 21713 "-" "Mozilla/5.0 (compatible; InternetMeasurement/1.0; +https://internet-measurement.com/)"
167.94.146.51 - - [15/Jul/2026:14:27:21 -0600] "GET / HTTP/1.1" 200 21716 "-" "Mozilla/5.0 (compatible; CensysInspect/1.1; +https://about.censys.io/)"
198.175.150.9 - - [15/Jul/2026:12:24:16 -0600] "GET / HTTP/1.1" 200 21694 "-" "WordPress/7.0.1; https://dfwchat.net"
198.175.150.9 - - [15/Jul/2026:13:28:34 -0600] "POST /wp-cron.php?doing_wp_cron=1784143714.3574590682983398437500 HTTP/1.1" 200 0 "-" "WordPress/7.0.1; https://dfwchat.net"
182.48.229.178 - - [15/Jul/2026:13:55:14 -0600] "GET / HTTP/1.1" 200 19095 "-" "Mozilla/5.0"
149.57.180.74 - - [15/Jul/2026:14:11:19 -0600] "GET / HTTP/1.1" 200 21717 "-" "Mozilla/5.0 (X11; Linux i686; rv:109.0) Gecko/20100101 Firefox/120.0"
198.175.150.9 - - [15/Jul/2026:14:27:22 -0600] "POST /wp-cron.php?doing_wp_cron=1784147242.7000739574432373046875 HTTP/1.1" 200 0 "-" "WordPress/7.0.1; https://dfwchat.net"
167.94.146.51 - - [15/Jul/2026:14:27:27 -0600] "GET /favicon.ico HTTP/1.1" 404 1251 "-" "Mozilla/5.0 (compatible; CensysInspect/1.1; +https://about.censys.io/)"
170.106.11.141 - - [15/Jul/2026:12:24:12 -0600] "GET /wp-login.php?redirect_to=https%3A%2F%2Fdfwchat.net%2Fmembers%2Fjohnfite%2F HTTP/1.1" 200 5704 "-" "Mozilla/5.0 (iPhone; CPU iPhone OS 13_2_3 like Mac OS X) AppleWebKit/605.1.15 (KHTML, like Gecko) Version/13.0.3 Mobile/15E148 Safari/604.1"
43.166.130.123 - - [15/Jul/2026:12:32:13 -0600] "GET /members/johnfite/groups HTTP/1.1" 301 0 "-" "Mozilla/5.0 (iPhone; CPU iPhone OS 13_2_3 like Mac OS X) AppleWebKit/605.1.15 (KHTML, like Gecko) Version/13.0.3 Mobile/15E148 Safari/604.1"
198.175.150.9 - - [15/Jul/2026:12:32:17 -0600] "GET /wp-content/plugins/buddyboss-platform/bp-core/images/cover-image.png HTTP/1.1" 200 23033 "-" "-"
198.175.150.9 - - [15/Jul/2026:12:32:17 -0600] "GET /wp-content/plugins/buddyboss-platform/bp-core/images/cover-image.png HTTP/1.1" 200 23033 "-" "-"
43.130.39.254 - - [15/Jul/2026:12:12:36 -0600] "GET /wp-login.php?redirect_to=https%3A%2F%2Fdfwchat.net%2Fmembers%2Fjohnfite%2Factivity%2F HTTP/1.1" 200 5710 "-" "Mozilla/5.0 (iPhone; CPU iPhone OS 13_2_3 like Mac OS X) AppleWebKit/605.1.15 (KHTML, like Gecko) Version/13.0.3 Mobile/15E148 Safari/604.1"
198.175.150.9 - - [15/Jul/2026:12:24:14 -0600] "POST /wp-cron.php?doing_wp_cron=1784139854.3875260353088378906250 HTTP/1.1" 200 0 "-" "WordPress/7.0.1; https://dfwchat.net"
198.175.150.9 - - [15/Jul/2026:12:24:15 -0600] "POST /wp-cron.php HTTP/1.1" 200 0 "-" "WordPress/7.0.1; https://dfwchat.net"
198.175.150.9 - - [15/Jul/2026:12:24:15 -0600] "GET / HTTP/1.1" 200 21692 "-" "WordPress/7.0.1; https://dfwchat.net"
198.175.150.9 - - [15/Jul/2026:12:24:17 -0600] "GET / HTTP/1.1" 200 21692 "-" "WordPress/7.0.1; https://dfwchat.net"
172.236.122.62 - - [15/Jul/2026:12:29:42 -0600] "GET / HTTP/2" 200 19094 "-" "Mozilla/5.0 (Windows NT 10.0; Win64; x64) AppleWebKit/537.36 (KHTML, like Gecko) Chrome/139.0.0.0 Safari/537.36"
43.166.130.123 - - [15/Jul/2026:12:32:16 -0600] "GET /members/johnfite/groups/ HTTP/1.1" 200 21418 "https://dfwchat.net/members/johnfite/groups" "Mozilla/5.0 (iPhone; CPU iPhone OS 13_2_3 like Mac OS X) AppleWebKit/605.1.15 (KHTML, like Gecko) Version/13.0.3 Mobile/15E148 Safari/604.1"
128.1.180.167 - - [15/Jul/2026:12:32:50 -0600] "POST / HTTP/2" 200 0 "-" "Go-http-client/2.0"
172.236.122.62 - - [15/Jul/2026:12:36:02 -0600] "GET / HTTP/2" 200 19093 "-" "Mozilla/5.0 (Windows NT 10.0; Win64; x64) AppleWebKit/537.36 (KHTML, like Gecko) Chrome/139.0.0.0 Safari/537.36"
172.236.122.62 - - [15/Jul/2026:12:36:03 -0600] "GET /robots.txt HTTP/2" 200 92 "-" "Mozilla/5.0 (Windows NT 10.0; Win64; x64) AppleWebKit/537.36 (KHTML, like Gecko) Chrome/139.0.0.0 Safari/537.36"
43.157.156.190 - - [15/Jul/2026:12:41:19 -0600] "GET /wp-login.php?redirect_to=https%3A%2F%2Fdfwchat.net%2Fmembers%2Fjohnfite%2Fgroups%2F HTTP/1.1" 200 5709 "-" "Mozilla/5.0 (iPhone; CPU iPhone OS 13_2_3 like Mac OS X) AppleWebKit/605.1.15 (KHTML, like Gecko) Version/13.0.3 Mobile/15E148 Safari/604.1"
149.57.180.136 - - [15/Jul/2026:14:11:58 -0600] "GET / HTTP/1.1" 200 21693 "-" "Mozilla/5.0 (X11; Linux i686; rv:109.0) Gecko/20100101 Firefox/120.0"
167.94.146.51 - - [15/Jul/2026:14:27:39 -0600] "GET /wp-json/?_fields=name,description,home,gmt_offset,timezone_string,namespaces HTTP/1.1" 200 213 "-" "Mozilla/5.0 (compatible; CensysInspect/1.1; +https://about.censys.io/)"
149.57.180.15 - - [15/Jul/2026:15:03:56 -0600] "GET / HTTP/1.1" 200 21715 "-" "Mozilla/5.0 (X11; Linux i686; rv:109.0) Gecko/20100101 Firefox/120.0"
23.27.145.146 - - [15/Jul/2026:15:09:38 -0600] "GET /wp-content/plugins/buddyboss-platform/bp-templates/bp-nouveau/icons/css/icons-map.min.css?ver=3.1.1 HTTP/2" 200 2532 "https://dfwchat.net.dfw.party/" "Mozilla/5.0 (Windows NT 10.0; Win64; x64) AppleWebKit/537.36 (KHTML, like Gecko) Chrome/119.0.0.0 Safari/537.36"
23.27.145.146 - - [15/Jul/2026:15:09:38 -0600] "GET /wp-includes/css/dashicons.min.css?ver=7.0.1 HTTP/2" 200 35101 "https://dfwchat.net.dfw.party/" "Mozilla/5.0 (Windows NT 10.0; Win64; x64) AppleWebKit/537.36 (KHTML, like Gecko) Chrome/119.0.0.0 Safari/537.36"
23.27.145.146 - - [15/Jul/2026:15:09:38 -0600] "GET /wp-content/themes/buddyboss-theme/assets/css/vendors/select2.min.css?ver=2.20.1 HTTP/2" 200 1800 "https://dfwchat.net.dfw.party/" "Mozilla/5.0 (Windows NT 10.0; Win64; x64) AppleWebKit/537.36 (KHTML, like Gecko) Chrome/119.0.0.0 Safari/537.36"
23.27.145.146 - - [15/Jul/2026:15:09:38 -0600] "GET /wp-content/themes/buddyboss-theme/assets/css/bbpress.min.css?ver=2.20.1 HTTP/2" 200 21390 "https://dfwchat.net.dfw.party/" "Mozilla/5.0 (Windows NT 10.0; Win64; x64) AppleWebKit/537.36 (KHTML, like Gecko) Chrome/119.0.0.0 Safari/537.36"
23.27.145.146 - - [15/Jul/2026:15:09:38 -0600] "GET /wp-content/themes/buddyboss-theme/assets/css/theme.min.css?ver=2.20.1 HTTP/2" 200 44255 "https://dfwchat.net.dfw.party/" "Mozilla/5.0 (Windows NT 10.0; Win64; x64) AppleWebKit/537.36 (KHTML, like Gecko) Chrome/119.0.0.0 Safari/537.36"
23.27.145.146 - - [15/Jul/2026:15:09:38 -0600] "GET /wp-content/themes/buddyboss-theme/assets/css/template-v2.min.css?ver=2.20.1 HTTP/2" 200 14675 "https://dfwchat.net.dfw.party/" "Mozilla/5.0 (Windows NT 10.0; Win64; x64) AppleWebKit/537.36 (KHTML, like Gecko) Chrome/119.0.0.0 Safari/537.36"
23.27.145.146 - - [15/Jul/2026:15:09:38 -0600] "GET /wp-content/plugins/buddyboss-platform-pro/includes/access-control/assets/css/bb-access-control.min.css?ver=3.0.3 HTTP/2" 200 184 "https://dfwchat.net.dfw.party/" "Mozilla/5.0 (Windows NT 10.0; Win64; x64) AppleWebKit/537.36 (KHTML, like Gecko) Chrome/119.0.0.0 Safari/537.36"
23.27.145.146 - - [15/Jul/2026:15:09:38 -0600] "GET /wp-content/plugins/buddyboss-platform-pro/includes/polls/assets/css/bb-polls.min.css?ver=3.0.3 HTTP/2" 200 2163 "https://dfwchat.net.dfw.party/" "Mozilla/5.0 (Windows NT 10.0; Win64; x64) AppleWebKit/537.36 (KHTML, like Gecko) Chrome/119.0.0.0 Safari/537.36"
23.27.145.146 - - [15/Jul/2026:15:09:38 -0600] "GET /wp-content/plugins/buddyboss-platform/bp-core/js/vendor/jquery-scroll-to.min.js?ver=3.1.1 HTTP/2" 200 1398 "https://dfwchat.net.dfw.party/" "Mozilla/5.0 (Windows NT 10.0; Win64; x64) AppleWebKit/537.36 (KHTML, like Gecko) Chrome/119.0.0.0 Safari/537.36"
23.27.145.146 - - [15/Jul/2026:15:09:38 -0600] "GET /wp-content/plugins/buddyboss-platform-pro/includes/integrations/meprlms/assets/js/bb-meprlms-frontend.min.js?ver=3.1.1 HTTP/2" 200 126 "https://dfwchat.net.dfw.party/" "Mozilla/5.0 (Windows NT 10.0; Win64; x64) AppleWebKit/537.36 (KHTML, like Gecko) Chrome/119.0.0.0 Safari/537.36"
23.27.145.146 - - [15/Jul/2026:15:09:38 -0600] "GET /wp-content/plugins/buddyboss-platform/bp-core/js/vendor/jquery-cookie.min.js?ver=3.1.1 HTTP/2" 200 595 "https://dfwchat.net.dfw.party/" "Mozilla/5.0 (Windows NT 10.0; Win64; x64) AppleWebKit/537.36 (KHTML, like Gecko) Chrome/119.0.0.0 Safari/537.36"
23.27.145.146 - - [15/Jul/2026:15:09:38 -0600] "GET /wp-includes/js/twemoji.min.js?ver=3.1.1 HTTP/2" 200 3820 "https://dfwchat.net.dfw.party/" "Mozilla/5.0 (Windows NT 10.0; Win64; x64) AppleWebKit/537.36 (KHTML, like Gecko) Chrome/119.0.0.0 Safari/537.36"
23.27.145.146 - - [15/Jul/2026:15:09:38 -0600] "GET /wp-includes/js/jquery/jquery-migrate.min.js?ver=3.4.1 HTTP/2" 200 4678 "https://dfwchat.net.dfw.party/" "Mozilla/5.0 (Windows NT 10.0; Win64; x64) AppleWebKit/537.36 (KHTML, like Gecko) Chrome/119.0.0.0 Safari/537.36"
23.27.145.146 - - [15/Jul/2026:15:09:38 -0600] "GET /wp-includes/js/jquery/jquery.min.js?ver=3.7.1 HTTP/2" 200 29744 "https://dfwchat.net.dfw.party/" "Mozilla/5.0 (Windows NT 10.0; Win64; x64) AppleWebKit/537.36 (KHTML, like Gecko) Chrome/119.0.0.0 Safari/537.36"
23.27.145.146 - - [15/Jul/2026:15:09:38 -0600] "GET /wp-content/plugins/buddyboss-platform-pro/includes/integrations/tutorlms/assets/js/bb-tutorlms-admin.min.js?ver=3.1.1 HTTP/2" 200 891 "https://dfwchat.net.dfw.party/" "Mozilla/5.0 (Windows NT 10.0; Win64; x64) AppleWebKit/537.36 (KHTML, like Gecko) Chrome/119.0.0.0 Safari/537.36"
23.27.145.146 - - [15/Jul/2026:15:09:38 -0600] "GET /wp-content/plugins/buddyboss-platform/bp-core/js/vendor/magnific-popup.js?ver=3.1.1 HTTP/2" 200 7043 "https://dfwchat.net.dfw.party/" "Mozilla/5.0 (Windows NT 10.0; Win64; x64) AppleWebKit/537.36 (KHTML, like Gecko) Chrome/119.0.0.0 Safari/537.36"
23.27.145.146 - - [15/Jul/2026:15:09:38 -0600] "GET /wp-content/plugins/buddyboss-platform/bp-core/js/bb-emoji-loader.min.js?ver=3.1.1 HTTP/2" 200 1311 "https://dfwchat.net.dfw.party/" "Mozilla/5.0 (Windows NT 10.0; Win64; x64) AppleWebKit/537.36 (KHTML, like Gecko) Chrome/119.0.0.0 Safari/537.36"
23.27.145.146 - - [15/Jul/2026:15:09:38 -0600] "GET /wp-content/plugins/buddyboss-platform/bp-core/js/widget-members.min.js?ver=3.1.1 HTTP/2" 200 792 "https://dfwchat.net.dfw.party/" "Mozilla/5.0 (Windows NT 10.0; Win64; x64) AppleWebKit/537.36 (KHTML, like Gecko) Chrome/119.0.0.0 Safari/537.36"
23.27.145.146 - - [15/Jul/2026:15:09:38 -0600] "GET /wp-content/plugins/buddyboss-platform/bp-core/js/jquery-query.min.js?ver=3.1.1 HTTP/2" 200 179 "https://dfwchat.net.dfw.party/" "Mozilla/5.0 (Windows NT 10.0; Win64; x64) AppleWebKit/537.36 (KHTML, like Gecko) Chrome/119.0.0.0 Safari/537.36"
23.27.145.146 - - [15/Jul/2026:15:09:38 -0600] "GET /wp-content/plugins/buddyboss-platform-pro/includes/integrations/tutorlms/assets/css/bb-tutorlms-admin.min.css?ver=3.1.1 HTTP/2" 200 928 "https://dfwchat.net.dfw.party/" "Mozilla/5.0 (Windows NT 10.0; Win64; x64) AppleWebKit/537.36 (KHTML, like Gecko) Chrome/119.0.0.0 Safari/537.36"
23.27.145.146 - - [15/Jul/2026:15:09:38 -0600] "GET /wp-content/plugins/buddyboss-platform/bp-core/css/admin-bar.min.css?ver=3.1.1 HTTP/2" 200 527 "https://dfwchat.net.dfw.party/" "Mozilla/5.0 (Windows NT 10.0; Win64; x64) AppleWebKit/537.36 (KHTML, like Gecko) Chrome/119.0.0.0 Safari/537.36"
23.27.145.146 - - [15/Jul/2026:15:09:38 -0600] "GET /wp-content/themes/buddyboss-theme/assets/css/buddypress.min.css?ver=2.20.1 HTTP/2" 200 110739 "https://dfwchat.net.dfw.party/" "Mozilla/5.0 (Windows NT 10.0; Win64; x64) AppleWebKit/537.36 (KHTML, like Gecko) Chrome/119.0.0.0 Safari/537.36"
23.27.145.146 - - [15/Jul/2026:15:09:38 -0600] "GET /wp-content/plugins/buddyboss-platform-pro/assets/css/index.min.css?ver=3.0.3 HTTP/2" 200 844 "https://dfwchat.net.dfw.party/" "Mozilla/5.0 (Windows NT 10.0; Win64; x64) AppleWebKit/537.36 (KHTML, like Gecko) Chrome/119.0.0.0 Safari/537.36"
23.27.145.146 - - [15/Jul/2026:15:09:38 -0600] "GET /wp-content/plugins/buddyboss-platform/bp-core/css/mentions.min.css?ver=3.1.1 HTTP/2" 200 574 "https://dfwchat.net.dfw.party/" "Mozilla/5.0 (Windows NT 10.0; Win64; x64) AppleWebKit/537.36 (KHTML, like Gecko) Chrome/119.0.0.0 Safari/537.36"
23.27.145.146 - - [15/Jul/2026:15:09:38 -0600] "GET /wp-content/plugins/buddyboss-platform-pro/includes/integrations/meprlms/assets/css/meprlms-frontend.min.css?ver=3.1.1 HTTP/2" 200 8819 "https://dfwchat.net.dfw.party/" "Mozilla/5.0 (Windows NT 10.0; Win64; x64) AppleWebKit/537.36 (KHTML, like Gecko) Chrome/119.0.0.0 Safari/537.36"
23.27.145.146 - - [15/Jul/2026:15:09:38 -0600] "GET /wp-content/plugins/buddyboss-platform-pro/includes/integrations/zoom/assets/css/bp-zoom.min.css?ver=3.0.3 HTTP/2" 200 10301 "https://dfwchat.net.dfw.party/" "Mozilla/5.0 (Windows NT 10.0; Win64; x64) AppleWebKit/537.36 (KHTML, like Gecko) Chrome/119.0.0.0 Safari/537.36"
23.27.145.146 - - [15/Jul/2026:15:09:38 -0600] "GET /wp-content/plugins/buddyboss-platform-pro/includes/schedule-posts/assets/css/bb-schedule-posts.min.css?ver=3.0.3 HTTP/2" 200 1690 "https://dfwchat.net.dfw.party/" "Mozilla/5.0 (Windows NT 10.0; Win64; x64) AppleWebKit/537.36 (KHTML, like Gecko) Chrome/119.0.0.0 Safari/537.36"
23.27.145.146 - - [15/Jul/2026:15:09:38 -0600] "GET /wp-content/themes/buddyboss-theme/assets/css/vendors/magnific-popup.min.css?ver=2.20.1 HTTP/2" 200 1409 "https://dfwchat.net.dfw.party/" "Mozilla/5.0 (Windows NT 10.0; Win64; x64) AppleWebKit/537.36 (KHTML, like Gecko) Chrome/119.0.0.0 Safari/537.36"
23.27.145.146 - - [15/Jul/2026:15:09:38 -0600] "GET /wp-content/themes/buddyboss-theme/inc/admin/framework/redux-core/assets/css/extendify-utilities.css?ver=4.4.11 HTTP/2" 200 5382 "https://dfwchat.net.dfw.party/" "Mozilla/5.0 (Windows NT 10.0; Win64; x64) AppleWebKit/537.36 (KHTML, like Gecko) Chrome/119.0.0.0 Safari/537.36"
23.27.145.146 - - [15/Jul/2026:15:09:38 -0600] "GET /wp-content/themes/buddyboss-theme/assets/fonts/fonts.css?ver=2.20.1 HTTP/2" 200 554 "https://dfwchat.net.dfw.party/" "Mozilla/5.0 (Windows NT 10.0; Win64; x64) AppleWebKit/537.36 (KHTML, like Gecko) Chrome/119.0.0.0 Safari/537.36"
23.27.145.146 - - [15/Jul/2026:15:09:38 -0600] "GET /wp-content/plugins/buddyboss-platform/bp-templates/bp-nouveau/icons/css/bb-icons.min.css?ver=1.0.11 HTTP/2" 200 4450 "https://dfwchat.net.dfw.party/" "Mozilla/5.0 (Windows NT 10.0; Win64; x64) AppleWebKit/537.36 (KHTML, like Gecko) Chrome/119.0.0.0 Safari/537.36"
23.27.145.146 - - [15/Jul/2026:15:09:38 -0600] "GET /wp-content/themes/buddyboss-theme/inc/plugins/buddyboss-menu-icons/vendor/kucrut/icon-picker/css/types/buddyboss_legacy.css?ver=1.0 HTTP/2" 200 3758 "https://dfwchat.net.dfw.party/" "Mozilla/5.0 (Windows NT 10.0; Win64; x64) AppleWebKit/537.36 (KHTML, like Gecko) Chrome/119.0.0.0 Safari/537.36"
23.27.145.146 - - [15/Jul/2026:15:09:38 -0600] "GET /wp-includes/css/admin-bar.min.css?ver=7.0.1 HTTP/2" 200 3698 "https://dfwchat.net.dfw.party/" "Mozilla/5.0 (Windows NT 10.0; Win64; x64) AppleWebKit/537.36 (KHTML, like Gecko) Chrome/119.0.0.0 Safari/537.36"
23.27.145.146 - - [15/Jul/2026:15:09:38 -0600] "GET /wp-content/plugins/buddyboss-platform/bp-templates/bp-nouveau/css/buddypress.min.css?ver=3.1.1 HTTP/2" 200 97819 "https://dfwchat.net.dfw.party/" "Mozilla/5.0 (Windows NT 10.0; Win64; x64) AppleWebKit/537.36 (KHTML, like Gecko) Chrome/119.0.0.0 Safari/537.36"
23.27.145.146 - - [15/Jul/2026:15:09:39 -0600] "GET /wp-includes/js/hoverintent-js.min.js?ver=2.2.1 HTTP/2" 200 665 "https://dfwchat.net.dfw.party/" "Mozilla/5.0 (Windows NT 10.0; Win64; x64) AppleWebKit/537.36 (KHTML, like Gecko) Chrome/119.0.0.0 Safari/537.36"
23.27.145.146 - - [15/Jul/2026:15:09:39 -0600] "GET /wp-content/themes/buddyboss-theme/assets/images/svg/no-results.svg HTTP/2" 200 867 "https://dfwchat.net.dfw.party/" "Mozilla/5.0 (Windows NT 10.0; Win64; x64) AppleWebKit/537.36 (KHTML, like Gecko) Chrome/119.0.0.0 Safari/537.36"
23.27.145.146 - - [15/Jul/2026:15:09:39 -0600] "GET /wp-includes/js/admin-bar.min.js?ver=7.0.1 HTTP/2" 200 1223 "https://dfwchat.net.dfw.party/" "Mozilla/5.0 (Windows NT 10.0; Win64; x64) AppleWebKit/537.36 (KHTML, like Gecko) Chrome/119.0.0.0 Safari/537.36"
23.27.145.146 - - [15/Jul/2026:15:09:39 -0600] "GET /wp-includes/js/dist/vendor/moment.min.js?ver=2.30.1 HTTP/2" 200 18383 "https://dfwchat.net.dfw.party/" "Mozilla/5.0 (Windows NT 10.0; Win64; x64) AppleWebKit/537.36 (KHTML, like Gecko) Chrome/119.0.0.0 Safari/537.36"
23.27.145.146 - - [15/Jul/2026:15:09:39 -0600] "GET /wp-content/plugins/buddyboss-platform/bp-core/js/livestamp.min.js?ver=3.1.1 HTTP/2" 200 918 "https://dfwchat.net.dfw.party/" "Mozilla/5.0 (Windows NT 10.0; Win64; x64) AppleWebKit/537.36 (KHTML, like Gecko) Chrome/119.0.0.0 Safari/537.36"
23.27.145.146 - - [15/Jul/2026:15:09:39 -0600] "GET /wp-includes/js/underscore.min.js?ver=1.13.8 HTTP/2" 200 7228 "https://dfwchat.net.dfw.party/" "Mozilla/5.0 (Windows NT 10.0; Win64; x64) AppleWebKit/537.36 (KHTML, like Gecko) Chrome/119.0.0.0 Safari/537.36"
23.27.145.146 - - [15/Jul/2026:15:09:39 -0600] "GET /wp-content/plugins/buddyboss-platform-pro/includes/reactions/assets/js/bb-reaction.min.js?ver=3.0.3 HTTP/2" 200 578 "https://dfwchat.net.dfw.party/" "Mozilla/5.0 (Windows NT 10.0; Win64; x64) AppleWebKit/537.36 (KHTML, like Gecko) Chrome/119.0.0.0 Safari/537.36"
23.27.145.146 - - [15/Jul/2026:15:09:39 -0600] "GET /wp-includes/js/wp-util.min.js?ver=7.0.1 HTTP/2" 200 693 "https://dfwchat.net.dfw.party/" "Mozilla/5.0 (Windows NT 10.0; Win64; x64) AppleWebKit/537.36 (KHTML, like Gecko) Chrome/119.0.0.0 Safari/537.36"
23.27.145.146 - - [15/Jul/2026:15:09:39 -0600] "GET /wp-includes/js/dist/i18n.min.js?ver=781d11515ad3d91786ec HTTP/2" 200 2354 "https://dfwchat.net.dfw.party/" "Mozilla/5.0 (Windows NT 10.0; Win64; x64) AppleWebKit/537.36 (KHTML, like Gecko) Chrome/119.0.0.0 Safari/537.36"
23.27.145.146 - - [15/Jul/2026:15:09:39 -0600] "GET /wp-includes/js/dist/hooks.min.js?ver=7496969728ca0f95732d HTTP/2" 200 1734 "https://dfwchat.net.dfw.party/" "Mozilla/5.0 (Windows NT 10.0; Win64; x64) AppleWebKit/537.36 (KHTML, like Gecko) Chrome/119.0.0.0 Safari/537.36"
