216.73.217.24 - - [15/Jul/2026:19:10:02 -0600] "GET /?p=2224 HTTP/2" 301 0 "-" "Mozilla/5.0 AppleWebKit/537.36 (KHTML, like Gecko; compatible; ClaudeBot/1.0; +claudebot@anthropic.com)"
216.73.217.24 - - [15/Jul/2026:19:10:03 -0600] "GET /best-office-birthday-surprise-in-denton-tx/ HTTP/2" 200 27999 "https://dfwsingingtelegrams.com/?p=2224" "Mozilla/5.0 AppleWebKit/537.36 (KHTML, like Gecko; compatible; ClaudeBot/1.0; +claudebot@anthropic.com)"
216.73.217.24 - - [15/Jul/2026:19:21:12 -0600] "GET /?p=2269 HTTP/2" 301 0 "-" "Mozilla/5.0 AppleWebKit/537.36 (KHTML, like Gecko; compatible; ClaudeBot/1.0; +claudebot@anthropic.com)"
216.73.217.24 - - [15/Jul/2026:19:21:13 -0600] "GET /best-office-birthday-surprise-in-addison-tx/ HTTP/2" 200 27836 "https://dfwsingingtelegrams.com/?p=2269" "Mozilla/5.0 AppleWebKit/537.36 (KHTML, like Gecko; compatible; ClaudeBot/1.0; +claudebot@anthropic.com)"
154.30.72.214 - - [15/Jul/2026:19:27:16 -0600] "GET /gorilla-grams-in-fort-worth-texas-the-ultimate-singing-telegram-experience/ HTTP/2" 200 27749 "-" "Mozilla/5.0 (Macintosh; Intel Mac OS X 10_15_7) AppleWebKit/537.36 (KHTML, like Gecko) Chrome/142.0.0.0 Safari/537.36"
85.254.43.103 - - [15/Jul/2026:19:31:57 -0600] "GET /gorilla-grams-in-fort-worth-texas-the-ultimate-singing-telegram-experience/ HTTP/2" 200 27749 "-" "Mozilla/5.0 (Macintosh; Intel Mac OS X 10_15_7) AppleWebKit/537.36 (KHTML, like Gecko) Chrome/142.0.0.0 Safari/537.36"
216.73.217.24 - - [15/Jul/2026:18:59:28 -0600] "GET /crazy-bubba-and-bubba-pimp-perform-singing-telegram-in-little-elm-texas/ HTTP/2" 200 28590 "-" "Mozilla/5.0 AppleWebKit/537.36 (KHTML, like Gecko; compatible; ClaudeBot/1.0; +claudebot@anthropic.com)"
216.73.217.24 - - [15/Jul/2026:18:59:28 -0600] "GET /crazy-bubba-and-bubba-pimp-perform-singing-telegram-in-midlothian-texas/ HTTP/2" 200 28530 "-" "Mozilla/5.0 AppleWebKit/537.36 (KHTML, like Gecko; compatible; ClaudeBot/1.0; +claudebot@anthropic.com)"
198.175.150.9 - - [15/Jul/2026:19:10:03 -0600] "POST /wp-cron.php?doing_wp_cron=1784164203.2162361145019531250000 HTTP/1.1" 200 0 "-" "WordPress/7.0.1; https://dfwsingingtelegrams.com"
168.181.121.11 - - [15/Jul/2026:19:13:23 -0600] "GET /robots.txt HTTP/1.1" 200 134 "-" "Mozilla/5.0 (Macintosh; Intel Mac OS X 11_3_1) AppleWebKit/537.36 (KHTML, like Gecko) Chrome/130.0.6723.116 Safari/537.36"
146.19.44.216 - - [15/Jul/2026:19:16:26 -0600] "POST /xmlrpc.php HTTP/2" 200 186 "-" "Mozilla/5.0 (Macintosh; Intel Mac OS X 10_15_7) AppleWebKit/605.1.15 (KHTML, like Gecko) Version/18.0 Safari/605.1.15"
142.147.170.205 - - [15/Jul/2026:19:17:19 -0600] "GET /gorilla-grams-in-fort-worth-texas-the-ultimate-singing-telegram-experience/ HTTP/2" 200 27749 "-" "Mozilla/5.0 (Macintosh; Intel Mac OS X 10_15_7) AppleWebKit/537.36 (KHTML, like Gecko) Chrome/142.0.0.0 Safari/537.36"
45.66.211.211 - - [15/Jul/2026:19:18:08 -0600] "GET /wp-login.php HTTP/2" 200 2085 "-" "Mozilla/5.0 (Macintosh; Intel Mac OS X 10_15_7) AppleWebKit/605.1.15 (KHTML, like Gecko) Version/18.0 Safari/605.1.15"
89.117.114.30 - - [15/Jul/2026:19:20:25 -0600] "GET /gorilla-grams-in-fort-worth-texas-the-ultimate-singing-telegram-experience/ HTTP/2" 200 27749 "-" "Mozilla/5.0 (Macintosh; Intel Mac OS X 10_15_7) AppleWebKit/537.36 (KHTML, like Gecko) Chrome/142.0.0.0 Safari/537.36"
45.80.105.52 - - [15/Jul/2026:19:20:48 -0600] "POST /xmlrpc.php HTTP/2" 200 186 "-" "Mozilla/5.0 (Windows NT 10.0; Win64; x64) AppleWebKit/537.36 (KHTML, like Gecko) Chrome/124.0.0.0 Safari/537.36"
38.154.15.157 - - [15/Jul/2026:19:21:38 -0600] "GET /gorilla-grams-in-fort-worth-texas-the-ultimate-singing-telegram-experience/ HTTP/2" 200 27749 "-" "Mozilla/5.0 (Macintosh; Intel Mac OS X 10_15_7) AppleWebKit/537.36 (KHTML, like Gecko) Chrome/142.0.0.0 Safari/537.36"
178.20.29.220 - - [15/Jul/2026:19:23:32 -0600] "GET /wp-login.php HTTP/2" 200 2085 "-" "Mozilla/5.0 (Windows NT 10.0; Win64; x64) AppleWebKit/537.36 (KHTML, like Gecko) Chrome/124.0.0.0 Safari/537.36"
216.73.217.24 - - [15/Jul/2026:19:35:56 -0600] "GET /sitemap_index.xml HTTP/2" 200 327 "-" "Mozilla/5.0 AppleWebKit/537.36 (KHTML, like Gecko; compatible; ClaudeBot/1.0; +claudebot@anthropic.com)"
198.175.150.9 - - [15/Jul/2026:19:55:53 -0600] "POST /wp-cron.php?doing_wp_cron=1784166953.3377571105957031250000 HTTP/1.1" 200 0 "-" "WordPress/7.0.1; https://dfwsingingtelegrams.com"
216.73.217.24 - - [15/Jul/2026:19:58:53 -0600] "GET /robots.txt HTTP/2" 200 117 "-" "Mozilla/5.0 AppleWebKit/537.36 (KHTML, like Gecko; compatible; ClaudeBot/1.0; +claudebot@anthropic.com)"
216.73.217.24 - - [15/Jul/2026:19:58:54 -0600] "GET /?p=1955 HTTP/2" 301 0 "-" "Mozilla/5.0 AppleWebKit/537.36 (KHTML, like Gecko; compatible; ClaudeBot/1.0; +claudebot@anthropic.com)"
216.73.217.24 - - [15/Jul/2026:19:58:54 -0600] "GET /crazy-bubba-and-bubba-pimp-perform-singing-telegram-in-little-elm-texas/ HTTP/2" 200 28590 "https://dfwsingingtelegrams.com/?p=1955" "Mozilla/5.0 AppleWebKit/537.36 (KHTML, like Gecko; compatible; ClaudeBot/1.0; +claudebot@anthropic.com)"
216.73.217.24 - - [15/Jul/2026:19:58:09 -0600] "GET /crazy-bubba-and-bubba-pimp-perform-singing-telegram-in-melissa-texas/ HTTP/2" 200 27768 "-" "Mozilla/5.0 AppleWebKit/537.36 (KHTML, like Gecko; compatible; ClaudeBot/1.0; +claudebot@anthropic.com)"
216.73.217.24 - - [15/Jul/2026:19:55:52 -0600] "GET /crazy-bubba-and-bubba-pimp-perform-singing-telegram-in-lewisville-texas/ HTTP/2" 200 28670 "-" "Mozilla/5.0 AppleWebKit/537.36 (KHTML, like Gecko; compatible; ClaudeBot/1.0; +claudebot@anthropic.com)"
216.73.217.24 - - [15/Jul/2026:19:56:18 -0600] "GET /crazy-bubba-and-bubba-pimp-perform-singing-telegram-in-mineral-wells-texas/ HTTP/2" 200 27771 "-" "Mozilla/5.0 AppleWebKit/537.36 (KHTML, like Gecko; compatible; ClaudeBot/1.0; +claudebot@anthropic.com)"
216.73.217.24 - - [15/Jul/2026:20:03:23 -0600] "GET /crazy-bubba-and-bubba-pimp-perform-singing-telegram-grams-in-hutchins-texas/ HTTP/2" 200 28812 "-" "Mozilla/5.0 AppleWebKit/537.36 (KHTML, like Gecko; compatible; ClaudeBot/1.0; +claudebot@anthropic.com)"
216.73.217.24 - - [15/Jul/2026:20:04:16 -0600] "GET /crazy-bubba-and-bubba-pimp-perform-singing-telegram-grams-in-lancaster-texas/ HTTP/2" 200 28711 "-" "Mozilla/5.0 AppleWebKit/537.36 (KHTML, like Gecko; compatible; ClaudeBot/1.0; +claudebot@anthropic.com)"
216.73.217.24 - - [15/Jul/2026:20:04:16 -0600] "GET /crazy-bubba-and-bubba-pimp-perform-singing-telegram-grams-in-hurst/ HTTP/2" 200 28090 "-" "Mozilla/5.0 AppleWebKit/537.36 (KHTML, like Gecko; compatible; ClaudeBot/1.0; +claudebot@anthropic.com)"
216.73.217.24 - - [15/Jul/2026:20:05:11 -0600] "GET /crazy-bubba-and-bubba-pimp-perform-singing-telegram-grams-in-highland-park/ HTTP/2" 200 28921 "-" "Mozilla/5.0 AppleWebKit/537.36 (KHTML, like Gecko; compatible; ClaudeBot/1.0; +claudebot@anthropic.com)"
216.73.217.24 - - [15/Jul/2026:20:03:10 -0600] "GET /crazy-bubba-and-bubba-pimp-perform-singing-telegram-grams-in-keller/ HTTP/2" 200 28852 "-" "Mozilla/5.0 AppleWebKit/537.36 (KHTML, like Gecko; compatible; ClaudeBot/1.0; +claudebot@anthropic.com)"
216.73.217.24 - - [15/Jul/2026:20:04:31 -0600] "GET /crazy-bubba-and-bubba-pimp-perform-singing-telegram-grams-in-irving-texas/ HTTP/2" 200 28252 "-" "Mozilla/5.0 AppleWebKit/537.36 (KHTML, like Gecko; compatible; ClaudeBot/1.0; +claudebot@anthropic.com)"
216.73.217.24 - - [15/Jul/2026:20:09:45 -0600] "GET /crazy-bubba-and-bubba-pimp-perform-singing-telegram-grams-in-lavon-texas/ HTTP/2" 200 28591 "-" "Mozilla/5.0 AppleWebKit/537.36 (KHTML, like Gecko; compatible; ClaudeBot/1.0; +claudebot@anthropic.com)"
198.175.150.9 - - [15/Jul/2026:20:12:55 -0600] "POST /wp-cron.php?doing_wp_cron=1784167975.4373838901519775390625 HTTP/1.1" 200 0 "-" "WordPress/7.0.1; https://dfwsingingtelegrams.com"
198.175.150.9 - - [15/Jul/2026:20:12:55 -0600] "POST /wp-cron.php?doing_wp_cron=1784167975.4572598934173583984375 HTTP/1.1" 200 0 "-" "WordPress/7.0.1; https://dfwsingingtelegrams.com"
216.73.217.24 - - [15/Jul/2026:20:05:27 -0600] "GET /crazy-bubba-and-bubba-pimp-perform-singing-telegram-grams-in-killeen/ HTTP/2" 200 28515 "-" "Mozilla/5.0 AppleWebKit/537.36 (KHTML, like Gecko; compatible; ClaudeBot/1.0; +claudebot@anthropic.com)"
216.73.217.24 - - [15/Jul/2026:20:05:58 -0600] "GET /crazy-bubba-and-bubba-pimp-perform-singing-telegram-grams-in-kaufman-texas/ HTTP/2" 200 28432 "-" "Mozilla/5.0 AppleWebKit/537.36 (KHTML, like Gecko; compatible; ClaudeBot/1.0; +claudebot@anthropic.com)"
216.73.217.24 - - [15/Jul/2026:20:06:21 -0600] "GET /crazy-bubba-and-bubba-pimp-perform-singing-telegram-grams-in-hillsboro/ HTTP/2" 200 28725 "-" "Mozilla/5.0 AppleWebKit/537.36 (KHTML, like Gecko; compatible; ClaudeBot/1.0; +claudebot@anthropic.com)"
216.73.217.24 - - [15/Jul/2026:20:12:54 -0600] "GET /?p=1970 HTTP/2" 301 0 "-" "Mozilla/5.0 AppleWebKit/537.36 (KHTML, like Gecko; compatible; ClaudeBot/1.0; +claudebot@anthropic.com)"
216.73.217.24 - - [15/Jul/2026:20:12:55 -0600] "GET /crazy-bubba-and-bubba-pimp-perform-singing-telegram-in-mesquite-texas/ HTTP/2" 200 27602 "https://dfwsingingtelegrams.com/?p=1970" "Mozilla/5.0 AppleWebKit/537.36 (KHTML, like Gecko; compatible; ClaudeBot/1.0; +claudebot@anthropic.com)"
216.73.217.24 - - [15/Jul/2026:20:05:38 -0600] "GET /crazy-bubba-and-bubba-pimp-perform-singing-telegram-grams-in-kennedale/ HTTP/2" 200 28470 "-" "Mozilla/5.0 AppleWebKit/537.36 (KHTML, like Gecko; compatible; ClaudeBot/1.0; +claudebot@anthropic.com)"
216.73.217.24 - - [15/Jul/2026:20:05:39 -0600] "GET /category/uncategorized/page/6/ HTTP/2" 200 22272 "-" "Mozilla/5.0 AppleWebKit/537.36 (KHTML, like Gecko; compatible; ClaudeBot/1.0; +claudebot@anthropic.com)"
216.73.217.24 - - [15/Jul/2026:20:07:29 -0600] "GET /?p=2241 HTTP/2" 301 0 "-" "Mozilla/5.0 AppleWebKit/537.36 (KHTML, like Gecko; compatible; ClaudeBot/1.0; +claudebot@anthropic.com)"
216.73.217.24 - - [15/Jul/2026:20:07:30 -0600] "GET /best-office-birthday-surprise-in-highland-park-tx/ HTTP/2" 200 28020 "https://dfwsingingtelegrams.com/?p=2241" "Mozilla/5.0 AppleWebKit/537.36 (KHTML, like Gecko; compatible; ClaudeBot/1.0; +claudebot@anthropic.com)"
216.73.217.24 - - [15/Jul/2026:20:13:50 -0600] "GET /?p=1107 HTTP/2" 301 0 "-" "Mozilla/5.0 AppleWebKit/537.36 (KHTML, like Gecko; compatible; ClaudeBot/1.0; +claudebot@anthropic.com)"
216.73.217.24 - - [15/Jul/2026:20:13:51 -0600] "GET /dfw-singing-telegrams-in-farmers-branch-texas/ HTTP/2" 200 28073 "https://dfwsingingtelegrams.com/?p=1107" "Mozilla/5.0 AppleWebKit/537.36 (KHTML, like Gecko; compatible; ClaudeBot/1.0; +claudebot@anthropic.com)"
216.73.217.24 - - [15/Jul/2026:20:16:28 -0600] "GET /?p=1945 HTTP/2" 301 0 "-" "Mozilla/5.0 AppleWebKit/537.36 (KHTML, like Gecko; compatible; ClaudeBot/1.0; +claudebot@anthropic.com)"
216.73.217.24 - - [15/Jul/2026:20:16:29 -0600] "GET /crazy-bubba-and-bubba-pimp-perform-singing-telegram-grams-in-lavon-texas/ HTTP/2" 200 28591 "https://dfwsingingtelegrams.com/?p=1945" "Mozilla/5.0 AppleWebKit/537.36 (KHTML, like Gecko; compatible; ClaudeBot/1.0; +claudebot@anthropic.com)"
54.37.118.84 - - [15/Jul/2026:20:40:08 -0600] "GET /robots.txt HTTP/2" 200 117 "-" "Mozilla/5.0 (compatible; AhrefsBot/7.0; +http://ahrefs.com/robot/)"
51.222.168.133 - - [15/Jul/2026:20:43:31 -0600] "GET /tag/southlake-tx/ HTTP/2" 200 20313 "-" "Mozilla/5.0 (compatible; AhrefsBot/7.0; +http://ahrefs.com/robot/)"
198.175.150.9 - - [15/Jul/2026:20:49:34 -0600] "POST /wp-cron.php?doing_wp_cron=1784170174.2804760932922363281250 HTTP/1.1" 200 0 "-" "WordPress/7.0.1; https://dfwsingingtelegrams.com"
66.249.70.101 - - [15/Jul/2026:20:49:58 -0600] "GET /dfw-singing-telegrams-now-available-in-frisco-the-best-way-to-celebrate/ HTTP/1.1" 200 28835 "-" "Mozilla/5.0 (Linux; Android 6.0.1; Nexus 5X Build/MMB29P) AppleWebKit/537.36 (KHTML, like Gecko) Chrome/150.0.7871.114 Mobile Safari/537.36 (compatible; Googlebot/2.1; +http://www.google.com/bot.html)"
66.249.70.101 - - [15/Jul/2026:20:50:36 -0600] "GET /wp-content/plugins/elementor/assets/js/frontend-modules.min.js?ver=4.1.4 HTTP/1.1" 200 15445 "https://dfwsingingtelegrams.com/dfw-singing-telegrams-now-available-in-frisco-the-best-way-to-celebrate/" "Mozilla/5.0 (Linux; Android 6.0.1; Nexus 5X Build/MMB29P) AppleWebKit/537.36 (KHTML, like Gecko) Chrome/150.0.7871.114 Mobile Safari/537.36 (compatible; Googlebot/2.1; +http://www.google.com/bot.html)"
66.249.70.102 - - [15/Jul/2026:20:50:37 -0600] "GET /wp-content/uploads/elementor/css/post-1009.css?ver=1783296000 HTTP/1.1" 200 197 "https://dfwsingingtelegrams.com/dfw-singing-telegrams-now-available-in-frisco-the-best-way-to-celebrate/" "Mozilla/5.0 (Linux; Android 6.0.1; Nexus 5X Build/MMB29P) AppleWebKit/537.36 (KHTML, like Gecko) Chrome/150.0.7871.114 Mobile Safari/537.36 (compatible; Googlebot/2.1; +http://www.google.com/bot.html)"
66.249.70.102 - - [15/Jul/2026:20:50:39 -0600] "GET /wp-content/plugins/elementor/assets/js/text-editor.45609661e409413f1cef.bundle.min.js HTTP/1.1" 200 592 "https://dfwsingingtelegrams.com/dfw-singing-telegrams-now-available-in-frisco-the-best-way-to-celebrate/" "Mozilla/5.0 (Linux; Android 6.0.1; Nexus 5X Build/MMB29P) AppleWebKit/537.36 (KHTML, like Gecko) Chrome/150.0.7871.114 Mobile Safari/537.36 (compatible; Googlebot/2.1; +http://www.google.com/bot.html)"
167.88.167.140 - - [15/Jul/2026:20:49:33 -0600] "HEAD /wp-content/plugins/custom-api-for-wp/classes/Common/Resources/JS/mo-caw-script.min.js HTTP/1.1" 404 0 "-" "Mozilla/5.0 (Windows NT 11.0; Win64; x64) AppleWebKit/537.36 (KHTML, like Gecko) Chrome/131.0.6778.86 Safari/537.36"
14.231.248.210 - - [15/Jul/2026:20:50:27 -0600] "GET /category/characters/ HTTP/2" 403 72 "-" "Mozilla/5.0 (Macintosh; Intel Mac OS X 10_12_0) AppleWebKit/537.36 (KHTML, like Gecko) Chrome/47.0.4553.1282 Safari/537.36"
216.73.217.24 - - [15/Jul/2026:21:01:50 -0600] "GET /crazy-bubba-and-bubba-pimp-perform-singing-telegram-grams-in-hillsboro/ HTTP/2" 200 28725 "-" "Mozilla/5.0 AppleWebKit/537.36 (KHTML, like Gecko; compatible; ClaudeBot/1.0; +claudebot@anthropic.com)"
216.73.217.24 - - [15/Jul/2026:21:01:59 -0600] "GET /crazy-bubba-and-bubba-pimp-perform-singing-telegram-grams-in-kaufman-texas/ HTTP/2" 200 28432 "-" "Mozilla/5.0 AppleWebKit/537.36 (KHTML, like Gecko; compatible; ClaudeBot/1.0; +claudebot@anthropic.com)"
69.156.108.195 - - [15/Jul/2026:20:57:45 -0600] "GET / HTTP/1.1" 200 29038 "-" "Mozilla/5.0 (Windows NT 10.0; Win64; x64; rv:132.0) Gecko/20100101 Firefox/132.0"
198.175.150.9 - - [15/Jul/2026:20:57:46 -0600] "POST /wp-cron.php?doing_wp_cron=1784170666.0231630802154541015625 HTTP/1.1" 200 0 "-" "WordPress/7.0.1; https://dfwsingingtelegrams.com"
216.73.217.24 - - [15/Jul/2026:21:03:26 -0600] "GET /?p=1915 HTTP/2" 301 0 "-" "Mozilla/5.0 AppleWebKit/537.36 (KHTML, like Gecko; compatible; ClaudeBot/1.0; +claudebot@anthropic.com)"
216.73.217.24 - - [15/Jul/2026:21:03:27 -0600] "GET /crazy-bubba-and-bubba-pimp-perform-singing-telegram-grams-in-irving-texas/ HTTP/2" 200 28252 "https://dfwsingingtelegrams.com/?p=1915" "Mozilla/5.0 AppleWebKit/537.36 (KHTML, like Gecko; compatible; ClaudeBot/1.0; +claudebot@anthropic.com)"
142.44.228.226 - - [15/Jul/2026:21:05:18 -0600] "GET /singing-telegram-aledo-texas-the-ultimate-gift-surprise/ HTTP/2" 200 29864 "-" "Mozilla/5.0 (compatible; AhrefsBot/7.0; +http://ahrefs.com/robot/)"
216.73.217.24 - - [15/Jul/2026:20:59:39 -0600] "GET /robots.txt HTTP/2" 200 117 "-" "Mozilla/5.0 AppleWebKit/537.36 (KHTML, like Gecko; compatible; ClaudeBot/1.0; +claudebot@anthropic.com)"
216.73.217.24 - - [15/Jul/2026:20:59:40 -0600] "GET /?p=1910 HTTP/2" 301 0 "-" "Mozilla/5.0 AppleWebKit/537.36 (KHTML, like Gecko; compatible; ClaudeBot/1.0; +claudebot@anthropic.com)"
216.73.217.24 - - [15/Jul/2026:20:59:41 -0600] "GET /crazy-bubba-and-bubba-pimp-perform-singing-telegram-grams-in-hutchins-texas/ HTTP/2" 200 28812 "https://dfwsingingtelegrams.com/?p=1910" "Mozilla/5.0 AppleWebKit/537.36 (KHTML, like Gecko; compatible; ClaudeBot/1.0; +claudebot@anthropic.com)"
216.73.217.24 - - [15/Jul/2026:21:03:50 -0600] "GET /?p=1940 HTTP/2" 301 0 "-" "Mozilla/5.0 AppleWebKit/537.36 (KHTML, like Gecko; compatible; ClaudeBot/1.0; +claudebot@anthropic.com)"
216.73.217.24 - - [15/Jul/2026:21:03:51 -0600] "GET /crazy-bubba-and-bubba-pimp-perform-singing-telegram-grams-in-lancaster-texas/ HTTP/2" 200 28711 "https://dfwsingingtelegrams.com/?p=1940" "Mozilla/5.0 AppleWebKit/537.36 (KHTML, like Gecko; compatible; ClaudeBot/1.0; +claudebot@anthropic.com)"
148.113.128.126 - - [15/Jul/2026:21:06:18 -0600] "GET /wp-content/uploads/elementor/css/post-941.css?ver=1784120188 HTTP/2" 200 197 "-" "Mozilla/5.0 (compatible; AhrefsBot/7.0; +http://ahrefs.com/robot/)"
216.73.217.24 - - [15/Jul/2026:21:06:59 -0600] "GET /?p=1895 HTTP/2" 301 0 "-" "Mozilla/5.0 AppleWebKit/537.36 (KHTML, like Gecko; compatible; ClaudeBot/1.0; +claudebot@anthropic.com)"
216.73.217.24 - - [15/Jul/2026:21:07:00 -0600] "GET /crazy-bubba-and-bubba-pimp-perform-singing-telegram-grams-in-highland-park/ HTTP/2" 200 28921 "https://dfwsingingtelegrams.com/?p=1895" "Mozilla/5.0 AppleWebKit/537.36 (KHTML, like Gecko; compatible; ClaudeBot/1.0; +claudebot@anthropic.com)"
216.73.217.24 - - [15/Jul/2026:21:07:52 -0600] "GET /crazy-bubba-and-bubba-pimp-perform-singing-telegram-grams-in-glenn-heights-texas/ HTTP/2" 200 28748 "-" "Mozilla/5.0 AppleWebKit/537.36 (KHTML, like Gecko; compatible; ClaudeBot/1.0; +claudebot@anthropic.com)"
216.73.217.24 - - [15/Jul/2026:21:07:52 -0600] "GET /crazy-bubba-and-bubba-pimp-perform-singing-telegram-grams-in-grand-prairie/ HTTP/2" 200 28861 "-" "Mozilla/5.0 AppleWebKit/537.36 (KHTML, like Gecko; compatible; ClaudeBot/1.0; +claudebot@anthropic.com)"
216.73.217.24 - - [15/Jul/2026:21:11:00 -0600] "GET /crazy-bubba-and-bubba-pimp-perform-singing-telegram-grams-in-heath-texas/ HTTP/2" 200 28812 "-" "Mozilla/5.0 AppleWebKit/537.36 (KHTML, like Gecko; compatible; ClaudeBot/1.0; +claudebot@anthropic.com)"
216.73.217.24 - - [15/Jul/2026:21:13:17 -0600] "GET /crazy-bubba-and-bubba-pimp-perform-singing-telegram-grams-in-garland/ HTTP/2" 200 28864 "-" "Mozilla/5.0 AppleWebKit/537.36 (KHTML, like Gecko; compatible; ClaudeBot/1.0; +claudebot@anthropic.com)"
15.235.98.203 - - [15/Jul/2026:21:06:19 -0600] "GET /wp-content/uploads/2025/02/aledo.jpg HTTP/2" 200 97979 "-" "Mozilla/5.0 (compatible; AhrefsBot/7.0; +http://ahrefs.com/robot/)"
85.208.96.204 - - [15/Jul/2026:21:09:36 -0600] "GET /robots.txt HTTP/1.1" 200 134 "-" "Mozilla/5.0 (compatible; SemrushBot/7~bl; +http://www.semrush.com/bot.html)"
85.208.96.205 - - [15/Jul/2026:21:09:37 -0600] "GET /crazy-bubba-and-bubba-pimp-perform-singing-telegram-grams-in-forney/ HTTP/1.1" 200 33043 "-" "Mozilla/5.0 (compatible; SemrushBot/7~bl; +http://www.semrush.com/bot.html)"
216.73.217.24 - - [15/Jul/2026:21:12:14 -0600] "GET /crazy-bubba-and-bubba-pimp-perform-singing-telegram-grams-in-frisco/ HTTP/2" 200 28796 "-" "Mozilla/5.0 AppleWebKit/537.36 (KHTML, like Gecko; compatible; ClaudeBot/1.0; +claudebot@anthropic.com)"
198.175.150.9 - - [15/Jul/2026:21:13:08 -0600] "POST /wp-cron.php?doing_wp_cron=1784171588.8918850421905517578125 HTTP/1.1" 200 0 "-" "WordPress/7.0.1; https://dfwsingingtelegrams.com"
198.175.150.9 - - [15/Jul/2026:21:13:08 -0600] "POST /wp-cron.php?doing_wp_cron=1784171588.9353060722351074218750 HTTP/1.1" 200 0 "-" "WordPress/7.0.1; https://dfwsingingtelegrams.com"
216.73.217.24 - - [15/Jul/2026:21:13:08 -0600] "GET /crazy-bubba-and-bubba-pimp-perform-singing-telegram-grams-in-grapevine/ HTTP/2" 200 28828 "-" "Mozilla/5.0 AppleWebKit/537.36 (KHTML, like Gecko; compatible; ClaudeBot/1.0; +claudebot@anthropic.com)"
216.73.217.24 - - [15/Jul/2026:21:09:06 -0600] "GET /crazy-bubba-and-bubba-pimp-perform-singing-telegram-grams-in-highland-village/ HTTP/2" 200 28306 "-" "Mozilla/5.0 AppleWebKit/537.36 (KHTML, like Gecko; compatible; ClaudeBot/1.0; +claudebot@anthropic.com)"
216.73.217.24 - - [15/Jul/2026:21:09:03 -0600] "GET /crazy-bubba-and-bubba-pimp-perform-singing-telegram-grams-in-fort-worth/ HTTP/2" 200 28826 "-" "Mozilla/5.0 AppleWebKit/537.36 (KHTML, like Gecko; compatible; ClaudeBot/1.0; +claudebot@anthropic.com)"
216.73.217.24 - - [15/Jul/2026:21:10:23 -0600] "GET /category/uncategorized/page/7/ HTTP/2" 200 22334 "-" "Mozilla/5.0 AppleWebKit/537.36 (KHTML, like Gecko; compatible; ClaudeBot/1.0; +claudebot@anthropic.com)"
216.73.217.24 - - [15/Jul/2026:21:13:25 -0600] "GET /crazy-bubba-and-bubba-pimp-perform-singing-telegram-grams-in-haltom-city/ HTTP/2" 200 27904 "-" "Mozilla/5.0 AppleWebKit/537.36 (KHTML, like Gecko; compatible; ClaudeBot/1.0; +claudebot@anthropic.com)"
216.73.217.24 - - [15/Jul/2026:21:13:25 -0600] "GET /crazy-bubba-and-bubba-pimp-perform-singing-telegram-grams-in-greenville/ HTTP/2" 200 28460 "-" "Mozilla/5.0 AppleWebKit/537.36 (KHTML, like Gecko; compatible; ClaudeBot/1.0; +claudebot@anthropic.com)"
185.191.171.1 - - [15/Jul/2026:21:14:10 -0600] "GET /crazy-bubba-and-bubba-pimp-perform-singing-telegram-grams-in-forest-hill/ HTTP/1.1" 200 32691 "-" "Mozilla/5.0 (compatible; SemrushBot/7~bl; +http://www.semrush.com/bot.html)"
216.73.217.24 - - [15/Jul/2026:21:14:40 -0600] "GET /?p=1945 HTTP/2" 301 0 "-" "Mozilla/5.0 AppleWebKit/537.36 (KHTML, like Gecko; compatible; ClaudeBot/1.0; +claudebot@anthropic.com)"
216.73.217.24 - - [15/Jul/2026:21:14:41 -0600] "GET /crazy-bubba-and-bubba-pimp-perform-singing-telegram-grams-in-lavon-texas/ HTTP/2" 200 28591 "https://dfwsingingtelegrams.com/?p=1945" "Mozilla/5.0 AppleWebKit/537.36 (KHTML, like Gecko; compatible; ClaudeBot/1.0; +claudebot@anthropic.com)"
52.167.144.179 - - [15/Jul/2026:21:23:06 -0600] "GET /sitemap_index.xml HTTP/2" 200 327 "-" "Mozilla/5.0 AppleWebKit/537.36 (KHTML, like Gecko; compatible; bingbot/2.0; +http://www.bing.com/bingbot.htm) Chrome/116.0.1938.76 Safari/537.36"
43.153.15.51 - - [15/Jul/2026:21:19:52 -0600] "GET / HTTP/1.1" 200 29038 "http://dfwsingingtelegrams.com" "Mozilla/5.0 (iPhone; CPU iPhone OS 13_2_3 like Mac OS X) AppleWebKit/605.1.15 (KHTML, like Gecko) Version/13.0.3 Mobile/15E148 Safari/604.1"
54.39.203.25 - - [15/Jul/2026:21:39:14 -0600] "GET /send-a-singing-telegram-in-fort-worth-texas/ HTTP/2" 200 29883 "-" "Mozilla/5.0 (compatible; AhrefsBot/7.0; +http://ahrefs.com/robot/)"
216.73.217.24 - - [15/Jul/2026:21:29:15 -0600] "GET /sitemap_index.xml HTTP/2" 200 327 "-" "Mozilla/5.0 AppleWebKit/537.36 (KHTML, like Gecko; compatible; ClaudeBot/1.0; +claudebot@anthropic.com)"
51.161.37.83 - - [15/Jul/2026:21:37:38 -0600] "GET /crazy-bubba-and-bubba-pimp-perform-singing-telegram-in-midlothian-texas/ HTTP/2" 200 28530 "-" "Mozilla/5.0 (compatible; AhrefsBot/7.0; +http://ahrefs.com/robot/)"
15.235.27.46 - - [15/Jul/2026:21:41:58 -0600] "GET /wp-content/uploads/elementor/css/post-974.css?ver=1784155966 HTTP/2" 200 195 "-" "Mozilla/5.0 (compatible; AhrefsBot/7.0; +http://ahrefs.com/robot/)"
54.39.210.29 - - [15/Jul/2026:21:42:58 -0600] "GET /crazy-bubba-and-bubba-pimp-perform-singing-telegram-grams-in-allen-texas/ HTTP/2" 200 27524 "-" "Mozilla/5.0 (compatible; AhrefsBot/7.0; +http://ahrefs.com/robot/)"
51.161.65.133 - - [15/Jul/2026:21:44:47 -0600] "GET /crazy-bubba-and-bubba-pimp-perform-singing-telegram-grams-in-cedar-hill-texas/ HTTP/2" 200 28762 "-" "Mozilla/5.0 (compatible; AhrefsBot/7.0; +http://ahrefs.com/robot/)"
54.39.136.19 - - [15/Jul/2026:21:40:49 -0600] "GET /wp-content/uploads/elementor/css/post-1980.css?ver=1784163569 HTTP/2" 200 153 "-" "Mozilla/5.0 (compatible; AhrefsBot/7.0; +http://ahrefs.com/robot/)"
142.44.225.88 - - [15/Jul/2026:21:41:15 -0600] "GET /crazy-bubba-and-bubba-pimp-perform-singing-telegram-in-lewisville-texas/ HTTP/2" 200 28670 "-" "Mozilla/5.0 (compatible; AhrefsBot/7.0; +http://ahrefs.com/robot/)"
142.44.220.31 - - [15/Jul/2026:21:45:37 -0600] "GET /wp-content/uploads/elementor/css/post-1755.css?ver=1784151398 HTTP/2" 200 153 "-" "Mozilla/5.0 (compatible; AhrefsBot/7.0; +http://ahrefs.com/robot/)"
77.194.159.85 - - [15/Jul/2026:21:46:21 -0600] "GET /robots.txt HTTP/1.1" 200 134 "-" "Mozilla/5.0 (Windows NT 10.0; Win64; x64) AppleWebKit/537.36 (KHTML, like Gecko) Chrome/130.0.6723.191 Safari/537.36"
54.39.0.111 - - [15/Jul/2026:21:51:40 -0600] "GET /wp-content/uploads/elementor/css/post-1835.css?ver=1784171378 HTTP/2" 200 153 "-" "Mozilla/5.0 (compatible; AhrefsBot/7.0; +http://ahrefs.com/robot/)"
142.44.220.172 - - [15/Jul/2026:21:46:38 -0600] "GET /crazy-bubba-and-bubba-pimp-perform-singing-telegram-grams-in-forney/ HTTP/2" 200 28950 "-" "Mozilla/5.0 (compatible; AhrefsBot/7.0; +http://ahrefs.com/robot/)"
74.7.227.183 - - [15/Jul/2026:21:57:20 -0600] "GET /sitemap_index.xml HTTP/2" 200 327 "-" "Mozilla/5.0 AppleWebKit/537.36 (KHTML, like Gecko; compatible; GPTBot/1.4; +https://openai.com/gptbot)"
198.175.150.9 - - [15/Jul/2026:21:57:21 -0600] "POST /wp-cron.php?doing_wp_cron=1784174241.4430100917816162109375 HTTP/1.1" 200 0 "-" "WordPress/7.0.1; https://dfwsingingtelegrams.com"
43.153.107.22 - - [15/Jul/2026:22:01:23 -0600] "GET / HTTP/1.1" 200 29038 "-" "Mozilla/5.0 (iPhone; CPU iPhone OS 13_2_3 like Mac OS X) AppleWebKit/605.1.15 (KHTML, like Gecko) Version/13.0.3 Mobile/15E148 Safari/604.1"
51.161.65.34 - - [15/Jul/2026:22:06:59 -0600] "GET /post_tag-sitemap.xml HTTP/2" 200 542 "-" "Mozilla/5.0 (compatible; AhrefsBot/7.0; +http://ahrefs.com/robot/)"
202.76.168.172 - - [15/Jul/2026:22:01:27 -0600] "GET /payment/ HTTP/1.1" 403 72 "-" "Mozilla/5.0 (Macintosh; Intel Mac OS X 13.5; rv:136.0) Gecko/20100101 Firefox/136.0"
51.161.65.61 - - [15/Jul/2026:22:06:49 -0600] "GET /sitemap_index.xml HTTP/2" 200 327 "-" "Mozilla/5.0 (compatible; AhrefsBot/7.0; +http://ahrefs.com/robot/)"
142.44.228.250 - - [15/Jul/2026:22:06:51 -0600] "GET /post-sitemap.xml HTTP/2" 200 3338 "-" "Mozilla/5.0 (compatible; AhrefsBot/7.0; +http://ahrefs.com/robot/)"
54.39.0.146 - - [15/Jul/2026:22:06:56 -0600] "GET /category-sitemap.xml HTTP/2" 200 401 "-" "Mozilla/5.0 (compatible; AhrefsBot/7.0; +http://ahrefs.com/robot/)"
142.44.233.106 - - [15/Jul/2026:22:07:01 -0600] "GET /author-sitemap.xml HTTP/2" 200 352 "-" "Mozilla/5.0 (compatible; AhrefsBot/7.0; +http://ahrefs.com/robot/)"
77.75.77.36 - - [15/Jul/2026:22:08:09 -0600] "GET /home/ HTTP/1.1" 301 0 "-" "Mozilla/5.0 (compatible; SeznamBot/4.0; +https://o-seznam.cz/napoveda/vyhledavani/en/seznambot-crawler/)"
216.73.217.24 - - [15/Jul/2026:22:11:48 -0600] "GET /robots.txt HTTP/2" 200 117 "-" "Mozilla/5.0 AppleWebKit/537.36 (KHTML, like Gecko; compatible; ClaudeBot/1.0; +claudebot@anthropic.com)"
216.73.217.24 - - [15/Jul/2026:22:11:49 -0600] "GET /crazy-bubba-and-bubba-pimp-perform-singing-telegram-grams-in-fairview/ HTTP/2" 200 28802 "-" "Mozilla/5.0 AppleWebKit/537.36 (KHTML, like Gecko; compatible; ClaudeBot/1.0; +claudebot@anthropic.com)"
216.73.217.24 - - [15/Jul/2026:22:12:47 -0600] "GET /?p=1860 HTTP/2" 301 0 "-" "Mozilla/5.0 AppleWebKit/537.36 (KHTML, like Gecko; compatible; ClaudeBot/1.0; +claudebot@anthropic.com)"
216.73.217.24 - - [15/Jul/2026:22:12:47 -0600] "GET /crazy-bubba-and-bubba-pimp-perform-singing-telegram-grams-in-ennis/ HTTP/2" 200 28893 "-" "Mozilla/5.0 AppleWebKit/537.36 (KHTML, like Gecko; compatible; ClaudeBot/1.0; +claudebot@anthropic.com)"
216.73.217.24 - - [15/Jul/2026:22:12:48 -0600] "GET /crazy-bubba-and-bubba-pimp-perform-singing-telegram-grams-in-greenville/ HTTP/2" 200 28460 "https://dfwsingingtelegrams.com/?p=1860" "Mozilla/5.0 AppleWebKit/537.36 (KHTML, like Gecko; compatible; ClaudeBot/1.0; +claudebot@anthropic.com)"
74.7.175.164 - - [15/Jul/2026:21:57:20 -0600] "GET /robots.txt HTTP/2" 200 117 "-" "Mozilla/5.0 (Macintosh; Intel Mac OS X 10_15_7) AppleWebKit/537.36 (KHTML, like Gecko) Chrome/131.0.0.0 Safari/537.36; compatible; OAI-SearchBot/1.4; robots.txt; +https://openai.com/searchbot"
54.39.210.26 - - [15/Jul/2026:22:06:54 -0600] "GET /page-sitemap.xml HTTP/2" 200 965 "-" "Mozilla/5.0 (compatible; AhrefsBot/7.0; +http://ahrefs.com/robot/)"
77.75.77.36 - - [15/Jul/2026:22:08:09 -0600] "GET /robots.txt HTTP/1.1" 200 134 "-" "Mozilla/5.0 (compatible; SeznamBot/4.0; +https://o-seznam.cz/napoveda/vyhledavani/en/seznambot-crawler/)"
216.73.217.24 - - [15/Jul/2026:22:14:26 -0600] "GET /crazy-bubba-and-bubba-pimp-perform-singing-telegram-grams-in-highland-village/ HTTP/2" 200 28306 "-" "Mozilla/5.0 AppleWebKit/537.36 (KHTML, like Gecko; compatible; ClaudeBot/1.0; +claudebot@anthropic.com)"
216.73.217.24 - - [15/Jul/2026:22:14:26 -0600] "GET /crazy-bubba-and-bubba-pimp-perform-singing-telegram-grams-in-denison-texas/ HTTP/2" 200 28433 "-" "Mozilla/5.0 AppleWebKit/537.36 (KHTML, like Gecko; compatible; ClaudeBot/1.0; +claudebot@anthropic.com)"
216.73.217.24 - - [15/Jul/2026:22:14:27 -0600] "GET /?p=1885 HTTP/2" 301 0 "-" "Mozilla/5.0 AppleWebKit/537.36 (KHTML, like Gecko; compatible; ClaudeBot/1.0; +claudebot@anthropic.com)"
216.73.217.24 - - [15/Jul/2026:22:14:28 -0600] "GET /crazy-bubba-and-bubba-pimp-perform-singing-telegram-grams-in-heath-texas/ HTTP/2" 200 28812 "https://dfwsingingtelegrams.com/?p=1885" "Mozilla/5.0 AppleWebKit/537.36 (KHTML, like Gecko; compatible; ClaudeBot/1.0; +claudebot@anthropic.com)"
216.73.217.24 - - [15/Jul/2026:22:14:49 -0600] "GET /crazy-bubba-and-bubba-pimp-perform-singing-telegram-grams-in-euless/ HTTP/2" 200 28574 "-" "Mozilla/5.0 AppleWebKit/537.36 (KHTML, like Gecko; compatible; ClaudeBot/1.0; +claudebot@anthropic.com)"
216.73.217.24 - - [15/Jul/2026:22:13:36 -0600] "GET /crazy-bubba-and-bubba-pimp-perform-singing-telegram-grams-in-duncanville/ HTTP/2" 200 28556 "-" "Mozilla/5.0 AppleWebKit/537.36 (KHTML, like Gecko; compatible; ClaudeBot/1.0; +claudebot@anthropic.com)"
216.73.217.24 - - [15/Jul/2026:22:16:11 -0600] "GET /category/uncategorized/page/8/ HTTP/2" 200 22313 "-" "Mozilla/5.0 AppleWebKit/537.36 (KHTML, like Gecko; compatible; ClaudeBot/1.0; +claudebot@anthropic.com)"
216.73.217.24 - - [15/Jul/2026:22:16:33 -0600] "GET /crazy-bubba-and-bubba-pimp-perform-singing-telegram-grams-in-farmers-branch/ HTTP/2" 200 28746 "-" "Mozilla/5.0 AppleWebKit/537.36 (KHTML, like Gecko; compatible; ClaudeBot/1.0; +claudebot@anthropic.com)"
216.73.217.24 - - [15/Jul/2026:22:16:33 -0600] "GET /crazy-bubba-and-bubba-pimp-perform-singing-telegram-grams-in-greenville/ HTTP/2" 200 28460 "-" "Mozilla/5.0 AppleWebKit/537.36 (KHTML, like Gecko; compatible; ClaudeBot/1.0; +claudebot@anthropic.com)"
198.175.150.9 - - [15/Jul/2026:22:13:17 -0600] "POST /wp-cron.php?doing_wp_cron=1784175197.5286219120025634765625 HTTP/1.1" 200 0 "-" "WordPress/7.0.1; https://dfwsingingtelegrams.com"
198.175.150.9 - - [15/Jul/2026:22:13:17 -0600] "POST /wp-cron.php?doing_wp_cron=1784175197.5540890693664550781250 HTTP/1.1" 200 0 "-" "WordPress/7.0.1; https://dfwsingingtelegrams.com"
216.73.217.24 - - [15/Jul/2026:22:15:01 -0600] "GET /?p=1875 HTTP/2" 301 0 "-" "Mozilla/5.0 AppleWebKit/537.36 (KHTML, like Gecko; compatible; ClaudeBot/1.0; +claudebot@anthropic.com)"
216.73.217.24 - - [15/Jul/2026:22:15:02 -0600] "GET /crazy-bubba-and-bubba-pimp-perform-singing-telegram-grams-in-grapevine/ HTTP/2" 200 28828 "https://dfwsingingtelegrams.com/?p=1875" "Mozilla/5.0 AppleWebKit/537.36 (KHTML, like Gecko; compatible; ClaudeBot/1.0; +claudebot@anthropic.com)"
216.73.217.24 - - [15/Jul/2026:22:16:45 -0600] "GET /crazy-bubba-and-bubba-pimp-perform-singing-telegram-grams-in-forney/ HTTP/2" 200 28950 "-" "Mozilla/5.0 AppleWebKit/537.36 (KHTML, like Gecko; compatible; ClaudeBot/1.0; +claudebot@anthropic.com)"
216.73.217.24 - - [15/Jul/2026:22:18:17 -0600] "GET /crazy-bubba-and-bubba-pimp-perform-singing-telegram-grams-in-desoto/ HTTP/2" 200 28456 "-" "Mozilla/5.0 AppleWebKit/537.36 (KHTML, like Gecko; compatible; ClaudeBot/1.0; +claudebot@anthropic.com)"
216.73.217.24 - - [15/Jul/2026:22:13:16 -0600] "GET /crazy-bubba-and-bubba-pimp-perform-singing-telegram-grams-in-frisco/ HTTP/2" 200 28796 "-" "Mozilla/5.0 AppleWebKit/537.36 (KHTML, like Gecko; compatible; ClaudeBot/1.0; +claudebot@anthropic.com)"
216.73.217.24 - - [15/Jul/2026:22:13:17 -0600] "GET /crazy-bubba-and-bubba-pimp-perform-singing-telegram-grams-in-forest-hill/ HTTP/2" 200 28571 "-" "Mozilla/5.0 AppleWebKit/537.36 (KHTML, like Gecko; compatible; ClaudeBot/1.0; +claudebot@anthropic.com)"
40.77.179.1 - - [15/Jul/2026:22:37:44 -0600] "GET /crazy-bubba-and-bubba-pimp-perform-singing-telegram-in-mckinney-texas/ HTTP/2" 200 28533 "-" "Mozilla/5.0 AppleWebKit/537.36 (KHTML, like Gecko; compatible; bingbot/2.0; +http://www.bing.com/bingbot.htm) Chrome/136.0.0.0 Safari/537.36"
148.113.192.94 - - [15/Jul/2026:22:40:17 -0600] "GET / HTTP/1.1" 200 29038 "-" "Mozilla/5.0 (X11; Linux x86_64) AppleWebKit/537.36 (KHTML, like Gecko) Chrome/124 Safari/537.36"
40.77.167.159 - - [15/Jul/2026:22:37:58 -0600] "GET /wp-content/uploads/elementor/css/post-1965.css?ver=1784163651 HTTP/2" 200 153 "https://dfwsingingtelegrams.com/crazy-bubba-and-bubba-pimp-perform-singing-telegram-in-mckinney-texas/" "Mozilla/5.0 AppleWebKit/537.36 (KHTML, like Gecko; compatible; bingbot/2.0; +http://www.bing.com/bingbot.htm) Chrome/136.0.0.0 Safari/537.36 AppleWebKit/537.36 (KHTML, like Gecko; compatible; bingbot/2.0; +http://www.bing.com/bingbot.htm) Chrome/116.0.1938.76 Safari/537.36"
40.77.167.159 - - [15/Jul/2026:22:37:58 -0600] "GET /wp-content/plugins/elementor/assets/js/section-frontend-handlers.d85ab872da118940910d.bundle.min.js HTTP/2" 200 229 "https://dfwsingingtelegrams.com/crazy-bubba-and-bubba-pimp-perform-singing-telegram-in-mckinney-texas/" "Mozilla/5.0 AppleWebKit/537.36 (KHTML, like Gecko; compatible; bingbot/2.0; +http://www.bing.com/bingbot.htm) Chrome/136.0.0.0 Safari/537.36 AppleWebKit/537.36 (KHTML, like Gecko; compatible; bingbot/2.0; +http://www.bing.com/bingbot.htm) Chrome/116.0.1938.76 Safari/537.36"
43.164.197.117 - - [15/Jul/2026:22:34:41 -0600] "GET / HTTP/1.1" 200 29038 "http://www.dfwsingingtelegrams.com" "Mozilla/5.0 (iPhone; CPU iPhone OS 13_2_3 like Mac OS X) AppleWebKit/605.1.15 (KHTML, like Gecko) Version/13.0.3 Mobile/15E148 Safari/604.1"
40.77.167.159 - - [15/Jul/2026:22:37:40 -0600] "GET /crazy-bubba-and-bubba-pimp-perform-singing-telegram-in-mckinney-texas/ HTTP/2" 200 28533 "-" "Mozilla/5.0 AppleWebKit/537.36 (KHTML, like Gecko; compatible; bingbot/2.0; +http://www.bing.com/bingbot.htm) Chrome/116.0.1938.76 Safari/537.36"
51.161.65.252 - - [15/Jul/2026:22:40:10 -0600] "GET /tag/little-elm-tx/ HTTP/2" 200 20261 "-" "Mozilla/5.0 (compatible; AhrefsBot/7.0; +http://ahrefs.com/robot/)"
31.76.140.64 - - [15/Jul/2026:22:46:33 -0600] "GET /wp-content/uploads/2025/03/richardson-768x461.jpg HTTP/1.1" 200 63132 "-" "Mozilla/5.0 (compatible; crawler)"
40.77.179.1 - - [15/Jul/2026:22:53:53 -0600] "GET /crazy-bubba-and-bubba-pimp-perform-singing-telegram-in-mckinney-texas/ HTTP/2" 200 28533 "-" "Mozilla/5.0 AppleWebKit/537.36 (KHTML, like Gecko; compatible; bingbot/2.0; +http://www.bing.com/bingbot.htm) Chrome/136.0.0.0 Safari/537.36"
43.163.80.48 - - [15/Jul/2026:22:54:44 -0600] "GET /category/uncategorized/ HTTP/1.1" 200 26199 "-" "Mozilla/5.0 (iPhone; CPU iPhone OS 13_2_3 like Mac OS X) AppleWebKit/605.1.15 (KHTML, like Gecko) Version/13.0.3 Mobile/15E148 Safari/604.1"
198.175.150.9 - - [15/Jul/2026:22:52:35 -0600] "POST /wp-cron.php?doing_wp_cron=1784177555.7885239124298095703125 HTTP/1.1" 200 0 "-" "WordPress/7.0.1; https://dfwsingingtelegrams.com"
43.133.187.11 - - [15/Jul/2026:22:52:34 -0600] "GET /biker-bubba-2/ HTTP/1.1" 200 27341 "-" "Mozilla/5.0 (iPhone; CPU iPhone OS 13_2_3 like Mac OS X) AppleWebKit/605.1.15 (KHTML, like Gecko) Version/13.0.3 Mobile/15E148 Safari/604.1"
49.51.233.95 - - [15/Jul/2026:23:05:44 -0600] "GET /order-online/ HTTP/1.1" 200 66309 "-" "Mozilla/5.0 (iPhone; CPU iPhone OS 13_2_3 like Mac OS X) AppleWebKit/605.1.15 (KHTML, like Gecko) Version/13.0.3 Mobile/15E148 Safari/604.1"
198.175.150.9 - - [15/Jul/2026:23:05:41 -0600] "POST /wp-cron.php?doing_wp_cron=1784178341.4427208900451660156250 HTTP/1.1" 200 0 "-" "WordPress/7.0.1; https://dfwsingingtelegrams.com"
92.132.24.180 - - [15/Jul/2026:23:05:40 -0600] "GET /author/johnfite/page/5/ HTTP/1.1" 200 26235 "-" "Mozilla/5.0 (Macintosh; U; PPC Mac OS X; en) AppleWebKit/312.8 (KHTML, like Gecko) Safari/312.5"
216.73.217.24 - - [15/Jul/2026:23:15:21 -0600] "GET /robots.txt HTTP/2" 200 117 "-" "Mozilla/5.0 AppleWebKit/537.36 (KHTML, like Gecko; compatible; ClaudeBot/1.0; +claudebot@anthropic.com)"
216.73.217.24 - - [15/Jul/2026:23:15:23 -0600] "GET /crazy-bubba-and-bubba-pimp-perform-singing-telegram-grams-in-cedar-hill-texas/ HTTP/2" 200 28762 "-" "Mozilla/5.0 AppleWebKit/537.36 (KHTML, like Gecko; compatible; ClaudeBot/1.0; +claudebot@anthropic.com)"
216.73.217.24 - - [15/Jul/2026:23:16:08 -0600] "GET /crazy-bubba-and-bubba-pimp-perform-singing-telegram-grams-in-corinth-texas/ HTTP/2" 200 28855 "-" "Mozilla/5.0 AppleWebKit/537.36 (KHTML, like Gecko; compatible; ClaudeBot/1.0; +claudebot@anthropic.com)"
198.175.150.9 - - [15/Jul/2026:23:15:22 -0600] "POST /wp-cron.php?doing_wp_cron=1784178922.8519349098205566406250 HTTP/1.1" 200 0 "-" "WordPress/7.0.1; https://dfwsingingtelegrams.com"
216.73.217.24 - - [15/Jul/2026:23:15:56 -0600] "GET /category/uncategorized/page/9/ HTTP/2" 200 22327 "-" "Mozilla/5.0 AppleWebKit/537.36 (KHTML, like Gecko; compatible; ClaudeBot/1.0; +claudebot@anthropic.com)"
216.73.217.24 - - [15/Jul/2026:23:17:42 -0600] "GET /crazy-bubba-and-bubba-pimp-perform-singing-telegram-grams-in-denton/ HTTP/2" 200 28350 "-" "Mozilla/5.0 AppleWebKit/537.36 (KHTML, like Gecko; compatible; ClaudeBot/1.0; +claudebot@anthropic.com)"
216.73.217.24 - - [15/Jul/2026:23:17:48 -0600] "GET /crazy-bubba-and-bubba-pimp-perform-singing-telegram-grams-in-desoto/ HTTP/2" 200 28456 "-" "Mozilla/5.0 AppleWebKit/537.36 (KHTML, like Gecko; compatible; ClaudeBot/1.0; +claudebot@anthropic.com)"
216.73.217.24 - - [15/Jul/2026:23:18:12 -0600] "GET /?p=1835 HTTP/2" 301 0 "-" "Mozilla/5.0 AppleWebKit/537.36 (KHTML, like Gecko; compatible; ClaudeBot/1.0; +claudebot@anthropic.com)"
216.73.217.24 - - [15/Jul/2026:23:18:12 -0600] "GET /crazy-bubba-and-bubba-pimp-perform-singing-telegram-grams-in-colleyville/ HTTP/2" 200 28785 "-" "Mozilla/5.0 AppleWebKit/537.36 (KHTML, like Gecko; compatible; ClaudeBot/1.0; +claudebot@anthropic.com)"
216.73.217.24 - - [15/Jul/2026:23:18:13 -0600] "GET /crazy-bubba-and-bubba-pimp-perform-singing-telegram-grams-in-forney/ HTTP/2" 200 28950 "https://dfwsingingtelegrams.com/?p=1835" "Mozilla/5.0 AppleWebKit/537.36 (KHTML, like Gecko; compatible; ClaudeBot/1.0; +claudebot@anthropic.com)"
216.73.217.24 - - [15/Jul/2026:23:19:33 -0600] "GET /crazy-bubba-and-bubba-pimp-perform-singing-telegram-grams-in-dallas/ HTTP/2" 200 28747 "-" "Mozilla/5.0 AppleWebKit/537.36 (KHTML, like Gecko; compatible; ClaudeBot/1.0; +claudebot@anthropic.com)"
216.73.217.24 - - [15/Jul/2026:23:20:18 -0600] "GET /crazy-bubba-and-bubba-pimp-perform-singing-telegram-grams-in-coppell/ HTTP/2" 200 28217 "-" "Mozilla/5.0 AppleWebKit/537.36 (KHTML, like Gecko; compatible; ClaudeBot/1.0; +claudebot@anthropic.com)"
85.208.96.211 - - [15/Jul/2026:23:20:29 -0600] "GET /robots.txt HTTP/1.1" 200 134 "-" "Mozilla/5.0 (compatible; SemrushBot/7~bl; +http://www.semrush.com/bot.html)"
216.73.217.24 - - [15/Jul/2026:23:21:31 -0600] "GET /crazy-bubba-and-bubba-pimp-perform-singing-telegram-grams-in-carrollton/ HTTP/2" 200 29009 "-" "Mozilla/5.0 AppleWebKit/537.36 (KHTML, like Gecko; compatible; ClaudeBot/1.0; +claudebot@anthropic.com)"
43.163.86.65 - - [15/Jul/2026:23:14:42 -0600] "GET /xmlrpc.php?rsd HTTP/1.1" 200 314 "-" "Mozilla/5.0 (iPhone; CPU iPhone OS 13_2_3 like Mac OS X) AppleWebKit/605.1.15 (KHTML, like Gecko) Version/13.0.3 Mobile/15E148 Safari/604.1"
216.73.217.24 - - [15/Jul/2026:23:18:21 -0600] "GET /crazy-bubba-and-bubba-pimp-perform-singing-telegram-grams-in-cleburne/ HTTP/2" 200 28560 "-" "Mozilla/5.0 AppleWebKit/537.36 (KHTML, like Gecko; compatible; ClaudeBot/1.0; +claudebot@anthropic.com)"
216.73.217.24 - - [15/Jul/2026:23:20:25 -0600] "GET /?p=1800 HTTP/2" 301 0 "-" "Mozilla/5.0 AppleWebKit/537.36 (KHTML, like Gecko; compatible; ClaudeBot/1.0; +claudebot@anthropic.com)"
216.73.217.24 - - [15/Jul/2026:23:20:25 -0600] "GET /crazy-bubba-and-bubba-pimp-perform-singing-telegram-grams-in-burleson/ HTTP/2" 200 28870 "-" "Mozilla/5.0 AppleWebKit/537.36 (KHTML, like Gecko; compatible; ClaudeBot/1.0; +claudebot@anthropic.com)"
216.73.217.24 - - [15/Jul/2026:23:20:26 -0600] "GET /crazy-bubba-and-bubba-pimp-perform-singing-telegram-grams-in-desoto/ HTTP/2" 200 28456 "https://dfwsingingtelegrams.com/?p=1800" "Mozilla/5.0 AppleWebKit/537.36 (KHTML, like Gecko; compatible; ClaudeBot/1.0; +claudebot@anthropic.com)"
216.73.217.24 - - [15/Jul/2026:23:21:02 -0600] "GET /crazy-bubba-and-bubba-pimp-perform-singing-telegram-grams-in-forney/ HTTP/2" 200 28950 "-" "Mozilla/5.0 AppleWebKit/537.36 (KHTML, like Gecko; compatible; ClaudeBot/1.0; +claudebot@anthropic.com)"
198.175.150.9 - - [15/Jul/2026:23:15:22 -0600] "POST /wp-cron.php?doing_wp_cron=1784178922.8970229625701904296875 HTTP/1.1" 200 0 "-" "WordPress/7.0.1; https://dfwsingingtelegrams.com"
216.73.217.24 - - [15/Jul/2026:23:17:20 -0600] "GET /?p=1815 HTTP/2" 301 0 "-" "Mozilla/5.0 AppleWebKit/537.36 (KHTML, like Gecko; compatible; ClaudeBot/1.0; +claudebot@anthropic.com)"
216.73.217.24 - - [15/Jul/2026:23:17:21 -0600] "GET /crazy-bubba-and-bubba-pimp-perform-singing-telegram-grams-in-euless/ HTTP/2" 200 28574 "https://dfwsingingtelegrams.com/?p=1815" "Mozilla/5.0 AppleWebKit/537.36 (KHTML, like Gecko; compatible; ClaudeBot/1.0; +claudebot@anthropic.com)"
216.73.217.24 - - [15/Jul/2026:23:17:34 -0600] "GET /?p=1840 HTTP/2" 301 0 "-" "Mozilla/5.0 AppleWebKit/537.36 (KHTML, like Gecko; compatible; ClaudeBot/1.0; +claudebot@anthropic.com)"
216.73.217.24 - - [15/Jul/2026:23:17:35 -0600] "GET /crazy-bubba-and-bubba-pimp-perform-singing-telegram-grams-in-forest-hill/ HTTP/2" 200 28571 "https://dfwsingingtelegrams.com/?p=1840" "Mozilla/5.0 AppleWebKit/537.36 (KHTML, like Gecko; compatible; ClaudeBot/1.0; +claudebot@anthropic.com)"
216.73.217.24 - - [15/Jul/2026:23:19:23 -0600] "GET /?p=1825 HTTP/2" 301 0 "-" "Mozilla/5.0 AppleWebKit/537.36 (KHTML, like Gecko; compatible; ClaudeBot/1.0; +claudebot@anthropic.com)"
216.73.217.24 - - [15/Jul/2026:23:19:23 -0600] "GET /crazy-bubba-and-bubba-pimp-perform-singing-telegram-grams-in-farmers-branch/ HTTP/2" 200 28746 "https://dfwsingingtelegrams.com/?p=1825" "Mozilla/5.0 AppleWebKit/537.36 (KHTML, like Gecko; compatible; ClaudeBot/1.0; +claudebot@anthropic.com)"
185.191.171.4 - - [15/Jul/2026:23:20:29 -0600] "GET /crazy-bubba-and-bubba-pimp-perform-singing-telegram-in-wylie-texas/ HTTP/1.1" 200 32481 "-" "Mozilla/5.0 (compatible; SemrushBot/7~bl; +http://www.semrush.com/bot.html)"
216.73.217.24 - - [15/Jul/2026:23:20:36 -0600] "GET /crazy-bubba-and-bubba-pimp-perform-singing-telegram-grams-in-crowley/ HTTP/2" 200 28639 "-" "Mozilla/5.0 AppleWebKit/537.36 (KHTML, like Gecko; compatible; ClaudeBot/1.0; +claudebot@anthropic.com)"
85.208.96.206 - - [16/Jul/2026:00:08:23 -0600] "GET /crazy-bubba-and-bubba-pimp-perform-singing-telegram-grams-in-coppell/ HTTP/1.1" 500 165 "-" "Mozilla/5.0 (compatible; SemrushBot/7~bl; +http://www.semrush.com/bot.html)"
52.167.144.197 - - [16/Jul/2026:00:09:18 -0600] "GET / HTTP/2" 500 928 "-" "Mozilla/5.0 AppleWebKit/537.36 (KHTML, like Gecko; compatible; bingbot/2.0; +http://www.bing.com/bingbot.htm) Chrome/116.0.1938.76 Safari/537.36"
15.235.98.176 - - [16/Jul/2026:00:08:00 -0600] "GET /tag/coppell-tx/ HTTP/2" 500 928 "-" "Mozilla/5.0 (compatible; AhrefsBot/7.0; +http://ahrefs.com/robot/)"
40.77.167.136 - - [15/Jul/2026:23:56:28 -0600] "GET /dfw-singing-telegrams-bringing-laughter-and-joy-to-north-texas/ HTTP/2" 200 0 "-" "Mozilla/5.0 AppleWebKit/537.36 (KHTML, like Gecko; compatible; bingbot/2.0; +http://www.bing.com/bingbot.htm) Chrome/116.0.1938.76 Safari/537.36"
85.208.96.203 - - [15/Jul/2026:23:58:01 -0600] "GET /crazy-bubba-and-bubba-pimp-perform-singing-telegram-grams-in-corinth-texas/ HTTP/1.1" 500 165 "-" "Mozilla/5.0 (compatible; SemrushBot/7~bl; +http://www.semrush.com/bot.html)"
216.73.217.24 - - [16/Jul/2026:00:10:48 -0600] "GET /?p=1770 HTTP/2" 301 0 "-" "Mozilla/5.0 AppleWebKit/537.36 (KHTML, like Gecko; compatible; ClaudeBot/1.0; +claudebot@anthropic.com)"
216.73.217.24 - - [16/Jul/2026:00:10:48 -0600] "GET /?p=1745 HTTP/2" 301 0 "-" "Mozilla/5.0 AppleWebKit/537.36 (KHTML, like Gecko; compatible; ClaudeBot/1.0; +claudebot@anthropic.com)"
216.73.217.24 - - [16/Jul/2026:00:10:49 -0600] "GET /crazy-bubba-and-bubba-pimp-perform-singing-telegram-grams-in-coppell/ HTTP/2" 200 28217 "https://dfwsingingtelegrams.com/?p=1770" "Mozilla/5.0 AppleWebKit/537.36 (KHTML, like Gecko; compatible; ClaudeBot/1.0; +claudebot@anthropic.com)"
216.73.217.24 - - [16/Jul/2026:00:10:49 -0600] "GET /crazy-bubba-and-bubba-pimp-perform-singing-telegram-grams-in-burleson/ HTTP/2" 200 28870 "https://dfwsingingtelegrams.com/?p=1745" "Mozilla/5.0 AppleWebKit/537.36 (KHTML, like Gecko; compatible; ClaudeBot/1.0; +claudebot@anthropic.com)"
198.175.150.9 - - [16/Jul/2026:00:15:30 -0600] "POST /wp-cron.php?doing_wp_cron=1784182530.7893788814544677734375 HTTP/1.1" 200 0 "-" "WordPress/7.0.1; https://dfwsingingtelegrams.com"
198.175.150.9 - - [16/Jul/2026:00:15:30 -0600] "POST /wp-cron.php?doing_wp_cron=1784182530.8306961059570312500000 HTTP/1.1" 200 0 "-" "WordPress/7.0.1; https://dfwsingingtelegrams.com"
216.73.217.24 - - [16/Jul/2026:00:15:51 -0600] "GET /crazy-bubba-and-bubba-pimp-perform-singing-telegram-grams-in-aledo/ HTTP/2" 200 29158 "-" "Mozilla/5.0 AppleWebKit/537.36 (KHTML, like Gecko; compatible; ClaudeBot/1.0; +claudebot@anthropic.com)"
216.73.217.24 - - [16/Jul/2026:00:12:27 -0600] "GET /crazy-bubba-and-bubba-pimp-perform-singing-telegram-grams-in-dallas/ HTTP/2" 200 28747 "-" "Mozilla/5.0 AppleWebKit/537.36 (KHTML, like Gecko; compatible; ClaudeBot/1.0; +claudebot@anthropic.com)"
216.73.217.24 - - [16/Jul/2026:00:12:28 -0600] "GET /crazy-bubba-and-bubba-pimp-perform-singing-telegram-grams-in-bedford/ HTTP/2" 200 28937 "-" "Mozilla/5.0 AppleWebKit/537.36 (KHTML, like Gecko; compatible; ClaudeBot/1.0; +claudebot@anthropic.com)"
216.73.217.24 - - [16/Jul/2026:00:14:24 -0600] "GET /?p=1775 HTTP/2" 301 0 "-" "Mozilla/5.0 AppleWebKit/537.36 (KHTML, like Gecko; compatible; ClaudeBot/1.0; +claudebot@anthropic.com)"
216.73.217.24 - - [16/Jul/2026:00:14:25 -0600] "GET /crazy-bubba-and-bubba-pimp-perform-singing-telegram-grams-in-corinth-texas/ HTTP/2" 200 28855 "https://dfwsingingtelegrams.com/?p=1775" "Mozilla/5.0 AppleWebKit/537.36 (KHTML, like Gecko; compatible; ClaudeBot/1.0; +claudebot@anthropic.com)"
216.73.217.24 - - [16/Jul/2026:00:15:29 -0600] "GET /robots.txt HTTP/2" 200 117 "-" "Mozilla/5.0 AppleWebKit/537.36 (KHTML, like Gecko; compatible; ClaudeBot/1.0; +claudebot@anthropic.com)"
216.73.217.24 - - [16/Jul/2026:00:15:31 -0600] "GET /crazy-bubba-and-bubba-pimp-perform-singing-telegram-grams-in-alvarado/ HTTP/2" 200 28744 "-" "Mozilla/5.0 AppleWebKit/537.36 (KHTML, like Gecko; compatible; ClaudeBot/1.0; +claudebot@anthropic.com)"
216.73.217.24 - - [16/Jul/2026:00:15:32 -0600] "GET /crazy-bubba-and-bubba-pimp-perform-singing-telegrams-in-addison/ HTTP/2" 200 27696 "-" "Mozilla/5.0 AppleWebKit/537.36 (KHTML, like Gecko; compatible; ClaudeBot/1.0; +claudebot@anthropic.com)"
85.208.96.206 - - [16/Jul/2026:00:15:50 -0600] "GET /crazy-bubba-and-bubba-pimp-perform-singing-telegram-in-whitney-texas/ HTTP/1.1" 200 32086 "-" "Mozilla/5.0 (compatible; SemrushBot/7~bl; +http://www.semrush.com/bot.html)"
54.39.203.161 - - [16/Jul/2026:00:15:55 -0600] "GET /wp-content/uploads/elementor/css/post-1024.css?ver=1784156364 HTTP/2" 200 197 "-" "Mozilla/5.0 (compatible; AhrefsBot/7.0; +http://ahrefs.com/robot/)"
198.175.150.9 - - [16/Jul/2026:00:09:55 -0600] "POST /wp-cron.php?doing_wp_cron=1784182195.8886709213256835937500 HTTP/1.1" 200 0 "-" "WordPress/7.0.1; https://dfwsingingtelegrams.com"
198.175.150.9 - - [16/Jul/2026:00:09:55 -0600] "POST /wp-cron.php?doing_wp_cron=1784182195.8884088993072509765625 HTTP/1.1" 200 0 "-" "WordPress/7.0.1; https://dfwsingingtelegrams.com"
216.73.217.24 - - [16/Jul/2026:00:11:51 -0600] "GET /category/uncategorized/page/10/ HTTP/2" 200 22631 "-" "Mozilla/5.0 AppleWebKit/537.36 (KHTML, like Gecko; compatible; ClaudeBot/1.0; +claudebot@anthropic.com)"
216.73.217.24 - - [16/Jul/2026:00:13:57 -0600] "GET /crazy-bubba-and-bubba-pimp-perform-singing-telegram-grams-in-azle/ HTTP/2" 200 27597 "-" "Mozilla/5.0 AppleWebKit/537.36 (KHTML, like Gecko; compatible; ClaudeBot/1.0; +claudebot@anthropic.com)"
216.73.217.24 - - [16/Jul/2026:00:09:52 -0600] "GET /crazy-bubba-and-bubba-pimp-perform-singing-telegram-grams-in-alliance/ HTTP/2" 200 28100 "-" "Mozilla/5.0 AppleWebKit/537.36 (KHTML, like Gecko; compatible; ClaudeBot/1.0; +claudebot@anthropic.com)"
216.73.217.24 - - [16/Jul/2026:00:09:52 -0600] "GET /crazy-bubba-and-bubba-pimp-perform-singing-telegrams-in-balch-springs/ HTTP/2" 200 28422 "-" "Mozilla/5.0 AppleWebKit/537.36 (KHTML, like Gecko; compatible; ClaudeBot/1.0; +claudebot@anthropic.com)"
216.73.217.24 - - [16/Jul/2026:00:09:56 -0600] "GET /?p=1800 HTTP/2" 301 0 "-" "Mozilla/5.0 AppleWebKit/537.36 (KHTML, like Gecko; compatible; ClaudeBot/1.0; +claudebot@anthropic.com)"
216.73.217.24 - - [16/Jul/2026:00:09:56 -0600] "GET /?p=1760 HTTP/2" 301 0 "-" "Mozilla/5.0 AppleWebKit/537.36 (KHTML, like Gecko; compatible; ClaudeBot/1.0; +claudebot@anthropic.com)"
216.73.217.24 - - [16/Jul/2026:00:09:57 -0600] "GET /crazy-bubba-and-bubba-pimp-perform-singing-telegram-grams-in-desoto/ HTTP/2" 200 28456 "https://dfwsingingtelegrams.com/?p=1800" "Mozilla/5.0 AppleWebKit/537.36 (KHTML, like Gecko; compatible; ClaudeBot/1.0; +claudebot@anthropic.com)"
216.73.217.24 - - [16/Jul/2026:00:09:57 -0600] "GET /crazy-bubba-and-bubba-pimp-perform-singing-telegram-grams-in-cleburne/ HTTP/2" 200 28560 "https://dfwsingingtelegrams.com/?p=1760" "Mozilla/5.0 AppleWebKit/537.36 (KHTML, like Gecko; compatible; ClaudeBot/1.0; +claudebot@anthropic.com)"
