142.44.233.99 - - [16/Jul/2026:00:12:00 -0600] "GET /allen-singing-telegrams-the-best-way-to-celebrate-in-allen-texas/ HTTP/2" 200 29287 "-" "Mozilla/5.0 (compatible; AhrefsBot/7.0; +http://ahrefs.com/robot/)"
216.73.217.24 - - [16/Jul/2026:00:14:02 -0600] "GET /crazy-bubba-and-bubba-pimp-perform-singing-telegrams-in-arlington-texas/ HTTP/2" 200 27429 "-" "Mozilla/5.0 AppleWebKit/537.36 (KHTML, like Gecko; compatible; ClaudeBot/1.0; +claudebot@anthropic.com)"
167.114.139.148 - - [16/Jul/2026:00:15:53 -0600] "GET /wp-content/uploads/2025/02/allen.jpg HTTP/2" 200 97192 "-" "Mozilla/5.0 (compatible; AhrefsBot/7.0; +http://ahrefs.com/robot/)"
167.94.146.59 - - [16/Jul/2026:00:17:22 -0600] "GET /wp-json/?_fields=name,description,home,gmt_offset,timezone_string,namespaces HTTP/1.1" 200 328 "-" "Mozilla/5.0 (compatible; CensysInspect/1.1; +https://about.censys.io/)"
40.77.167.52 - - [16/Jul/2026:00:30:45 -0600] "GET /page-sitemap.xml HTTP/2" 200 965 "-" "Mozilla/5.0 AppleWebKit/537.36 (KHTML, like Gecko; compatible; bingbot/2.0; +http://www.bing.com/bingbot.htm) Chrome/116.0.1938.76 Safari/537.36"
51.39.231.32 - - [16/Jul/2026:00:32:42 -0600] "GET /author/johnfite/ HTTP/2" 200 22752 "-" "Mozilla/5.0 (Macintosh; Intel Mac OS X 10_12_0) AppleWebKit/537.36 (KHTML, like Gecko) Chrome/50.0.4602.1633 Safari/537.36"
142.44.220.156 - - [16/Jul/2026:00:40:32 -0600] "GET /wp-content/uploads/elementor/css/post-1009.css?ver=1784156391 HTTP/2" 200 197 "-" "Mozilla/5.0 (compatible; AhrefsBot/7.0; +http://ahrefs.com/robot/)"
216.73.217.24 - - [16/Jul/2026:00:31:14 -0600] "GET /sitemap_index.xml HTTP/2" 200 327 "-" "Mozilla/5.0 AppleWebKit/537.36 (KHTML, like Gecko; compatible; ClaudeBot/1.0; +claudebot@anthropic.com)"
54.39.0.201 - - [16/Jul/2026:00:40:33 -0600] "GET /wp-content/uploads/2025/02/frisco.jpg HTTP/2" 200 101639 "-" "Mozilla/5.0 (compatible; AhrefsBot/7.0; +http://ahrefs.com/robot/)"
52.167.144.147 - - [16/Jul/2026:00:27:15 -0600] "GET /sitemap_index.xml HTTP/2" 200 327 "-" "Mozilla/5.0 AppleWebKit/537.36 (KHTML, like Gecko; compatible; bingbot/2.0; +http://www.bing.com/bingbot.htm) Chrome/116.0.1938.76 Safari/537.36"
142.44.233.94 - - [16/Jul/2026:00:35:39 -0600] "GET /dfw-singing-telegrams-now-available-in-frisco-the-best-way-to-celebrate/ HTTP/2" 200 28813 "-" "Mozilla/5.0 (compatible; AhrefsBot/7.0; +http://ahrefs.com/robot/)"
172.238.176.14 - - [16/Jul/2026:00:44:05 -0600] "GET / HTTP/1.1" 200 29038 "-" "Mozilla/5.0 (compatible; SaaSBrowserBot/1.0; +https://saasbrowser.com/bot)"
172.238.176.14 - - [16/Jul/2026:00:44:04 -0600] "GET /robots.txt HTTP/1.1" 200 134 "-" "Mozilla/5.0 (compatible; SaaSBrowserBot/1.0; +https://saasbrowser.com/bot)"
173.252.70.49 - - [16/Jul/2026:00:47:44 -0600] "GET /robots.txt HTTP/2" 200 181 "-" "facebookexternalhit/1.1 (+http://www.facebook.com/externalhit_uatext.php)"
216.73.217.24 - - [16/Jul/2026:01:16:36 -0600] "GET /gorilla-grams-available-in-dallas-texas/ HTTP/2" 200 27623 "-" "Mozilla/5.0 AppleWebKit/537.36 (KHTML, like Gecko; compatible; ClaudeBot/1.0; +claudebot@anthropic.com)"
198.175.150.9 - - [16/Jul/2026:01:08:36 -0600] "POST /wp-cron.php?doing_wp_cron=1784185716.7125539779663085937500 HTTP/1.1" 200 0 "-" "WordPress/7.0.1; https://dfwsingingtelegrams.com"
142.44.220.149 - - [16/Jul/2026:01:08:35 -0600] "GET /tag/gorilla/ HTTP/2" 200 21597 "-" "Mozilla/5.0 (compatible; AhrefsBot/7.0; +http://ahrefs.com/robot/)"
198.175.150.9 - - [16/Jul/2026:01:16:27 -0600] "POST /wp-cron.php?doing_wp_cron=1784186187.2740259170532226562500 HTTP/1.1" 200 0 "-" "WordPress/7.0.1; https://dfwsingingtelegrams.com"
198.175.150.9 - - [16/Jul/2026:01:16:27 -0600] "POST /wp-cron.php?doing_wp_cron=1784186187.2957971096038818359375 HTTP/1.1" 200 0 "-" "WordPress/7.0.1; https://dfwsingingtelegrams.com"
216.73.217.24 - - [16/Jul/2026:01:16:26 -0600] "GET /robots.txt HTTP/2" 200 117 "-" "Mozilla/5.0 AppleWebKit/537.36 (KHTML, like Gecko; compatible; ClaudeBot/1.0; +claudebot@anthropic.com)"
216.73.217.24 - - [16/Jul/2026:01:16:27 -0600] "GET /dfw-singing-telegrams-now-available-in-university-park-tx/ HTTP/2" 200 27606 "-" "Mozilla/5.0 AppleWebKit/537.36 (KHTML, like Gecko; compatible; ClaudeBot/1.0; +claudebot@anthropic.com)"
216.73.217.24 - - [16/Jul/2026:01:18:11 -0600] "GET /dfw-singing-telegrams-bringing-laughter-and-joy-to-richardson-tx/ HTTP/2" 200 27618 "-" "Mozilla/5.0 AppleWebKit/537.36 (KHTML, like Gecko; compatible; ClaudeBot/1.0; +claudebot@anthropic.com)"
216.73.217.24 - - [16/Jul/2026:01:18:23 -0600] "GET /celebrate-mothers-day-with-a-singing-heart-singing-telegram-in-dallas/ HTTP/2" 200 27730 "-" "Mozilla/5.0 AppleWebKit/537.36 (KHTML, like Gecko; compatible; ClaudeBot/1.0; +claudebot@anthropic.com)"
216.73.217.24 - - [16/Jul/2026:01:17:18 -0600] "GET /crazy-bubba-and-bubba-pimp-perform-singing-telegram-grams-in-alvarado/ HTTP/2" 200 28744 "-" "Mozilla/5.0 AppleWebKit/537.36 (KHTML, like Gecko; compatible; ClaudeBot/1.0; +claudebot@anthropic.com)"
216.73.217.24 - - [16/Jul/2026:01:17:18 -0600] "GET /crazy-bubba-and-bubba-pimp-perform-singing-telegram-grams-in-azle/ HTTP/2" 200 27597 "-" "Mozilla/5.0 AppleWebKit/537.36 (KHTML, like Gecko; compatible; ClaudeBot/1.0; +claudebot@anthropic.com)"
216.73.217.24 - - [16/Jul/2026:01:17:19 -0600] "GET /dfw-singing-telegrams-now-available-in-sachse-tx/ HTTP/2" 200 27755 "-" "Mozilla/5.0 AppleWebKit/537.36 (KHTML, like Gecko; compatible; ClaudeBot/1.0; +claudebot@anthropic.com)"
216.73.217.24 - - [16/Jul/2026:01:17:19 -0600] "GET /?p=1715 HTTP/2" 301 0 "-" "Mozilla/5.0 AppleWebKit/537.36 (KHTML, like Gecko; compatible; ClaudeBot/1.0; +claudebot@anthropic.com)"
216.73.217.24 - - [16/Jul/2026:01:17:20 -0600] "GET /crazy-bubba-and-bubba-pimp-perform-singing-telegram-grams-in-azle/ HTTP/2" 200 27597 "https://dfwsingingtelegrams.com/?p=1715" "Mozilla/5.0 AppleWebKit/537.36 (KHTML, like Gecko; compatible; ClaudeBot/1.0; +claudebot@anthropic.com)"
216.73.217.24 - - [16/Jul/2026:01:18:03 -0600] "GET /dfw-singing-telegrams-now-available-in-trophy-club-tx/ HTTP/2" 200 27918 "-" "Mozilla/5.0 AppleWebKit/537.36 (KHTML, like Gecko; compatible; ClaudeBot/1.0; +claudebot@anthropic.com)"
216.73.217.24 - - [16/Jul/2026:01:19:37 -0600] "GET /dfw-singing-telegrams-now-available-in-the-colony-tx/ HTTP/2" 200 28049 "-" "Mozilla/5.0 AppleWebKit/537.36 (KHTML, like Gecko; compatible; ClaudeBot/1.0; +claudebot@anthropic.com)"
216.73.217.24 - - [16/Jul/2026:01:19:37 -0600] "GET /dfw-singing-telegrams-now-available-in-roanoke-tx/ HTTP/2" 200 27732 "-" "Mozilla/5.0 AppleWebKit/537.36 (KHTML, like Gecko; compatible; ClaudeBot/1.0; +claudebot@anthropic.com)"
216.73.217.24 - - [16/Jul/2026:01:20:15 -0600] "GET /crazy-bubba-and-bubba-pimp-perform-singing-telegram-grams-in-bedford/ HTTP/2" 200 0 "-" "Mozilla/5.0 AppleWebKit/537.36 (KHTML, like Gecko; compatible; ClaudeBot/1.0; +claudebot@anthropic.com)"
216.73.217.24 - - [16/Jul/2026:01:45:58 -0600] "GET /sitemap_index.xml HTTP/2" 200 327 "-" "Mozilla/5.0 AppleWebKit/537.36 (KHTML, like Gecko; compatible; ClaudeBot/1.0; +claudebot@anthropic.com)"
17.22.253.221 - - [16/Jul/2026:02:06:17 -0600] "GET /wp-content/themes/astra/assets/css/minified/main.min.css?ver=4.13.6 HTTP/2" 200 8389 "https://dfwsingingtelegrams.com/best-office-birthday-surprise-in-dallas-tx/" "Mozilla/5.0 (Macintosh; Intel Mac OS X 10_15_7) AppleWebKit/605.1.15 (KHTML, like Gecko) Version/17.4 Safari/605.1.15 (Applebot/0.1; +http://www.apple.com/go/applebot)"
17.22.253.221 - - [16/Jul/2026:02:06:19 -0600] "GET /wp-content/uploads/astra-addon/astra-addon-6a53a1a06c62f8-49579154.css?ver=4.13.5 HTTP/2" 200 2773 "https://dfwsingingtelegrams.com/best-office-birthday-surprise-in-dallas-tx/" "Mozilla/5.0 (Macintosh; Intel Mac OS X 10_15_7) AppleWebKit/605.1.15 (KHTML, like Gecko) Version/17.4 Safari/605.1.15 (Applebot/0.1; +http://www.apple.com/go/applebot)"
17.22.253.221 - - [16/Jul/2026:02:06:20 -0600] "GET /wp-content/plugins/elementor/assets/lib/eicons/css/elementor-icons.min.css?ver=5.50.0 HTTP/2" 200 4123 "https://dfwsingingtelegrams.com/best-office-birthday-surprise-in-dallas-tx/" "Mozilla/5.0 (Macintosh; Intel Mac OS X 10_15_7) AppleWebKit/605.1.15 (KHTML, like Gecko) Version/17.4 Safari/605.1.15 (Applebot/0.1; +http://www.apple.com/go/applebot)"
17.22.253.221 - - [16/Jul/2026:02:06:22 -0600] "GET /wp-content/plugins/ultimate-elementor/assets/min-css/uael-frontend.min.css?ver=1.45.1 HTTP/2" 200 76022 "https://dfwsingingtelegrams.com/best-office-birthday-surprise-in-dallas-tx/" "Mozilla/5.0 (Macintosh; Intel Mac OS X 10_15_7) AppleWebKit/605.1.15 (KHTML, like Gecko) Version/17.4 Safari/605.1.15 (Applebot/0.1; +http://www.apple.com/go/applebot)"
17.22.253.221 - - [16/Jul/2026:02:06:23 -0600] "GET /wp-content/plugins/elementor/assets/css/frontend.min.css?ver=4.1.4 HTTP/2" 200 6613 "https://dfwsingingtelegrams.com/best-office-birthday-surprise-in-dallas-tx/" "Mozilla/5.0 (Macintosh; Intel Mac OS X 10_15_7) AppleWebKit/605.1.15 (KHTML, like Gecko) Version/17.4 Safari/605.1.15 (Applebot/0.1; +http://www.apple.com/go/applebot)"
17.22.253.221 - - [16/Jul/2026:02:06:25 -0600] "GET /wp-content/uploads/elementor/css/post-9.css?ver=1784117374 HTTP/2" 200 342 "https://dfwsingingtelegrams.com/best-office-birthday-surprise-in-dallas-tx/" "Mozilla/5.0 (Macintosh; Intel Mac OS X 10_15_7) AppleWebKit/605.1.15 (KHTML, like Gecko) Version/17.4 Safari/605.1.15 (Applebot/0.1; +http://www.apple.com/go/applebot)"
17.22.253.221 - - [16/Jul/2026:02:06:26 -0600] "GET /wp-content/plugins/elementor/assets/css/widget-social-icons.min.css?ver=3.24.0 HTTP/2" 200 1039 "https://dfwsingingtelegrams.com/best-office-birthday-surprise-in-dallas-tx/" "Mozilla/5.0 (Macintosh; Intel Mac OS X 10_15_7) AppleWebKit/605.1.15 (KHTML, like Gecko) Version/17.4 Safari/605.1.15 (Applebot/0.1; +http://www.apple.com/go/applebot)"
17.22.253.221 - - [16/Jul/2026:02:06:28 -0600] "GET /wp-content/plugins/elementor/assets/lib/font-awesome/css/brands.css?ver=5.15.3 HTTP/2" 200 296 "https://dfwsingingtelegrams.com/best-office-birthday-surprise-in-dallas-tx/" "Mozilla/5.0 (Macintosh; Intel Mac OS X 10_15_7) AppleWebKit/605.1.15 (KHTML, like Gecko) Version/17.4 Safari/605.1.15 (Applebot/0.1; +http://www.apple.com/go/applebot)"
17.22.253.221 - - [16/Jul/2026:02:06:29 -0600] "GET /wp-content/plugins/elementor/assets/lib/font-awesome/css/fontawesome.css?ver=5.15.3 HTTP/2" 200 12526 "https://dfwsingingtelegrams.com/best-office-birthday-surprise-in-dallas-tx/" "Mozilla/5.0 (Macintosh; Intel Mac OS X 10_15_7) AppleWebKit/605.1.15 (KHTML, like Gecko) Version/17.4 Safari/605.1.15 (Applebot/0.1; +http://www.apple.com/go/applebot)"
17.22.253.221 - - [16/Jul/2026:02:06:31 -0600] "GET /wp-content/plugins/elementor/assets/lib/font-awesome/css/solid.css?ver=5.15.3 HTTP/2" 200 296 "https://dfwsingingtelegrams.com/best-office-birthday-surprise-in-dallas-tx/" "Mozilla/5.0 (Macintosh; Intel Mac OS X 10_15_7) AppleWebKit/605.1.15 (KHTML, like Gecko) Version/17.4 Safari/605.1.15 (Applebot/0.1; +http://www.apple.com/go/applebot)"
17.22.253.221 - - [16/Jul/2026:02:06:32 -0600] "GET /wp-content/uploads/elementor/css/post-2198.css?ver=1784156292 HTTP/2" 200 153 "https://dfwsingingtelegrams.com/best-office-birthday-surprise-in-dallas-tx/" "Mozilla/5.0 (Macintosh; Intel Mac OS X 10_15_7) AppleWebKit/605.1.15 (KHTML, like Gecko) Version/17.4 Safari/605.1.15 (Applebot/0.1; +http://www.apple.com/go/applebot)"
17.22.253.221 - - [16/Jul/2026:02:06:34 -0600] "GET /wp-content/uploads/elementor/google-fonts/css/roboto.css?ver=1742236238 HTTP/2" 200 1877 "https://dfwsingingtelegrams.com/best-office-birthday-surprise-in-dallas-tx/" "Mozilla/5.0 (Macintosh; Intel Mac OS X 10_15_7) AppleWebKit/605.1.15 (KHTML, like Gecko) Version/17.4 Safari/605.1.15 (Applebot/0.1; +http://www.apple.com/go/applebot)"
17.22.253.221 - - [16/Jul/2026:02:06:35 -0600] "GET /wp-content/uploads/elementor/google-fonts/css/robotoslab.css?ver=1742236244 HTTP/2" 200 709 "https://dfwsingingtelegrams.com/best-office-birthday-surprise-in-dallas-tx/" "Mozilla/5.0 (Macintosh; Intel Mac OS X 10_15_7) AppleWebKit/605.1.15 (KHTML, like Gecko) Version/17.4 Safari/605.1.15 (Applebot/0.1; +http://www.apple.com/go/applebot)"
17.22.253.221 - - [16/Jul/2026:02:06:37 -0600] "GET /wp-includes/js/jquery/jquery.min.js?ver=3.7.1 HTTP/2" 200 29744 "https://dfwsingingtelegrams.com/best-office-birthday-surprise-in-dallas-tx/" "Mozilla/5.0 (Macintosh; Intel Mac OS X 10_15_7) AppleWebKit/605.1.15 (KHTML, like Gecko) Version/17.4 Safari/605.1.15 (Applebot/0.1; +http://www.apple.com/go/applebot)"
17.22.253.221 - - [16/Jul/2026:02:06:38 -0600] "GET /wp-includes/js/jquery/jquery-migrate.min.js?ver=3.4.1 HTTP/2" 200 4678 "https://dfwsingingtelegrams.com/best-office-birthday-surprise-in-dallas-tx/" "Mozilla/5.0 (Macintosh; Intel Mac OS X 10_15_7) AppleWebKit/605.1.15 (KHTML, like Gecko) Version/17.4 Safari/605.1.15 (Applebot/0.1; +http://www.apple.com/go/applebot)"
17.22.253.221 - - [16/Jul/2026:02:06:40 -0600] "GET /wp-content/themes/astra/assets/js/minified/frontend.min.js?ver=4.13.6 HTTP/2" 200 5693 "https://dfwsingingtelegrams.com/best-office-birthday-surprise-in-dallas-tx/" "Mozilla/5.0 (Macintosh; Intel Mac OS X 10_15_7) AppleWebKit/605.1.15 (KHTML, like Gecko) Version/17.4 Safari/605.1.15 (Applebot/0.1; +http://www.apple.com/go/applebot)"
17.22.253.221 - - [16/Jul/2026:02:06:41 -0600] "GET /wp-content/uploads/astra-addon/astra-addon-6a53a1a06d06a2-24786284.js?ver=4.13.5 HTTP/2" 200 4527 "https://dfwsingingtelegrams.com/best-office-birthday-surprise-in-dallas-tx/" "Mozilla/5.0 (Macintosh; Intel Mac OS X 10_15_7) AppleWebKit/605.1.15 (KHTML, like Gecko) Version/17.4 Safari/605.1.15 (Applebot/0.1; +http://www.apple.com/go/applebot)"
17.22.253.221 - - [16/Jul/2026:02:06:42 -0600] "GET /wp-content/plugins/astra-addon/assets/js/minified/purify.min.js?ver=4.13.5 HTTP/2" 200 10151 "https://dfwsingingtelegrams.com/best-office-birthday-surprise-in-dallas-tx/" "Mozilla/5.0 (Macintosh; Intel Mac OS X 10_15_7) AppleWebKit/605.1.15 (KHTML, like Gecko) Version/17.4 Safari/605.1.15 (Applebot/0.1; +http://www.apple.com/go/applebot)"
17.22.253.221 - - [16/Jul/2026:02:06:44 -0600] "GET /wp-content/plugins/elementor/assets/js/webpack.runtime.min.js?ver=4.1.4 HTTP/2" 200 2338 "https://dfwsingingtelegrams.com/best-office-birthday-surprise-in-dallas-tx/" "Mozilla/5.0 (Macintosh; Intel Mac OS X 10_15_7) AppleWebKit/605.1.15 (KHTML, like Gecko) Version/17.4 Safari/605.1.15 (Applebot/0.1; +http://www.apple.com/go/applebot)"
17.22.253.221 - - [16/Jul/2026:02:06:46 -0600] "GET /wp-content/plugins/elementor/assets/js/frontend-modules.min.js?ver=4.1.4 HTTP/2" 200 15445 "https://dfwsingingtelegrams.com/best-office-birthday-surprise-in-dallas-tx/" "Mozilla/5.0 (Macintosh; Intel Mac OS X 10_15_7) AppleWebKit/605.1.15 (KHTML, like Gecko) Version/17.4 Safari/605.1.15 (Applebot/0.1; +http://www.apple.com/go/applebot)"
17.22.253.221 - - [16/Jul/2026:02:06:47 -0600] "GET /wp-includes/js/jquery/ui/core.min.js?ver=1.13.3 HTTP/2" 200 6812 "https://dfwsingingtelegrams.com/best-office-birthday-surprise-in-dallas-tx/" "Mozilla/5.0 (Macintosh; Intel Mac OS X 10_15_7) AppleWebKit/605.1.15 (KHTML, like Gecko) Version/17.4 Safari/605.1.15 (Applebot/0.1; +http://www.apple.com/go/applebot)"
17.22.253.221 - - [16/Jul/2026:02:06:49 -0600] "GET /wp-content/plugins/elementor/assets/js/frontend.min.js?ver=4.1.4 HTTP/2" 200 10124 "https://dfwsingingtelegrams.com/best-office-birthday-surprise-in-dallas-tx/" "Mozilla/5.0 (Macintosh; Intel Mac OS X 10_15_7) AppleWebKit/605.1.15 (KHTML, like Gecko) Version/17.4 Safari/605.1.15 (Applebot/0.1; +http://www.apple.com/go/applebot)"
17.22.253.221 - - [16/Jul/2026:02:06:50 -0600] "GET /wp-content/plugins/elementor-pro/assets/js/webpack-pro.runtime.min.js?ver=4.1.2 HTTP/2" 200 2606 "https://dfwsingingtelegrams.com/best-office-birthday-surprise-in-dallas-tx/" "Mozilla/5.0 (Macintosh; Intel Mac OS X 10_15_7) AppleWebKit/605.1.15 (KHTML, like Gecko) Version/17.4 Safari/605.1.15 (Applebot/0.1; +http://www.apple.com/go/applebot)"
17.22.253.221 - - [16/Jul/2026:02:06:51 -0600] "GET /wp-includes/js/dist/hooks.min.js?ver=7496969728ca0f95732d HTTP/2" 200 1734 "https://dfwsingingtelegrams.com/best-office-birthday-surprise-in-dallas-tx/" "Mozilla/5.0 (Macintosh; Intel Mac OS X 10_15_7) AppleWebKit/605.1.15 (KHTML, like Gecko) Version/17.4 Safari/605.1.15 (Applebot/0.1; +http://www.apple.com/go/applebot)"
17.22.253.221 - - [16/Jul/2026:02:06:53 -0600] "GET /wp-includes/js/dist/i18n.min.js?ver=781d11515ad3d91786ec HTTP/2" 200 2354 "https://dfwsingingtelegrams.com/best-office-birthday-surprise-in-dallas-tx/" "Mozilla/5.0 (Macintosh; Intel Mac OS X 10_15_7) AppleWebKit/605.1.15 (KHTML, like Gecko) Version/17.4 Safari/605.1.15 (Applebot/0.1; +http://www.apple.com/go/applebot)"
17.22.253.221 - - [16/Jul/2026:02:06:54 -0600] "GET /wp-content/plugins/elementor-pro/assets/js/frontend.min.js?ver=4.1.2 HTTP/2" 200 6191 "https://dfwsingingtelegrams.com/best-office-birthday-surprise-in-dallas-tx/" "Mozilla/5.0 (Macintosh; Intel Mac OS X 10_15_7) AppleWebKit/605.1.15 (KHTML, like Gecko) Version/17.4 Safari/605.1.15 (Applebot/0.1; +http://www.apple.com/go/applebot)"
17.22.253.221 - - [16/Jul/2026:02:06:56 -0600] "GET /wp-content/plugins/elementor-pro/assets/js/elements-handlers.min.js?ver=4.1.2 HTTP/2" 200 10079 "https://dfwsingingtelegrams.com/best-office-birthday-surprise-in-dallas-tx/" "Mozilla/5.0 (Macintosh; Intel Mac OS X 10_15_7) AppleWebKit/605.1.15 (KHTML, like Gecko) Version/17.4 Safari/605.1.15 (Applebot/0.1; +http://www.apple.com/go/applebot)"
17.22.253.221 - - [16/Jul/2026:02:06:57 -0600] "GET /wp-includes/js/wp-emoji-release.min.js?ver=7.0.1 HTTP/2" 200 4974 "https://dfwsingingtelegrams.com/best-office-birthday-surprise-in-dallas-tx/" "Mozilla/5.0 (Macintosh; Intel Mac OS X 10_15_7) AppleWebKit/605.1.15 (KHTML, like Gecko) Version/17.4 Safari/605.1.15 (Applebot/0.1; +http://www.apple.com/go/applebot)"
17.22.253.221 - - [16/Jul/2026:02:06:59 -0600] "GET /wp-content/plugins/elementor/assets/js/shared-frontend-handlers.03caa53373b56d3bab67.bundle.min.js HTTP/2" 200 2511 "https://dfwsingingtelegrams.com/best-office-birthday-surprise-in-dallas-tx/" "Mozilla/5.0 (Macintosh; Intel Mac OS X 10_15_7) AppleWebKit/605.1.15 (KHTML, like Gecko) Version/17.4 Safari/605.1.15 (Applebot/0.1; +http://www.apple.com/go/applebot)"
17.22.253.221 - - [16/Jul/2026:02:07:00 -0600] "GET /wp-content/plugins/elementor/assets/js/section-frontend-handlers.d85ab872da118940910d.bundle.min.js HTTP/2" 200 229 "https://dfwsingingtelegrams.com/best-office-birthday-surprise-in-dallas-tx/" "Mozilla/5.0 (Macintosh; Intel Mac OS X 10_15_7) AppleWebKit/605.1.15 (KHTML, like Gecko) Version/17.4 Safari/605.1.15 (Applebot/0.1; +http://www.apple.com/go/applebot)"
44.194.98.103 - - [16/Jul/2026:02:00:13 -0600] "GET /robots.txt HTTP/1.1" 200 134 "-" "Mozilla/5.0 (Macintosh; Intel Mac OS X 10_10_1) AppleWebKit/600.2.5 (KHTML, like Gecko) Version/8.0.2 Safari/600.2.5 (Gort)"
17.22.253.221 - - [16/Jul/2026:02:07:02 -0600] "GET /wp-content/plugins/elementor/assets/js/text-editor.45609661e409413f1cef.bundle.min.js HTTP/2" 200 592 "https://dfwsingingtelegrams.com/best-office-birthday-surprise-in-dallas-tx/" "Mozilla/5.0 (Macintosh; Intel Mac OS X 10_15_7) AppleWebKit/605.1.15 (KHTML, like Gecko) Version/17.4 Safari/605.1.15 (Applebot/0.1; +http://www.apple.com/go/applebot)"
198.175.150.9 - - [16/Jul/2026:02:00:14 -0600] "POST /wp-cron.php?doing_wp_cron=1784188814.7825160026550292968750 HTTP/1.1" 200 0 "-" "WordPress/7.0.1; https://dfwsingingtelegrams.com"
17.22.253.216 - - [16/Jul/2026:02:05:39 -0600] "GET /robots.txt HTTP/2" 200 134 "-" "Mozilla/5.0 (Macintosh; Intel Mac OS X 10_15_7) AppleWebKit/605.1.15 (KHTML, like Gecko) Version/17.4 Safari/605.1.15 (Applebot/0.1; +http://www.apple.com/go/applebot)"
17.22.253.216 - - [16/Jul/2026:02:05:40 -0600] "GET /best-office-birthday-surprise-in-dallas-tx/ HTTP/2" 200 32743 "-" "Mozilla/5.0 (Macintosh; Intel Mac OS X 10_15_7) AppleWebKit/605.1.15 (KHTML, like Gecko) Version/17.4 Safari/605.1.15 (Applebot/0.1; +http://www.apple.com/go/applebot)"
198.175.150.9 - - [16/Jul/2026:02:22:48 -0600] "POST /wp-cron.php?doing_wp_cron=1784190168.8091580867767333984375 HTTP/1.1" 200 0 "-" "WordPress/7.0.1; https://dfwsingingtelegrams.com"
216.73.217.24 - - [16/Jul/2026:02:25:40 -0600] "GET /dfw-singing-telegrams-now-available-in-roanoke-tx/ HTTP/2" 200 27732 "-" "Mozilla/5.0 AppleWebKit/537.36 (KHTML, like Gecko; compatible; ClaudeBot/1.0; +claudebot@anthropic.com)"
216.73.217.24 - - [16/Jul/2026:02:25:40 -0600] "GET /category/special-date/ HTTP/2" 200 20707 "-" "Mozilla/5.0 AppleWebKit/537.36 (KHTML, like Gecko; compatible; ClaudeBot/1.0; +claudebot@anthropic.com)"
216.73.217.24 - - [16/Jul/2026:02:22:47 -0600] "GET /robots.txt HTTP/2" 200 117 "-" "Mozilla/5.0 AppleWebKit/537.36 (KHTML, like Gecko; compatible; ClaudeBot/1.0; +claudebot@anthropic.com)"
216.73.217.24 - - [16/Jul/2026:02:22:48 -0600] "GET /gorilla-grams-in-fort-worth-texas-the-ultimate-singing-telegram-experience/ HTTP/2" 200 27749 "-" "Mozilla/5.0 AppleWebKit/537.36 (KHTML, like Gecko; compatible; ClaudeBot/1.0; +claudebot@anthropic.com)"
198.175.150.9 - - [16/Jul/2026:02:22:48 -0600] "POST /wp-cron.php?doing_wp_cron=1784190168.7874128818511962890625 HTTP/1.1" 200 0 "-" "WordPress/7.0.1; https://dfwsingingtelegrams.com"
54.39.89.56 - - [16/Jul/2026:02:40:37 -0600] "GET /tag/highland-park-tx/ HTTP/2" 200 20346 "-" "Mozilla/5.0 (compatible; AhrefsBot/7.0; +http://ahrefs.com/robot/)"
216.73.217.24 - - [16/Jul/2026:02:27:10 -0600] "GET /gorilla-grams-available-in-addison-texas/ HTTP/2" 200 27805 "-" "Mozilla/5.0 AppleWebKit/537.36 (KHTML, like Gecko; compatible; ClaudeBot/1.0; +claudebot@anthropic.com)"
106.219.67.179 - - [16/Jul/2026:02:33:40 -0600] "GET /author/johnfite/page/16/ HTTP/1.1" 403 72 "-" "Mozilla/5.0 (Macintosh; Intel Mac OS X 14.4; rv:132.0) Gecko/20100101 Firefox/132.0"
216.73.217.24 - - [16/Jul/2026:02:41:16 -0600] "GET /sitemap_index.xml HTTP/2" 200 327 "-" "Mozilla/5.0 AppleWebKit/537.36 (KHTML, like Gecko; compatible; ClaudeBot/1.0; +claudebot@anthropic.com)"
216.73.217.24 - - [16/Jul/2026:02:27:57 -0600] "GET /?p=1261 HTTP/2" 301 0 "-" "Mozilla/5.0 AppleWebKit/537.36 (KHTML, like Gecko; compatible; ClaudeBot/1.0; +claudebot@anthropic.com)"
216.73.217.24 - - [16/Jul/2026:02:27:57 -0600] "GET /dfw-singing-telegrams-now-available-in-the-colony-tx/ HTTP/2" 200 28049 "-" "Mozilla/5.0 AppleWebKit/537.36 (KHTML, like Gecko; compatible; ClaudeBot/1.0; +claudebot@anthropic.com)"
216.73.217.24 - - [16/Jul/2026:02:27:58 -0600] "GET /dfw-singing-telegrams-now-available-in-roanoke-tx/ HTTP/2" 200 27732 "https://dfwsingingtelegrams.com/?p=1261" "Mozilla/5.0 AppleWebKit/537.36 (KHTML, like Gecko; compatible; ClaudeBot/1.0; +claudebot@anthropic.com)"
216.73.217.24 - - [16/Jul/2026:02:28:20 -0600] "GET /?p=1705 HTTP/2" 301 0 "-" "Mozilla/5.0 AppleWebKit/537.36 (KHTML, like Gecko; compatible; ClaudeBot/1.0; +claudebot@anthropic.com)"
216.73.217.24 - - [16/Jul/2026:02:28:21 -0600] "GET /crazy-bubba-and-bubba-pimp-perform-singing-telegram-grams-in-alvarado/ HTTP/2" 200 28744 "https://dfwsingingtelegrams.com/?p=1705" "Mozilla/5.0 AppleWebKit/537.36 (KHTML, like Gecko; compatible; ClaudeBot/1.0; +claudebot@anthropic.com)"
216.73.217.24 - - [16/Jul/2026:02:28:33 -0600] "GET /celebrate-mothers-day-with-a-singing-telegram-in-dallas-texas/ HTTP/2" 200 28079 "-" "Mozilla/5.0 AppleWebKit/537.36 (KHTML, like Gecko; compatible; ClaudeBot/1.0; +claudebot@anthropic.com)"
198.175.150.9 - - [16/Jul/2026:02:58:59 -0600] "POST /wp-cron.php?doing_wp_cron=1784192339.1838250160217285156250 HTTP/1.1" 200 0 "-" "WordPress/7.0.1; https://dfwsingingtelegrams.com"
43.134.23.177 - - [16/Jul/2026:02:58:57 -0600] "GET / HTTP/1.1" 200 29038 "-" "Mozilla/5.0 (iPhone; CPU iPhone OS 13_2_3 like Mac OS X) AppleWebKit/605.1.15 (KHTML, like Gecko) Version/13.0.3 Mobile/15E148 Safari/604.1"
89.29.147.85 - - [16/Jul/2026:03:11:30 -0600] "GET /sitemap_index.xml HTTP/1.1" 200 363 "-" "Mozilla/5.0 (Macintosh; Intel Mac OS X 10_15_7) AppleWebKit/537.36 (KHTML, like Gecko) Chrome/126.0.6478.55 Safari/537.36"
216.73.217.24 - - [16/Jul/2026:03:31:47 -0600] "GET /robots.txt HTTP/2" 200 117 "-" "Mozilla/5.0 AppleWebKit/537.36 (KHTML, like Gecko; compatible; ClaudeBot/1.0; +claudebot@anthropic.com)"
216.73.217.24 - - [16/Jul/2026:03:31:48 -0600] "GET /sitemap_index.xml HTTP/2" 200 327 "-" "Mozilla/5.0 AppleWebKit/537.36 (KHTML, like Gecko; compatible; ClaudeBot/1.0; +claudebot@anthropic.com)"
129.28.84.30 - - [16/Jul/2026:03:30:49 -0600] "GET / HTTP/1.1" 200 29038 "http://www.dfwsingingtelegrams.com" "Mozilla/5.0 (iPhone; CPU iPhone OS 13_2_3 like Mac OS X) AppleWebKit/605.1.15 (KHTML, like Gecko) Version/13.0.3 Mobile/15E148 Safari/604.1"
216.73.217.24 - - [16/Jul/2026:03:19:36 -0600] "GET /category/special-date/feed/ HTTP/2" 200 6438 "-" "Mozilla/5.0 AppleWebKit/537.36 (KHTML, like Gecko; compatible; ClaudeBot/1.0; +claudebot@anthropic.com)"
216.73.217.24 - - [16/Jul/2026:03:19:36 -0600] "GET /?p=1261 HTTP/2" 301 0 "-" "Mozilla/5.0 AppleWebKit/537.36 (KHTML, like Gecko; compatible; ClaudeBot/1.0; +claudebot@anthropic.com)"
216.73.217.24 - - [16/Jul/2026:03:19:37 -0600] "GET /dfw-singing-telegrams-now-available-in-roanoke-tx/ HTTP/2" 200 27732 "https://dfwsingingtelegrams.com/?p=1261" "Mozilla/5.0 AppleWebKit/537.36 (KHTML, like Gecko; compatible; ClaudeBot/1.0; +claudebot@anthropic.com)"
43.131.36.84 - - [16/Jul/2026:03:39:28 -0600] "GET /biker-bubba-2/ HTTP/1.1" 200 27341 "-" "Mozilla/5.0 (iPhone; CPU iPhone OS 13_2_3 like Mac OS X) AppleWebKit/605.1.15 (KHTML, like Gecko) Version/13.0.3 Mobile/15E148 Safari/604.1"
167.114.139.234 - - [16/Jul/2026:04:05:41 -0600] "GET /crazy-bubba-and-bubba-pimp-perform-singing-telegram-in-mansfield-texas/ HTTP/2" 200 27644 "-" "Mozilla/5.0 (compatible; AhrefsBot/7.0; +http://ahrefs.com/robot/)"
142.44.225.154 - - [16/Jul/2026:04:06:22 -0600] "GET /wp-content/uploads/elementor/css/post-1960.css?ver=1784163780 HTTP/2" 200 153 "-" "Mozilla/5.0 (compatible; AhrefsBot/7.0; +http://ahrefs.com/robot/)"
148.113.128.180 - - [16/Jul/2026:04:17:52 -0600] "GET /tag/mckinney-tx/feed/ HTTP/2" 200 3669 "-" "Mozilla/5.0 (compatible; AhrefsBot/7.0; +http://ahrefs.com/robot/)"
148.113.128.6 - - [16/Jul/2026:04:12:26 -0600] "GET /tag/mckinney-tx/ HTTP/2" 200 20252 "-" "Mozilla/5.0 (compatible; AhrefsBot/7.0; +http://ahrefs.com/robot/)"
216.73.217.24 - - [16/Jul/2026:04:29:45 -0600] "GET /sitemap_index.xml HTTP/2" 200 327 "-" "Mozilla/5.0 AppleWebKit/537.36 (KHTML, like Gecko; compatible; ClaudeBot/1.0; +claudebot@anthropic.com)"
198.175.150.9 - - [16/Jul/2026:04:39:41 -0600] "POST /wp-cron.php?doing_wp_cron=1784198381.6567609310150146484375 HTTP/1.1" 200 0 "-" "WordPress/7.0.1; https://dfwsingingtelegrams.com"
45.65.225.119 - - [16/Jul/2026:04:32:24 -0600] "GET /crazy-bubba-and-bubba-pimp-perform-singing-telegram-grams-in-allen-texas/ HTTP/1.1" 200 27499 "-" "Mozilla/5.0 (iPad; CPU iPad OS 3_2_2 like Mac OS X) AppleWebKit/531.2 (KHTML, like Gecko) CriOS/44.0.889.0 Mobile/65X967 Safari/531.2"
198.175.150.9 - - [16/Jul/2026:04:39:36 -0600] "POST /wp-admin/admin-ajax.php?action=elementor_1_elementor_pro_updater&nonce=bc4474eacd HTTP/1.1" 400 21 "-" "WordPress/7.0.1; https://dfwsingingtelegrams.com"
198.175.150.9 - - [16/Jul/2026:04:32:25 -0600] "POST /wp-cron.php?doing_wp_cron=1784197945.4865219593048095703125 HTTP/1.1" 200 0 "-" "WordPress/7.0.1; https://dfwsingingtelegrams.com"
196.136.19.78 - - [16/Jul/2026:04:32:39 -0600] "GET /crazy-bubba-and-bubba-pimp-perform-singing-telegram-grams-in-allen-texas/ HTTP/1.1" 200 27524 "-" "Opera/8.93.(X11; Linux x86_64; ga-IE) Presto/2.9.177 Version/12.00"
63.135.1.161 - - [16/Jul/2026:04:32:53 -0600] "GET /crazy-bubba-and-bubba-pimp-perform-singing-telegram-grams-in-allen-texas/ HTTP/1.1" 200 27524 "-" "Mozilla/5.0 (Macintosh; Intel Mac OS X 10_10_5) AppleWebKit/532.2 (KHTML, like Gecko) Chrome/13.0.808.0 Safari/532.2"
198.175.150.9 - - [16/Jul/2026:04:32:25 -0600] "POST /wp-cron.php?doing_wp_cron=1784197945.5085070133209228515625 HTTP/1.1" 200 0 "-" "WordPress/7.0.1; https://dfwsingingtelegrams.com"
198.175.150.9 - - [16/Jul/2026:04:39:31 -0600] "POST /wp-admin/admin-ajax.php?action=elementor_1_elementor_updater&nonce=f383349553 HTTP/1.1" 400 21 "-" "WordPress/7.0.1; https://dfwsingingtelegrams.com"
51.222.168.174 - - [16/Jul/2026:04:42:42 -0600] "GET /tag/carrollton-tx/feed/ HTTP/2" 200 3640 "-" "Mozilla/5.0 (compatible; AhrefsBot/7.0; +http://ahrefs.com/robot/)"
54.39.0.120 - - [16/Jul/2026:04:55:41 -0600] "GET /wp-content/plugins/elementor/assets/js/webpack.runtime.min.js?ver=4.1.5 HTTP/2" 200 2338 "-" "Mozilla/5.0 (compatible; AhrefsBot/7.0; +http://ahrefs.com/robot/)"
77.75.76.165 - - [16/Jul/2026:04:47:21 -0600] "GET /category-sitemap.xml HTTP/1.1" 200 441 "-" "Mozilla/5.0 (compatible; SeznamBot/4.0; +https://o-seznam.cz/napoveda/vyhledavani/en/seznambot-crawler/)"
142.44.220.58 - - [16/Jul/2026:04:55:36 -0600] "GET /wp-content/plugins/elementor/assets/js/frontend-modules.min.js?ver=4.1.5 HTTP/2" 200 15445 "-" "Mozilla/5.0 (compatible; AhrefsBot/7.0; +http://ahrefs.com/robot/)"
198.175.150.9 - - [16/Jul/2026:04:51:42 -0600] "POST /wp-cron.php?doing_wp_cron=1784199102.4513249397277832031250 HTTP/1.1" 200 0 "-" "WordPress/7.0.1; https://dfwsingingtelegrams.com"
142.44.233.143 - - [16/Jul/2026:04:51:41 -0600] "GET /crazy-bubba-and-bubba-pimp-perform-singing-telegram-in-mckinney-texas/ HTTP/2" 200 28535 "-" "Mozilla/5.0 (compatible; AhrefsBot/7.0; +http://ahrefs.com/robot/)"
54.39.89.74 - - [16/Jul/2026:04:55:35 -0600] "GET /wp-content/uploads/elementor/css/post-9.css?ver=1784199102 HTTP/2" 200 342 "-" "Mozilla/5.0 (compatible; AhrefsBot/7.0; +http://ahrefs.com/robot/)"
51.161.65.68 - - [16/Jul/2026:04:55:38 -0600] "GET /wp-content/uploads/elementor/css/post-1965.css?ver=1784199102 HTTP/2" 200 153 "-" "Mozilla/5.0 (compatible; AhrefsBot/7.0; +http://ahrefs.com/robot/)"
142.44.228.1 - - [16/Jul/2026:04:55:40 -0600] "GET /wp-content/plugins/elementor-pro/assets/js/webpack-pro.runtime.min.js?ver=4.1.3 HTTP/2" 200 2606 "-" "Mozilla/5.0 (compatible; AhrefsBot/7.0; +http://ahrefs.com/robot/)"
148.113.128.40 - - [16/Jul/2026:04:55:41 -0600] "GET /wp-content/plugins/elementor/assets/css/frontend.min.css?ver=4.1.5 HTTP/2" 200 6613 "-" "Mozilla/5.0 (compatible; AhrefsBot/7.0; +http://ahrefs.com/robot/)"
198.175.150.9 - - [16/Jul/2026:04:42:43 -0600] "POST /wp-cron.php?doing_wp_cron=1784198563.6285119056701660156250 HTTP/1.1" 200 0 "-" "WordPress/7.0.1; https://dfwsingingtelegrams.com"
77.75.76.165 - - [16/Jul/2026:04:45:25 -0600] "GET /author-sitemap.xml HTTP/1.1" 200 389 "-" "Mozilla/5.0 (compatible; SeznamBot/4.0; +https://o-seznam.cz/napoveda/vyhledavani/en/seznambot-crawler/)"
77.75.76.165 - - [16/Jul/2026:04:46:36 -0600] "GET /sitemap_index.xml HTTP/1.1" 200 363 "-" "Mozilla/5.0 (compatible; SeznamBot/4.0; +https://o-seznam.cz/napoveda/vyhledavani/en/seznambot-crawler/)"
167.114.139.117 - - [16/Jul/2026:04:55:38 -0600] "GET /wp-content/plugins/elementor-pro/assets/js/elements-handlers.min.js?ver=4.1.3 HTTP/2" 200 10079 "-" "Mozilla/5.0 (compatible; AhrefsBot/7.0; +http://ahrefs.com/robot/)"
15.235.27.186 - - [16/Jul/2026:04:55:39 -0600] "GET /wp-content/plugins/elementor/assets/js/frontend.min.js?ver=4.1.5 HTTP/2" 200 10124 "-" "Mozilla/5.0 (compatible; AhrefsBot/7.0; +http://ahrefs.com/robot/)"
142.44.233.55 - - [16/Jul/2026:04:55:42 -0600] "GET /wp-content/plugins/elementor-pro/assets/js/frontend.min.js?ver=4.1.3 HTTP/2" 200 6191 "-" "Mozilla/5.0 (compatible; AhrefsBot/7.0; +http://ahrefs.com/robot/)"
51.222.168.231 - - [16/Jul/2026:05:10:12 -0600] "GET /crazy-bubba-and-bubba-pimp-perform-singing-telegram-grams-in-desoto/ HTTP/2" 200 28460 "-" "Mozilla/5.0 (compatible; AhrefsBot/7.0; +http://ahrefs.com/robot/)"
198.175.150.9 - - [16/Jul/2026:05:10:13 -0600] "POST /wp-cron.php?doing_wp_cron=1784200213.9138729572296142578125 HTTP/1.1" 200 0 "-" "WordPress/7.0.1; https://dfwsingingtelegrams.com"
47.183.113.11 - - [16/Jul/2026:05:26:51 -0600] "GET / HTTP/2" 200 0 "https://www.google.com/" "Mozilla/5.0 (iPhone; CPU iPhone OS 18_7 like Mac OS X) AppleWebKit/605.1.15 (KHTML, like Gecko) Version/26.5.2 Mobile/15E148 Safari/604.1"
47.183.113.11 - - [16/Jul/2026:05:26:57 -0600] "GET / HTTP/2" 200 0 "https://www.google.com/" "Mozilla/5.0 (iPhone; CPU iPhone OS 18_7 like Mac OS X) AppleWebKit/605.1.15 (KHTML, like Gecko) Version/26.5.2 Mobile/15E148 Safari/604.1"
47.183.113.11 - - [16/Jul/2026:05:27:02 -0600] "GET / HTTP/2" 200 0 "https://www.google.com/" "Mozilla/5.0 (iPhone; CPU iPhone OS 18_7 like Mac OS X) AppleWebKit/605.1.15 (KHTML, like Gecko) Version/26.5.2 Mobile/15E148 Safari/604.1"
47.183.113.11 - - [16/Jul/2026:05:27:03 -0600] "GET / HTTP/2" 200 0 "https://www.google.com/" "Mozilla/5.0 (iPhone; CPU iPhone OS 18_7 like Mac OS X) AppleWebKit/605.1.15 (KHTML, like Gecko) Version/26.5.2 Mobile/15E148 Safari/604.1"
47.183.113.11 - - [16/Jul/2026:05:27:04 -0600] "GET /wp-content/themes/astra/assets/css/minified/main.min.css?ver=4.13.6 HTTP/2" 200 8389 "https://dfwsingingtelegrams.com/" "Mozilla/5.0 (iPhone; CPU iPhone OS 18_7 like Mac OS X) AppleWebKit/605.1.15 (KHTML, like Gecko) Version/26.5.2 Mobile/15E148 Safari/604.1"
47.183.113.11 - - [16/Jul/2026:05:27:04 -0600] "GET /wp-content/uploads/astra-addon/astra-addon-6a53a1a06c62f8-49579154.css?ver=4.13.5 HTTP/2" 200 2773 "https://dfwsingingtelegrams.com/" "Mozilla/5.0 (iPhone; CPU iPhone OS 18_7 like Mac OS X) AppleWebKit/605.1.15 (KHTML, like Gecko) Version/26.5.2 Mobile/15E148 Safari/604.1"
47.183.113.11 - - [16/Jul/2026:05:27:04 -0600] "GET /wp-content/plugins/elementor/assets/lib/eicons/css/elementor-icons.min.css?ver=5.50.0 HTTP/2" 200 4123 "https://dfwsingingtelegrams.com/" "Mozilla/5.0 (iPhone; CPU iPhone OS 18_7 like Mac OS X) AppleWebKit/605.1.15 (KHTML, like Gecko) Version/26.5.2 Mobile/15E148 Safari/604.1"
47.183.113.11 - - [16/Jul/2026:05:27:04 -0600] "GET /wp-content/plugins/elementor/assets/css/frontend.min.css?ver=4.1.5 HTTP/2" 200 6613 "https://dfwsingingtelegrams.com/" "Mozilla/5.0 (iPhone; CPU iPhone OS 18_7 like Mac OS X) AppleWebKit/605.1.15 (KHTML, like Gecko) Version/26.5.2 Mobile/15E148 Safari/604.1"
47.183.113.11 - - [16/Jul/2026:05:27:04 -0600] "GET /wp-content/uploads/elementor/css/post-9.css?ver=1784199102 HTTP/2" 200 342 "https://dfwsingingtelegrams.com/" "Mozilla/5.0 (iPhone; CPU iPhone OS 18_7 like Mac OS X) AppleWebKit/605.1.15 (KHTML, like Gecko) Version/26.5.2 Mobile/15E148 Safari/604.1"
47.183.113.11 - - [16/Jul/2026:05:27:04 -0600] "GET /wp-content/plugins/elementor/assets/css/widget-social-icons.min.css?ver=3.24.0 HTTP/2" 200 1039 "https://dfwsingingtelegrams.com/" "Mozilla/5.0 (iPhone; CPU iPhone OS 18_7 like Mac OS X) AppleWebKit/605.1.15 (KHTML, like Gecko) Version/26.5.2 Mobile/15E148 Safari/604.1"
47.183.113.11 - - [16/Jul/2026:05:27:04 -0600] "GET /wp-content/plugins/elementor/assets/lib/font-awesome/css/brands.css?ver=5.15.3 HTTP/2" 200 296 "https://dfwsingingtelegrams.com/" "Mozilla/5.0 (iPhone; CPU iPhone OS 18_7 like Mac OS X) AppleWebKit/605.1.15 (KHTML, like Gecko) Version/26.5.2 Mobile/15E148 Safari/604.1"
47.183.113.11 - - [16/Jul/2026:05:27:04 -0600] "GET /wp-content/plugins/elementor/assets/lib/font-awesome/css/fontawesome.css?ver=5.15.3 HTTP/2" 200 12526 "https://dfwsingingtelegrams.com/" "Mozilla/5.0 (iPhone; CPU iPhone OS 18_7 like Mac OS X) AppleWebKit/605.1.15 (KHTML, like Gecko) Version/26.5.2 Mobile/15E148 Safari/604.1"
47.183.113.11 - - [16/Jul/2026:05:27:04 -0600] "GET /wp-content/plugins/elementor/assets/lib/font-awesome/css/solid.css?ver=5.15.3 HTTP/2" 200 296 "https://dfwsingingtelegrams.com/" "Mozilla/5.0 (iPhone; CPU iPhone OS 18_7 like Mac OS X) AppleWebKit/605.1.15 (KHTML, like Gecko) Version/26.5.2 Mobile/15E148 Safari/604.1"
47.183.113.11 - - [16/Jul/2026:05:27:04 -0600] "GET /wp-content/plugins/elementor/assets/css/widget-image.min.css?ver=4.1.5 HTTP/2" 200 96 "https://dfwsingingtelegrams.com/" "Mozilla/5.0 (iPhone; CPU iPhone OS 18_7 like Mac OS X) AppleWebKit/605.1.15 (KHTML, like Gecko) Version/26.5.2 Mobile/15E148 Safari/604.1"
47.183.113.11 - - [16/Jul/2026:05:27:04 -0600] "GET /wp-content/plugins/elementor/assets/css/widget-heading.min.css?ver=4.1.5 HTTP/2" 200 126 "https://dfwsingingtelegrams.com/" "Mozilla/5.0 (iPhone; CPU iPhone OS 18_7 like Mac OS X) AppleWebKit/605.1.15 (KHTML, like Gecko) Version/26.5.2 Mobile/15E148 Safari/604.1"
47.183.113.11 - - [16/Jul/2026:05:27:04 -0600] "GET /wp-content/plugins/elementor/assets/lib/animations/styles/rotateIn.min.css?ver=4.1.5 HTTP/2" 200 180 "https://dfwsingingtelegrams.com/" "Mozilla/5.0 (iPhone; CPU iPhone OS 18_7 like Mac OS X) AppleWebKit/605.1.15 (KHTML, like Gecko) Version/26.5.2 Mobile/15E148 Safari/604.1"
47.183.113.11 - - [16/Jul/2026:05:27:04 -0600] "GET /wp-content/plugins/elementor-pro/assets/css/widget-nav-menu.min.css?ver=4.1.3 HTTP/2" 200 3240 "https://dfwsingingtelegrams.com/" "Mozilla/5.0 (iPhone; CPU iPhone OS 18_7 like Mac OS X) AppleWebKit/605.1.15 (KHTML, like Gecko) Version/26.5.2 Mobile/15E148 Safari/604.1"
47.183.113.11 - - [16/Jul/2026:05:27:04 -0600] "GET /wp-content/plugins/elementor/assets/lib/animations/styles/rubberBand.min.css?ver=4.1.5 HTTP/2" 200 121 "https://dfwsingingtelegrams.com/" "Mozilla/5.0 (iPhone; CPU iPhone OS 18_7 like Mac OS X) AppleWebKit/605.1.15 (KHTML, like Gecko) Version/26.5.2 Mobile/15E148 Safari/604.1"
47.183.113.11 - - [16/Jul/2026:05:27:04 -0600] "GET /wp-content/uploads/elementor/css/post-1295.css?ver=1784201222 HTTP/2" 200 802 "https://dfwsingingtelegrams.com/" "Mozilla/5.0 (iPhone; CPU iPhone OS 18_7 like Mac OS X) AppleWebKit/605.1.15 (KHTML, like Gecko) Version/26.5.2 Mobile/15E148 Safari/604.1"
47.183.113.11 - - [16/Jul/2026:05:27:04 -0600] "GET /wp-content/uploads/elementor/google-fonts/css/roboto.css?ver=1742236238 HTTP/2" 200 1877 "https://dfwsingingtelegrams.com/" "Mozilla/5.0 (iPhone; CPU iPhone OS 18_7 like Mac OS X) AppleWebKit/605.1.15 (KHTML, like Gecko) Version/26.5.2 Mobile/15E148 Safari/604.1"
47.183.113.11 - - [16/Jul/2026:05:27:04 -0600] "GET /wp-content/uploads/elementor/google-fonts/css/robotoslab.css?ver=1742236244 HTTP/2" 200 709 "https://dfwsingingtelegrams.com/" "Mozilla/5.0 (iPhone; CPU iPhone OS 18_7 like Mac OS X) AppleWebKit/605.1.15 (KHTML, like Gecko) Version/26.5.2 Mobile/15E148 Safari/604.1"
47.183.113.11 - - [16/Jul/2026:05:27:04 -0600] "GET /wp-content/plugins/elementor/assets/lib/font-awesome/css/fontawesome.min.css?ver=5.15.3 HTTP/2" 200 12164 "https://dfwsingingtelegrams.com/" "Mozilla/5.0 (iPhone; CPU iPhone OS 18_7 like Mac OS X) AppleWebKit/605.1.15 (KHTML, like Gecko) Version/26.5.2 Mobile/15E148 Safari/604.1"
47.183.113.11 - - [16/Jul/2026:05:27:04 -0600] "GET /wp-content/plugins/elementor/assets/lib/font-awesome/css/solid.min.css?ver=5.15.3 HTTP/2" 200 286 "https://dfwsingingtelegrams.com/" "Mozilla/5.0 (iPhone; CPU iPhone OS 18_7 like Mac OS X) AppleWebKit/605.1.15 (KHTML, like Gecko) Version/26.5.2 Mobile/15E148 Safari/604.1"
47.183.113.11 - - [16/Jul/2026:05:27:04 -0600] "GET /wp-content/plugins/ultimate-elementor/assets/min-css/uael-frontend.min.css?ver=1.45.1 HTTP/2" 200 76022 "https://dfwsingingtelegrams.com/" "Mozilla/5.0 (iPhone; CPU iPhone OS 18_7 like Mac OS X) AppleWebKit/605.1.15 (KHTML, like Gecko) Version/26.5.2 Mobile/15E148 Safari/604.1"
47.183.113.11 - - [16/Jul/2026:05:27:04 -0600] "GET /wp-includes/js/jquery/jquery.min.js?ver=3.7.1 HTTP/2" 200 29744 "https://dfwsingingtelegrams.com/" "Mozilla/5.0 (iPhone; CPU iPhone OS 18_7 like Mac OS X) AppleWebKit/605.1.15 (KHTML, like Gecko) Version/26.5.2 Mobile/15E148 Safari/604.1"
47.183.113.11 - - [16/Jul/2026:05:27:04 -0600] "GET /wp-includes/js/jquery/jquery-migrate.min.js?ver=3.4.1 HTTP/2" 200 4678 "https://dfwsingingtelegrams.com/" "Mozilla/5.0 (iPhone; CPU iPhone OS 18_7 like Mac OS X) AppleWebKit/605.1.15 (KHTML, like Gecko) Version/26.5.2 Mobile/15E148 Safari/604.1"
47.183.113.11 - - [16/Jul/2026:05:27:03 -0600] "GET / HTTP/2" 200 25290 "https://www.google.com/" "Mozilla/5.0 (iPhone; CPU iPhone OS 18_7 like Mac OS X) AppleWebKit/605.1.15 (KHTML, like Gecko) Version/26.5.2 Mobile/15E148 Safari/604.1"
47.183.113.11 - - [16/Jul/2026:05:27:04 -0600] "GET /wp-content/uploads/2026/06/banner.jpg HTTP/2" 200 110873 "https://dfwsingingtelegrams.com/" "Mozilla/5.0 (iPhone; CPU iPhone OS 18_7 like Mac OS X) AppleWebKit/605.1.15 (KHTML, like Gecko) Version/26.5.2 Mobile/15E148 Safari/604.1"
47.183.113.11 - - [16/Jul/2026:05:27:04 -0600] "GET /wp-content/themes/astra/assets/js/minified/frontend.min.js?ver=4.13.6 HTTP/2" 200 5693 "https://dfwsingingtelegrams.com/" "Mozilla/5.0 (iPhone; CPU iPhone OS 18_7 like Mac OS X) AppleWebKit/605.1.15 (KHTML, like Gecko) Version/26.5.2 Mobile/15E148 Safari/604.1"
47.183.113.11 - - [16/Jul/2026:05:27:04 -0600] "GET /wp-content/uploads/astra-addon/astra-addon-6a53a1a06d06a2-24786284.js?ver=4.13.5 HTTP/2" 200 4527 "https://dfwsingingtelegrams.com/" "Mozilla/5.0 (iPhone; CPU iPhone OS 18_7 like Mac OS X) AppleWebKit/605.1.15 (KHTML, like Gecko) Version/26.5.2 Mobile/15E148 Safari/604.1"
47.183.113.11 - - [16/Jul/2026:05:27:04 -0600] "GET /wp-content/plugins/astra-addon/assets/js/minified/purify.min.js?ver=4.13.5 HTTP/2" 200 10151 "https://dfwsingingtelegrams.com/" "Mozilla/5.0 (iPhone; CPU iPhone OS 18_7 like Mac OS X) AppleWebKit/605.1.15 (KHTML, like Gecko) Version/26.5.2 Mobile/15E148 Safari/604.1"
47.183.113.11 - - [16/Jul/2026:05:27:04 -0600] "GET /wp-includes/js/jquery/ui/core.min.js?ver=1.13.3 HTTP/2" 200 6812 "https://dfwsingingtelegrams.com/" "Mozilla/5.0 (iPhone; CPU iPhone OS 18_7 like Mac OS X) AppleWebKit/605.1.15 (KHTML, like Gecko) Version/26.5.2 Mobile/15E148 Safari/604.1"
47.183.113.11 - - [16/Jul/2026:05:27:04 -0600] "GET /wp-content/plugins/elementor/assets/js/frontend.min.js?ver=4.1.5 HTTP/2" 200 10124 "https://dfwsingingtelegrams.com/" "Mozilla/5.0 (iPhone; CPU iPhone OS 18_7 like Mac OS X) AppleWebKit/605.1.15 (KHTML, like Gecko) Version/26.5.2 Mobile/15E148 Safari/604.1"
47.183.113.11 - - [16/Jul/2026:05:27:04 -0600] "GET /wp-content/plugins/elementor-pro/assets/lib/smartmenus/jquery.smartmenus.min.js?ver=1.2.1 HTTP/2" 200 6867 "https://dfwsingingtelegrams.com/" "Mozilla/5.0 (iPhone; CPU iPhone OS 18_7 like Mac OS X) AppleWebKit/605.1.15 (KHTML, like Gecko) Version/26.5.2 Mobile/15E148 Safari/604.1"
47.183.113.11 - - [16/Jul/2026:05:27:04 -0600] "GET /wp-content/plugins/elementor-pro/assets/js/webpack-pro.runtime.min.js?ver=4.1.3 HTTP/2" 200 2606 "https://dfwsingingtelegrams.com/" "Mozilla/5.0 (iPhone; CPU iPhone OS 18_7 like Mac OS X) AppleWebKit/605.1.15 (KHTML, like Gecko) Version/26.5.2 Mobile/15E148 Safari/604.1"
47.183.113.11 - - [16/Jul/2026:05:27:04 -0600] "GET /wp-includes/js/dist/hooks.min.js?ver=7496969728ca0f95732d HTTP/2" 200 1734 "https://dfwsingingtelegrams.com/" "Mozilla/5.0 (iPhone; CPU iPhone OS 18_7 like Mac OS X) AppleWebKit/605.1.15 (KHTML, like Gecko) Version/26.5.2 Mobile/15E148 Safari/604.1"
47.183.113.11 - - [16/Jul/2026:05:27:04 -0600] "GET /wp-includes/js/dist/i18n.min.js?ver=781d11515ad3d91786ec HTTP/2" 200 2354 "https://dfwsingingtelegrams.com/" "Mozilla/5.0 (iPhone; CPU iPhone OS 18_7 like Mac OS X) AppleWebKit/605.1.15 (KHTML, like Gecko) Version/26.5.2 Mobile/15E148 Safari/604.1"
47.183.113.11 - - [16/Jul/2026:05:27:04 -0600] "GET /wp-content/plugins/elementor-pro/assets/js/frontend.min.js?ver=4.1.3 HTTP/2" 200 6191 "https://dfwsingingtelegrams.com/" "Mozilla/5.0 (iPhone; CPU iPhone OS 18_7 like Mac OS X) AppleWebKit/605.1.15 (KHTML, like Gecko) Version/26.5.2 Mobile/15E148 Safari/604.1"
47.183.113.11 - - [16/Jul/2026:05:27:04 -0600] "GET /wp-content/plugins/elementor-pro/assets/js/elements-handlers.min.js?ver=4.1.3 HTTP/2" 200 10079 "https://dfwsingingtelegrams.com/" "Mozilla/5.0 (iPhone; CPU iPhone OS 18_7 like Mac OS X) AppleWebKit/605.1.15 (KHTML, like Gecko) Version/26.5.2 Mobile/15E148 Safari/604.1"
47.183.113.11 - - [16/Jul/2026:05:27:04 -0600] "GET /wp-content/plugins/elementor/assets/js/webpack.runtime.min.js?ver=4.1.5 HTTP/2" 200 2338 "https://dfwsingingtelegrams.com/" "Mozilla/5.0 (iPhone; CPU iPhone OS 18_7 like Mac OS X) AppleWebKit/605.1.15 (KHTML, like Gecko) Version/26.5.2 Mobile/15E148 Safari/604.1"
47.183.113.11 - - [16/Jul/2026:05:27:04 -0600] "GET /wp-content/plugins/elementor/assets/js/frontend-modules.min.js?ver=4.1.5 HTTP/2" 200 15445 "https://dfwsingingtelegrams.com/" "Mozilla/5.0 (iPhone; CPU iPhone OS 18_7 like Mac OS X) AppleWebKit/605.1.15 (KHTML, like Gecko) Version/26.5.2 Mobile/15E148 Safari/604.1"
47.183.113.11 - - [16/Jul/2026:05:27:04 -0600] "GET /wp-content/uploads/2026/06/crazy-bubba.jpg HTTP/2" 200 216563 "https://dfwsingingtelegrams.com/" "Mozilla/5.0 (iPhone; CPU iPhone OS 18_7 like Mac OS X) AppleWebKit/605.1.15 (KHTML, like Gecko) Version/26.5.2 Mobile/15E148 Safari/604.1"
47.183.113.11 - - [16/Jul/2026:05:27:04 -0600] "GET /wp-content/plugins/elementor/assets/lib/eicons/fonts/eicons.woff2?5.50.0 HTTP/2" 200 106500 "https://dfwsingingtelegrams.com/" "Mozilla/5.0 (iPhone; CPU iPhone OS 18_7 like Mac OS X) AppleWebKit/605.1.15 (KHTML, like Gecko) Version/26.5.2 Mobile/15E148 Safari/604.1"
47.183.113.11 - - [16/Jul/2026:05:27:04 -0600] "GET /wp-content/uploads/elementor/google-fonts/fonts/roboto-kfo7cnqeu92fr1me7ksn66agldtyluama3yuba.woff2 HTTP/2" 200 40128 "https://dfwsingingtelegrams.com/" "Mozilla/5.0 (iPhone; CPU iPhone OS 18_7 like Mac OS X) AppleWebKit/605.1.15 (KHTML, like Gecko) Version/26.5.2 Mobile/15E148 Safari/604.1"
47.183.113.11 - - [16/Jul/2026:05:27:04 -0600] "GET /wp-content/uploads/2026/06/bubba-pimp.jpg HTTP/2" 200 201719 "https://dfwsingingtelegrams.com/" "Mozilla/5.0 (iPhone; CPU iPhone OS 18_7 like Mac OS X) AppleWebKit/605.1.15 (KHTML, like Gecko) Version/26.5.2 Mobile/15E148 Safari/604.1"
47.183.113.11 - - [16/Jul/2026:05:27:04 -0600] "GET /wp-content/uploads/2026/06/biker-bubba.jpg HTTP/2" 200 223372 "https://dfwsingingtelegrams.com/" "Mozilla/5.0 (iPhone; CPU iPhone OS 18_7 like Mac OS X) AppleWebKit/605.1.15 (KHTML, like Gecko) Version/26.5.2 Mobile/15E148 Safari/604.1"
47.183.113.11 - - [16/Jul/2026:05:27:04 -0600] "GET /wp-content/plugins/elementor/assets/js/section-frontend-handlers.d85ab872da118940910d.bundle.min.js HTTP/2" 200 229 "https://dfwsingingtelegrams.com/" "Mozilla/5.0 (iPhone; CPU iPhone OS 18_7 like Mac OS X) AppleWebKit/605.1.15 (KHTML, like Gecko) Version/26.5.2 Mobile/15E148 Safari/604.1"
47.183.113.11 - - [16/Jul/2026:05:27:04 -0600] "GET /wp-content/plugins/elementor/assets/js/shared-frontend-handlers.03caa53373b56d3bab67.bundle.min.js HTTP/2" 200 2511 "https://dfwsingingtelegrams.com/" "Mozilla/5.0 (iPhone; CPU iPhone OS 18_7 like Mac OS X) AppleWebKit/605.1.15 (KHTML, like Gecko) Version/26.5.2 Mobile/15E148 Safari/604.1"
47.183.113.11 - - [16/Jul/2026:05:27:04 -0600] "GET /wp-content/plugins/elementor-pro/assets/js/nav-menu.3afa8f5eb1fef7c22561.bundle.min.js HTTP/2" 200 1720 "https://dfwsingingtelegrams.com/" "Mozilla/5.0 (iPhone; CPU iPhone OS 18_7 like Mac OS X) AppleWebKit/605.1.15 (KHTML, like Gecko) Version/26.5.2 Mobile/15E148 Safari/604.1"
47.183.113.11 - - [16/Jul/2026:05:27:04 -0600] "GET /wp-includes/js/wp-emoji-release.min.js?ver=7.0.1 HTTP/2" 200 4974 "https://dfwsingingtelegrams.com/" "Mozilla/5.0 (iPhone; CPU iPhone OS 18_7 like Mac OS X) AppleWebKit/605.1.15 (KHTML, like Gecko) Version/26.5.2 Mobile/15E148 Safari/604.1"
47.183.113.11 - - [16/Jul/2026:05:27:04 -0600] "GET /wp-content/uploads/2025/03/cropped-DFW-Singing-Telegrams-icon-192x192.jpg HTTP/2" 200 11579 "https://dfwsingingtelegrams.com/" "Mozilla/5.0 (iPhone; CPU iPhone OS 18_7 like Mac OS X) AppleWebKit/605.1.15 (KHTML, like Gecko) Version/26.5.2 Mobile/15E148 Safari/604.1"
47.183.113.11 - - [16/Jul/2026:05:27:04 -0600] "GET /wp-content/uploads/2025/03/cropped-DFW-Singing-Telegrams-icon-32x32.jpg HTTP/2" 200 1289 "https://dfwsingingtelegrams.com/" "Mozilla/5.0 (iPhone; CPU iPhone OS 18_7 like Mac OS X) AppleWebKit/605.1.15 (KHTML, like Gecko) Version/26.5.2 Mobile/15E148 Safari/604.1"
47.183.113.11 - - [16/Jul/2026:05:27:14 -0600] "GET /wp-content/plugins/elementor-pro/assets/css/widget-animated-headline.min.css?ver=4.1.3 HTTP/2" 200 1537 "https://dfwsingingtelegrams.com/order-online/" "Mozilla/5.0 (iPhone; CPU iPhone OS 18_7 like Mac OS X) AppleWebKit/605.1.15 (KHTML, like Gecko) Version/26.5.2 Mobile/15E148 Safari/604.1"
47.183.113.11 - - [16/Jul/2026:05:27:14 -0600] "GET /wp-content/uploads/elementor/css/post-548.css?ver=1784201234 HTTP/2" 200 968 "https://dfwsingingtelegrams.com/order-online/" "Mozilla/5.0 (iPhone; CPU iPhone OS 18_7 like Mac OS X) AppleWebKit/605.1.15 (KHTML, like Gecko) Version/26.5.2 Mobile/15E148 Safari/604.1"
47.183.113.11 - - [16/Jul/2026:05:27:14 -0600] "GET /wp-content/plugins/ws-form-pro/public/css/external/jquery.datetimepicker.min.css?ver=2.5.21 HTTP/2" 200 4063 "https://dfwsingingtelegrams.com/order-online/" "Mozilla/5.0 (iPhone; CPU iPhone OS 18_7 like Mac OS X) AppleWebKit/605.1.15 (KHTML, like Gecko) Version/26.5.2 Mobile/15E148 Safari/604.1"
47.183.113.11 - - [16/Jul/2026:05:27:14 -0600] "GET /wp-content/plugins/ws-form-pro/public/css/ws-form-public-base.min.css?ver=1.11.18 HTTP/2" 200 6243 "https://dfwsingingtelegrams.com/order-online/" "Mozilla/5.0 (iPhone; CPU iPhone OS 18_7 like Mac OS X) AppleWebKit/605.1.15 (KHTML, like Gecko) Version/26.5.2 Mobile/15E148 Safari/604.1"
47.183.113.11 - - [16/Jul/2026:05:27:14 -0600] "GET /wp-content/plugins/ws-form-pro/public/css/ws-form-public-button.min.css?ver=1.11.18 HTTP/2" 200 1181 "https://dfwsingingtelegrams.com/order-online/" "Mozilla/5.0 (iPhone; CPU iPhone OS 18_7 like Mac OS X) AppleWebKit/605.1.15 (KHTML, like Gecko) Version/26.5.2 Mobile/15E148 Safari/604.1"
