40.77.167.59 - - [15/Jul/2026:09:35:48 -0600] "GET /wp-content/uploads/elementor/css/post-1734.css?ver=1784129729 HTTP/2" 200 153 "https://dfwsingingtelegrams.com/crazy-bubba-and-bubba-pimp-perform-singing-telegram-grams-in-bedford/" "Mozilla/5.0 AppleWebKit/537.36 (KHTML, like Gecko; compatible; bingbot/2.0; +http://www.bing.com/bingbot.htm) Chrome/136.0.0.0 Safari/537.36 AppleWebKit/537.36 (KHTML, like Gecko; compatible; bingbot/2.0; +http://www.bing.com/bingbot.htm) Chrome/116.0.1938.76 Safari/537.36"
167.114.139.239 - - [15/Jul/2026:09:36:15 -0600] "GET /tag/denton-tx/ HTTP/2" 200 20287 "-" "Mozilla/5.0 (compatible; AhrefsBot/7.0; +http://ahrefs.com/robot/)"
198.175.150.9 - - [15/Jul/2026:09:51:49 -0600] "POST /wp-cron.php?doing_wp_cron=1784130709.7683410644531250000000 HTTP/1.1" 200 0 "-" "WordPress/7.0.1; https://dfwsingingtelegrams.com"
43.159.140.236 - - [15/Jul/2026:09:55:29 -0600] "GET / HTTP/1.1" 200 29039 "http://dfwsingingtelegrams.com" "Mozilla/5.0 (iPhone; CPU iPhone OS 13_2_3 like Mac OS X) AppleWebKit/605.1.15 (KHTML, like Gecko) Version/13.0.3 Mobile/15E148 Safari/604.1"
151.241.248.26 - - [15/Jul/2026:10:20:16 -0600] "GET /wp-content/uploads/2025/02/dallas.jpg HTTP/2" 206 500 "https://dfwsingingtelegrams.com/crazy-bubba-and-bubba-pimp-perform-singing-telegram-grams-in-heath-texas/" "Mozilla/5.0 (Macintosh; Intel Mac OS X 10_14_0) AppleWebKit/537.36 (KHTML, like Gecko) Chrome/55.0.6525.1993 Safari/537.36"
151.241.248.26 - - [15/Jul/2026:10:20:25 -0600] "GET /wp-content/uploads/2025/02/dallas.jpg HTTP/2" 304 0 "https://dfwsingingtelegrams.com/crazy-bubba-and-bubba-pimp-perform-singing-telegram-grams-in-heath-texas/" "Mozilla/5.0 (Macintosh; Intel Mac OS X 10_14_0) AppleWebKit/537.36 (KHTML, like Gecko) Chrome/55.0.6525.1993 Safari/537.36"
151.241.248.26 - - [15/Jul/2026:10:20:30 -0600] "GET /wp-content/uploads/2025/02/dallas.jpg HTTP/2" 206 98304 "https://dfwsingingtelegrams.com/crazy-bubba-and-bubba-pimp-perform-singing-telegram-grams-in-heath-texas/" "Mozilla/5.0 (Macintosh; Intel Mac OS X 10_14_0) AppleWebKit/537.36 (KHTML, like Gecko) Chrome/55.0.6525.1993 Safari/537.36"
104.210.140.138 - - [15/Jul/2026:10:25:25 -0600] "GET /robots.txt HTTP/2" 200 117 "-" "Mozilla/5.0 (Macintosh; Intel Mac OS X 10_15_7) AppleWebKit/537.36 (KHTML, like Gecko) Chrome/131.0.0.0 Safari/537.36; compatible; OAI-SearchBot/1.0; +https://openai.com/searchbot"
40.160.252.50 - - [15/Jul/2026:10:26:25 -0600] "GET / HTTP/2" 200 25275 "-" "Mozilla/5.0 (Windows NT 10.0; Win64; x64) AppleWebKit/537.36 (KHTML, like Gecko) Chrome/131.0.0.0 Safari/537.36"
17.241.75.29 - - [15/Jul/2026:10:32:53 -0600] "GET /robots.txt HTTP/2" 200 134 "-" "Mozilla/5.0 (Macintosh; Intel Mac OS X 10_15_7) AppleWebKit/605.1.15 (KHTML, like Gecko) Version/17.4 Safari/605.1.15 (Applebot/0.1; +http://www.apple.com/go/applebot)"
45.190.168.21 - - [15/Jul/2026:09:05:15 -0600] "GET /author/johnfite/page/16/ HTTP/1.1" 200 26083 "-" "Mozilla/5.0 (Windows NT 10.0; WOW64; rv:135.0) Gecko/20100101 Firefox/135.0"
88.9.69.77 - - [15/Jul/2026:09:35:14 -0600] "GET / HTTP/1.1" 200 29039 "-" "Mozilla/5.0 (Macintosh; Intel Mac OS X 14.1; rv:126.0) Gecko/20100101 Firefox/126.0"
198.175.150.9 - - [15/Jul/2026:09:36:16 -0600] "POST /wp-cron.php?doing_wp_cron=1784129776.3831999301910400390625 HTTP/1.1" 200 0 "-" "WordPress/7.0.1; https://dfwsingingtelegrams.com"
212.90.99.126 - - [15/Jul/2026:10:07:19 -0600] "GET / HTTP/1.1" 200 29039 "-" "Python/3.11 aiohttp/3.11.11"
40.88.21.235 - - [15/Jul/2026:10:12:57 -0600] "GET /wp-content/uploads/2025/03/cropped-DFW-Singing-Telegrams-icon-32x32.jpg HTTP/1.1" 200 1289 "-" "DuckDuckBot/1.1; (+http://duckduckgo.com/duckduckbot.html)"
181.24.172.91 - - [15/Jul/2026:10:19:53 -0600] "GET /crazy-bubba-and-bubba-pimp-perform-singing-telegram-grams-in-heath-texas/ HTTP/2" 200 28812 "-" "Mozilla/5.0 (Macintosh; Intel Mac OS X 10_14_0) AppleWebKit/537.36 (KHTML, like Gecko) Chrome/55.0.6525.1993 Safari/537.36"
17.241.219.128 - - [15/Jul/2026:10:38:16 -0600] "GET /wp-content/plugins/elementor/assets/lib/eicons/css/elementor-icons.min.css?ver=5.50.0 HTTP/2" 200 4123 "https://dfwsingingtelegrams.com/crazy-bubba-and-bubba-pimp-perform-singing-telegram-in-white-settlement-texas/" "Mozilla/5.0 (Macintosh; Intel Mac OS X 10_15_7) AppleWebKit/605.1.15 (KHTML, like Gecko) Version/17.4 Safari/605.1.15 (Applebot/0.1; +http://www.apple.com/go/applebot)"
17.241.219.128 - - [15/Jul/2026:10:38:17 -0600] "GET /wp-content/themes/astra/assets/css/minified/main.min.css?ver=4.13.6 HTTP/2" 200 8389 "https://dfwsingingtelegrams.com/crazy-bubba-and-bubba-pimp-perform-singing-telegram-in-white-settlement-texas/" "Mozilla/5.0 (Macintosh; Intel Mac OS X 10_15_7) AppleWebKit/605.1.15 (KHTML, like Gecko) Version/17.4 Safari/605.1.15 (Applebot/0.1; +http://www.apple.com/go/applebot)"
17.241.219.128 - - [15/Jul/2026:10:38:19 -0600] "GET /wp-content/plugins/ultimate-elementor/assets/min-css/uael-frontend.min.css?ver=1.45.1 HTTP/2" 200 76022 "https://dfwsingingtelegrams.com/crazy-bubba-and-bubba-pimp-perform-singing-telegram-in-white-settlement-texas/" "Mozilla/5.0 (Macintosh; Intel Mac OS X 10_15_7) AppleWebKit/605.1.15 (KHTML, like Gecko) Version/17.4 Safari/605.1.15 (Applebot/0.1; +http://www.apple.com/go/applebot)"
17.241.219.128 - - [15/Jul/2026:10:38:20 -0600] "GET /wp-content/uploads/astra-addon/astra-addon-6a53a1a06c62f8-49579154.css?ver=4.13.5 HTTP/2" 200 2773 "https://dfwsingingtelegrams.com/crazy-bubba-and-bubba-pimp-perform-singing-telegram-in-white-settlement-texas/" "Mozilla/5.0 (Macintosh; Intel Mac OS X 10_15_7) AppleWebKit/605.1.15 (KHTML, like Gecko) Version/17.4 Safari/605.1.15 (Applebot/0.1; +http://www.apple.com/go/applebot)"
17.241.219.128 - - [15/Jul/2026:10:38:21 -0600] "GET /wp-content/uploads/elementor/css/post-9.css?ver=1784117374 HTTP/2" 200 342 "https://dfwsingingtelegrams.com/crazy-bubba-and-bubba-pimp-perform-singing-telegram-in-white-settlement-texas/" "Mozilla/5.0 (Macintosh; Intel Mac OS X 10_15_7) AppleWebKit/605.1.15 (KHTML, like Gecko) Version/17.4 Safari/605.1.15 (Applebot/0.1; +http://www.apple.com/go/applebot)"
17.241.219.128 - - [15/Jul/2026:10:38:23 -0600] "GET /wp-content/plugins/elementor/assets/css/frontend.min.css?ver=4.1.4 HTTP/2" 200 6613 "https://dfwsingingtelegrams.com/crazy-bubba-and-bubba-pimp-perform-singing-telegram-in-white-settlement-texas/" "Mozilla/5.0 (Macintosh; Intel Mac OS X 10_15_7) AppleWebKit/605.1.15 (KHTML, like Gecko) Version/17.4 Safari/605.1.15 (Applebot/0.1; +http://www.apple.com/go/applebot)"
17.241.219.128 - - [15/Jul/2026:10:38:24 -0600] "GET /wp-content/plugins/elementor/assets/css/widget-social-icons.min.css?ver=3.24.0 HTTP/2" 200 1039 "https://dfwsingingtelegrams.com/crazy-bubba-and-bubba-pimp-perform-singing-telegram-in-white-settlement-texas/" "Mozilla/5.0 (Macintosh; Intel Mac OS X 10_15_7) AppleWebKit/605.1.15 (KHTML, like Gecko) Version/17.4 Safari/605.1.15 (Applebot/0.1; +http://www.apple.com/go/applebot)"
17.241.219.128 - - [15/Jul/2026:10:38:25 -0600] "GET /wp-content/plugins/elementor/assets/lib/font-awesome/css/brands.css?ver=5.15.3 HTTP/2" 200 296 "https://dfwsingingtelegrams.com/crazy-bubba-and-bubba-pimp-perform-singing-telegram-in-white-settlement-texas/" "Mozilla/5.0 (Macintosh; Intel Mac OS X 10_15_7) AppleWebKit/605.1.15 (KHTML, like Gecko) Version/17.4 Safari/605.1.15 (Applebot/0.1; +http://www.apple.com/go/applebot)"
17.241.219.128 - - [15/Jul/2026:10:38:27 -0600] "GET /wp-content/plugins/elementor/assets/lib/font-awesome/css/fontawesome.css?ver=5.15.3 HTTP/2" 200 12526 "https://dfwsingingtelegrams.com/crazy-bubba-and-bubba-pimp-perform-singing-telegram-in-white-settlement-texas/" "Mozilla/5.0 (Macintosh; Intel Mac OS X 10_15_7) AppleWebKit/605.1.15 (KHTML, like Gecko) Version/17.4 Safari/605.1.15 (Applebot/0.1; +http://www.apple.com/go/applebot)"
17.241.219.128 - - [15/Jul/2026:10:38:28 -0600] "GET /wp-content/plugins/elementor/assets/lib/font-awesome/css/solid.css?ver=5.15.3 HTTP/2" 200 296 "https://dfwsingingtelegrams.com/crazy-bubba-and-bubba-pimp-perform-singing-telegram-in-white-settlement-texas/" "Mozilla/5.0 (Macintosh; Intel Mac OS X 10_15_7) AppleWebKit/605.1.15 (KHTML, like Gecko) Version/17.4 Safari/605.1.15 (Applebot/0.1; +http://www.apple.com/go/applebot)"
17.241.219.128 - - [15/Jul/2026:10:38:30 -0600] "GET /wp-content/uploads/elementor/css/post-2117.css?ver=1784133175 HTTP/2" 200 153 "https://dfwsingingtelegrams.com/crazy-bubba-and-bubba-pimp-perform-singing-telegram-in-white-settlement-texas/" "Mozilla/5.0 (Macintosh; Intel Mac OS X 10_15_7) AppleWebKit/605.1.15 (KHTML, like Gecko) Version/17.4 Safari/605.1.15 (Applebot/0.1; +http://www.apple.com/go/applebot)"
17.241.219.128 - - [15/Jul/2026:10:38:31 -0600] "GET /wp-content/uploads/elementor/google-fonts/css/roboto.css?ver=1742236238 HTTP/2" 200 1877 "https://dfwsingingtelegrams.com/crazy-bubba-and-bubba-pimp-perform-singing-telegram-in-white-settlement-texas/" "Mozilla/5.0 (Macintosh; Intel Mac OS X 10_15_7) AppleWebKit/605.1.15 (KHTML, like Gecko) Version/17.4 Safari/605.1.15 (Applebot/0.1; +http://www.apple.com/go/applebot)"
17.241.219.128 - - [15/Jul/2026:10:38:32 -0600] "GET /wp-content/uploads/elementor/google-fonts/css/robotoslab.css?ver=1742236244 HTTP/2" 200 709 "https://dfwsingingtelegrams.com/crazy-bubba-and-bubba-pimp-perform-singing-telegram-in-white-settlement-texas/" "Mozilla/5.0 (Macintosh; Intel Mac OS X 10_15_7) AppleWebKit/605.1.15 (KHTML, like Gecko) Version/17.4 Safari/605.1.15 (Applebot/0.1; +http://www.apple.com/go/applebot)"
17.241.219.128 - - [15/Jul/2026:10:38:34 -0600] "GET /wp-includes/js/jquery/jquery.min.js?ver=3.7.1 HTTP/2" 200 29744 "https://dfwsingingtelegrams.com/crazy-bubba-and-bubba-pimp-perform-singing-telegram-in-white-settlement-texas/" "Mozilla/5.0 (Macintosh; Intel Mac OS X 10_15_7) AppleWebKit/605.1.15 (KHTML, like Gecko) Version/17.4 Safari/605.1.15 (Applebot/0.1; +http://www.apple.com/go/applebot)"
17.241.219.128 - - [15/Jul/2026:10:38:35 -0600] "GET /wp-includes/js/jquery/jquery-migrate.min.js?ver=3.4.1 HTTP/2" 200 4678 "https://dfwsingingtelegrams.com/crazy-bubba-and-bubba-pimp-perform-singing-telegram-in-white-settlement-texas/" "Mozilla/5.0 (Macintosh; Intel Mac OS X 10_15_7) AppleWebKit/605.1.15 (KHTML, like Gecko) Version/17.4 Safari/605.1.15 (Applebot/0.1; +http://www.apple.com/go/applebot)"
17.241.219.128 - - [15/Jul/2026:10:38:36 -0600] "GET /wp-content/themes/astra/assets/js/minified/frontend.min.js?ver=4.13.6 HTTP/2" 200 5693 "https://dfwsingingtelegrams.com/crazy-bubba-and-bubba-pimp-perform-singing-telegram-in-white-settlement-texas/" "Mozilla/5.0 (Macintosh; Intel Mac OS X 10_15_7) AppleWebKit/605.1.15 (KHTML, like Gecko) Version/17.4 Safari/605.1.15 (Applebot/0.1; +http://www.apple.com/go/applebot)"
17.241.219.128 - - [15/Jul/2026:10:38:38 -0600] "GET /wp-content/uploads/astra-addon/astra-addon-6a53a1a06d06a2-24786284.js?ver=4.13.5 HTTP/2" 200 4527 "https://dfwsingingtelegrams.com/crazy-bubba-and-bubba-pimp-perform-singing-telegram-in-white-settlement-texas/" "Mozilla/5.0 (Macintosh; Intel Mac OS X 10_15_7) AppleWebKit/605.1.15 (KHTML, like Gecko) Version/17.4 Safari/605.1.15 (Applebot/0.1; +http://www.apple.com/go/applebot)"
17.241.219.128 - - [15/Jul/2026:10:38:39 -0600] "GET /wp-content/plugins/astra-addon/assets/js/minified/purify.min.js?ver=4.13.5 HTTP/2" 200 10151 "https://dfwsingingtelegrams.com/crazy-bubba-and-bubba-pimp-perform-singing-telegram-in-white-settlement-texas/" "Mozilla/5.0 (Macintosh; Intel Mac OS X 10_15_7) AppleWebKit/605.1.15 (KHTML, like Gecko) Version/17.4 Safari/605.1.15 (Applebot/0.1; +http://www.apple.com/go/applebot)"
17.241.219.128 - - [15/Jul/2026:10:38:40 -0600] "GET /wp-content/plugins/elementor/assets/js/webpack.runtime.min.js?ver=4.1.4 HTTP/2" 200 2338 "https://dfwsingingtelegrams.com/crazy-bubba-and-bubba-pimp-perform-singing-telegram-in-white-settlement-texas/" "Mozilla/5.0 (Macintosh; Intel Mac OS X 10_15_7) AppleWebKit/605.1.15 (KHTML, like Gecko) Version/17.4 Safari/605.1.15 (Applebot/0.1; +http://www.apple.com/go/applebot)"
17.241.219.128 - - [15/Jul/2026:10:38:42 -0600] "GET /wp-content/plugins/elementor/assets/js/frontend-modules.min.js?ver=4.1.4 HTTP/2" 200 15445 "https://dfwsingingtelegrams.com/crazy-bubba-and-bubba-pimp-perform-singing-telegram-in-white-settlement-texas/" "Mozilla/5.0 (Macintosh; Intel Mac OS X 10_15_7) AppleWebKit/605.1.15 (KHTML, like Gecko) Version/17.4 Safari/605.1.15 (Applebot/0.1; +http://www.apple.com/go/applebot)"
17.241.219.128 - - [15/Jul/2026:10:38:43 -0600] "GET /wp-includes/js/jquery/ui/core.min.js?ver=1.13.3 HTTP/2" 200 6812 "https://dfwsingingtelegrams.com/crazy-bubba-and-bubba-pimp-perform-singing-telegram-in-white-settlement-texas/" "Mozilla/5.0 (Macintosh; Intel Mac OS X 10_15_7) AppleWebKit/605.1.15 (KHTML, like Gecko) Version/17.4 Safari/605.1.15 (Applebot/0.1; +http://www.apple.com/go/applebot)"
17.241.219.128 - - [15/Jul/2026:10:38:45 -0600] "GET /wp-content/plugins/elementor/assets/js/frontend.min.js?ver=4.1.4 HTTP/2" 200 10124 "https://dfwsingingtelegrams.com/crazy-bubba-and-bubba-pimp-perform-singing-telegram-in-white-settlement-texas/" "Mozilla/5.0 (Macintosh; Intel Mac OS X 10_15_7) AppleWebKit/605.1.15 (KHTML, like Gecko) Version/17.4 Safari/605.1.15 (Applebot/0.1; +http://www.apple.com/go/applebot)"
17.241.219.128 - - [15/Jul/2026:10:38:46 -0600] "GET /wp-content/plugins/elementor-pro/assets/js/webpack-pro.runtime.min.js?ver=4.1.2 HTTP/2" 200 2606 "https://dfwsingingtelegrams.com/crazy-bubba-and-bubba-pimp-perform-singing-telegram-in-white-settlement-texas/" "Mozilla/5.0 (Macintosh; Intel Mac OS X 10_15_7) AppleWebKit/605.1.15 (KHTML, like Gecko) Version/17.4 Safari/605.1.15 (Applebot/0.1; +http://www.apple.com/go/applebot)"
17.241.219.128 - - [15/Jul/2026:10:38:47 -0600] "GET /wp-includes/js/dist/hooks.min.js?ver=7496969728ca0f95732d HTTP/2" 200 1734 "https://dfwsingingtelegrams.com/crazy-bubba-and-bubba-pimp-perform-singing-telegram-in-white-settlement-texas/" "Mozilla/5.0 (Macintosh; Intel Mac OS X 10_15_7) AppleWebKit/605.1.15 (KHTML, like Gecko) Version/17.4 Safari/605.1.15 (Applebot/0.1; +http://www.apple.com/go/applebot)"
112.134.139.99 - - [15/Jul/2026:09:22:03 -0600] "POST /xmlrpc.php HTTP/1.1" 403 55 "-" "Mozilla/5.0 (Windows NT 6.3; arm64) AppleWebKit/537.36 (KHTML, like Gecko) Firefox/81.0.0.0 Safari/537.36"
40.77.179.146 - - [15/Jul/2026:09:35:31 -0600] "GET /crazy-bubba-and-bubba-pimp-perform-singing-telegram-grams-in-bedford/ HTTP/2" 200 28939 "-" "Mozilla/5.0 AppleWebKit/537.36 (KHTML, like Gecko; compatible; bingbot/2.0; +http://www.bing.com/bingbot.htm) Chrome/136.0.0.0 Safari/537.36"
52.167.144.180 - - [15/Jul/2026:09:35:44 -0600] "GET /wp-content/uploads/elementor/css/post-9.css?ver=1784117374 HTTP/2" 200 342 "https://dfwsingingtelegrams.com/crazy-bubba-and-bubba-pimp-perform-singing-telegram-grams-in-bedford/" "Mozilla/5.0 AppleWebKit/537.36 (KHTML, like Gecko; compatible; bingbot/2.0; +http://www.bing.com/bingbot.htm) Chrome/136.0.0.0 Safari/537.36 AppleWebKit/537.36 (KHTML, like Gecko; compatible; bingbot/2.0; +http://www.bing.com/bingbot.htm) Chrome/116.0.1938.76 Safari/537.36"
52.167.144.180 - - [15/Jul/2026:09:35:44 -0600] "GET /wp-content/plugins/astra-addon/assets/js/minified/purify.min.js?ver=4.13.5 HTTP/2" 200 10151 "https://dfwsingingtelegrams.com/crazy-bubba-and-bubba-pimp-perform-singing-telegram-grams-in-bedford/" "Mozilla/5.0 AppleWebKit/537.36 (KHTML, like Gecko; compatible; bingbot/2.0; +http://www.bing.com/bingbot.htm) Chrome/136.0.0.0 Safari/537.36 AppleWebKit/537.36 (KHTML, like Gecko; compatible; bingbot/2.0; +http://www.bing.com/bingbot.htm) Chrome/116.0.1938.76 Safari/537.36"
198.175.150.9 - - [15/Jul/2026:09:36:16 -0600] "POST /wp-cron.php?doing_wp_cron=1784129776.4099431037902832031250 HTTP/1.1" 200 0 "-" "WordPress/7.0.1; https://dfwsingingtelegrams.com"
40.77.179.146 - - [15/Jul/2026:09:51:48 -0600] "GET /crazy-bubba-and-bubba-pimp-perform-singing-telegram-grams-in-bedford/ HTTP/2" 200 28939 "-" "Mozilla/5.0 AppleWebKit/537.36 (KHTML, like Gecko; compatible; bingbot/2.0; +http://www.bing.com/bingbot.htm) Chrome/136.0.0.0 Safari/537.36"
43.130.53.252 - - [15/Jul/2026:10:40:10 -0600] "GET / HTTP/1.1" 200 29039 "http://www.dfwsingingtelegrams.com" "Mozilla/5.0 (iPhone; CPU iPhone OS 13_2_3 like Mac OS X) AppleWebKit/605.1.15 (KHTML, like Gecko) Version/13.0.3 Mobile/15E148 Safari/604.1"
52.167.144.213 - - [15/Jul/2026:10:49:14 -0600] "GET /wp-content/uploads/2026/06/elementor/thumbs/crazy-bubba-rpkigtevemo1pmj3542deh1zb0mjv3wn7sbs9ytn3g.jpg HTTP/2" 404 19510 "-" "Mozilla/5.0 AppleWebKit/537.36 (KHTML, like Gecko; compatible; bingbot/2.0; +http://www.bing.com/bingbot.htm) Chrome/116.0.1938.76 Safari/537.36"
173.252.69.113 - - [15/Jul/2026:10:49:48 -0600] "GET /wp-content/uploads/2025/05/office-surprise-gorilla.jpg HTTP/2" 200 110234 "-" "facebookexternalhit/1.1 (+http://www.facebook.com/externalhit_uatext.php)"
198.175.150.9 - - [15/Jul/2026:11:01:54 -0600] "POST /wp-cron.php?doing_wp_cron=1784134914.3189370632171630859375 HTTP/1.1" 200 0 "-" "WordPress/7.0.1; https://dfwsingingtelegrams.com"
47.63.3.214 - - [15/Jul/2026:11:01:53 -0600] "GET /robots.txt HTTP/1.1" 200 134 "-" "Mozilla/5.0 (Macintosh; Intel Mac OS X 13.7; rv:126.0) Gecko/20100101 Firefox/126.0"
142.44.220.183 - - [15/Jul/2026:11:08:21 -0600] "GET /robots.txt HTTP/2" 200 117 "-" "Mozilla/5.0 (compatible; AhrefsBot/7.0; +http://ahrefs.com/robot/)"
148.113.130.176 - - [15/Jul/2026:11:08:29 -0600] "GET /tag/denton-tx/feed/ HTTP/2" 200 3673 "-" "Mozilla/5.0 (compatible; AhrefsBot/7.0; +http://ahrefs.com/robot/)"
198.175.150.9 - - [15/Jul/2026:11:34:32 -0600] "POST /wp-cron.php?doing_wp_cron=1784136872.4777948856353759765625 HTTP/1.1" 200 0 "-" "WordPress/7.0.1; https://dfwsingingtelegrams.com"
15.235.27.59 - - [15/Jul/2026:11:35:50 -0600] "GET /wp-content/uploads/elementor/css/post-1107.css?ver=1784136872 HTTP/2" 200 172 "-" "Mozilla/5.0 (compatible; AhrefsBot/7.0; +http://ahrefs.com/robot/)"
15.235.27.245 - - [15/Jul/2026:11:35:50 -0600] "GET /wp-content/uploads/2025/02/farmers-branch.jpg HTTP/2" 200 100250 "-" "Mozilla/5.0 (compatible; AhrefsBot/7.0; +http://ahrefs.com/robot/)"
85.208.96.199 - - [15/Jul/2026:11:40:17 -0600] "GET /robots.txt HTTP/1.1" 200 134 "-" "Mozilla/5.0 (compatible; SemrushBot/7~bl; +http://www.semrush.com/bot.html)"
185.191.171.12 - - [15/Jul/2026:11:40:18 -0600] "GET /gorilla-grams-in-fort-worth-texas-the-ultimate-singing-telegram-experience/ HTTP/1.1" 200 31771 "-" "Mozilla/5.0 (compatible; SemrushBot/7~bl; +http://www.semrush.com/bot.html)"
34.73.223.52 - - [15/Jul/2026:11:45:08 -0600] "HEAD / HTTP/2" 200 0 "http://dfwsingingtelegrams.com/" "Mozilla/5.0 (X11; Linux x86_64) AppleWebKit/537.36 (KHTML, like Gecko) Chrome/125.0.6422.76 Safari/537.36"
17.241.219.128 - - [15/Jul/2026:10:38:49 -0600] "GET /wp-includes/js/dist/i18n.min.js?ver=781d11515ad3d91786ec HTTP/2" 200 2354 "https://dfwsingingtelegrams.com/crazy-bubba-and-bubba-pimp-perform-singing-telegram-in-white-settlement-texas/" "Mozilla/5.0 (Macintosh; Intel Mac OS X 10_15_7) AppleWebKit/605.1.15 (KHTML, like Gecko) Version/17.4 Safari/605.1.15 (Applebot/0.1; +http://www.apple.com/go/applebot)"
17.241.219.128 - - [15/Jul/2026:10:38:50 -0600] "GET /wp-content/plugins/elementor-pro/assets/js/frontend.min.js?ver=4.1.2 HTTP/2" 200 6191 "https://dfwsingingtelegrams.com/crazy-bubba-and-bubba-pimp-perform-singing-telegram-in-white-settlement-texas/" "Mozilla/5.0 (Macintosh; Intel Mac OS X 10_15_7) AppleWebKit/605.1.15 (KHTML, like Gecko) Version/17.4 Safari/605.1.15 (Applebot/0.1; +http://www.apple.com/go/applebot)"
17.241.219.128 - - [15/Jul/2026:10:38:51 -0600] "GET /wp-content/plugins/elementor-pro/assets/js/elements-handlers.min.js?ver=4.1.2 HTTP/2" 200 10079 "https://dfwsingingtelegrams.com/crazy-bubba-and-bubba-pimp-perform-singing-telegram-in-white-settlement-texas/" "Mozilla/5.0 (Macintosh; Intel Mac OS X 10_15_7) AppleWebKit/605.1.15 (KHTML, like Gecko) Version/17.4 Safari/605.1.15 (Applebot/0.1; +http://www.apple.com/go/applebot)"
17.241.219.128 - - [15/Jul/2026:10:38:53 -0600] "GET /wp-content/plugins/elementor/assets/js/shared-frontend-handlers.03caa53373b56d3bab67.bundle.min.js HTTP/2" 200 2511 "https://dfwsingingtelegrams.com/crazy-bubba-and-bubba-pimp-perform-singing-telegram-in-white-settlement-texas/" "Mozilla/5.0 (Macintosh; Intel Mac OS X 10_15_7) AppleWebKit/605.1.15 (KHTML, like Gecko) Version/17.4 Safari/605.1.15 (Applebot/0.1; +http://www.apple.com/go/applebot)"
17.241.219.128 - - [15/Jul/2026:10:38:54 -0600] "GET /wp-content/plugins/elementor/assets/js/section-frontend-handlers.d85ab872da118940910d.bundle.min.js HTTP/2" 200 229 "https://dfwsingingtelegrams.com/crazy-bubba-and-bubba-pimp-perform-singing-telegram-in-white-settlement-texas/" "Mozilla/5.0 (Macintosh; Intel Mac OS X 10_15_7) AppleWebKit/605.1.15 (KHTML, like Gecko) Version/17.4 Safari/605.1.15 (Applebot/0.1; +http://www.apple.com/go/applebot)"
17.241.219.128 - - [15/Jul/2026:10:38:56 -0600] "GET /wp-content/plugins/elementor/assets/js/text-editor.45609661e409413f1cef.bundle.min.js HTTP/2" 200 592 "https://dfwsingingtelegrams.com/crazy-bubba-and-bubba-pimp-perform-singing-telegram-in-white-settlement-texas/" "Mozilla/5.0 (Macintosh; Intel Mac OS X 10_15_7) AppleWebKit/605.1.15 (KHTML, like Gecko) Version/17.4 Safari/605.1.15 (Applebot/0.1; +http://www.apple.com/go/applebot)"
17.241.219.128 - - [15/Jul/2026:10:38:57 -0600] "GET /wp-includes/js/wp-emoji-release.min.js?ver=7.0.1 HTTP/2" 200 4974 "https://dfwsingingtelegrams.com/crazy-bubba-and-bubba-pimp-perform-singing-telegram-in-white-settlement-texas/" "Mozilla/5.0 (Macintosh; Intel Mac OS X 10_15_7) AppleWebKit/605.1.15 (KHTML, like Gecko) Version/17.4 Safari/605.1.15 (Applebot/0.1; +http://www.apple.com/go/applebot)"
16.145.222.143 - - [15/Jul/2026:10:56:53 -0600] "GET /wp-content/uploads/2025/02/little-elm.jpg HTTP/2" 200 97732 "-" "Mozilla/5.0 (Windows NT 10.0; Win64; x64) AppleWebKit/537.36 (KHTML, like Gecko) Chrome/144.0.0.0 Safari/537.36"
71.86.116.70 - - [15/Jul/2026:10:59:38 -0600] "GET /wp-content/uploads/2022/08/stop-200.png HTTP/2" 200 18644 "https://singingtelegramsdallas.com/" "Mozilla/5.0 (Windows NT 10.0; Win64; x64) AppleWebKit/537.36 (KHTML, like Gecko) Chrome/150.0.0.0 Safari/537.36 Edg/150.0.0.0"
54.39.203.242 - - [15/Jul/2026:11:34:31 -0600] "GET /dfw-singing-telegrams-in-farmers-branch-texas/ HTTP/2" 200 28073 "-" "Mozilla/5.0 (compatible; AhrefsBot/7.0; +http://ahrefs.com/robot/)"
198.175.150.9 - - [15/Jul/2026:11:52:42 -0600] "POST /wp-cron.php?doing_wp_cron=1784137962.2130479812622070312500 HTTP/1.1" 200 0 "-" "WordPress/7.0.1; https://dfwsingingtelegrams.com"
17.241.75.29 - - [15/Jul/2026:10:32:54 -0600] "GET /crazy-bubba-and-bubba-pimp-perform-singing-telegram-in-white-settlement-texas/ HTTP/2" 200 32952 "-" "Mozilla/5.0 (Macintosh; Intel Mac OS X 10_15_7) AppleWebKit/605.1.15 (KHTML, like Gecko) Version/17.4 Safari/605.1.15 (Applebot/0.1; +http://www.apple.com/go/applebot)"
44.251.205.176 - - [15/Jul/2026:10:56:49 -0600] "GET /wp-content/uploads/2025/02/little-elm.jpg HTTP/2" 200 97732 "-" "Mozilla/5.0 (Windows NT 10.0; Win64; x64) AppleWebKit/537.36 (KHTML, like Gecko) Chrome/144.0.0.0 Safari/537.36"
83.34.135.115 - - [15/Jul/2026:11:13:06 -0600] "GET /author/johnfite/page/4/ HTTP/1.1" 200 26335 "-" "Mozilla/5.0 (Macintosh; Intel Mac OS X 15_3_0) AppleWebKit/537.36 (KHTML, like Gecko) Chrome/127.0.6533.72 Safari/537.36"
83.99.9.85 - - [15/Jul/2026:11:43:07 -0600] "GET /wizard/ HTTP/1.1" 200 27250 "-" "Mozilla/5.0 (Macintosh; Intel Mac OS X 11.4; rv:129.0) Gecko/20100101 Firefox/129.0"
216.73.217.24 - - [15/Jul/2026:09:39:48 -0600] "GET /robots.txt HTTP/2" 200 117 "-" "Mozilla/5.0 AppleWebKit/537.36 (KHTML, like Gecko; compatible; ClaudeBot/1.0; +claudebot@anthropic.com)"
216.73.217.24 - - [15/Jul/2026:09:39:49 -0600] "GET /sitemap_index.xml HTTP/2" 200 327 "-" "Mozilla/5.0 AppleWebKit/537.36 (KHTML, like Gecko; compatible; ClaudeBot/1.0; +claudebot@anthropic.com)"
40.88.21.235 - - [15/Jul/2026:10:12:56 -0600] "GET / HTTP/1.1" 200 29039 "http://dfwsingingtelegrams.com" "DuckDuckBot/1.1; (+http://duckduckgo.com/duckduckbot.html)"
198.175.150.9 - - [15/Jul/2026:10:49:15 -0600] "POST /wp-cron.php?doing_wp_cron=1784134155.6801960468292236328125 HTTP/1.1" 200 0 "-" "WordPress/7.0.1; https://dfwsingingtelegrams.com"
198.175.150.9 - - [15/Jul/2026:11:40:18 -0600] "POST /wp-cron.php?doing_wp_cron=1784137218.1298770904541015625000 HTTP/1.1" 200 0 "-" "WordPress/7.0.1; https://dfwsingingtelegrams.com"
198.175.150.9 - - [15/Jul/2026:11:40:18 -0600] "POST /wp-cron.php?doing_wp_cron=1784137218.1541728973388671875000 HTTP/1.1" 200 0 "-" "WordPress/7.0.1; https://dfwsingingtelegrams.com"
216.73.217.24 - - [15/Jul/2026:11:52:41 -0600] "GET /robots.txt HTTP/2" 200 117 "-" "Mozilla/5.0 AppleWebKit/537.36 (KHTML, like Gecko; compatible; ClaudeBot/1.0; +claudebot@anthropic.com)"
216.73.217.24 - - [15/Jul/2026:11:52:42 -0600] "GET /sitemap_index.xml HTTP/2" 200 327 "-" "Mozilla/5.0 AppleWebKit/537.36 (KHTML, like Gecko; compatible; ClaudeBot/1.0; +claudebot@anthropic.com)"
142.44.228.101 - - [15/Jul/2026:12:07:32 -0600] "GET /author/johnfite/feed/ HTTP/2" 200 16565 "-" "Mozilla/5.0 (compatible; AhrefsBot/7.0; +http://ahrefs.com/robot/)"
198.175.150.9 - - [15/Jul/2026:12:07:37 -0600] "GET / HTTP/1.1" 200 29039 "-" "WordPress/7.0.1; https://dfwsingingtelegrams.com"
198.175.150.9 - - [15/Jul/2026:12:07:33 -0600] "POST /wp-cron.php?doing_wp_cron=1784138853.3391180038452148437500 HTTP/1.1" 200 0 "-" "WordPress/7.0.1; https://dfwsingingtelegrams.com"
198.175.150.9 - - [15/Jul/2026:12:07:34 -0600] "GET / HTTP/1.1" 200 29039 "-" "WordPress/7.0.1; https://dfwsingingtelegrams.com"
198.175.150.9 - - [15/Jul/2026:12:07:34 -0600] "POST /wp-cron.php HTTP/1.1" 200 0 "-" "WordPress/7.0.1; https://dfwsingingtelegrams.com"
198.175.150.9 - - [15/Jul/2026:12:07:35 -0600] "GET / HTTP/1.1" 200 29039 "-" "WordPress/7.0.1; https://dfwsingingtelegrams.com"
198.175.150.9 - - [15/Jul/2026:12:07:38 -0600] "GET / HTTP/1.1" 200 29039 "-" "WordPress/7.0.1; https://dfwsingingtelegrams.com"
142.44.225.63 - - [15/Jul/2026:12:11:26 -0600] "GET /tag/office-surprise/ HTTP/2" 200 22192 "-" "Mozilla/5.0 (compatible; AhrefsBot/7.0; +http://ahrefs.com/robot/)"
40.88.21.235 - - [15/Jul/2026:12:30:54 -0600] "GET / HTTP/1.1" 200 29039 "http://dfwsingingtelegrams.com" "DuckDuckBot/1.1; (+http://duckduckgo.com/duckduckbot.html)"
40.88.21.235 - - [15/Jul/2026:12:30:55 -0600] "GET /wp-content/uploads/2025/03/cropped-DFW-Singing-Telegrams-icon-32x32.jpg HTTP/1.1" 200 1289 "-" "DuckDuckBot/1.1; (+http://duckduckgo.com/duckduckbot.html)"
52.167.144.233 - - [15/Jul/2026:12:44:45 -0600] "GET /reaper-bubba/ HTTP/2" 200 23964 "-" "Mozilla/5.0 AppleWebKit/537.36 (KHTML, like Gecko; compatible; bingbot/2.0; +http://www.bing.com/bingbot.htm) Chrome/116.0.1938.76 Safari/537.36"
52.167.144.233 - - [15/Jul/2026:12:45:05 -0600] "GET /wp-content/uploads/elementor/css/post-1353.css?ver=1784141086 HTTP/2" 200 185 "https://dfwsingingtelegrams.com/reaper-bubba/" "Mozilla/5.0 AppleWebKit/537.36 (KHTML, like Gecko; compatible; bingbot/2.0; +http://www.bing.com/bingbot.htm) Chrome/136.0.0.0 Safari/537.36 AppleWebKit/537.36 (KHTML, like Gecko; compatible; bingbot/2.0; +http://www.bing.com/bingbot.htm) Chrome/116.0.1938.76 Safari/537.36"
95.134.65.20 - - [15/Jul/2026:13:13:49 -0600] "GET /wp-content/uploads/astra-addon/astra-addon-6a53a1a06c62f8-49579154.css?ver=4.13.5 HTTP/2" 200 2773 "https://dfwsingingtelegrams.com/crazy-bubba-and-bubba-pimp-perform-singing-telegram-in-university-park-texas/" "Mozilla/5.0 (Macintosh; Intel Mac OS X 10_12_0) AppleWebKit/537.36 (KHTML, like Gecko) Chrome/40.0.1271.1285 Safari/537.36"
95.134.65.20 - - [15/Jul/2026:13:13:49 -0600] "GET /wp-content/uploads/2025/02/dallas.jpg HTTP/2" 206 500 "https://dfwsingingtelegrams.com/crazy-bubba-and-bubba-pimp-perform-singing-telegram-in-university-park-texas/" "Mozilla/5.0 (Macintosh; Intel Mac OS X 10_12_0) AppleWebKit/537.36 (KHTML, like Gecko) Chrome/40.0.1271.1285 Safari/537.36"
95.134.65.20 - - [15/Jul/2026:13:13:49 -0600] "GET /wp-content/uploads/astra-addon/astra-addon-6a53a1a06d06a2-24786284.js?ver=4.13.5 HTTP/2" 200 4527 "https://dfwsingingtelegrams.com/crazy-bubba-and-bubba-pimp-perform-singing-telegram-in-university-park-texas/" "Mozilla/5.0 (Macintosh; Intel Mac OS X 10_12_0) AppleWebKit/537.36 (KHTML, like Gecko) Chrome/40.0.1271.1285 Safari/537.36"
95.134.65.20 - - [15/Jul/2026:13:13:51 -0600] "GET /wp-content/uploads/2025/02/dallas.jpg HTTP/2" 304 0 "https://dfwsingingtelegrams.com/crazy-bubba-and-bubba-pimp-perform-singing-telegram-in-university-park-texas/" "Mozilla/5.0 (Macintosh; Intel Mac OS X 10_12_0) AppleWebKit/537.36 (KHTML, like Gecko) Chrome/40.0.1271.1285 Safari/537.36"
95.134.65.20 - - [15/Jul/2026:13:13:52 -0600] "GET /wp-content/uploads/2025/02/dallas.jpg HTTP/2" 206 100575 "https://dfwsingingtelegrams.com/crazy-bubba-and-bubba-pimp-perform-singing-telegram-in-university-park-texas/" "Mozilla/5.0 (Macintosh; Intel Mac OS X 10_12_0) AppleWebKit/537.36 (KHTML, like Gecko) Chrome/40.0.1271.1285 Safari/537.36"
129.28.84.30 - - [15/Jul/2026:13:16:08 -0600] "GET / HTTP/1.1" 200 29039 "http://www.dfwsingingtelegrams.com" "Mozilla/5.0 (iPhone; CPU iPhone OS 13_2_3 like Mac OS X) AppleWebKit/605.1.15 (KHTML, like Gecko) Version/13.0.3 Mobile/15E148 Safari/604.1"
66.249.70.102 - - [15/Jul/2026:14:32:58 -0600] "GET / HTTP/1.1" 200 25283 "-" "Mozilla/5.0 (Linux; Android 6.0.1; Nexus 5X Build/MMB29P) AppleWebKit/537.36 (KHTML, like Gecko) Chrome/150.0.7871.114 Mobile Safari/537.36 (compatible; Googlebot/2.1; +http://www.google.com/bot.html)"
216.73.217.24 - - [15/Jul/2026:14:43:16 -0600] "GET /robots.txt HTTP/2" 200 117 "-" "Mozilla/5.0 AppleWebKit/537.36 (KHTML, like Gecko; compatible; ClaudeBot/1.0; +claudebot@anthropic.com)"
216.73.217.24 - - [15/Jul/2026:14:43:17 -0600] "GET /category/uncategorized/ HTTP/2" 200 22570 "-" "Mozilla/5.0 AppleWebKit/537.36 (KHTML, like Gecko; compatible; ClaudeBot/1.0; +claudebot@anthropic.com)"
198.175.150.9 - - [15/Jul/2026:12:44:45 -0600] "POST /wp-cron.php?doing_wp_cron=1784141085.8503589630126953125000 HTTP/1.1" 200 0 "-" "WordPress/7.0.1; https://dfwsingingtelegrams.com"
49.51.132.100 - - [15/Jul/2026:13:35:18 -0600] "GET / HTTP/1.1" 200 29039 "http://dfwsingingtelegrams.com" "Mozilla/5.0 (iPhone; CPU iPhone OS 13_2_3 like Mac OS X) AppleWebKit/605.1.15 (KHTML, like Gecko) Version/13.0.3 Mobile/15E148 Safari/604.1"
54.39.0.143 - - [15/Jul/2026:13:41:20 -0600] "GET /crazy-bubba-and-bubba-pimp-perform-singing-telegram-grams-in-azle/ HTTP/2" 200 27597 "-" "Mozilla/5.0 (compatible; AhrefsBot/7.0; +http://ahrefs.com/robot/)"
216.73.217.24 - - [15/Jul/2026:13:42:11 -0600] "GET /robots.txt HTTP/2" 200 117 "-" "Mozilla/5.0 AppleWebKit/537.36 (KHTML, like Gecko; compatible; ClaudeBot/1.0; +claudebot@anthropic.com)"
216.73.217.24 - - [15/Jul/2026:13:42:11 -0600] "GET / HTTP/2" 200 25275 "-" "Mozilla/5.0 AppleWebKit/537.36 (KHTML, like Gecko; compatible; ClaudeBot/1.0; +claudebot@anthropic.com)"
216.73.217.24 - - [15/Jul/2026:13:44:13 -0600] "GET /sitemap_index.xml HTTP/2" 200 327 "-" "Mozilla/5.0 AppleWebKit/537.36 (KHTML, like Gecko; compatible; ClaudeBot/1.0; +claudebot@anthropic.com)"
74.7.175.164 - - [15/Jul/2026:14:26:58 -0600] "GET /robots.txt HTTP/2" 200 117 "-" "Mozilla/5.0 (Macintosh; Intel Mac OS X 10_15_7) AppleWebKit/537.36 (KHTML, like Gecko) Chrome/131.0.0.0 Safari/537.36; compatible; OAI-SearchBot/1.4; robots.txt; +https://openai.com/searchbot"
209.38.136.16 - - [15/Jul/2026:14:39:13 -0600] "GET / HTTP/1.1" 200 29039 "-" "Mozilla/5.0 (X11; Linux x86_64) AppleWebKit/537.36 (KHTML, like Gecko) Chrome/142.0.0.0 Safari/537.36"
209.38.136.16 - - [15/Jul/2026:14:39:15 -0600] "GET /wp-content/uploads/2025/03/cropped-DFW-Singing-Telegrams-icon-32x32.jpg HTTP/1.1" 200 1289 "https://dfwsingingtelegrams.com/" "Mozilla/5.0 (X11; Linux x86_64) AppleWebKit/537.36 (KHTML, like Gecko) Chrome/142.0.0.0 Safari/537.36"
198.175.150.9 - - [15/Jul/2026:14:49:05 -0600] "POST /wp-cron.php?doing_wp_cron=1784148545.8219819068908691406250 HTTP/1.1" 200 0 "-" "WordPress/7.0.1; https://dfwsingingtelegrams.com"
216.73.217.24 - - [15/Jul/2026:14:49:04 -0600] "GET /crazy-bubba/ HTTP/2" 200 23867 "-" "Mozilla/5.0 AppleWebKit/537.36 (KHTML, like Gecko; compatible; ClaudeBot/1.0; +claudebot@anthropic.com)"
198.175.150.9 - - [15/Jul/2026:12:44:45 -0600] "POST /wp-cron.php?doing_wp_cron=1784141085.8742179870605468750000 HTTP/1.1" 200 0 "-" "WordPress/7.0.1; https://dfwsingingtelegrams.com"
34.32.146.22 - - [15/Jul/2026:13:25:10 -0600] "GET / HTTP/1.1" 301 0 "-" "Scrapy/2.16.0 (+https://scrapy.org)"
34.32.146.22 - - [15/Jul/2026:13:25:11 -0600] "GET / HTTP/1.1" 200 29039 "https://dfwsingingtelegrams.dfw.party/" "Scrapy/2.16.0 (+https://scrapy.org)"
51.222.168.24 - - [15/Jul/2026:13:45:46 -0600] "GET /wp-content/uploads/elementor/css/post-1715.css?ver=1784144481 HTTP/2" 200 153 "-" "Mozilla/5.0 (compatible; AhrefsBot/7.0; +http://ahrefs.com/robot/)"
40.77.167.41 - - [15/Jul/2026:13:57:42 -0600] "GET /tag/highland-park-tx/ HTTP/2" 200 20346 "-" "Mozilla/5.0 AppleWebKit/537.36 (KHTML, like Gecko; compatible; bingbot/2.0; +http://www.bing.com/bingbot.htm) Chrome/116.0.1938.76 Safari/537.36"
216.73.217.24 - - [15/Jul/2026:14:40:57 -0600] "GET /feed/ HTTP/2" 200 16583 "-" "Mozilla/5.0 AppleWebKit/537.36 (KHTML, like Gecko; compatible; ClaudeBot/1.0; +claudebot@anthropic.com)"
216.73.217.24 - - [15/Jul/2026:14:46:41 -0600] "GET /payment/ HTTP/2" 200 57727 "-" "Mozilla/5.0 AppleWebKit/537.36 (KHTML, like Gecko; compatible; ClaudeBot/1.0; +claudebot@anthropic.com)"
216.73.217.24 - - [15/Jul/2026:14:46:59 -0600] "GET /order-online/ HTTP/2" 200 56095 "-" "Mozilla/5.0 AppleWebKit/537.36 (KHTML, like Gecko; compatible; ClaudeBot/1.0; +claudebot@anthropic.com)"
154.217.204.31 - - [15/Jul/2026:12:58:07 -0600] "GET /wp-content/uploads/2026/06/super-bubba.jpg HTTP/1.1" 200 200190 "-" "Mozilla/5.0 (compatible; crawler)"
198.175.150.9 - - [15/Jul/2026:13:13:41 -0600] "POST /wp-cron.php?doing_wp_cron=1784142821.3871378898620605468750 HTTP/1.1" 200 0 "-" "WordPress/7.0.1; https://dfwsingingtelegrams.com"
102.97.41.224 - - [15/Jul/2026:13:13:39 -0600] "GET /crazy-bubba-and-bubba-pimp-perform-singing-telegram-in-university-park-texas/ HTTP/2" 200 28671 "-" "Mozilla/5.0 (Macintosh; Intel Mac OS X 10_12_0) AppleWebKit/537.36 (KHTML, like Gecko) Chrome/40.0.1271.1285 Safari/537.36"
99.249.228.101 - - [15/Jul/2026:14:18:04 -0600] "GET /tag/office-surprise/page/2/ HTTP/1.1" 200 24512 "-" "Mozilla/5.0 (Macintosh; Intel Mac OS X 15_2_1) AppleWebKit/537.36 (KHTML, like Gecko) Chrome/131.0.6778.139 Safari/537.36"
74.7.227.183 - - [15/Jul/2026:14:26:58 -0600] "GET /wp-sitemap.xml HTTP/2" 301 0 "-" "Mozilla/5.0 AppleWebKit/537.36 (KHTML, like Gecko; compatible; GPTBot/1.4; +https://openai.com/gptbot)"
74.7.227.183 - - [15/Jul/2026:14:27:02 -0600] "GET /sitemap_index.xml HTTP/2" 200 327 "https://dfwsingingtelegrams.com/wp-sitemap.xml" "Mozilla/5.0 AppleWebKit/537.36 (KHTML, like Gecko; compatible; GPTBot/1.4; +https://openai.com/gptbot)"
43.159.35.188 - - [15/Jul/2026:14:27:02 -0600] "GET / HTTP/1.1" 200 29039 "http://www.dfwsingingtelegrams.com" "Mozilla/5.0 (iPhone; CPU iPhone OS 13_2_3 like Mac OS X) AppleWebKit/605.1.15 (KHTML, like Gecko) Version/13.0.3 Mobile/15E148 Safari/604.1"
66.249.70.102 - - [15/Jul/2026:14:48:06 -0600] "GET /wp-content/plugins/elementor/assets/lib/font-awesome/css/brands.css?ver=5.15.3 HTTP/1.1" 200 296 "https://dfwsingingtelegrams.com/" "Mozilla/5.0 (Linux; Android 6.0.1; Nexus 5X Build/MMB29P) AppleWebKit/537.36 (KHTML, like Gecko) Chrome/150.0.7871.114 Mobile Safari/537.36 (compatible; Googlebot/2.1; +http://www.google.com/bot.html)"
198.175.150.9 - - [15/Jul/2026:15:02:25 -0600] "POST /wp-cron.php?doing_wp_cron=1784149345.6339640617370605468750 HTTP/1.1" 200 0 "-" "WordPress/7.0.1; https://dfwsingingtelegrams.com"
40.77.167.78 - - [15/Jul/2026:15:02:24 -0600] "GET /tag/gorilla/ HTTP/2" 200 21597 "-" "Mozilla/5.0 AppleWebKit/537.36 (KHTML, like Gecko; compatible; bingbot/2.0; +http://www.bing.com/bingbot.htm) Chrome/116.0.1938.76 Safari/537.36"
168.0.24.181 - - [15/Jul/2026:15:21:55 -0600] "GET /gorilla-grams-in-fort-worth-texas-the-ultimate-singing-telegram-experience/ HTTP/2" 200 31771 "-" "Mozilla/5.0 (Macintosh; Intel Mac OS X 10_15_7) AppleWebKit/537.36 (KHTML, like Gecko) Chrome/143.0.0.0 Safari/537.36"
64.25.12.168 - - [15/Jul/2026:15:27:02 -0600] "GET /wp-admin/ HTTP/2" 302 0 "-" "Mozilla/5.0 (Windows NT 10.0; Win64; x64) AppleWebKit/537.36 (KHTML, like Gecko) Chrome/150.0.0.0 Safari/537.36"
64.25.12.168 - - [15/Jul/2026:15:27:04 -0600] "GET /wp-login.php?redirect_to=https%3A%2F%2Fdfwsingingtelegrams.com%2Fwp-admin%2F&reauth=1 HTTP/2" 200 2085 "-" "Mozilla/5.0 (Windows NT 10.0; Win64; x64) AppleWebKit/537.36 (KHTML, like Gecko) Chrome/150.0.0.0 Safari/537.36"
64.25.12.168 - - [15/Jul/2026:15:27:05 -0600] "GET /wp-includes/css/dashicons.min.css?ver=7.0.1 HTTP/2" 200 35101 "https://dfwsingingtelegrams.com/wp-login.php?redirect_to=https%3A%2F%2Fdfwsingingtelegrams.com%2Fwp-admin%2F&reauth=1" "Mozilla/5.0 (Windows NT 10.0; Win64; x64) AppleWebKit/537.36 (KHTML, like Gecko) Chrome/150.0.0.0 Safari/537.36"
64.25.12.168 - - [15/Jul/2026:15:27:05 -0600] "GET /wp-includes/css/buttons.min.css?ver=7.0.1 HTTP/2" 200 1457 "https://dfwsingingtelegrams.com/wp-login.php?redirect_to=https%3A%2F%2Fdfwsingingtelegrams.com%2Fwp-admin%2F&reauth=1" "Mozilla/5.0 (Windows NT 10.0; Win64; x64) AppleWebKit/537.36 (KHTML, like Gecko) Chrome/150.0.0.0 Safari/537.36"
64.25.12.168 - - [15/Jul/2026:15:27:05 -0600] "GET /wp-admin/css/forms.min.css?ver=7.0.1 HTTP/2" 200 6522 "https://dfwsingingtelegrams.com/wp-login.php?redirect_to=https%3A%2F%2Fdfwsingingtelegrams.com%2Fwp-admin%2F&reauth=1" "Mozilla/5.0 (Windows NT 10.0; Win64; x64) AppleWebKit/537.36 (KHTML, like Gecko) Chrome/150.0.0.0 Safari/537.36"
64.25.12.168 - - [15/Jul/2026:15:27:05 -0600] "GET /wp-admin/css/l10n.min.css?ver=7.0.1 HTTP/2" 200 675 "https://dfwsingingtelegrams.com/wp-login.php?redirect_to=https%3A%2F%2Fdfwsingingtelegrams.com%2Fwp-admin%2F&reauth=1" "Mozilla/5.0 (Windows NT 10.0; Win64; x64) AppleWebKit/537.36 (KHTML, like Gecko) Chrome/150.0.0.0 Safari/537.36"
64.25.12.168 - - [15/Jul/2026:15:27:05 -0600] "GET /wp-includes/css/dist/base-styles/admin-schemes.min.css?ver=7.0.1 HTTP/2" 200 725 "https://dfwsingingtelegrams.com/wp-login.php?redirect_to=https%3A%2F%2Fdfwsingingtelegrams.com%2Fwp-admin%2F&reauth=1" "Mozilla/5.0 (Windows NT 10.0; Win64; x64) AppleWebKit/537.36 (KHTML, like Gecko) Chrome/150.0.0.0 Safari/537.36"
64.25.12.168 - - [15/Jul/2026:15:27:05 -0600] "GET /wp-admin/css/login.min.css?ver=7.0.1 HTTP/2" 200 2019 "https://dfwsingingtelegrams.com/wp-login.php?redirect_to=https%3A%2F%2Fdfwsingingtelegrams.com%2Fwp-admin%2F&reauth=1" "Mozilla/5.0 (Windows NT 10.0; Win64; x64) AppleWebKit/537.36 (KHTML, like Gecko) Chrome/150.0.0.0 Safari/537.36"
64.25.12.168 - - [15/Jul/2026:15:27:05 -0600] "GET /wp-includes/js/clipboard.min.js?ver=2.0.11 HTTP/2" 200 2989 "https://dfwsingingtelegrams.com/wp-login.php?redirect_to=https%3A%2F%2Fdfwsingingtelegrams.com%2Fwp-admin%2F&reauth=1" "Mozilla/5.0 (Windows NT 10.0; Win64; x64) AppleWebKit/537.36 (KHTML, like Gecko) Chrome/150.0.0.0 Safari/537.36"
64.25.12.168 - - [15/Jul/2026:15:27:05 -0600] "GET /wp-includes/js/zxcvbn-async.min.js?ver=1.0 HTTP/2" 200 187 "https://dfwsingingtelegrams.com/wp-login.php?redirect_to=https%3A%2F%2Fdfwsingingtelegrams.com%2Fwp-admin%2F&reauth=1" "Mozilla/5.0 (Windows NT 10.0; Win64; x64) AppleWebKit/537.36 (KHTML, like Gecko) Chrome/150.0.0.0 Safari/537.36"
64.25.12.168 - - [15/Jul/2026:15:27:05 -0600] "GET /wp-admin/js/password-strength-meter.min.js?ver=7.0.1 HTTP/2" 200 558 "https://dfwsingingtelegrams.com/wp-login.php?redirect_to=https%3A%2F%2Fdfwsingingtelegrams.com%2Fwp-admin%2F&reauth=1" "Mozilla/5.0 (Windows NT 10.0; Win64; x64) AppleWebKit/537.36 (KHTML, like Gecko) Chrome/150.0.0.0 Safari/537.36"
64.25.12.168 - - [15/Jul/2026:15:27:05 -0600] "GET /wp-includes/js/underscore.min.js?ver=1.13.8 HTTP/2" 200 7228 "https://dfwsingingtelegrams.com/wp-login.php?redirect_to=https%3A%2F%2Fdfwsingingtelegrams.com%2Fwp-admin%2F&reauth=1" "Mozilla/5.0 (Windows NT 10.0; Win64; x64) AppleWebKit/537.36 (KHTML, like Gecko) Chrome/150.0.0.0 Safari/537.36"
64.25.12.168 - - [15/Jul/2026:15:27:05 -0600] "GET /wp-includes/js/wp-util.min.js?ver=7.0.1 HTTP/2" 200 693 "https://dfwsingingtelegrams.com/wp-login.php?redirect_to=https%3A%2F%2Fdfwsingingtelegrams.com%2Fwp-admin%2F&reauth=1" "Mozilla/5.0 (Windows NT 10.0; Win64; x64) AppleWebKit/537.36 (KHTML, like Gecko) Chrome/150.0.0.0 Safari/537.36"
64.25.12.168 - - [15/Jul/2026:15:27:05 -0600] "GET /wp-includes/js/dist/dom-ready.min.js?ver=a06281ae5cf5500e9317 HTTP/2" 200 420 "https://dfwsingingtelegrams.com/wp-login.php?redirect_to=https%3A%2F%2Fdfwsingingtelegrams.com%2Fwp-admin%2F&reauth=1" "Mozilla/5.0 (Windows NT 10.0; Win64; x64) AppleWebKit/537.36 (KHTML, like Gecko) Chrome/150.0.0.0 Safari/537.36"
64.25.12.168 - - [15/Jul/2026:15:27:05 -0600] "GET /wp-includes/js/dist/a11y.min.js?ver=af934e5259bc51b8718e HTTP/2" 200 935 "https://dfwsingingtelegrams.com/wp-login.php?redirect_to=https%3A%2F%2Fdfwsingingtelegrams.com%2Fwp-admin%2F&reauth=1" "Mozilla/5.0 (Windows NT 10.0; Win64; x64) AppleWebKit/537.36 (KHTML, like Gecko) Chrome/150.0.0.0 Safari/537.36"
64.25.12.168 - - [15/Jul/2026:15:27:05 -0600] "GET /wp-admin/js/user-profile.min.js?ver=7.0.1 HTTP/2" 200 2889 "https://dfwsingingtelegrams.com/wp-login.php?redirect_to=https%3A%2F%2Fdfwsingingtelegrams.com%2Fwp-admin%2F&reauth=1" "Mozilla/5.0 (Windows NT 10.0; Win64; x64) AppleWebKit/537.36 (KHTML, like Gecko) Chrome/150.0.0.0 Safari/537.36"
64.25.12.168 - - [15/Jul/2026:15:27:05 -0600] "GET /wp-includes/js/jquery/jquery.min.js?ver=3.7.1 HTTP/2" 200 29744 "https://dfwsingingtelegrams.com/wp-login.php?redirect_to=https%3A%2F%2Fdfwsingingtelegrams.com%2Fwp-admin%2F&reauth=1" "Mozilla/5.0 (Windows NT 10.0; Win64; x64) AppleWebKit/537.36 (KHTML, like Gecko) Chrome/150.0.0.0 Safari/537.36"
64.25.12.168 - - [15/Jul/2026:15:27:05 -0600] "GET /wp-includes/js/jquery/jquery-migrate.min.js?ver=3.4.1 HTTP/2" 200 4678 "https://dfwsingingtelegrams.com/wp-login.php?redirect_to=https%3A%2F%2Fdfwsingingtelegrams.com%2Fwp-admin%2F&reauth=1" "Mozilla/5.0 (Windows NT 10.0; Win64; x64) AppleWebKit/537.36 (KHTML, like Gecko) Chrome/150.0.0.0 Safari/537.36"
64.25.12.168 - - [15/Jul/2026:15:27:05 -0600] "GET /wp-admin/images/wordpress-logo-gray.svg?ver=20260303 HTTP/2" 200 759 "https://dfwsingingtelegrams.com/wp-admin/css/login.min.css?ver=7.0.1" "Mozilla/5.0 (Windows NT 10.0; Win64; x64) AppleWebKit/537.36 (KHTML, like Gecko) Chrome/150.0.0.0 Safari/537.36"
64.25.12.168 - - [15/Jul/2026:15:27:05 -0600] "GET /wp-includes/js/zxcvbn.min.js HTTP/2" 200 389493 "https://dfwsingingtelegrams.com/wp-login.php?redirect_to=https%3A%2F%2Fdfwsingingtelegrams.com%2Fwp-admin%2F&reauth=1" "Mozilla/5.0 (Windows NT 10.0; Win64; x64) AppleWebKit/537.36 (KHTML, like Gecko) Chrome/150.0.0.0 Safari/537.36"
64.25.12.168 - - [15/Jul/2026:15:27:11 -0600] "POST /wp-login.php HTTP/2" 302 0 "https://dfwsingingtelegrams.com/wp-login.php?redirect_to=https%3A%2F%2Fdfwsingingtelegrams.com%2Fwp-admin%2F&reauth=1" "Mozilla/5.0 (Windows NT 10.0; Win64; x64) AppleWebKit/537.36 (KHTML, like Gecko) Chrome/150.0.0.0 Safari/537.36"
64.25.12.168 - - [15/Jul/2026:15:27:14 -0600] "GET /wp-includes/js/thickbox/thickbox.css?ver=7.0.1 HTTP/2" 200 827 "https://dfwsingingtelegrams.com/wp-admin/" "Mozilla/5.0 (Windows NT 10.0; Win64; x64) AppleWebKit/537.36 (KHTML, like Gecko) Chrome/150.0.0.0 Safari/537.36"
64.25.12.168 - - [15/Jul/2026:15:27:14 -0600] "GET /wp-admin/css/colors/modern/colors.min.css?ver=7.0.1 HTTP/2" 200 3077 "https://dfwsingingtelegrams.com/wp-admin/" "Mozilla/5.0 (Windows NT 10.0; Win64; x64) AppleWebKit/537.36 (KHTML, like Gecko) Chrome/150.0.0.0 Safari/537.36"
64.25.12.168 - - [15/Jul/2026:15:27:14 -0600] "GET /wp-content/mu-plugins/wp-toolkit/UI/admin/css/dashboardHost.css?ver=1781261231 HTTP/2" 200 1682 "https://dfwsingingtelegrams.com/wp-admin/" "Mozilla/5.0 (Windows NT 10.0; Win64; x64) AppleWebKit/537.36 (KHTML, like Gecko) Chrome/150.0.0.0 Safari/537.36"
64.25.12.168 - - [15/Jul/2026:15:27:14 -0600] "GET /wp-content/plugins/indexnow/static/css/main.873048db.css?ver=315 HTTP/2" 200 2772 "https://dfwsingingtelegrams.com/wp-admin/" "Mozilla/5.0 (Windows NT 10.0; Win64; x64) AppleWebKit/537.36 (KHTML, like Gecko) Chrome/150.0.0.0 Safari/537.36"
64.25.12.168 - - [15/Jul/2026:15:27:14 -0600] "GET /wp-content/plugins/elementor/vendor/elementor/wp-one-package/assets/build/common.css?ver=1.0.64 HTTP/2" 200 587 "https://dfwsingingtelegrams.com/wp-admin/" "Mozilla/5.0 (Windows NT 10.0; Win64; x64) AppleWebKit/537.36 (KHTML, like Gecko) Chrome/150.0.0.0 Safari/537.36"
64.25.12.168 - - [15/Jul/2026:15:27:14 -0600] "GET /wp-content/plugins/disable-comments/assets/css/notice.css?ver=2.7.0 HTTP/2" 200 479 "https://dfwsingingtelegrams.com/wp-admin/" "Mozilla/5.0 (Windows NT 10.0; Win64; x64) AppleWebKit/537.36 (KHTML, like Gecko) Chrome/150.0.0.0 Safari/537.36"
64.25.12.168 - - [15/Jul/2026:15:27:14 -0600] "GET /wp-content/plugins/elementor-pro/assets/css/admin.min.css?ver=4.1.2 HTTP/2" 200 3493 "https://dfwsingingtelegrams.com/wp-admin/" "Mozilla/5.0 (Windows NT 10.0; Win64; x64) AppleWebKit/537.36 (KHTML, like Gecko) Chrome/150.0.0.0 Safari/537.36"
64.25.12.168 - - [15/Jul/2026:15:27:14 -0600] "GET /wp-content/plugins/wordpress-seo/css/dist/admin-global-2800.css HTTP/2" 200 7623 "https://dfwsingingtelegrams.com/wp-admin/" "Mozilla/5.0 (Windows NT 10.0; Win64; x64) AppleWebKit/537.36 (KHTML, like Gecko) Chrome/150.0.0.0 Safari/537.36"
64.25.12.168 - - [15/Jul/2026:15:27:14 -0600] "GET /wp-content/plugins/wordpress-seo/css/dist/dashboard-2800.css HTTP/2" 200 335 "https://dfwsingingtelegrams.com/wp-admin/" "Mozilla/5.0 (Windows NT 10.0; Win64; x64) AppleWebKit/537.36 (KHTML, like Gecko) Chrome/150.0.0.0 Safari/537.36"
64.25.12.168 - - [15/Jul/2026:15:27:14 -0600] "GET /wp-content/plugins/wordpress-seo/css/dist/monorepo-2800.css HTTP/2" 200 7138 "https://dfwsingingtelegrams.com/wp-admin/" "Mozilla/5.0 (Windows NT 10.0; Win64; x64) AppleWebKit/537.36 (KHTML, like Gecko) Chrome/150.0.0.0 Safari/537.36"
64.25.12.168 - - [15/Jul/2026:15:27:14 -0600] "GET /wp-content/plugins/wordpress-seo/css/dist/wpseo-dismissible-2800.css HTTP/2" 200 291 "https://dfwsingingtelegrams.com/wp-admin/" "Mozilla/5.0 (Windows NT 10.0; Win64; x64) AppleWebKit/537.36 (KHTML, like Gecko) Chrome/150.0.0.0 Safari/537.36"
64.25.12.168 - - [15/Jul/2026:15:27:14 -0600] "GET /wp-content/themes/astra/assets/css/minified/command-palette.min.css?ver=4.13.6 HTTP/2" 200 271 "https://dfwsingingtelegrams.com/wp-admin/" "Mozilla/5.0 (Windows NT 10.0; Win64; x64) AppleWebKit/537.36 (KHTML, like Gecko) Chrome/150.0.0.0 Safari/537.36"
64.25.12.168 - - [15/Jul/2026:15:27:14 -0600] "GET /wp-content/themes/astra//inc/metabox/extend-metabox/css/minified/metabox.min.css?ver=4.13.6 HTTP/2" 200 7640 "https://dfwsingingtelegrams.com/wp-admin/" "Mozilla/5.0 (Windows NT 10.0; Win64; x64) AppleWebKit/537.36 (KHTML, like Gecko) Chrome/150.0.0.0 Safari/537.36"
64.25.12.168 - - [15/Jul/2026:15:27:14 -0600] "GET /wp-content/plugins/astra-addon/addons/advanced-hooks/theme-builder/build/index.css?ver=4.13.5 HTTP/2" 200 14586 "https://dfwsingingtelegrams.com/wp-admin/" "Mozilla/5.0 (Windows NT 10.0; Win64; x64) AppleWebKit/537.36 (KHTML, like Gecko) Chrome/150.0.0.0 Safari/537.36"
64.25.12.168 - - [15/Jul/2026:15:27:14 -0600] "GET /wp-content/plugins/elementor/assets/css/modules/editor-one/admin-menu.min.css?ver=4.1.4 HTTP/2" 200 1034 "https://dfwsingingtelegrams.com/wp-admin/" "Mozilla/5.0 (Windows NT 10.0; Win64; x64) AppleWebKit/537.36 (KHTML, like Gecko) Chrome/150.0.0.0 Safari/537.36"
64.25.12.168 - - [15/Jul/2026:15:27:14 -0600] "GET /wp-content/plugins/elementor/assets/css/common.min.css?ver=4.1.4 HTTP/2" 200 3201 "https://dfwsingingtelegrams.com/wp-admin/" "Mozilla/5.0 (Windows NT 10.0; Win64; x64) AppleWebKit/537.36 (KHTML, like Gecko) Chrome/150.0.0.0 Safari/537.36"
64.25.12.168 - - [15/Jul/2026:15:27:14 -0600] "GET /wp-content/plugins/elementor/assets/css/theme-light.min.css?ver=4.1.4 HTTP/2" 200 685 "https://dfwsingingtelegrams.com/wp-admin/" "Mozilla/5.0 (Windows NT 10.0; Win64; x64) AppleWebKit/537.36 (KHTML, like Gecko) Chrome/150.0.0.0 Safari/537.36"
64.25.12.168 - - [15/Jul/2026:15:27:14 -0600] "GET /wp-content/plugins/elementor/assets/css/admin.min.css?ver=4.1.4 HTTP/2" 200 12723 "https://dfwsingingtelegrams.com/wp-admin/" "Mozilla/5.0 (Windows NT 10.0; Win64; x64) AppleWebKit/537.36 (KHTML, like Gecko) Chrome/150.0.0.0 Safari/537.36"
64.25.12.168 - - [15/Jul/2026:15:27:14 -0600] "GET /wp-content/plugins/wordpress-seo/css/dist/adminbar-2800.css HTTP/2" 200 5282 "https://dfwsingingtelegrams.com/wp-admin/" "Mozilla/5.0 (Windows NT 10.0; Win64; x64) AppleWebKit/537.36 (KHTML, like Gecko) Chrome/150.0.0.0 Safari/537.36"
64.25.12.168 - - [15/Jul/2026:15:27:14 -0600] "GET /wp-content/plugins/ws-form-pro/admin/css/ws-form-admin-wp-dashboard.min.css?ver=1.11.17 HTTP/2" 200 1313 "https://dfwsingingtelegrams.com/wp-admin/" "Mozilla/5.0 (Windows NT 10.0; Win64; x64) AppleWebKit/537.36 (KHTML, like Gecko) Chrome/150.0.0.0 Safari/537.36"
64.25.12.168 - - [15/Jul/2026:15:27:14 -0600] "GET /wp-content/plugins/ws-form-pro/admin/css/ws-form-admin-wp.min.css?ver=1.11.17 HTTP/2" 200 3221 "https://dfwsingingtelegrams.com/wp-admin/" "Mozilla/5.0 (Windows NT 10.0; Win64; x64) AppleWebKit/537.36 (KHTML, like Gecko) Chrome/150.0.0.0 Safari/537.36"
