64.25.12.168 - - [15/Jul/2026:15:27:19 -0600] "GET /wp-content/plugins/elementor-pro/assets/js/frontend.min.js?ver=4.1.2 HTTP/2" 200 6191 "https://dfwsingingtelegrams.com/" "Mozilla/5.0 (Windows NT 10.0; Win64; x64) AppleWebKit/537.36 (KHTML, like Gecko) Chrome/150.0.0.0 Safari/537.36"
64.25.12.168 - - [15/Jul/2026:15:27:19 -0600] "GET /wp-content/uploads/2026/06/gorilla.jpg HTTP/2" 200 54302 "https://dfwsingingtelegrams.com/" "Mozilla/5.0 (Windows NT 10.0; Win64; x64) AppleWebKit/537.36 (KHTML, like Gecko) Chrome/150.0.0.0 Safari/537.36"
64.25.12.168 - - [15/Jul/2026:15:27:19 -0600] "GET /wp-content/uploads/2026/06/crazy-bubba.jpg HTTP/2" 200 216563 "https://dfwsingingtelegrams.com/" "Mozilla/5.0 (Windows NT 10.0; Win64; x64) AppleWebKit/537.36 (KHTML, like Gecko) Chrome/150.0.0.0 Safari/537.36"
64.25.12.168 - - [15/Jul/2026:15:27:19 -0600] "GET /wp-content/plugins/elementor/assets/js/section-frontend-handlers.d85ab872da118940910d.bundle.min.js HTTP/2" 200 229 "https://dfwsingingtelegrams.com/" "Mozilla/5.0 (Windows NT 10.0; Win64; x64) AppleWebKit/537.36 (KHTML, like Gecko) Chrome/150.0.0.0 Safari/537.36"
64.25.12.168 - - [15/Jul/2026:15:27:19 -0600] "GET /wp-content/plugins/elementor/assets/js/shared-frontend-handlers.03caa53373b56d3bab67.bundle.min.js HTTP/2" 200 2511 "https://dfwsingingtelegrams.com/" "Mozilla/5.0 (Windows NT 10.0; Win64; x64) AppleWebKit/537.36 (KHTML, like Gecko) Chrome/150.0.0.0 Safari/537.36"
64.25.12.168 - - [15/Jul/2026:15:27:19 -0600] "GET /wp-content/plugins/elementor-pro/assets/js/nav-menu.3afa8f5eb1fef7c22561.bundle.min.js HTTP/2" 200 1720 "https://dfwsingingtelegrams.com/" "Mozilla/5.0 (Windows NT 10.0; Win64; x64) AppleWebKit/537.36 (KHTML, like Gecko) Chrome/150.0.0.0 Safari/537.36"
64.25.12.168 - - [15/Jul/2026:15:27:19 -0600] "GET /wp-content/uploads/2026/07/logo.jpg HTTP/2" 200 80779 "https://dfwsingingtelegrams.com/" "Mozilla/5.0 (Windows NT 10.0; Win64; x64) AppleWebKit/537.36 (KHTML, like Gecko) Chrome/150.0.0.0 Safari/537.36"
64.25.12.168 - - [15/Jul/2026:15:27:19 -0600] "GET /wp-content/uploads/2026/06/bubba-reaper.jpg HTTP/2" 200 174078 "https://dfwsingingtelegrams.com/" "Mozilla/5.0 (Windows NT 10.0; Win64; x64) AppleWebKit/537.36 (KHTML, like Gecko) Chrome/150.0.0.0 Safari/537.36"
64.25.12.168 - - [15/Jul/2026:15:27:19 -0600] "GET /wp-content/uploads/2026/06/wizard.jpg HTTP/2" 200 204030 "https://dfwsingingtelegrams.com/" "Mozilla/5.0 (Windows NT 10.0; Win64; x64) AppleWebKit/537.36 (KHTML, like Gecko) Chrome/150.0.0.0 Safari/537.36"
64.25.12.168 - - [15/Jul/2026:15:27:19 -0600] "GET /wp-content/uploads/2026/06/super-bubba.jpg HTTP/2" 200 200190 "https://dfwsingingtelegrams.com/" "Mozilla/5.0 (Windows NT 10.0; Win64; x64) AppleWebKit/537.36 (KHTML, like Gecko) Chrome/150.0.0.0 Safari/537.36"
64.25.12.168 - - [15/Jul/2026:15:27:19 -0600] "GET /wp-content/uploads/2026/06/chicken.jpg HTTP/2" 200 197735 "https://dfwsingingtelegrams.com/" "Mozilla/5.0 (Windows NT 10.0; Win64; x64) AppleWebKit/537.36 (KHTML, like Gecko) Chrome/150.0.0.0 Safari/537.36"
64.25.12.168 - - [15/Jul/2026:15:27:19 -0600] "GET /wp-content/uploads/2026/06/bubba-claus.jpg HTTP/2" 200 216591 "https://dfwsingingtelegrams.com/" "Mozilla/5.0 (Windows NT 10.0; Win64; x64) AppleWebKit/537.36 (KHTML, like Gecko) Chrome/150.0.0.0 Safari/537.36"
64.25.12.168 - - [15/Jul/2026:15:27:19 -0600] "GET /wp-content/uploads/2026/06/biker-bubba.jpg HTTP/2" 200 223372 "https://dfwsingingtelegrams.com/" "Mozilla/5.0 (Windows NT 10.0; Win64; x64) AppleWebKit/537.36 (KHTML, like Gecko) Chrome/150.0.0.0 Safari/537.36"
64.25.12.168 - - [15/Jul/2026:15:27:19 -0600] "GET /wp-content/uploads/2026/06/playboy-bubba.jpg HTTP/2" 200 212838 "https://dfwsingingtelegrams.com/" "Mozilla/5.0 (Windows NT 10.0; Win64; x64) AppleWebKit/537.36 (KHTML, like Gecko) Chrome/150.0.0.0 Safari/537.36"
64.25.12.168 - - [15/Jul/2026:15:27:19 -0600] "GET /wp-content/uploads/2026/06/patriotic-bubba.jpg HTTP/2" 200 226194 "https://dfwsingingtelegrams.com/" "Mozilla/5.0 (Windows NT 10.0; Win64; x64) AppleWebKit/537.36 (KHTML, like Gecko) Chrome/150.0.0.0 Safari/537.36"
64.25.12.168 - - [15/Jul/2026:15:27:19 -0600] "GET /wp-content/uploads/2026/06/disco-bubba.jpg HTTP/2" 200 268643 "https://dfwsingingtelegrams.com/" "Mozilla/5.0 (Windows NT 10.0; Win64; x64) AppleWebKit/537.36 (KHTML, like Gecko) Chrome/150.0.0.0 Safari/537.36"
64.25.12.168 - - [15/Jul/2026:15:27:58 -0600] "GET /wp-content/uploads/elementor/css/post-1353.css?ver=1784141086 HTTP/2" 200 185 "https://dfwsingingtelegrams.com/reaper-bubba/" "Mozilla/5.0 (Windows NT 10.0; Win64; x64) AppleWebKit/537.36 (KHTML, like Gecko) Chrome/150.0.0.0 Safari/537.36"
64.25.12.168 - - [15/Jul/2026:15:27:59 -0600] "GET /wp-content/uploads/2025/02/book-online-button.png HTTP/2" 200 23957 "https://dfwsingingtelegrams.com/reaper-bubba/" "Mozilla/5.0 (Windows NT 10.0; Win64; x64) AppleWebKit/537.36 (KHTML, like Gecko) Chrome/150.0.0.0 Safari/537.36"
64.25.12.168 - - [15/Jul/2026:15:27:57 -0600] "GET /reaper-bubba/ HTTP/2" 200 34803 "https://dfwsingingtelegrams.com/" "Mozilla/5.0 (Windows NT 10.0; Win64; x64) AppleWebKit/537.36 (KHTML, like Gecko) Chrome/150.0.0.0 Safari/537.36"
64.25.12.168 - - [15/Jul/2026:15:27:59 -0600] "GET /wp-content/plugins/elementor/assets/js/text-editor.45609661e409413f1cef.bundle.min.js HTTP/2" 200 592 "https://dfwsingingtelegrams.com/reaper-bubba/" "Mozilla/5.0 (Windows NT 10.0; Win64; x64) AppleWebKit/537.36 (KHTML, like Gecko) Chrome/150.0.0.0 Safari/537.36"
64.25.12.168 - - [15/Jul/2026:15:28:03 -0600] "GET /wp-content/plugins/elementor-pro/assets/css/widget-animated-headline.min.css?ver=4.1.2 HTTP/2" 200 1537 "https://dfwsingingtelegrams.com/order-online/" "Mozilla/5.0 (Windows NT 10.0; Win64; x64) AppleWebKit/537.36 (KHTML, like Gecko) Chrome/150.0.0.0 Safari/537.36"
64.25.12.168 - - [15/Jul/2026:15:28:03 -0600] "GET /wp-content/uploads/elementor/css/post-548.css?ver=1784119803 HTTP/2" 200 888 "https://dfwsingingtelegrams.com/order-online/" "Mozilla/5.0 (Windows NT 10.0; Win64; x64) AppleWebKit/537.36 (KHTML, like Gecko) Chrome/150.0.0.0 Safari/537.36"
64.25.12.168 - - [15/Jul/2026:15:28:03 -0600] "GET /wp-content/plugins/ws-form-pro/public/css/external/jquery.datetimepicker.min.css?ver=2.5.21 HTTP/2" 200 4063 "https://dfwsingingtelegrams.com/order-online/" "Mozilla/5.0 (Windows NT 10.0; Win64; x64) AppleWebKit/537.36 (KHTML, like Gecko) Chrome/150.0.0.0 Safari/537.36"
64.25.12.168 - - [15/Jul/2026:15:28:03 -0600] "GET /wp-content/plugins/ws-form-pro/public/css/ws-form-public-button.min.css?ver=1.11.17 HTTP/2" 200 1181 "https://dfwsingingtelegrams.com/order-online/" "Mozilla/5.0 (Windows NT 10.0; Win64; x64) AppleWebKit/537.36 (KHTML, like Gecko) Chrome/150.0.0.0 Safari/537.36"
64.25.12.168 - - [15/Jul/2026:15:28:03 -0600] "GET /wp-content/plugins/ws-form-pro/public/css/ws-form-public-radio.min.css?ver=1.11.17 HTTP/2" 200 2509 "https://dfwsingingtelegrams.com/order-online/" "Mozilla/5.0 (Windows NT 10.0; Win64; x64) AppleWebKit/537.36 (KHTML, like Gecko) Chrome/150.0.0.0 Safari/537.36"
64.25.12.168 - - [15/Jul/2026:15:28:03 -0600] "GET /wp-content/plugins/ws-form-pro/public/css/ws-form-public-textarea.min.css?ver=1.11.17 HTTP/2" 200 209 "https://dfwsingingtelegrams.com/order-online/" "Mozilla/5.0 (Windows NT 10.0; Win64; x64) AppleWebKit/537.36 (KHTML, like Gecko) Chrome/150.0.0.0 Safari/537.36"
64.25.12.168 - - [15/Jul/2026:15:28:03 -0600] "GET /wp-content/plugins/ws-form-pro/public/css/ws-form-public-datetime.min.css?ver=1.11.17 HTTP/2" 200 1509 "https://dfwsingingtelegrams.com/order-online/" "Mozilla/5.0 (Windows NT 10.0; Win64; x64) AppleWebKit/537.36 (KHTML, like Gecko) Chrome/150.0.0.0 Safari/537.36"
64.25.12.168 - - [15/Jul/2026:15:28:03 -0600] "GET /wp-content/plugins/ws-form-pro/public/css/ws-form-public-file.min.css?ver=1.11.17 HTTP/2" 200 1028 "https://dfwsingingtelegrams.com/order-online/" "Mozilla/5.0 (Windows NT 10.0; Win64; x64) AppleWebKit/537.36 (KHTML, like Gecko) Chrome/150.0.0.0 Safari/537.36"
64.25.12.168 - - [15/Jul/2026:15:28:03 -0600] "GET /wp-content/plugins/ws-form-pro/includes/third-party/elementor/elementor-public.js?ver=1.11.17 HTTP/2" 200 175 "https://dfwsingingtelegrams.com/order-online/" "Mozilla/5.0 (Windows NT 10.0; Win64; x64) AppleWebKit/537.36 (KHTML, like Gecko) Chrome/150.0.0.0 Safari/537.36"
64.25.12.168 - - [15/Jul/2026:15:28:03 -0600] "GET /wp-content/plugins/ws-form-pro/public/js/ws-form-public-radio.min.js?ver=1.11.17 HTTP/2" 200 294 "https://dfwsingingtelegrams.com/order-online/" "Mozilla/5.0 (Windows NT 10.0; Win64; x64) AppleWebKit/537.36 (KHTML, like Gecko) Chrome/150.0.0.0 Safari/537.36"
64.25.12.168 - - [15/Jul/2026:15:28:03 -0600] "GET /wp-content/plugins/ws-form-pro/public/js/ws-form-public-datetime.min.js?ver=1.11.17 HTTP/2" 200 2410 "https://dfwsingingtelegrams.com/order-online/" "Mozilla/5.0 (Windows NT 10.0; Win64; x64) AppleWebKit/537.36 (KHTML, like Gecko) Chrome/150.0.0.0 Safari/537.36"
64.25.12.168 - - [15/Jul/2026:15:28:03 -0600] "GET /wp-content/plugins/ws-form-pro/public/js/ws-form-public-ecommerce.min.js?ver=1.11.17 HTTP/2" 200 2054 "https://dfwsingingtelegrams.com/order-online/" "Mozilla/5.0 (Windows NT 10.0; Win64; x64) AppleWebKit/537.36 (KHTML, like Gecko) Chrome/150.0.0.0 Safari/537.36"
64.25.12.168 - - [15/Jul/2026:15:28:03 -0600] "GET /wp-content/plugins/ws-form-pro/public/js/ws-form-public-file.min.js?ver=1.11.17 HTTP/2" 200 3687 "https://dfwsingingtelegrams.com/order-online/" "Mozilla/5.0 (Windows NT 10.0; Win64; x64) AppleWebKit/537.36 (KHTML, like Gecko) Chrome/150.0.0.0 Safari/537.36"
64.25.12.168 - - [15/Jul/2026:15:28:03 -0600] "GET /wp-content/plugins/ws-form-pro/public/js/ws-form-public-styler-scheme.min.js?ver=1.11.17 HTTP/2" 200 606 "https://dfwsingingtelegrams.com/order-online/" "Mozilla/5.0 (Windows NT 10.0; Win64; x64) AppleWebKit/537.36 (KHTML, like Gecko) Chrome/150.0.0.0 Safari/537.36"
64.25.12.168 - - [15/Jul/2026:15:28:03 -0600] "GET /wp-content/plugins/ws-form-pro/public/css/ws-form-public-base.min.css?ver=1.11.17 HTTP/2" 200 6243 "https://dfwsingingtelegrams.com/order-online/" "Mozilla/5.0 (Windows NT 10.0; Win64; x64) AppleWebKit/537.36 (KHTML, like Gecko) Chrome/150.0.0.0 Safari/537.36"
64.25.12.168 - - [15/Jul/2026:15:28:03 -0600] "GET /wp-content/plugins/ws-form-pro/public/js/ws-form-public-conditional.min.js?ver=1.11.17 HTTP/2" 200 9305 "https://dfwsingingtelegrams.com/order-online/" "Mozilla/5.0 (Windows NT 10.0; Win64; x64) AppleWebKit/537.36 (KHTML, like Gecko) Chrome/150.0.0.0 Safari/537.36"
64.25.12.168 - - [15/Jul/2026:15:28:03 -0600] "GET /wp-content/plugins/ws-form-pro/public/js/ws-form-public.min.js?ver=1.11.17 HTTP/2" 200 14592 "https://dfwsingingtelegrams.com/order-online/" "Mozilla/5.0 (Windows NT 10.0; Win64; x64) AppleWebKit/537.36 (KHTML, like Gecko) Chrome/150.0.0.0 Safari/537.36"
64.25.12.168 - - [15/Jul/2026:15:28:03 -0600] "GET /wp-content/plugins/ws-form-pro/public/js/external/jquery.datetimepicker.full.min.js?ver=2.5.21 HTTP/2" 200 19230 "https://dfwsingingtelegrams.com/order-online/" "Mozilla/5.0 (Windows NT 10.0; Win64; x64) AppleWebKit/537.36 (KHTML, like Gecko) Chrome/150.0.0.0 Safari/537.36"
64.25.12.168 - - [15/Jul/2026:15:28:02 -0600] "GET /order-online/ HTTP/2" 200 66955 "https://dfwsingingtelegrams.com/reaper-bubba/" "Mozilla/5.0 (Windows NT 10.0; Win64; x64) AppleWebKit/537.36 (KHTML, like Gecko) Chrome/150.0.0.0 Safari/537.36"
198.175.150.9 - - [15/Jul/2026:15:02:25 -0600] "POST /wp-cron.php?doing_wp_cron=1784149345.2481789588928222656250 HTTP/1.1" 200 0 "-" "WordPress/7.0.1; https://dfwsingingtelegrams.com"
198.175.150.9 - - [15/Jul/2026:15:02:25 -0600] "POST /wp-cron.php?doing_wp_cron=1784149345.2717471122741699218750 HTTP/1.1" 200 0 "-" "WordPress/7.0.1; https://dfwsingingtelegrams.com"
45.11.243.200 - - [15/Jul/2026:15:23:58 -0600] "GET /gorilla-grams-in-fort-worth-texas-the-ultimate-singing-telegram-experience/ HTTP/2" 200 27750 "-" "Mozilla/5.0 (Macintosh; Intel Mac OS X 10_15_7) AppleWebKit/537.36 (KHTML, like Gecko) Chrome/142.0.0.0 Safari/537.36"
216.73.217.24 - - [15/Jul/2026:15:36:45 -0600] "GET /sitemap_index.xml HTTP/2" 200 327 "-" "Mozilla/5.0 AppleWebKit/537.36 (KHTML, like Gecko; compatible; ClaudeBot/1.0; +claudebot@anthropic.com)"
45.41.135.128 - - [15/Jul/2026:15:38:43 -0600] "GET /gorilla-grams-in-fort-worth-texas-the-ultimate-singing-telegram-experience/ HTTP/2" 200 27750 "-" "Mozilla/5.0 (Macintosh; Intel Mac OS X 10_15_7) AppleWebKit/537.36 (KHTML, like Gecko) Chrome/142.0.0.0 Safari/537.36"
17.241.75.51 - - [15/Jul/2026:15:43:16 -0600] "GET /wp-content/uploads/elementor/css/post-1755.css?ver=1784151398 HTTP/2" 200 153 "https://dfwsingingtelegrams.com/crazy-bubba-and-bubba-pimp-perform-singing-telegram-grams-in-cedar-hill-texas/" "Mozilla/5.0 (Macintosh; Intel Mac OS X 10_15_7) AppleWebKit/605.1.15 (KHTML, like Gecko) Version/17.4 Safari/605.1.15 (Applebot/0.1; +http://www.apple.com/go/applebot)"
88.216.102.244 - - [15/Jul/2026:15:44:02 -0600] "GET /gorilla-grams-in-fort-worth-texas-the-ultimate-singing-telegram-experience/ HTTP/2" 200 27750 "-" "Mozilla/5.0 (Macintosh; Intel Mac OS X 10_15_7) AppleWebKit/537.36 (KHTML, like Gecko) Chrome/142.0.0.0 Safari/537.36"
216.73.217.24 - - [15/Jul/2026:15:44:32 -0600] "GET /?p=573 HTTP/2" 301 0 "-" "Mozilla/5.0 AppleWebKit/537.36 (KHTML, like Gecko; compatible; ClaudeBot/1.0; +claudebot@anthropic.com)"
216.73.217.24 - - [15/Jul/2026:15:44:32 -0600] "GET /crazy-bubba-and-bubba-pimp-perform-singing-telegram-in-wylie-texas/ HTTP/2" 200 28435 "-" "Mozilla/5.0 AppleWebKit/537.36 (KHTML, like Gecko; compatible; ClaudeBot/1.0; +claudebot@anthropic.com)"
216.73.217.24 - - [15/Jul/2026:15:44:33 -0600] "GET /payment/ HTTP/2" 200 57731 "https://dfwsingingtelegrams.com/?p=573" "Mozilla/5.0 AppleWebKit/537.36 (KHTML, like Gecko; compatible; ClaudeBot/1.0; +claudebot@anthropic.com)"
216.73.217.24 - - [15/Jul/2026:15:51:18 -0600] "GET /category/uncategorized/page/14/ HTTP/2" 200 22539 "-" "Mozilla/5.0 AppleWebKit/537.36 (KHTML, like Gecko; compatible; ClaudeBot/1.0; +claudebot@anthropic.com)"
142.147.171.69 - - [15/Jul/2026:16:12:41 -0600] "GET /gorilla-grams-in-fort-worth-texas-the-ultimate-singing-telegram-experience/ HTTP/2" 200 27750 "-" "Mozilla/5.0 (Macintosh; Intel Mac OS X 10_15_7) AppleWebKit/537.36 (KHTML, like Gecko) Chrome/142.0.0.0 Safari/537.36"
155.212.111.20 - - [15/Jul/2026:16:13:01 -0600] "GET /wp-login.php HTTP/2" 200 2085 "-" "Mozilla/5.0 (Windows NT 10.0; Win64; x64; rv:133.0) Gecko/20100101 Firefox/133.0"
155.212.111.20 - - [15/Jul/2026:16:13:04 -0600] "POST /wp-login.php HTTP/2" 200 2221 "https://dfwsingingtelegrams.com/wp-login.php" "Mozilla/5.0 (Windows NT 10.0; Win64; x64; rv:133.0) Gecko/20100101 Firefox/133.0"
142.44.228.236 - - [15/Jul/2026:16:14:07 -0600] "GET /tag/carrollton-tx/ HTTP/2" 200 20255 "-" "Mozilla/5.0 (compatible; AhrefsBot/7.0; +http://ahrefs.com/robot/)"
77.100.86.46 - - [15/Jul/2026:16:21:15 -0600] "GET /author/johnfite/page/9/ HTTP/1.1" 200 26355 "-" "Mozilla/5.0 (Macintosh; Intel Mac OS X 13.4; rv:131.0) Gecko/20100101 Firefox/131.0"
111.18.6.191 - - [15/Jul/2026:16:33:31 -0600] "GET / HTTP/2" 403 72 "https://dfwsingingtelegrams.com/" "User-Agent:Mozilla/5.0 (Windows NT 6.1; WOW64) AppleWebKit/537.36 (KHTML, like Gecko) Chrome/50.0.2661.102 Safari/537.36"
64.25.12.168 - - [15/Jul/2026:15:28:03 -0600] "GET /wp-content/uploads/2022/08/stop-200.png HTTP/2" 200 18644 "https://dfwsingingtelegrams.com/order-online/" "Mozilla/5.0 (Windows NT 10.0; Win64; x64) AppleWebKit/537.36 (KHTML, like Gecko) Chrome/150.0.0.0 Safari/537.36"
64.25.12.168 - - [15/Jul/2026:15:28:03 -0600] "GET /wp-content/plugins/elementor-pro/assets/js/animated-headline.bc08854fb1e1a80434b2.bundle.min.js HTTP/2" 200 2569 "https://dfwsingingtelegrams.com/order-online/" "Mozilla/5.0 (Windows NT 10.0; Win64; x64) AppleWebKit/537.36 (KHTML, like Gecko) Chrome/150.0.0.0 Safari/537.36"
138.226.103.207 - - [15/Jul/2026:15:34:23 -0600] "GET /gorilla-grams-in-fort-worth-texas-the-ultimate-singing-telegram-experience/ HTTP/2" 200 27750 "-" "Mozilla/5.0 (Macintosh; Intel Mac OS X 10_15_7) AppleWebKit/537.36 (KHTML, like Gecko) Chrome/142.0.0.0 Safari/537.36"
17.241.227.188 - - [15/Jul/2026:15:36:37 -0600] "GET /crazy-bubba-and-bubba-pimp-perform-singing-telegram-grams-in-cedar-hill-texas/ HTTP/2" 200 32903 "-" "Mozilla/5.0 (Macintosh; Intel Mac OS X 10_15_7) AppleWebKit/605.1.15 (KHTML, like Gecko) Version/17.4 Safari/605.1.15 (Applebot/0.1; +http://www.apple.com/go/applebot)"
85.208.96.202 - - [15/Jul/2026:15:38:30 -0600] "GET /robots.txt HTTP/1.1" 200 134 "-" "Mozilla/5.0 (compatible; SemrushBot/7~bl; +http://www.semrush.com/bot.html)"
104.238.22.37 - - [15/Jul/2026:15:39:02 -0600] "GET /gorilla-grams-in-fort-worth-texas-the-ultimate-singing-telegram-experience/ HTTP/2" 200 27750 "-" "Mozilla/5.0 (Macintosh; Intel Mac OS X 10_15_7) AppleWebKit/537.36 (KHTML, like Gecko) Chrome/142.0.0.0 Safari/537.36"
85.208.96.199 - - [15/Jul/2026:15:40:12 -0600] "GET /crazy-bubba-and-bubba-pimp-perform-singing-telegram-grams-in-farmers-branch/ HTTP/1.1" 200 32908 "-" "Mozilla/5.0 (compatible; SemrushBot/7~bl; +http://www.semrush.com/bot.html)"
216.73.217.24 - - [15/Jul/2026:15:47:06 -0600] "GET /category/uncategorized/feed/ HTTP/2" 200 22393 "-" "Mozilla/5.0 AppleWebKit/537.36 (KHTML, like Gecko; compatible; ClaudeBot/1.0; +claudebot@anthropic.com)"
216.73.217.24 - - [15/Jul/2026:15:49:17 -0600] "GET /crazy-bubba-and-bubba-pimp-perform-singing-telegram-in-university-park-texas/ HTTP/2" 200 28671 "-" "Mozilla/5.0 AppleWebKit/537.36 (KHTML, like Gecko; compatible; ClaudeBot/1.0; +claudebot@anthropic.com)"
216.73.217.24 - - [15/Jul/2026:15:49:17 -0600] "GET /order-online/ HTTP/2" 200 56099 "-" "Mozilla/5.0 AppleWebKit/537.36 (KHTML, like Gecko; compatible; ClaudeBot/1.0; +claudebot@anthropic.com)"
216.73.217.24 - - [15/Jul/2026:15:50:51 -0600] "GET /category/uncategorized/page/2/ HTTP/2" 200 22358 "-" "Mozilla/5.0 AppleWebKit/537.36 (KHTML, like Gecko; compatible; ClaudeBot/1.0; +claudebot@anthropic.com)"
198.175.150.9 - - [15/Jul/2026:16:08:24 -0600] "POST /wp-cron.php?doing_wp_cron=1784153304.5312390327453613281250 HTTP/1.1" 200 0 "-" "WordPress/7.0.1; https://dfwsingingtelegrams.com"
198.175.150.9 - - [15/Jul/2026:16:08:24 -0600] "POST /wp-cron.php?doing_wp_cron=1784153304.5565469264984130859375 HTTP/1.1" 200 0 "-" "WordPress/7.0.1; https://dfwsingingtelegrams.com"
198.145.140.247 - - [15/Jul/2026:16:46:33 -0600] "GET /gorilla-grams-in-fort-worth-texas-the-ultimate-singing-telegram-experience/ HTTP/2" 200 27750 "-" "Mozilla/5.0 (Macintosh; Intel Mac OS X 10_15_7) AppleWebKit/537.36 (KHTML, like Gecko) Chrome/142.0.0.0 Safari/537.36"
216.73.217.24 - - [15/Jul/2026:16:51:04 -0600] "GET /?p=2122 HTTP/2" 301 0 "-" "Mozilla/5.0 AppleWebKit/537.36 (KHTML, like Gecko; compatible; ClaudeBot/1.0; +claudebot@anthropic.com)"
216.73.217.24 - - [15/Jul/2026:16:51:04 -0600] "GET /?p=2127 HTTP/2" 301 0 "-" "Mozilla/5.0 AppleWebKit/537.36 (KHTML, like Gecko; compatible; ClaudeBot/1.0; +claudebot@anthropic.com)"
216.73.217.24 - - [15/Jul/2026:16:51:05 -0600] "GET /crazy-bubba-and-bubba-pimp-perform-singing-telegram-in-whitney-texas/ HTTP/2" 200 28052 "https://dfwsingingtelegrams.com/?p=2122" "Mozilla/5.0 AppleWebKit/537.36 (KHTML, like Gecko; compatible; ClaudeBot/1.0; +claudebot@anthropic.com)"
20.169.78.198 - - [15/Jul/2026:15:23:03 -0600] "GET /gorilla-grams-in-fort-worth-texas-the-ultimate-singing-telegram-experience/ HTTP/2" 200 27750 "-" "Mozilla/5.0 AppleWebKit/537.36 (KHTML, like Gecko); compatible; ChatGPT-User/1.0; +https://openai.com/bot"
185.191.171.11 - - [15/Jul/2026:15:38:31 -0600] "GET /crazy-bubba-and-bubba-pimp-perform-singing-telegram-in-sherman-texas/ HTTP/1.1" 200 32828 "-" "Mozilla/5.0 (compatible; SemrushBot/7~bl; +http://www.semrush.com/bot.html)"
198.175.150.9 - - [15/Jul/2026:15:49:10 -0600] "POST /wp-cron.php?doing_wp_cron=1784152150.1357729434967041015625 HTTP/1.1" 200 0 "-" "WordPress/7.0.1; https://dfwsingingtelegrams.com"
216.73.217.24 - - [15/Jul/2026:15:51:27 -0600] "GET /crazy-bubba-and-bubba-pimp-perform-singing-telegram-in-white-settlement-texas/ HTTP/2" 200 28764 "-" "Mozilla/5.0 AppleWebKit/537.36 (KHTML, like Gecko; compatible; ClaudeBot/1.0; +claudebot@anthropic.com)"
198.175.150.9 - - [15/Jul/2026:16:08:25 -0600] "POST /wp-cron.php?doing_wp_cron=1784153305.2288560867309570312500 HTTP/1.1" 200 0 "-" "WordPress/7.0.1; https://dfwsingingtelegrams.com"
195.40.107.160 - - [15/Jul/2026:16:08:22 -0600] "GET /gorilla-grams-in-fort-worth-texas-the-ultimate-singing-telegram-experience/ HTTP/2" 200 27750 "-" "Mozilla/5.0 (Macintosh; Intel Mac OS X 10_15_7) AppleWebKit/537.36 (KHTML, like Gecko) Chrome/142.0.0.0 Safari/537.36"
204.93.235.76 - - [15/Jul/2026:16:20:45 -0600] "GET /gorilla-grams-in-fort-worth-texas-the-ultimate-singing-telegram-experience/ HTTP/2" 200 27750 "-" "Mozilla/5.0 (Macintosh; Intel Mac OS X 10_15_7) AppleWebKit/537.36 (KHTML, like Gecko) Chrome/142.0.0.0 Safari/537.36"
167.160.55.223 - - [15/Jul/2026:16:23:52 -0600] "GET /gorilla-grams-in-fort-worth-texas-the-ultimate-singing-telegram-experience/ HTTP/2" 200 27750 "-" "Mozilla/5.0 (Macintosh; Intel Mac OS X 10_15_7) AppleWebKit/537.36 (KHTML, like Gecko) Chrome/142.0.0.0 Safari/537.36"
216.73.217.24 - - [15/Jul/2026:16:36:38 -0600] "GET /sitemap_index.xml HTTP/2" 200 327 "-" "Mozilla/5.0 AppleWebKit/537.36 (KHTML, like Gecko; compatible; ClaudeBot/1.0; +claudebot@anthropic.com)"
104.194.220.111 - - [15/Jul/2026:16:39:30 -0600] "GET /gorilla-grams-in-fort-worth-texas-the-ultimate-singing-telegram-experience/ HTTP/2" 200 27750 "-" "Mozilla/5.0 (Macintosh; Intel Mac OS X 10_15_7) AppleWebKit/537.36 (KHTML, like Gecko) Chrome/142.0.0.0 Safari/537.36"
63.135.161.120 - - [15/Jul/2026:16:42:39 -0600] "GET / HTTP/1.1" 200 29039 "http://dfwsingingtelegrams.com" "Go-http-client/1.1"
198.175.150.9 - - [15/Jul/2026:16:50:56 -0600] "POST /wp-cron.php?doing_wp_cron=1784155856.3371100425720214843750 HTTP/1.1" 200 0 "-" "WordPress/7.0.1; https://dfwsingingtelegrams.com"
216.73.217.24 - - [15/Jul/2026:16:50:55 -0600] "GET /robots.txt HTTP/2" 200 117 "-" "Mozilla/5.0 AppleWebKit/537.36 (KHTML, like Gecko; compatible; ClaudeBot/1.0; +claudebot@anthropic.com)"
216.73.217.24 - - [15/Jul/2026:16:50:56 -0600] "GET /?p=2117 HTTP/2" 301 0 "-" "Mozilla/5.0 AppleWebKit/537.36 (KHTML, like Gecko; compatible; ClaudeBot/1.0; +claudebot@anthropic.com)"
216.73.217.24 - - [15/Jul/2026:16:50:56 -0600] "GET /category/characters/ HTTP/2" 200 22255 "-" "Mozilla/5.0 AppleWebKit/537.36 (KHTML, like Gecko; compatible; ClaudeBot/1.0; +claudebot@anthropic.com)"
216.73.217.24 - - [15/Jul/2026:16:50:57 -0600] "GET /crazy-bubba-and-bubba-pimp-perform-singing-telegram-in-white-settlement-texas/ HTTP/2" 200 28764 "https://dfwsingingtelegrams.com/?p=2117" "Mozilla/5.0 AppleWebKit/537.36 (KHTML, like Gecko; compatible; ClaudeBot/1.0; +claudebot@anthropic.com)"
216.73.217.24 - - [15/Jul/2026:16:51:30 -0600] "GET /?p=2112 HTTP/2" 301 0 "-" "Mozilla/5.0 AppleWebKit/537.36 (KHTML, like Gecko; compatible; ClaudeBot/1.0; +claudebot@anthropic.com)"
216.73.217.24 - - [15/Jul/2026:16:51:30 -0600] "GET /category/uncategorized/page/13/ HTTP/2" 200 22908 "-" "Mozilla/5.0 AppleWebKit/537.36 (KHTML, like Gecko; compatible; ClaudeBot/1.0; +claudebot@anthropic.com)"
45.138.248.33 - - [15/Jul/2026:15:43:33 -0600] "GET /gorilla-grams-in-fort-worth-texas-the-ultimate-singing-telegram-experience/ HTTP/2" 200 27750 "-" "Mozilla/5.0 (Macintosh; Intel Mac OS X 10_15_7) AppleWebKit/537.36 (KHTML, like Gecko) Chrome/142.0.0.0 Safari/537.36"
216.73.217.24 - - [15/Jul/2026:15:44:28 -0600] "GET /robots.txt HTTP/2" 200 117 "-" "Mozilla/5.0 AppleWebKit/537.36 (KHTML, like Gecko; compatible; ClaudeBot/1.0; +claudebot@anthropic.com)"
216.73.217.24 - - [15/Jul/2026:15:44:28 -0600] "GET /best-office-birthday-surprise-in-frisco-tx/ HTTP/2" 200 27904 "-" "Mozilla/5.0 AppleWebKit/537.36 (KHTML, like Gecko; compatible; ClaudeBot/1.0; +claudebot@anthropic.com)"
216.73.217.24 - - [15/Jul/2026:15:45:04 -0600] "GET /crazy-bubba-and-bubba-pimp-perform-singing-telegram-in-waxahachie-texas/ HTTP/2" 200 28188 "-" "Mozilla/5.0 AppleWebKit/537.36 (KHTML, like Gecko; compatible; ClaudeBot/1.0; +claudebot@anthropic.com)"
216.73.217.24 - - [15/Jul/2026:15:45:24 -0600] "GET /crazy-bubba-and-bubba-pimp-perform-singing-telegram-in-watauga-texas/ HTTP/2" 200 28514 "-" "Mozilla/5.0 AppleWebKit/537.36 (KHTML, like Gecko; compatible; ClaudeBot/1.0; +claudebot@anthropic.com)"
216.73.217.24 - - [15/Jul/2026:15:46:52 -0600] "GET /best-office-birthday-surprise-in-fort-worth-tx/ HTTP/2" 200 28065 "-" "Mozilla/5.0 AppleWebKit/537.36 (KHTML, like Gecko; compatible; ClaudeBot/1.0; +claudebot@anthropic.com)"
216.73.217.24 - - [15/Jul/2026:15:46:59 -0600] "GET /crazy-bubba-and-bubba-pimp-perform-singing-telegram-in-whitney-texas/ HTTP/2" 200 28052 "-" "Mozilla/5.0 AppleWebKit/537.36 (KHTML, like Gecko; compatible; ClaudeBot/1.0; +claudebot@anthropic.com)"
216.73.217.24 - - [15/Jul/2026:15:49:08 -0600] "GET /crazy-bubba-and-bubba-pimp-perform-singing-telegram-in-westlake-texas-%f0%9f%8e%a4%f0%9f%8e%b6/ HTTP/2" 200 28502 "-" "Mozilla/5.0 AppleWebKit/537.36 (KHTML, like Gecko; compatible; ClaudeBot/1.0; +claudebot@anthropic.com)"
155.212.111.20 - - [15/Jul/2026:16:12:54 -0600] "GET /wp-login.php HTTP/2" 200 2085 "-" "Mozilla/5.0 (Windows NT 10.0; Win64; x64; rv:133.0) Gecko/20100101 Firefox/133.0"
155.212.111.20 - - [15/Jul/2026:16:12:58 -0600] "POST /xmlrpc.php HTTP/2" 200 186 "-" "Mozilla/5.0 (Macintosh; Intel Mac OS X 10_15_7) AppleWebKit/605.1.15 (KHTML, like Gecko) Version/18.0 Safari/605.1.15"
45.86.30.194 - - [15/Jul/2026:16:33:27 -0600] "GET /gorilla-grams-in-fort-worth-texas-the-ultimate-singing-telegram-experience/ HTTP/2" 200 27750 "-" "Mozilla/5.0 (Macintosh; Intel Mac OS X 10_15_7) AppleWebKit/537.36 (KHTML, like Gecko) Chrome/142.0.0.0 Safari/537.36"
103.74.179.240 - - [15/Jul/2026:16:34:08 -0600] "GET /gorilla-grams-in-fort-worth-texas-the-ultimate-singing-telegram-experience/ HTTP/2" 403 72 "-" "Mozilla/5.0 (Macintosh; Intel Mac OS X 10_15_7) AppleWebKit/537.36 (KHTML, like Gecko) Chrome/142.0.0.0 Safari/537.36"
85.254.43.233 - - [15/Jul/2026:16:45:38 -0600] "GET /gorilla-grams-in-fort-worth-texas-the-ultimate-singing-telegram-experience/ HTTP/2" 200 27750 "-" "Mozilla/5.0 (Macintosh; Intel Mac OS X 10_15_7) AppleWebKit/537.36 (KHTML, like Gecko) Chrome/142.0.0.0 Safari/537.36"
216.73.217.24 - - [15/Jul/2026:16:52:07 -0600] "GET /addison-singing-telegram-send-a-crazy-bubba-surprise/ HTTP/2" 200 27141 "-" "Mozilla/5.0 AppleWebKit/537.36 (KHTML, like Gecko; compatible; ClaudeBot/1.0; +claudebot@anthropic.com)"
216.73.217.24 - - [15/Jul/2026:16:52:59 -0600] "GET /crazy-bubba-and-bubba-pimp-perform-singing-telegram-in-terrell-texas/ HTTP/2" 200 28471 "-" "Mozilla/5.0 AppleWebKit/537.36 (KHTML, like Gecko; compatible; ClaudeBot/1.0; +claudebot@anthropic.com)"
216.73.217.24 - - [15/Jul/2026:16:54:39 -0600] "GET /crazy-bubba-and-bubba-pimp-perform-singing-telegram-in-sachse-texas/ HTTP/2" 200 28439 "-" "Mozilla/5.0 AppleWebKit/537.36 (KHTML, like Gecko; compatible; ClaudeBot/1.0; +claudebot@anthropic.com)"
204.93.235.215 - - [15/Jul/2026:16:37:12 -0600] "GET /gorilla-grams-in-fort-worth-texas-the-ultimate-singing-telegram-experience/ HTTP/2" 200 27750 "-" "Mozilla/5.0 (Macintosh; Intel Mac OS X 10_15_7) AppleWebKit/537.36 (KHTML, like Gecko) Chrome/142.0.0.0 Safari/537.36"
189.104.7.84 - - [15/Jul/2026:16:45:51 -0600] "GET /gorilla-grams-in-fort-worth-texas-the-ultimate-singing-telegram-experience/ HTTP/2" 200 27750 "-" "Mozilla/5.0 (Macintosh; Intel Mac OS X 10_15_7) AppleWebKit/537.36 (KHTML, like Gecko) Chrome/142.0.0.0 Safari/537.36"
85.254.138.246 - - [15/Jul/2026:16:46:08 -0600] "GET /gorilla-grams-in-fort-worth-texas-the-ultimate-singing-telegram-experience/ HTTP/2" 200 27750 "-" "Mozilla/5.0 (Macintosh; Intel Mac OS X 10_15_7) AppleWebKit/537.36 (KHTML, like Gecko) Chrome/142.0.0.0 Safari/537.36"
216.73.217.24 - - [15/Jul/2026:16:54:26 -0600] "GET /crazy-bubba-and-bubba-pimp-perform-singing-telegram-in-white-settlement-texas/ HTTP/2" 200 28764 "-" "Mozilla/5.0 AppleWebKit/537.36 (KHTML, like Gecko; compatible; ClaudeBot/1.0; +claudebot@anthropic.com)"
216.73.217.24 - - [15/Jul/2026:16:55:04 -0600] "GET /singing-telegrams-in-arlington-the-ultimate-surprise-gift/ HTTP/2" 200 29683 "-" "Mozilla/5.0 AppleWebKit/537.36 (KHTML, like Gecko; compatible; ClaudeBot/1.0; +claudebot@anthropic.com)"
216.73.217.24 - - [15/Jul/2026:16:56:39 -0600] "GET /crazy-bubba-and-bubba-pimp-perform-singing-telegram-in-saginaw-texas/ HTTP/2" 200 28707 "-" "Mozilla/5.0 AppleWebKit/537.36 (KHTML, like Gecko; compatible; ClaudeBot/1.0; +claudebot@anthropic.com)"
154.28.211.228 - - [15/Jul/2026:16:56:44 -0600] "GET /gorilla-grams-in-fort-worth-texas-the-ultimate-singing-telegram-experience/ HTTP/2" 200 27750 "-" "Mozilla/5.0 (Macintosh; Intel Mac OS X 10_15_7) AppleWebKit/537.36 (KHTML, like Gecko) Chrome/142.0.0.0 Safari/537.36"
216.73.217.24 - - [15/Jul/2026:16:56:56 -0600] "GET /crazy-bubba-and-bubba-pimp-perform-singing-telegram-in-trophy-club-texas/ HTTP/2" 200 28441 "-" "Mozilla/5.0 AppleWebKit/537.36 (KHTML, like Gecko; compatible; ClaudeBot/1.0; +claudebot@anthropic.com)"
216.73.217.24 - - [15/Jul/2026:16:57:38 -0600] "GET /crazy-bubba-and-bubba-pimp-perform-singing-telegram-in-seagoville-texas/ HTTP/2" 200 28497 "-" "Mozilla/5.0 AppleWebKit/537.36 (KHTML, like Gecko; compatible; ClaudeBot/1.0; +claudebot@anthropic.com)"
216.73.217.24 - - [15/Jul/2026:16:58:01 -0600] "GET /best-office-birthday-surprise-in-arlington-tx/ HTTP/2" 200 27919 "-" "Mozilla/5.0 AppleWebKit/537.36 (KHTML, like Gecko; compatible; ClaudeBot/1.0; +claudebot@anthropic.com)"
191.96.87.113 - - [15/Jul/2026:16:58:40 -0600] "GET /gorilla-grams-in-fort-worth-texas-the-ultimate-singing-telegram-experience/ HTTP/2" 200 27750 "-" "Mozilla/5.0 (Macintosh; Intel Mac OS X 10_15_7) AppleWebKit/537.36 (KHTML, like Gecko) Chrome/142.0.0.0 Safari/537.36"
216.73.217.24 - - [15/Jul/2026:16:59:22 -0600] "GET /allen-singing-telegrams-the-best-way-to-celebrate-in-allen-texas/ HTTP/2" 200 29287 "-" "Mozilla/5.0 AppleWebKit/537.36 (KHTML, like Gecko; compatible; ClaudeBot/1.0; +claudebot@anthropic.com)"
17.246.15.43 - - [15/Jul/2026:17:11:04 -0600] "GET /wp-content/plugins/elementor/assets/css/frontend.min.css?ver=4.1.4 HTTP/2" 200 6613 "https://dfwsingingtelegrams.com/crazy-bubba-and-bubba-pimp-perform-singing-telegram-grams-in-farmers-branch/" "Mozilla/5.0 (Macintosh; Intel Mac OS X 10_15_7) AppleWebKit/605.1.15 (KHTML, like Gecko) Version/17.4 Safari/605.1.15 (Applebot/0.1; +http://www.apple.com/go/applebot)"
17.246.19.94 - - [15/Jul/2026:17:11:04 -0600] "GET /wp-content/plugins/elementor/assets/lib/eicons/css/elementor-icons.min.css?ver=5.50.0 HTTP/2" 200 4123 "https://dfwsingingtelegrams.com/crazy-bubba-and-bubba-pimp-perform-singing-telegram-grams-in-farmers-branch/" "Mozilla/5.0 (Macintosh; Intel Mac OS X 10_15_7) AppleWebKit/605.1.15 (KHTML, like Gecko) Version/17.4 Safari/605.1.15 (Applebot/0.1; +http://www.apple.com/go/applebot)"
17.246.15.43 - - [15/Jul/2026:17:11:04 -0600] "GET /wp-content/uploads/elementor/css/post-9.css?ver=1784117374 HTTP/2" 200 342 "https://dfwsingingtelegrams.com/crazy-bubba-and-bubba-pimp-perform-singing-telegram-grams-in-farmers-branch/" "Mozilla/5.0 (Macintosh; Intel Mac OS X 10_15_7) AppleWebKit/605.1.15 (KHTML, like Gecko) Version/17.4 Safari/605.1.15 (Applebot/0.1; +http://www.apple.com/go/applebot)"
17.246.19.94 - - [15/Jul/2026:17:11:06 -0600] "GET /wp-content/plugins/ultimate-elementor/assets/min-css/uael-frontend.min.css?ver=1.45.1 HTTP/2" 200 76022 "https://dfwsingingtelegrams.com/crazy-bubba-and-bubba-pimp-perform-singing-telegram-grams-in-farmers-branch/" "Mozilla/5.0 (Macintosh; Intel Mac OS X 10_15_7) AppleWebKit/605.1.15 (KHTML, like Gecko) Version/17.4 Safari/605.1.15 (Applebot/0.1; +http://www.apple.com/go/applebot)"
17.246.15.43 - - [15/Jul/2026:17:11:07 -0600] "GET /wp-content/uploads/astra-addon/astra-addon-6a53a1a06c62f8-49579154.css?ver=4.13.5 HTTP/2" 200 2773 "https://dfwsingingtelegrams.com/crazy-bubba-and-bubba-pimp-perform-singing-telegram-grams-in-farmers-branch/" "Mozilla/5.0 (Macintosh; Intel Mac OS X 10_15_7) AppleWebKit/605.1.15 (KHTML, like Gecko) Version/17.4 Safari/605.1.15 (Applebot/0.1; +http://www.apple.com/go/applebot)"
17.246.19.94 - - [15/Jul/2026:17:11:09 -0600] "GET /wp-content/themes/astra/assets/css/minified/main.min.css?ver=4.13.6 HTTP/2" 200 8389 "https://dfwsingingtelegrams.com/crazy-bubba-and-bubba-pimp-perform-singing-telegram-grams-in-farmers-branch/" "Mozilla/5.0 (Macintosh; Intel Mac OS X 10_15_7) AppleWebKit/605.1.15 (KHTML, like Gecko) Version/17.4 Safari/605.1.15 (Applebot/0.1; +http://www.apple.com/go/applebot)"
17.246.15.43 - - [15/Jul/2026:17:11:10 -0600] "GET /wp-content/plugins/elementor/assets/css/widget-social-icons.min.css?ver=3.24.0 HTTP/2" 200 1039 "https://dfwsingingtelegrams.com/crazy-bubba-and-bubba-pimp-perform-singing-telegram-grams-in-farmers-branch/" "Mozilla/5.0 (Macintosh; Intel Mac OS X 10_15_7) AppleWebKit/605.1.15 (KHTML, like Gecko) Version/17.4 Safari/605.1.15 (Applebot/0.1; +http://www.apple.com/go/applebot)"
17.246.19.94 - - [15/Jul/2026:17:11:12 -0600] "GET /wp-content/plugins/elementor/assets/lib/font-awesome/css/fontawesome.css?ver=5.15.3 HTTP/2" 200 12526 "https://dfwsingingtelegrams.com/crazy-bubba-and-bubba-pimp-perform-singing-telegram-grams-in-farmers-branch/" "Mozilla/5.0 (Macintosh; Intel Mac OS X 10_15_7) AppleWebKit/605.1.15 (KHTML, like Gecko) Version/17.4 Safari/605.1.15 (Applebot/0.1; +http://www.apple.com/go/applebot)"
17.246.15.43 - - [15/Jul/2026:17:11:13 -0600] "GET /wp-content/plugins/elementor/assets/lib/font-awesome/css/brands.css?ver=5.15.3 HTTP/2" 200 296 "https://dfwsingingtelegrams.com/crazy-bubba-and-bubba-pimp-perform-singing-telegram-grams-in-farmers-branch/" "Mozilla/5.0 (Macintosh; Intel Mac OS X 10_15_7) AppleWebKit/605.1.15 (KHTML, like Gecko) Version/17.4 Safari/605.1.15 (Applebot/0.1; +http://www.apple.com/go/applebot)"
17.246.19.94 - - [15/Jul/2026:17:11:15 -0600] "GET /wp-content/plugins/elementor/assets/lib/font-awesome/css/solid.css?ver=5.15.3 HTTP/2" 200 296 "https://dfwsingingtelegrams.com/crazy-bubba-and-bubba-pimp-perform-singing-telegram-grams-in-farmers-branch/" "Mozilla/5.0 (Macintosh; Intel Mac OS X 10_15_7) AppleWebKit/605.1.15 (KHTML, like Gecko) Version/17.4 Safari/605.1.15 (Applebot/0.1; +http://www.apple.com/go/applebot)"
17.246.15.43 - - [15/Jul/2026:17:11:16 -0600] "GET /wp-content/uploads/elementor/css/post-1825.css?ver=1784151613 HTTP/2" 200 153 "https://dfwsingingtelegrams.com/crazy-bubba-and-bubba-pimp-perform-singing-telegram-grams-in-farmers-branch/" "Mozilla/5.0 (Macintosh; Intel Mac OS X 10_15_7) AppleWebKit/605.1.15 (KHTML, like Gecko) Version/17.4 Safari/605.1.15 (Applebot/0.1; +http://www.apple.com/go/applebot)"
17.246.19.94 - - [15/Jul/2026:17:11:18 -0600] "GET /wp-content/uploads/elementor/google-fonts/css/roboto.css?ver=1742236238 HTTP/2" 200 1877 "https://dfwsingingtelegrams.com/crazy-bubba-and-bubba-pimp-perform-singing-telegram-grams-in-farmers-branch/" "Mozilla/5.0 (Macintosh; Intel Mac OS X 10_15_7) AppleWebKit/605.1.15 (KHTML, like Gecko) Version/17.4 Safari/605.1.15 (Applebot/0.1; +http://www.apple.com/go/applebot)"
17.246.15.43 - - [15/Jul/2026:17:11:19 -0600] "GET /wp-content/uploads/elementor/google-fonts/css/robotoslab.css?ver=1742236244 HTTP/2" 200 709 "https://dfwsingingtelegrams.com/crazy-bubba-and-bubba-pimp-perform-singing-telegram-grams-in-farmers-branch/" "Mozilla/5.0 (Macintosh; Intel Mac OS X 10_15_7) AppleWebKit/605.1.15 (KHTML, like Gecko) Version/17.4 Safari/605.1.15 (Applebot/0.1; +http://www.apple.com/go/applebot)"
17.246.19.94 - - [15/Jul/2026:17:11:21 -0600] "GET /wp-includes/js/jquery/jquery.min.js?ver=3.7.1 HTTP/2" 200 29744 "https://dfwsingingtelegrams.com/crazy-bubba-and-bubba-pimp-perform-singing-telegram-grams-in-farmers-branch/" "Mozilla/5.0 (Macintosh; Intel Mac OS X 10_15_7) AppleWebKit/605.1.15 (KHTML, like Gecko) Version/17.4 Safari/605.1.15 (Applebot/0.1; +http://www.apple.com/go/applebot)"
17.246.15.43 - - [15/Jul/2026:17:11:22 -0600] "GET /wp-includes/js/jquery/jquery-migrate.min.js?ver=3.4.1 HTTP/2" 200 4678 "https://dfwsingingtelegrams.com/crazy-bubba-and-bubba-pimp-perform-singing-telegram-grams-in-farmers-branch/" "Mozilla/5.0 (Macintosh; Intel Mac OS X 10_15_7) AppleWebKit/605.1.15 (KHTML, like Gecko) Version/17.4 Safari/605.1.15 (Applebot/0.1; +http://www.apple.com/go/applebot)"
17.246.19.94 - - [15/Jul/2026:17:11:24 -0600] "GET /wp-content/themes/astra/assets/js/minified/frontend.min.js?ver=4.13.6 HTTP/2" 200 5693 "https://dfwsingingtelegrams.com/crazy-bubba-and-bubba-pimp-perform-singing-telegram-grams-in-farmers-branch/" "Mozilla/5.0 (Macintosh; Intel Mac OS X 10_15_7) AppleWebKit/605.1.15 (KHTML, like Gecko) Version/17.4 Safari/605.1.15 (Applebot/0.1; +http://www.apple.com/go/applebot)"
17.246.15.43 - - [15/Jul/2026:17:11:25 -0600] "GET /wp-content/uploads/astra-addon/astra-addon-6a53a1a06d06a2-24786284.js?ver=4.13.5 HTTP/2" 200 4527 "https://dfwsingingtelegrams.com/crazy-bubba-and-bubba-pimp-perform-singing-telegram-grams-in-farmers-branch/" "Mozilla/5.0 (Macintosh; Intel Mac OS X 10_15_7) AppleWebKit/605.1.15 (KHTML, like Gecko) Version/17.4 Safari/605.1.15 (Applebot/0.1; +http://www.apple.com/go/applebot)"
17.246.19.94 - - [15/Jul/2026:17:11:27 -0600] "GET /wp-content/plugins/astra-addon/assets/js/minified/purify.min.js?ver=4.13.5 HTTP/2" 200 10151 "https://dfwsingingtelegrams.com/crazy-bubba-and-bubba-pimp-perform-singing-telegram-grams-in-farmers-branch/" "Mozilla/5.0 (Macintosh; Intel Mac OS X 10_15_7) AppleWebKit/605.1.15 (KHTML, like Gecko) Version/17.4 Safari/605.1.15 (Applebot/0.1; +http://www.apple.com/go/applebot)"
17.246.15.43 - - [15/Jul/2026:17:11:28 -0600] "GET /wp-content/plugins/elementor/assets/js/webpack.runtime.min.js?ver=4.1.4 HTTP/2" 200 2338 "https://dfwsingingtelegrams.com/crazy-bubba-and-bubba-pimp-perform-singing-telegram-grams-in-farmers-branch/" "Mozilla/5.0 (Macintosh; Intel Mac OS X 10_15_7) AppleWebKit/605.1.15 (KHTML, like Gecko) Version/17.4 Safari/605.1.15 (Applebot/0.1; +http://www.apple.com/go/applebot)"
17.246.19.94 - - [15/Jul/2026:17:11:30 -0600] "GET /wp-content/plugins/elementor/assets/js/frontend-modules.min.js?ver=4.1.4 HTTP/2" 200 15445 "https://dfwsingingtelegrams.com/crazy-bubba-and-bubba-pimp-perform-singing-telegram-grams-in-farmers-branch/" "Mozilla/5.0 (Macintosh; Intel Mac OS X 10_15_7) AppleWebKit/605.1.15 (KHTML, like Gecko) Version/17.4 Safari/605.1.15 (Applebot/0.1; +http://www.apple.com/go/applebot)"
17.246.15.43 - - [15/Jul/2026:17:11:31 -0600] "GET /wp-includes/js/jquery/ui/core.min.js?ver=1.13.3 HTTP/2" 200 6812 "https://dfwsingingtelegrams.com/crazy-bubba-and-bubba-pimp-perform-singing-telegram-grams-in-farmers-branch/" "Mozilla/5.0 (Macintosh; Intel Mac OS X 10_15_7) AppleWebKit/605.1.15 (KHTML, like Gecko) Version/17.4 Safari/605.1.15 (Applebot/0.1; +http://www.apple.com/go/applebot)"
17.246.19.94 - - [15/Jul/2026:17:11:33 -0600] "GET /wp-content/plugins/elementor/assets/js/frontend.min.js?ver=4.1.4 HTTP/2" 200 10124 "https://dfwsingingtelegrams.com/crazy-bubba-and-bubba-pimp-perform-singing-telegram-grams-in-farmers-branch/" "Mozilla/5.0 (Macintosh; Intel Mac OS X 10_15_7) AppleWebKit/605.1.15 (KHTML, like Gecko) Version/17.4 Safari/605.1.15 (Applebot/0.1; +http://www.apple.com/go/applebot)"
17.246.15.43 - - [15/Jul/2026:17:11:34 -0600] "GET /wp-content/plugins/elementor-pro/assets/js/webpack-pro.runtime.min.js?ver=4.1.2 HTTP/2" 200 2606 "https://dfwsingingtelegrams.com/crazy-bubba-and-bubba-pimp-perform-singing-telegram-grams-in-farmers-branch/" "Mozilla/5.0 (Macintosh; Intel Mac OS X 10_15_7) AppleWebKit/605.1.15 (KHTML, like Gecko) Version/17.4 Safari/605.1.15 (Applebot/0.1; +http://www.apple.com/go/applebot)"
17.246.19.94 - - [15/Jul/2026:17:11:36 -0600] "GET /wp-includes/js/dist/hooks.min.js?ver=7496969728ca0f95732d HTTP/2" 200 1734 "https://dfwsingingtelegrams.com/crazy-bubba-and-bubba-pimp-perform-singing-telegram-grams-in-farmers-branch/" "Mozilla/5.0 (Macintosh; Intel Mac OS X 10_15_7) AppleWebKit/605.1.15 (KHTML, like Gecko) Version/17.4 Safari/605.1.15 (Applebot/0.1; +http://www.apple.com/go/applebot)"
17.246.15.43 - - [15/Jul/2026:17:11:37 -0600] "GET /wp-includes/js/dist/i18n.min.js?ver=781d11515ad3d91786ec HTTP/2" 200 2354 "https://dfwsingingtelegrams.com/crazy-bubba-and-bubba-pimp-perform-singing-telegram-grams-in-farmers-branch/" "Mozilla/5.0 (Macintosh; Intel Mac OS X 10_15_7) AppleWebKit/605.1.15 (KHTML, like Gecko) Version/17.4 Safari/605.1.15 (Applebot/0.1; +http://www.apple.com/go/applebot)"
17.246.19.94 - - [15/Jul/2026:17:11:39 -0600] "GET /wp-content/plugins/elementor-pro/assets/js/frontend.min.js?ver=4.1.2 HTTP/2" 200 6191 "https://dfwsingingtelegrams.com/crazy-bubba-and-bubba-pimp-perform-singing-telegram-grams-in-farmers-branch/" "Mozilla/5.0 (Macintosh; Intel Mac OS X 10_15_7) AppleWebKit/605.1.15 (KHTML, like Gecko) Version/17.4 Safari/605.1.15 (Applebot/0.1; +http://www.apple.com/go/applebot)"
17.246.15.43 - - [15/Jul/2026:17:11:40 -0600] "GET /wp-content/plugins/elementor-pro/assets/js/elements-handlers.min.js?ver=4.1.2 HTTP/2" 200 10079 "https://dfwsingingtelegrams.com/crazy-bubba-and-bubba-pimp-perform-singing-telegram-grams-in-farmers-branch/" "Mozilla/5.0 (Macintosh; Intel Mac OS X 10_15_7) AppleWebKit/605.1.15 (KHTML, like Gecko) Version/17.4 Safari/605.1.15 (Applebot/0.1; +http://www.apple.com/go/applebot)"
17.246.19.94 - - [15/Jul/2026:17:11:42 -0600] "GET /wp-content/plugins/elementor/assets/js/text-editor.45609661e409413f1cef.bundle.min.js HTTP/2" 200 592 "https://dfwsingingtelegrams.com/crazy-bubba-and-bubba-pimp-perform-singing-telegram-grams-in-farmers-branch/" "Mozilla/5.0 (Macintosh; Intel Mac OS X 10_15_7) AppleWebKit/605.1.15 (KHTML, like Gecko) Version/17.4 Safari/605.1.15 (Applebot/0.1; +http://www.apple.com/go/applebot)"
17.246.15.43 - - [15/Jul/2026:17:11:43 -0600] "GET /wp-content/plugins/elementor/assets/js/shared-frontend-handlers.03caa53373b56d3bab67.bundle.min.js HTTP/2" 200 2511 "https://dfwsingingtelegrams.com/crazy-bubba-and-bubba-pimp-perform-singing-telegram-grams-in-farmers-branch/" "Mozilla/5.0 (Macintosh; Intel Mac OS X 10_15_7) AppleWebKit/605.1.15 (KHTML, like Gecko) Version/17.4 Safari/605.1.15 (Applebot/0.1; +http://www.apple.com/go/applebot)"
216.73.217.24 - - [15/Jul/2026:16:51:31 -0600] "GET /crazy-bubba-and-bubba-pimp-perform-singing-telegram-in-westlake-texas-%f0%9f%8e%a4%f0%9f%8e%b6/ HTTP/2" 200 28502 "https://dfwsingingtelegrams.com/?p=2112" "Mozilla/5.0 AppleWebKit/537.36 (KHTML, like Gecko; compatible; ClaudeBot/1.0; +claudebot@anthropic.com)"
142.147.180.164 - - [15/Jul/2026:16:51:55 -0600] "GET /gorilla-grams-in-fort-worth-texas-the-ultimate-singing-telegram-experience/ HTTP/2" 200 27750 "-" "Mozilla/5.0 (Macintosh; Intel Mac OS X 10_15_7) AppleWebKit/537.36 (KHTML, like Gecko) Chrome/142.0.0.0 Safari/537.36"
216.73.217.24 - - [15/Jul/2026:16:51:59 -0600] "GET /crazy-bubba-the-hillbilly/ HTTP/2" 200 21954 "-" "Mozilla/5.0 AppleWebKit/537.36 (KHTML, like Gecko; compatible; ClaudeBot/1.0; +claudebot@anthropic.com)"
216.73.217.24 - - [15/Jul/2026:16:52:00 -0600] "GET /category/uncategorized/page/3/ HTTP/2" 200 22280 "-" "Mozilla/5.0 AppleWebKit/537.36 (KHTML, like Gecko; compatible; ClaudeBot/1.0; +claudebot@anthropic.com)"
216.73.217.24 - - [15/Jul/2026:16:53:13 -0600] "GET /singing-telegram-aledo-texas-the-ultimate-gift-surprise/ HTTP/2" 200 29864 "-" "Mozilla/5.0 AppleWebKit/537.36 (KHTML, like Gecko; compatible; ClaudeBot/1.0; +claudebot@anthropic.com)"
216.73.217.24 - - [15/Jul/2026:16:54:56 -0600] "GET /crazy-bubba-and-bubba-pimp-perform-singing-telegram-in-sherman-texas/ HTTP/2" 200 28686 "-" "Mozilla/5.0 AppleWebKit/537.36 (KHTML, like Gecko; compatible; ClaudeBot/1.0; +claudebot@anthropic.com)"
198.175.150.9 - - [15/Jul/2026:16:55:34 -0600] "POST /wp-cron.php?doing_wp_cron=1784156134.2545199394226074218750 HTTP/1.1" 200 0 "-" "WordPress/7.0.1; https://dfwsingingtelegrams.com"
216.73.217.24 - - [15/Jul/2026:16:55:32 -0600] "GET /crazy-bubba-and-bubba-pimp-perform-singing-telegram-in-sunnyvale-texas/ HTTP/2" 200 28678 "-" "Mozilla/5.0 AppleWebKit/537.36 (KHTML, like Gecko; compatible; ClaudeBot/1.0; +claudebot@anthropic.com)"
198.175.150.9 - - [15/Jul/2026:17:09:03 -0600] "POST /wp-cron.php?doing_wp_cron=1784156943.1262400150299072265625 HTTP/1.1" 200 0 "-" "WordPress/7.0.1; https://dfwsingingtelegrams.com"
17.246.19.47 - - [15/Jul/2026:17:09:01 -0600] "GET /robots.txt HTTP/2" 200 134 "-" "Mozilla/5.0 (Macintosh; Intel Mac OS X 10_15_7) AppleWebKit/605.1.15 (KHTML, like Gecko) Version/17.4 Safari/605.1.15 (Applebot/0.1; +http://www.apple.com/go/applebot)"
17.246.19.47 - - [15/Jul/2026:17:09:03 -0600] "GET /crazy-bubba-and-bubba-pimp-perform-singing-telegram-grams-in-farmers-branch/ HTTP/2" 200 32908 "-" "Mozilla/5.0 (Macintosh; Intel Mac OS X 10_15_7) AppleWebKit/605.1.15 (KHTML, like Gecko) Version/17.4 Safari/605.1.15 (Applebot/0.1; +http://www.apple.com/go/applebot)"
92.71.35.24 - - [15/Jul/2026:17:18:58 -0600] "GET /gorilla-grams-in-fort-worth-texas-the-ultimate-singing-telegram-experience/ HTTP/2" 200 27750 "-" "Mozilla/5.0 (Macintosh; Intel Mac OS X 10_15_7) AppleWebKit/537.36 (KHTML, like Gecko) Chrome/142.0.0.0 Safari/537.36"
23.239.168.19 - - [15/Jul/2026:17:26:38 -0600] "GET /gorilla-grams-in-fort-worth-texas-the-ultimate-singing-telegram-experience/ HTTP/2" 200 27750 "-" "Mozilla/5.0 (Macintosh; Intel Mac OS X 10_15_7) AppleWebKit/537.36 (KHTML, like Gecko) Chrome/142.0.0.0 Safari/537.36"
92.71.35.250 - - [15/Jul/2026:17:29:44 -0600] "GET /gorilla-grams-in-fort-worth-texas-the-ultimate-singing-telegram-experience/ HTTP/2" 200 27750 "-" "Mozilla/5.0 (Macintosh; Intel Mac OS X 10_15_7) AppleWebKit/537.36 (KHTML, like Gecko) Chrome/142.0.0.0 Safari/537.36"
216.73.217.24 - - [15/Jul/2026:16:55:37 -0600] "GET /crazy-bubba-and-bubba-pimp-perform-singing-telegram-in-the-colony-texas/ HTTP/2" 200 28815 "-" "Mozilla/5.0 AppleWebKit/537.36 (KHTML, like Gecko; compatible; ClaudeBot/1.0; +claudebot@anthropic.com)"
85.254.139.156 - - [15/Jul/2026:16:57:03 -0600] "GET /gorilla-grams-in-fort-worth-texas-the-ultimate-singing-telegram-experience/ HTTP/2" 200 27750 "-" "Mozilla/5.0 (Macintosh; Intel Mac OS X 10_15_7) AppleWebKit/537.36 (KHTML, like Gecko) Chrome/142.0.0.0 Safari/537.36"
216.73.217.24 - - [15/Jul/2026:16:57:16 -0600] "GET /crazy-bubba-and-bubba-pimp-perform-singing-telegram-in-southlake-texas/ HTTP/2" 200 28332 "-" "Mozilla/5.0 AppleWebKit/537.36 (KHTML, like Gecko; compatible; ClaudeBot/1.0; +claudebot@anthropic.com)"
216.73.217.24 - - [15/Jul/2026:16:59:50 -0600] "GET /dfw-singing-telegrams-now-available-in-frisco-the-best-way-to-celebrate/ HTTP/2" 200 28815 "-" "Mozilla/5.0 AppleWebKit/537.36 (KHTML, like Gecko; compatible; ClaudeBot/1.0; +claudebot@anthropic.com)"
172.252.90.164 - - [15/Jul/2026:17:04:36 -0600] "GET /gorilla-grams-in-fort-worth-texas-the-ultimate-singing-telegram-experience/ HTTP/2" 200 27750 "-" "Mozilla/5.0 (Macintosh; Intel Mac OS X 10_15_7) AppleWebKit/537.36 (KHTML, like Gecko) Chrome/142.0.0.0 Safari/537.36"
198.175.150.9 - - [15/Jul/2026:17:09:03 -0600] "POST /wp-cron.php?doing_wp_cron=1784156943.1775679588317871093750 HTTP/1.1" 200 0 "-" "WordPress/7.0.1; https://dfwsingingtelegrams.com"
66.249.70.100 - - [15/Jul/2026:17:19:51 -0600] "GET /wp-content/uploads/elementor/google-fonts/css/roboto.css?ver=1742236238 HTTP/1.1" 200 1877 "https://dfwsingingtelegrams.com/" "Mozilla/5.0 (compatible; Googlebot/2.1; +http://www.google.com/bot.html)"
66.249.70.100 - - [15/Jul/2026:17:19:51 -0600] "GET /wp-content/plugins/elementor/assets/lib/font-awesome/css/fontawesome.css?ver=5.15.3 HTTP/1.1" 200 12526 "https://dfwsingingtelegrams.com/" "Mozilla/5.0 (compatible; Googlebot/2.1; +http://www.google.com/bot.html)"
66.249.70.100 - - [15/Jul/2026:17:19:51 -0600] "GET /wp-content/plugins/elementor-pro/assets/js/webpack-pro.runtime.min.js?ver=4.1.2 HTTP/1.1" 200 2606 "https://dfwsingingtelegrams.com/" "Mozilla/5.0 (compatible; Googlebot/2.1; +http://www.google.com/bot.html)"
154.30.78.227 - - [15/Jul/2026:17:21:10 -0600] "GET /gorilla-grams-in-fort-worth-texas-the-ultimate-singing-telegram-experience/ HTTP/2" 200 27750 "-" "Mozilla/5.0 (Macintosh; Intel Mac OS X 10_15_7) AppleWebKit/537.36 (KHTML, like Gecko) Chrome/142.0.0.0 Safari/537.36"
216.246.13.162 - - [15/Jul/2026:17:45:58 -0600] "GET /gorilla-grams-in-fort-worth-texas-the-ultimate-singing-telegram-experience/ HTTP/2" 200 27750 "-" "Mozilla/5.0 (Macintosh; Intel Mac OS X 10_15_7) AppleWebKit/537.36 (KHTML, like Gecko) Chrome/142.0.0.0 Safari/537.36"
154.30.101.36 - - [15/Jul/2026:17:46:11 -0600] "GET /gorilla-grams-in-fort-worth-texas-the-ultimate-singing-telegram-experience/ HTTP/2" 200 27750 "-" "Mozilla/5.0 (Macintosh; Intel Mac OS X 10_15_7) AppleWebKit/537.36 (KHTML, like Gecko) Chrome/142.0.0.0 Safari/537.36"
17.246.19.94 - - [15/Jul/2026:17:11:44 -0600] "GET /wp-content/plugins/elementor/assets/js/section-frontend-handlers.d85ab872da118940910d.bundle.min.js HTTP/2" 200 229 "https://dfwsingingtelegrams.com/crazy-bubba-and-bubba-pimp-perform-singing-telegram-grams-in-farmers-branch/" "Mozilla/5.0 (Macintosh; Intel Mac OS X 10_15_7) AppleWebKit/605.1.15 (KHTML, like Gecko) Version/17.4 Safari/605.1.15 (Applebot/0.1; +http://www.apple.com/go/applebot)"
17.246.15.43 - - [15/Jul/2026:17:11:46 -0600] "GET /wp-includes/js/wp-emoji-release.min.js?ver=7.0.1 HTTP/2" 200 4974 "https://dfwsingingtelegrams.com/crazy-bubba-and-bubba-pimp-perform-singing-telegram-grams-in-farmers-branch/" "Mozilla/5.0 (Macintosh; Intel Mac OS X 10_15_7) AppleWebKit/605.1.15 (KHTML, like Gecko) Version/17.4 Safari/605.1.15 (Applebot/0.1; +http://www.apple.com/go/applebot)"
