File: /home/dfwparty/access-logs/gigiscleaning.net.dfw.party-ssl_log
216.73.216.10 - - [15/Jul/2026:06:20:13 -0600] "GET /robots.txt HTTP/2" 200 94 "-" "Mozilla/5.0 AppleWebKit/537.36 (KHTML, like Gecko; compatible; ClaudeBot/1.0; +claudebot@anthropic.com)"
216.73.216.10 - - [15/Jul/2026:06:20:14 -0600] "GET /wp-sitemap.xml HTTP/2" 200 175 "-" "Mozilla/5.0 AppleWebKit/537.36 (KHTML, like Gecko; compatible; ClaudeBot/1.0; +claudebot@anthropic.com)"
43.164.197.117 - - [15/Jul/2026:06:09:34 -0600] "GET / HTTP/1.1" 200 30442 "http://www.gigiscleaning.net" "Mozilla/5.0 (iPhone; CPU iPhone OS 13_2_3 like Mac OS X) AppleWebKit/605.1.15 (KHTML, like Gecko) Version/13.0.3 Mobile/15E148 Safari/604.1"
74.7.230.11 - - [15/Jul/2026:07:36:07 -0600] "GET /robots.txt HTTP/2" 200 94 "-" "Mozilla/5.0 (Macintosh; Intel Mac OS X 10_15_7) AppleWebKit/537.36 (KHTML, like Gecko) Chrome/131.0.0.0 Safari/537.36; compatible; OAI-SearchBot/1.4; robots.txt; +https://openai.com/searchbot"
198.175.150.9 - - [15/Jul/2026:08:07:54 -0600] "POST /wp-cron.php?doing_wp_cron=1784124474.6752820014953613281250 HTTP/1.1" 200 0 "-" "WordPress/7.0.1; https://gigiscleaning.net"
34.7.213.122 - - [15/Jul/2026:08:53:03 -0600] "GET //wp-includes/ID3/license.txt HTTP/1.1" 200 1396 "-" "Mozilla/5.0 (Windows NT 10.0; Win64; x64) AppleWebKit/537.36 (KHTML, like Gecko) Chrome/95.0.4638.69 Safari/537.36"
34.7.213.122 - - [15/Jul/2026:08:53:03 -0600] "GET //feed/ HTTP/1.1" 301 0 "-" "Mozilla/5.0 (Windows NT 10.0; Win64; x64) AppleWebKit/537.36 (KHTML, like Gecko) Chrome/95.0.4638.69 Safari/537.36"
34.7.213.122 - - [15/Jul/2026:08:53:04 -0600] "GET //xmlrpc.php?rsd HTTP/1.1" 200 816 "-" "Mozilla/5.0 (Windows NT 10.0; Win64; x64) AppleWebKit/537.36 (KHTML, like Gecko) Chrome/95.0.4638.69 Safari/537.36"
34.7.213.122 - - [15/Jul/2026:08:53:05 -0600] "GET //?author=1 HTTP/1.1" 301 0 "-" "Mozilla/5.0 (Windows NT 10.0; Win64; x64) AppleWebKit/537.36 (KHTML, like Gecko) Chrome/95.0.4638.69 Safari/537.36"
34.7.213.122 - - [15/Jul/2026:08:53:05 -0600] "GET //?author=2 HTTP/1.1" 301 0 "-" "Mozilla/5.0 (Windows NT 10.0; Win64; x64) AppleWebKit/537.36 (KHTML, like Gecko) Chrome/95.0.4638.69 Safari/537.36"
34.7.213.122 - - [15/Jul/2026:08:53:06 -0600] "GET //wp-json/wp/v2/users/ HTTP/1.1" 200 878 "-" "Mozilla/5.0 (Windows NT 10.0; Win64; x64) AppleWebKit/537.36 (KHTML, like Gecko) Chrome/95.0.4638.69 Safari/537.36"
34.7.213.122 - - [15/Jul/2026:08:53:07 -0600] "POST //xmlrpc.php HTTP/1.1" 200 401 "-" "Mozilla/5.0 (Windows NT 10.0; Win64; x64) AppleWebKit/537.36 (KHTML, like Gecko) Chrome/95.0.4638.69 Safari/537.36"
34.7.213.122 - - [15/Jul/2026:08:53:07 -0600] "POST //xmlrpc.php HTTP/1.1" 200 401 "-" "Mozilla/5.0 (Windows NT 10.0; Win64; x64) AppleWebKit/537.36 (KHTML, like Gecko) Chrome/95.0.4638.69 Safari/537.36"
34.7.213.122 - - [15/Jul/2026:08:53:08 -0600] "POST //xmlrpc.php HTTP/1.1" 200 401 "-" "Mozilla/5.0 (Windows NT 10.0; Win64; x64) AppleWebKit/537.36 (KHTML, like Gecko) Chrome/95.0.4638.69 Safari/537.36"
34.7.213.122 - - [15/Jul/2026:08:53:09 -0600] "POST //xmlrpc.php HTTP/1.1" 200 401 "-" "Mozilla/5.0 (Windows NT 10.0; Win64; x64) AppleWebKit/537.36 (KHTML, like Gecko) Chrome/95.0.4638.69 Safari/537.36"
34.7.213.122 - - [15/Jul/2026:08:53:11 -0600] "POST //xmlrpc.php HTTP/1.1" 200 401 "-" "Mozilla/5.0 (Windows NT 10.0; Win64; x64) AppleWebKit/537.36 (KHTML, like Gecko) Chrome/95.0.4638.69 Safari/537.36"
34.7.213.122 - - [15/Jul/2026:08:53:16 -0600] "POST //xmlrpc.php HTTP/1.1" 200 401 "-" "Mozilla/5.0 (Windows NT 10.0; Win64; x64) AppleWebKit/537.36 (KHTML, like Gecko) Chrome/95.0.4638.69 Safari/537.36"
34.7.213.122 - - [15/Jul/2026:08:53:20 -0600] "POST //xmlrpc.php HTTP/1.1" 200 401 "-" "Mozilla/5.0 (Windows NT 10.0; Win64; x64) AppleWebKit/537.36 (KHTML, like Gecko) Chrome/95.0.4638.69 Safari/537.36"
34.7.213.122 - - [15/Jul/2026:08:53:30 -0600] "POST //xmlrpc.php HTTP/1.1" 200 401 "-" "Mozilla/5.0 (Windows NT 10.0; Win64; x64) AppleWebKit/537.36 (KHTML, like Gecko) Chrome/95.0.4638.69 Safari/537.36"
34.7.213.122 - - [15/Jul/2026:08:53:35 -0600] "POST //xmlrpc.php HTTP/1.1" 200 401 "-" "Mozilla/5.0 (Windows NT 10.0; Win64; x64) AppleWebKit/537.36 (KHTML, like Gecko) Chrome/95.0.4638.69 Safari/537.36"
34.7.213.122 - - [15/Jul/2026:08:53:46 -0600] "POST //xmlrpc.php HTTP/1.1" 200 401 "-" "Mozilla/5.0 (Windows NT 10.0; Win64; x64) AppleWebKit/537.36 (KHTML, like Gecko) Chrome/95.0.4638.69 Safari/537.36"
34.7.213.122 - - [15/Jul/2026:08:53:51 -0600] "POST //xmlrpc.php HTTP/1.1" 200 401 "-" "Mozilla/5.0 (Windows NT 10.0; Win64; x64) AppleWebKit/537.36 (KHTML, like Gecko) Chrome/95.0.4638.69 Safari/537.36"
34.7.213.122 - - [15/Jul/2026:08:54:01 -0600] "POST //xmlrpc.php HTTP/1.1" 200 401 "-" "Mozilla/5.0 (Windows NT 10.0; Win64; x64) AppleWebKit/537.36 (KHTML, like Gecko) Chrome/95.0.4638.69 Safari/537.36"
34.7.213.122 - - [15/Jul/2026:08:54:16 -0600] "POST //xmlrpc.php HTTP/1.1" 200 401 "-" "Mozilla/5.0 (Windows NT 10.0; Win64; x64) AppleWebKit/537.36 (KHTML, like Gecko) Chrome/95.0.4638.69 Safari/537.36"
198.175.150.9 - - [15/Jul/2026:08:07:54 -0600] "POST /wp-cron.php?doing_wp_cron=1784124474.6975550651550292968750 HTTP/1.1" 200 0 "-" "WordPress/7.0.1; https://gigiscleaning.net"
34.7.213.122 - - [15/Jul/2026:08:53:03 -0600] "GET //wp-includes/ID3/license.txt HTTP/1.1" 200 1396 "-" "Mozilla/5.0 (Windows NT 10.0; Win64; x64) AppleWebKit/537.36 (KHTML, like Gecko) Chrome/95.0.4638.69 Safari/537.36"
34.7.213.122 - - [15/Jul/2026:08:53:03 -0600] "GET //feed/ HTTP/1.1" 301 0 "-" "Mozilla/5.0 (Windows NT 10.0; Win64; x64) AppleWebKit/537.36 (KHTML, like Gecko) Chrome/95.0.4638.69 Safari/537.36"
34.7.213.122 - - [15/Jul/2026:08:53:04 -0600] "GET //xmlrpc.php?rsd HTTP/1.1" 200 816 "-" "Mozilla/5.0 (Windows NT 10.0; Win64; x64) AppleWebKit/537.36 (KHTML, like Gecko) Chrome/95.0.4638.69 Safari/537.36"
34.7.213.122 - - [15/Jul/2026:08:53:05 -0600] "GET //?author=1 HTTP/1.1" 301 0 "-" "Mozilla/5.0 (Windows NT 10.0; Win64; x64) AppleWebKit/537.36 (KHTML, like Gecko) Chrome/95.0.4638.69 Safari/537.36"
34.7.213.122 - - [15/Jul/2026:08:53:06 -0600] "GET //?author=2 HTTP/1.1" 301 0 "-" "Mozilla/5.0 (Windows NT 10.0; Win64; x64) AppleWebKit/537.36 (KHTML, like Gecko) Chrome/95.0.4638.69 Safari/537.36"
34.7.213.122 - - [15/Jul/2026:08:53:06 -0600] "GET //wp-json/wp/v2/users/ HTTP/1.1" 200 878 "-" "Mozilla/5.0 (Windows NT 10.0; Win64; x64) AppleWebKit/537.36 (KHTML, like Gecko) Chrome/95.0.4638.69 Safari/537.36"
34.7.213.122 - - [15/Jul/2026:08:53:07 -0600] "POST //xmlrpc.php HTTP/1.1" 200 401 "-" "Mozilla/5.0 (Windows NT 10.0; Win64; x64) AppleWebKit/537.36 (KHTML, like Gecko) Chrome/95.0.4638.69 Safari/537.36"
34.7.213.122 - - [15/Jul/2026:08:53:08 -0600] "POST //xmlrpc.php HTTP/1.1" 200 401 "-" "Mozilla/5.0 (Windows NT 10.0; Win64; x64) AppleWebKit/537.36 (KHTML, like Gecko) Chrome/95.0.4638.69 Safari/537.36"
34.7.213.122 - - [15/Jul/2026:08:53:09 -0600] "POST //xmlrpc.php HTTP/1.1" 200 401 "-" "Mozilla/5.0 (Windows NT 10.0; Win64; x64) AppleWebKit/537.36 (KHTML, like Gecko) Chrome/95.0.4638.69 Safari/537.36"
34.7.213.122 - - [15/Jul/2026:08:53:12 -0600] "POST //xmlrpc.php HTTP/1.1" 200 401 "-" "Mozilla/5.0 (Windows NT 10.0; Win64; x64) AppleWebKit/537.36 (KHTML, like Gecko) Chrome/95.0.4638.69 Safari/537.36"
34.7.213.122 - - [15/Jul/2026:08:53:16 -0600] "POST //xmlrpc.php HTTP/1.1" 200 401 "-" "Mozilla/5.0 (Windows NT 10.0; Win64; x64) AppleWebKit/537.36 (KHTML, like Gecko) Chrome/95.0.4638.69 Safari/537.36"
34.7.213.122 - - [15/Jul/2026:08:53:20 -0600] "POST //xmlrpc.php HTTP/1.1" 200 401 "-" "Mozilla/5.0 (Windows NT 10.0; Win64; x64) AppleWebKit/537.36 (KHTML, like Gecko) Chrome/95.0.4638.69 Safari/537.36"
34.7.213.122 - - [15/Jul/2026:08:53:31 -0600] "POST //xmlrpc.php HTTP/1.1" 200 401 "-" "Mozilla/5.0 (Windows NT 10.0; Win64; x64) AppleWebKit/537.36 (KHTML, like Gecko) Chrome/95.0.4638.69 Safari/537.36"
34.7.213.122 - - [15/Jul/2026:08:53:46 -0600] "POST //xmlrpc.php HTTP/1.1" 200 401 "-" "Mozilla/5.0 (Windows NT 10.0; Win64; x64) AppleWebKit/537.36 (KHTML, like Gecko) Chrome/95.0.4638.69 Safari/537.36"
34.7.213.122 - - [15/Jul/2026:08:53:51 -0600] "POST //xmlrpc.php HTTP/1.1" 200 401 "-" "Mozilla/5.0 (Windows NT 10.0; Win64; x64) AppleWebKit/537.36 (KHTML, like Gecko) Chrome/95.0.4638.69 Safari/537.36"
34.7.213.122 - - [15/Jul/2026:08:54:01 -0600] "POST //xmlrpc.php HTTP/1.1" 200 401 "-" "Mozilla/5.0 (Windows NT 10.0; Win64; x64) AppleWebKit/537.36 (KHTML, like Gecko) Chrome/95.0.4638.69 Safari/537.36"
34.7.213.122 - - [15/Jul/2026:08:54:16 -0600] "POST //xmlrpc.php HTTP/1.1" 200 401 "-" "Mozilla/5.0 (Windows NT 10.0; Win64; x64) AppleWebKit/537.36 (KHTML, like Gecko) Chrome/95.0.4638.69 Safari/537.36"
34.7.213.122 - - [15/Jul/2026:08:54:21 -0600] "POST //xmlrpc.php HTTP/1.1" 200 401 "-" "Mozilla/5.0 (Windows NT 10.0; Win64; x64) AppleWebKit/537.36 (KHTML, like Gecko) Chrome/95.0.4638.69 Safari/537.36"
34.7.213.122 - - [15/Jul/2026:08:54:31 -0600] "POST //xmlrpc.php HTTP/1.1" 200 401 "-" "Mozilla/5.0 (Windows NT 10.0; Win64; x64) AppleWebKit/537.36 (KHTML, like Gecko) Chrome/95.0.4638.69 Safari/537.36"
198.175.150.9 - - [15/Jul/2026:08:01:52 -0600] "POST /wp-cron.php?doing_wp_cron=1784124112.4543669223785400390625 HTTP/1.1" 200 0 "-" "WordPress/7.0.1; https://gigiscleaning.net"
185.106.31.141 - - [15/Jul/2026:08:01:51 -0600] "GET / HTTP/2" 200 25502 "https://gigiscleaning.net" "Mozilla/5.0 (Windows NT 10.0; Win64; x64) AppleWebKit/537.36 (KHTML, like Gecko) Chrome/145.0.0.0 Safari/537.36 Edg/145.0.0.0"
192.178.4.100 - - [15/Jul/2026:08:07:54 -0600] "GET /robots.txt HTTP/1.1" 301 0 "-" "Mozilla/5.0 (compatible; Googlebot/2.1; +http://www.google.com/bot.html)"
43.166.246.180 - - [15/Jul/2026:08:49:49 -0600] "GET / HTTP/1.1" 200 30442 "http://gigiscleaning.net" "Mozilla/5.0 (iPhone; CPU iPhone OS 13_2_3 like Mac OS X) AppleWebKit/605.1.15 (KHTML, like Gecko) Version/13.0.3 Mobile/15E148 Safari/604.1"
66.249.64.162 - - [15/Jul/2026:08:07:54 -0600] "GET /robots.txt HTTP/1.1" 200 94 "-" "Mozilla/5.0 (compatible; Googlebot/2.1; +http://www.google.com/bot.html)"
216.73.216.10 - - [15/Jul/2026:08:26:36 -0600] "GET /robots.txt HTTP/2" 200 94 "-" "Mozilla/5.0 AppleWebKit/537.36 (KHTML, like Gecko; compatible; ClaudeBot/1.0; +claudebot@anthropic.com)"
216.73.216.10 - - [15/Jul/2026:08:26:37 -0600] "GET /wp-sitemap.xml HTTP/2" 200 175 "-" "Mozilla/5.0 AppleWebKit/537.36 (KHTML, like Gecko; compatible; ClaudeBot/1.0; +claudebot@anthropic.com)"
34.7.213.122 - - [15/Jul/2026:08:54:21 -0600] "POST //xmlrpc.php HTTP/1.1" 200 401 "-" "Mozilla/5.0 (Windows NT 10.0; Win64; x64) AppleWebKit/537.36 (KHTML, like Gecko) Chrome/95.0.4638.69 Safari/537.36"
34.7.213.122 - - [15/Jul/2026:08:54:31 -0600] "POST //xmlrpc.php HTTP/1.1" 200 401 "-" "Mozilla/5.0 (Windows NT 10.0; Win64; x64) AppleWebKit/537.36 (KHTML, like Gecko) Chrome/95.0.4638.69 Safari/537.36"
34.7.213.122 - - [15/Jul/2026:08:54:45 -0600] "POST //xmlrpc.php HTTP/1.1" 200 401 "-" "Mozilla/5.0 (Windows NT 10.0; Win64; x64) AppleWebKit/537.36 (KHTML, like Gecko) Chrome/95.0.4638.69 Safari/537.36"
34.7.213.122 - - [15/Jul/2026:08:54:50 -0600] "POST //xmlrpc.php HTTP/1.1" 200 401 "-" "Mozilla/5.0 (Windows NT 10.0; Win64; x64) AppleWebKit/537.36 (KHTML, like Gecko) Chrome/95.0.4638.69 Safari/537.36"
34.7.213.122 - - [15/Jul/2026:08:55:01 -0600] "POST //xmlrpc.php HTTP/1.1" 200 401 "-" "Mozilla/5.0 (Windows NT 10.0; Win64; x64) AppleWebKit/537.36 (KHTML, like Gecko) Chrome/95.0.4638.69 Safari/537.36"
34.7.213.122 - - [15/Jul/2026:08:55:06 -0600] "POST //xmlrpc.php HTTP/1.1" 200 401 "-" "Mozilla/5.0 (Windows NT 10.0; Win64; x64) AppleWebKit/537.36 (KHTML, like Gecko) Chrome/95.0.4638.69 Safari/537.36"
34.7.213.122 - - [15/Jul/2026:08:55:16 -0600] "POST //xmlrpc.php HTTP/1.1" 200 401 "-" "Mozilla/5.0 (Windows NT 10.0; Win64; x64) AppleWebKit/537.36 (KHTML, like Gecko) Chrome/95.0.4638.69 Safari/537.36"
34.7.213.122 - - [15/Jul/2026:08:55:31 -0600] "POST //xmlrpc.php HTTP/1.1" 200 401 "-" "Mozilla/5.0 (Windows NT 10.0; Win64; x64) AppleWebKit/537.36 (KHTML, like Gecko) Chrome/95.0.4638.69 Safari/537.36"
34.7.213.122 - - [15/Jul/2026:08:55:46 -0600] "POST //xmlrpc.php HTTP/1.1" 200 401 "-" "Mozilla/5.0 (Windows NT 10.0; Win64; x64) AppleWebKit/537.36 (KHTML, like Gecko) Chrome/95.0.4638.69 Safari/537.36"
34.7.213.122 - - [15/Jul/2026:08:56:01 -0600] "POST //xmlrpc.php HTTP/1.1" 200 401 "-" "Mozilla/5.0 (Windows NT 10.0; Win64; x64) AppleWebKit/537.36 (KHTML, like Gecko) Chrome/95.0.4638.69 Safari/537.36"
34.7.213.122 - - [15/Jul/2026:08:56:15 -0600] "POST //xmlrpc.php HTTP/1.1" 200 401 "-" "Mozilla/5.0 (Windows NT 10.0; Win64; x64) AppleWebKit/537.36 (KHTML, like Gecko) Chrome/95.0.4638.69 Safari/537.36"
34.7.213.122 - - [15/Jul/2026:08:56:31 -0600] "POST //xmlrpc.php HTTP/1.1" 200 401 "-" "Mozilla/5.0 (Windows NT 10.0; Win64; x64) AppleWebKit/537.36 (KHTML, like Gecko) Chrome/95.0.4638.69 Safari/537.36"
34.7.213.122 - - [15/Jul/2026:08:56:46 -0600] "POST //xmlrpc.php HTTP/1.1" 200 401 "-" "Mozilla/5.0 (Windows NT 10.0; Win64; x64) AppleWebKit/537.36 (KHTML, like Gecko) Chrome/95.0.4638.69 Safari/537.36"
34.7.213.122 - - [15/Jul/2026:08:57:01 -0600] "POST //xmlrpc.php HTTP/1.1" 200 401 "-" "Mozilla/5.0 (Windows NT 10.0; Win64; x64) AppleWebKit/537.36 (KHTML, like Gecko) Chrome/95.0.4638.69 Safari/537.36"
34.7.213.122 - - [15/Jul/2026:08:57:16 -0600] "POST //xmlrpc.php HTTP/1.1" 200 401 "-" "Mozilla/5.0 (Windows NT 10.0; Win64; x64) AppleWebKit/537.36 (KHTML, like Gecko) Chrome/95.0.4638.69 Safari/537.36"
34.7.213.122 - - [15/Jul/2026:08:57:31 -0600] "POST //xmlrpc.php HTTP/1.1" 200 401 "-" "Mozilla/5.0 (Windows NT 10.0; Win64; x64) AppleWebKit/537.36 (KHTML, like Gecko) Chrome/95.0.4638.69 Safari/537.36"
34.7.213.122 - - [15/Jul/2026:08:57:46 -0600] "POST //xmlrpc.php HTTP/1.1" 200 401 "-" "Mozilla/5.0 (Windows NT 10.0; Win64; x64) AppleWebKit/537.36 (KHTML, like Gecko) Chrome/95.0.4638.69 Safari/537.36"
34.7.213.122 - - [15/Jul/2026:08:58:01 -0600] "POST //xmlrpc.php HTTP/1.1" 200 401 "-" "Mozilla/5.0 (Windows NT 10.0; Win64; x64) AppleWebKit/537.36 (KHTML, like Gecko) Chrome/95.0.4638.69 Safari/537.36"
34.7.213.122 - - [15/Jul/2026:08:58:16 -0600] "POST //xmlrpc.php HTTP/1.1" 200 401 "-" "Mozilla/5.0 (Windows NT 10.0; Win64; x64) AppleWebKit/537.36 (KHTML, like Gecko) Chrome/95.0.4638.69 Safari/537.36"
34.7.213.122 - - [15/Jul/2026:08:58:31 -0600] "POST //xmlrpc.php HTTP/1.1" 200 401 "-" "Mozilla/5.0 (Windows NT 10.0; Win64; x64) AppleWebKit/537.36 (KHTML, like Gecko) Chrome/95.0.4638.69 Safari/537.36"
34.7.213.122 - - [15/Jul/2026:08:58:46 -0600] "POST //xmlrpc.php HTTP/1.1" 200 401 "-" "Mozilla/5.0 (Windows NT 10.0; Win64; x64) AppleWebKit/537.36 (KHTML, like Gecko) Chrome/95.0.4638.69 Safari/537.36"
34.7.213.122 - - [15/Jul/2026:08:59:01 -0600] "POST //xmlrpc.php HTTP/1.1" 200 401 "-" "Mozilla/5.0 (Windows NT 10.0; Win64; x64) AppleWebKit/537.36 (KHTML, like Gecko) Chrome/95.0.4638.69 Safari/537.36"
34.7.213.122 - - [15/Jul/2026:08:54:46 -0600] "POST //xmlrpc.php HTTP/1.1" 200 401 "-" "Mozilla/5.0 (Windows NT 10.0; Win64; x64) AppleWebKit/537.36 (KHTML, like Gecko) Chrome/95.0.4638.69 Safari/537.36"
34.7.213.122 - - [15/Jul/2026:08:55:01 -0600] "POST //xmlrpc.php HTTP/1.1" 200 401 "-" "Mozilla/5.0 (Windows NT 10.0; Win64; x64) AppleWebKit/537.36 (KHTML, like Gecko) Chrome/95.0.4638.69 Safari/537.36"
34.7.213.122 - - [15/Jul/2026:08:55:06 -0600] "POST //xmlrpc.php HTTP/1.1" 200 401 "-" "Mozilla/5.0 (Windows NT 10.0; Win64; x64) AppleWebKit/537.36 (KHTML, like Gecko) Chrome/95.0.4638.69 Safari/537.36"
34.7.213.122 - - [15/Jul/2026:08:55:16 -0600] "POST //xmlrpc.php HTTP/1.1" 200 401 "-" "Mozilla/5.0 (Windows NT 10.0; Win64; x64) AppleWebKit/537.36 (KHTML, like Gecko) Chrome/95.0.4638.69 Safari/537.36"
34.7.213.122 - - [15/Jul/2026:08:55:31 -0600] "POST //xmlrpc.php HTTP/1.1" 200 401 "-" "Mozilla/5.0 (Windows NT 10.0; Win64; x64) AppleWebKit/537.36 (KHTML, like Gecko) Chrome/95.0.4638.69 Safari/537.36"
34.7.213.122 - - [15/Jul/2026:08:55:46 -0600] "POST //xmlrpc.php HTTP/1.1" 200 401 "-" "Mozilla/5.0 (Windows NT 10.0; Win64; x64) AppleWebKit/537.36 (KHTML, like Gecko) Chrome/95.0.4638.69 Safari/537.36"
34.7.213.122 - - [15/Jul/2026:08:56:01 -0600] "POST //xmlrpc.php HTTP/1.1" 200 401 "-" "Mozilla/5.0 (Windows NT 10.0; Win64; x64) AppleWebKit/537.36 (KHTML, like Gecko) Chrome/95.0.4638.69 Safari/537.36"
34.7.213.122 - - [15/Jul/2026:08:56:16 -0600] "POST //xmlrpc.php HTTP/1.1" 200 401 "-" "Mozilla/5.0 (Windows NT 10.0; Win64; x64) AppleWebKit/537.36 (KHTML, like Gecko) Chrome/95.0.4638.69 Safari/537.36"
34.7.213.122 - - [15/Jul/2026:08:56:31 -0600] "POST //xmlrpc.php HTTP/1.1" 200 401 "-" "Mozilla/5.0 (Windows NT 10.0; Win64; x64) AppleWebKit/537.36 (KHTML, like Gecko) Chrome/95.0.4638.69 Safari/537.36"
34.7.213.122 - - [15/Jul/2026:08:56:46 -0600] "POST //xmlrpc.php HTTP/1.1" 200 401 "-" "Mozilla/5.0 (Windows NT 10.0; Win64; x64) AppleWebKit/537.36 (KHTML, like Gecko) Chrome/95.0.4638.69 Safari/537.36"
34.7.213.122 - - [15/Jul/2026:08:57:01 -0600] "POST //xmlrpc.php HTTP/1.1" 200 401 "-" "Mozilla/5.0 (Windows NT 10.0; Win64; x64) AppleWebKit/537.36 (KHTML, like Gecko) Chrome/95.0.4638.69 Safari/537.36"
34.7.213.122 - - [15/Jul/2026:08:57:16 -0600] "POST //xmlrpc.php HTTP/1.1" 200 401 "-" "Mozilla/5.0 (Windows NT 10.0; Win64; x64) AppleWebKit/537.36 (KHTML, like Gecko) Chrome/95.0.4638.69 Safari/537.36"
34.7.213.122 - - [15/Jul/2026:08:57:31 -0600] "POST //xmlrpc.php HTTP/1.1" 200 401 "-" "Mozilla/5.0 (Windows NT 10.0; Win64; x64) AppleWebKit/537.36 (KHTML, like Gecko) Chrome/95.0.4638.69 Safari/537.36"
34.7.213.122 - - [15/Jul/2026:08:57:46 -0600] "POST //xmlrpc.php HTTP/1.1" 200 401 "-" "Mozilla/5.0 (Windows NT 10.0; Win64; x64) AppleWebKit/537.36 (KHTML, like Gecko) Chrome/95.0.4638.69 Safari/537.36"
34.7.213.122 - - [15/Jul/2026:08:58:01 -0600] "POST //xmlrpc.php HTTP/1.1" 200 401 "-" "Mozilla/5.0 (Windows NT 10.0; Win64; x64) AppleWebKit/537.36 (KHTML, like Gecko) Chrome/95.0.4638.69 Safari/537.36"
34.7.213.122 - - [15/Jul/2026:08:58:16 -0600] "POST //xmlrpc.php HTTP/1.1" 200 401 "-" "Mozilla/5.0 (Windows NT 10.0; Win64; x64) AppleWebKit/537.36 (KHTML, like Gecko) Chrome/95.0.4638.69 Safari/537.36"
34.7.213.122 - - [15/Jul/2026:08:58:31 -0600] "POST //xmlrpc.php HTTP/1.1" 200 401 "-" "Mozilla/5.0 (Windows NT 10.0; Win64; x64) AppleWebKit/537.36 (KHTML, like Gecko) Chrome/95.0.4638.69 Safari/537.36"
34.7.213.122 - - [15/Jul/2026:08:58:46 -0600] "POST //xmlrpc.php HTTP/1.1" 200 401 "-" "Mozilla/5.0 (Windows NT 10.0; Win64; x64) AppleWebKit/537.36 (KHTML, like Gecko) Chrome/95.0.4638.69 Safari/537.36"
34.7.213.122 - - [15/Jul/2026:08:59:01 -0600] "POST //xmlrpc.php HTTP/1.1" 200 401 "-" "Mozilla/5.0 (Windows NT 10.0; Win64; x64) AppleWebKit/537.36 (KHTML, like Gecko) Chrome/95.0.4638.69 Safari/537.36"
34.7.213.122 - - [15/Jul/2026:08:59:16 -0600] "POST //xmlrpc.php HTTP/1.1" 200 401 "-" "Mozilla/5.0 (Windows NT 10.0; Win64; x64) AppleWebKit/537.36 (KHTML, like Gecko) Chrome/95.0.4638.69 Safari/537.36"
34.7.213.122 - - [15/Jul/2026:08:59:21 -0600] "POST //xmlrpc.php HTTP/1.1" 200 401 "-" "Mozilla/5.0 (Windows NT 10.0; Win64; x64) AppleWebKit/537.36 (KHTML, like Gecko) Chrome/95.0.4638.69 Safari/537.36"
34.7.213.122 - - [15/Jul/2026:08:59:31 -0600] "POST //xmlrpc.php HTTP/1.1" 200 401 "-" "Mozilla/5.0 (Windows NT 10.0; Win64; x64) AppleWebKit/537.36 (KHTML, like Gecko) Chrome/95.0.4638.69 Safari/537.36"
34.7.213.122 - - [15/Jul/2026:08:59:46 -0600] "POST //xmlrpc.php HTTP/1.1" 200 401 "-" "Mozilla/5.0 (Windows NT 10.0; Win64; x64) AppleWebKit/537.36 (KHTML, like Gecko) Chrome/95.0.4638.69 Safari/537.36"
198.175.150.9 - - [15/Jul/2026:10:32:01 -0600] "POST /wp-cron.php?doing_wp_cron=1784133121.2244279384613037109375 HTTP/1.1" 200 0 "-" "WordPress/7.0.1; https://gigiscleaning.net"
74.7.243.194 - - [15/Jul/2026:10:04:00 -0600] "GET /wp-sitemap.xml HTTP/2" 200 175 "-" "Mozilla/5.0 AppleWebKit/537.36 (KHTML, like Gecko; compatible; GPTBot/1.4; +https://openai.com/gptbot)"
216.73.216.10 - - [15/Jul/2026:10:24:39 -0600] "GET /robots.txt HTTP/2" 200 94 "-" "Mozilla/5.0 AppleWebKit/537.36 (KHTML, like Gecko; compatible; ClaudeBot/1.0; +claudebot@anthropic.com)"
216.73.216.10 - - [15/Jul/2026:10:24:40 -0600] "GET /wp-sitemap.xml HTTP/2" 200 175 "-" "Mozilla/5.0 AppleWebKit/537.36 (KHTML, like Gecko; compatible; ClaudeBot/1.0; +claudebot@anthropic.com)"
198.175.150.9 - - [15/Jul/2026:10:32:01 -0600] "POST /wp-cron.php?doing_wp_cron=1784133121.2625339031219482421875 HTTP/1.1" 200 0 "-" "WordPress/7.0.1; https://gigiscleaning.net"
49.233.45.47 - - [15/Jul/2026:11:21:55 -0600] "GET / HTTP/1.1" 200 30442 "http://gigiscleaning.net" "Mozilla/5.0 (iPhone; CPU iPhone OS 13_2_3 like Mac OS X) AppleWebKit/605.1.15 (KHTML, like Gecko) Version/13.0.3 Mobile/15E148 Safari/604.1"
198.235.24.154 - - [15/Jul/2026:08:56:22 -0600] "GET / HTTP/1.1" 200 146810 "http://mail.gigiscleaning.net/" "Hello from Palo Alto Networks, find out more about our scans in https://docs-cortex.paloaltonetworks.com/r/1/Cortex-Xpanse/Scanning-activity"
162.62.231.139 - - [15/Jul/2026:09:30:19 -0600] "GET / HTTP/1.1" 200 30442 "http://www.gigiscleaning.net" "Mozilla/5.0 (iPhone; CPU iPhone OS 13_2_3 like Mac OS X) AppleWebKit/605.1.15 (KHTML, like Gecko) Version/13.0.3 Mobile/15E148 Safari/604.1"
205.210.31.172 - - [15/Jul/2026:10:32:02 -0600] "GET / HTTP/1.1" 200 146810 "-" "Hello from Palo Alto Networks, find out more about our scans in https://docs-cortex.paloaltonetworks.com/r/1/Cortex-Xpanse/Scanning-activity"
66.249.64.164 - - [15/Jul/2026:11:57:46 -0600] "GET /about-gigi/ HTTP/1.1" 200 26362 "-" "Mozilla/5.0 (Linux; Android 6.0.1; Nexus 5X Build/MMB29P) AppleWebKit/537.36 (KHTML, like Gecko) Chrome/149.0.7827.200 Mobile Safari/537.36 (compatible; GoogleOther)"
66.249.64.162 - - [15/Jul/2026:11:57:49 -0600] "GET /wp-content/uploads/astra-addon/astra-addon-69e3b610cf7f87-73188744.css?ver=4.13.1 HTTP/1.1" 200 5175 "https://gigiscleaning.net/about-gigi/" "Mozilla/5.0 (Linux; Android 6.0.1; Nexus 5X Build/MMB29P) AppleWebKit/537.36 (KHTML, like Gecko) Chrome/149.0.7827.200 Mobile Safari/537.36 (compatible; GoogleOther)"
66.249.64.162 - - [15/Jul/2026:11:57:49 -0600] "GET /wp-content/plugins/ultimate-elementor/assets/min-css/uael-frontend.min.css?ver=1.36.41 HTTP/1.1" 200 66016 "https://gigiscleaning.net/about-gigi/" "Mozilla/5.0 (Linux; Android 6.0.1; Nexus 5X Build/MMB29P) AppleWebKit/537.36 (KHTML, like Gecko) Chrome/149.0.7827.200 Mobile Safari/537.36 (compatible; GoogleOther)"
66.249.64.162 - - [15/Jul/2026:11:57:50 -0600] "GET /wp-content/plugins/elementor/assets/css/widget-social-icons.min.css?ver=3.24.0 HTTP/1.1" 200 1039 "https://gigiscleaning.net/about-gigi/" "Mozilla/5.0 (Linux; Android 6.0.1; Nexus 5X Build/MMB29P) AppleWebKit/537.36 (KHTML, like Gecko) Chrome/149.0.7827.200 Mobile Safari/537.36 (compatible; GoogleOther)"
66.249.64.162 - - [15/Jul/2026:11:57:51 -0600] "GET /wp-content/plugins/elementor/assets/css/widget-image.min.css?ver=4.0.8 HTTP/1.1" 200 96 "https://gigiscleaning.net/about-gigi/" "Mozilla/5.0 (Linux; Android 6.0.1; Nexus 5X Build/MMB29P) AppleWebKit/537.36 (KHTML, like Gecko) Chrome/149.0.7827.200 Mobile Safari/537.36 (compatible; GoogleOther)"
66.249.64.162 - - [15/Jul/2026:11:57:51 -0600] "GET /wp-content/uploads/elementor/css/post-8.css?ver=1783639292 HTTP/1.1" 200 342 "https://gigiscleaning.net/about-gigi/" "Mozilla/5.0 (Linux; Android 6.0.1; Nexus 5X Build/MMB29P) AppleWebKit/537.36 (KHTML, like Gecko) Chrome/149.0.7827.200 Mobile Safari/537.36 (compatible; GoogleOther)"
66.249.64.162 - - [15/Jul/2026:11:57:52 -0600] "GET /wp-content/plugins/elementor/assets/lib/font-awesome/css/fontawesome.css?ver=5.15.3 HTTP/1.1" 200 12526 "https://gigiscleaning.net/about-gigi/" "Mozilla/5.0 (Linux; Android 6.0.1; Nexus 5X Build/MMB29P) AppleWebKit/537.36 (KHTML, like Gecko) Chrome/149.0.7827.200 Mobile Safari/537.36 (compatible; GoogleOther)"
66.249.64.162 - - [15/Jul/2026:11:57:52 -0600] "GET /wp-content/plugins/elementor/assets/lib/font-awesome/css/brands.css?ver=5.15.3 HTTP/1.1" 200 296 "https://gigiscleaning.net/about-gigi/" "Mozilla/5.0 (Linux; Android 6.0.1; Nexus 5X Build/MMB29P) AppleWebKit/537.36 (KHTML, like Gecko) Chrome/149.0.7827.200 Mobile Safari/537.36 (compatible; GoogleOther)"
66.249.64.162 - - [15/Jul/2026:11:57:53 -0600] "GET /wp-content/plugins/elementor/assets/css/widget-heading.min.css?ver=4.0.8 HTTP/1.1" 200 126 "https://gigiscleaning.net/about-gigi/" "Mozilla/5.0 (Linux; Android 6.0.1; Nexus 5X Build/MMB29P) AppleWebKit/537.36 (KHTML, like Gecko) Chrome/149.0.7827.200 Mobile Safari/537.36 (compatible; GoogleOther)"
66.249.64.162 - - [15/Jul/2026:11:57:54 -0600] "GET /wp-content/plugins/elementor/assets/lib/animations/styles/rotateInUpLeft.min.css?ver=4.0.8 HTTP/1.1" 200 117 "https://gigiscleaning.net/about-gigi/" "Mozilla/5.0 (Linux; Android 6.0.1; Nexus 5X Build/MMB29P) AppleWebKit/537.36 (KHTML, like Gecko) Chrome/149.0.7827.200 Mobile Safari/537.36 (compatible; GoogleOther)"
66.249.64.162 - - [15/Jul/2026:11:57:54 -0600] "GET /wp-content/themes/astra/assets/js/minified/frontend.min.js?ver=4.13.2 HTTP/1.1" 200 5659 "https://gigiscleaning.net/about-gigi/" "Mozilla/5.0 (Linux; Android 6.0.1; Nexus 5X Build/MMB29P) AppleWebKit/537.36 (KHTML, like Gecko) Chrome/149.0.7827.200 Mobile Safari/537.36 (compatible; GoogleOther)"
66.249.64.162 - - [15/Jul/2026:11:57:55 -0600] "GET /wp-includes/js/jquery/jquery.min.js?ver=3.7.1 HTTP/1.1" 200 29744 "https://gigiscleaning.net/about-gigi/" "Mozilla/5.0 (Linux; Android 6.0.1; Nexus 5X Build/MMB29P) AppleWebKit/537.36 (KHTML, like Gecko) Chrome/149.0.7827.200 Mobile Safari/537.36 (compatible; GoogleOther)"
66.249.64.162 - - [15/Jul/2026:11:57:55 -0600] "GET /wp-content/plugins/elementor/assets/css/conditionals/apple-webkit.min.css?ver=4.0.8 HTTP/1.1" 200 464 "https://gigiscleaning.net/about-gigi/" "Mozilla/5.0 (Linux; Android 6.0.1; Nexus 5X Build/MMB29P) AppleWebKit/537.36 (KHTML, like Gecko) Chrome/149.0.7827.200 Mobile Safari/537.36 (compatible; GoogleOther)"
66.249.64.162 - - [15/Jul/2026:11:57:55 -0600] "GET /wp-includes/js/jquery/jquery-migrate.min.js?ver=3.4.1 HTTP/1.1" 200 4678 "https://gigiscleaning.net/about-gigi/" "Mozilla/5.0 (Linux; Android 6.0.1; Nexus 5X Build/MMB29P) AppleWebKit/537.36 (KHTML, like Gecko) Chrome/149.0.7827.200 Mobile Safari/537.36 (compatible; GoogleOther)"
66.249.64.162 - - [15/Jul/2026:11:57:56 -0600] "GET /wp-content/uploads/elementor/css/post-28.css?ver=1783706481 HTTP/1.1" 200 606 "https://gigiscleaning.net/about-gigi/" "Mozilla/5.0 (Linux; Android 6.0.1; Nexus 5X Build/MMB29P) AppleWebKit/537.36 (KHTML, like Gecko) Chrome/149.0.7827.200 Mobile Safari/537.36 (compatible; GoogleOther)"
66.249.64.162 - - [15/Jul/2026:11:57:56 -0600] "GET /wp-content/themes/astra/assets/css/minified/main.min.css?ver=4.13.2 HTTP/1.1" 200 8375 "https://gigiscleaning.net/about-gigi/" "Mozilla/5.0 (Linux; Android 6.0.1; Nexus 5X Build/MMB29P) AppleWebKit/537.36 (KHTML, like Gecko) Chrome/149.0.7827.200 Mobile Safari/537.36 (compatible; GoogleOther)"
66.249.64.162 - - [15/Jul/2026:11:57:57 -0600] "GET /wp-content/plugins/astra-addon/addons/nav-menu/assets/css/minified/magamenu-frontend.min.css?ver=4.13.1 HTTP/1.1" 200 0 "https://gigiscleaning.net/about-gigi/" "Mozilla/5.0 (Linux; Android 6.0.1; Nexus 5X Build/MMB29P) AppleWebKit/537.36 (KHTML, like Gecko) Chrome/149.0.7827.200 Mobile Safari/537.36 (compatible; GoogleOther)"
66.249.64.162 - - [15/Jul/2026:11:57:57 -0600] "GET /wp-content/uploads/2024/11/gigi1200.jpg HTTP/1.1" 200 28288 "https://gigiscleaning.net/about-gigi/" "Mozilla/5.0 (Linux; Android 6.0.1; Nexus 5X Build/MMB29P) AppleWebKit/537.36 (KHTML, like Gecko) Chrome/149.0.7827.200 Mobile Safari/537.36 (compatible; GoogleOther)"
66.249.64.162 - - [15/Jul/2026:11:57:58 -0600] "GET /wp-content/uploads/astra-addon/astra-addon-69e3b610cff090-86866071.js?ver=4.13.1 HTTP/1.1" 200 4782 "https://gigiscleaning.net/about-gigi/" "Mozilla/5.0 (Linux; Android 6.0.1; Nexus 5X Build/MMB29P) AppleWebKit/537.36 (KHTML, like Gecko) Chrome/149.0.7827.200 Mobile Safari/537.36 (compatible; GoogleOther)"
66.249.64.162 - - [15/Jul/2026:11:57:58 -0600] "GET /wp-content/plugins/elementor/assets/js/webpack.runtime.min.js?ver=4.0.8 HTTP/1.1" 200 2280 "https://gigiscleaning.net/about-gigi/" "Mozilla/5.0 (Linux; Android 6.0.1; Nexus 5X Build/MMB29P) AppleWebKit/537.36 (KHTML, like Gecko) Chrome/149.0.7827.200 Mobile Safari/537.36 (compatible; GoogleOther)"
66.249.64.162 - - [15/Jul/2026:11:57:58 -0600] "GET /wp-content/plugins/astra-addon/assets/js/minified/purify.min.js?ver=4.13.1 HTTP/1.1" 200 8451 "https://gigiscleaning.net/about-gigi/" "Mozilla/5.0 (Linux; Android 6.0.1; Nexus 5X Build/MMB29P) AppleWebKit/537.36 (KHTML, like Gecko) Chrome/149.0.7827.200 Mobile Safari/537.36 (compatible; GoogleOther)"
66.249.64.162 - - [15/Jul/2026:11:57:59 -0600] "GET /wp-includes/js/dist/i18n.min.js?ver=781d11515ad3d91786ec HTTP/1.1" 200 2354 "https://gigiscleaning.net/about-gigi/" "Mozilla/5.0 (Linux; Android 6.0.1; Nexus 5X Build/MMB29P) AppleWebKit/537.36 (KHTML, like Gecko) Chrome/149.0.7827.200 Mobile Safari/537.36 (compatible; GoogleOther)"
198.175.150.9 - - [15/Jul/2026:10:04:01 -0600] "POST /wp-cron.php?doing_wp_cron=1784131441.4613800048828125000000 HTTP/1.1" 200 0 "-" "WordPress/7.0.1; https://gigiscleaning.net"
205.210.31.172 - - [15/Jul/2026:10:32:00 -0600] "GET / HTTP/1.1" 301 0 "-" "Hello from Palo Alto Networks, find out more about our scans in https://docs-cortex.paloaltonetworks.com/r/1/Cortex-Xpanse/Scanning-activity"
198.175.150.9 - - [15/Jul/2026:11:57:46 -0600] "POST /wp-cron.php?doing_wp_cron=1784138266.4881420135498046875000 HTTP/1.1" 200 0 "-" "WordPress/7.0.1; https://gigiscleaning.net"
198.175.150.9 - - [15/Jul/2026:11:57:46 -0600] "POST /wp-cron.php?doing_wp_cron=1784138266.5105500221252441406250 HTTP/1.1" 200 0 "-" "WordPress/7.0.1; https://gigiscleaning.net"
66.249.64.163 - - [15/Jul/2026:11:57:45 -0600] "GET /robots.txt HTTP/1.1" 200 94 "-" "Mozilla/5.0 (compatible; Googlebot/2.1; +http://www.google.com/bot.html)"
66.249.64.163 - - [15/Jul/2026:11:57:48 -0600] "GET /wp-content/plugins/elementor/assets/css/frontend.min.css?ver=4.0.8 HTTP/1.1" 200 6613 "https://gigiscleaning.net/about-gigi/" "Mozilla/5.0 (Linux; Android 6.0.1; Nexus 5X Build/MMB29P) AppleWebKit/537.36 (KHTML, like Gecko) Chrome/149.0.7827.200 Mobile Safari/537.36 (compatible; GoogleOther)"
66.249.64.163 - - [15/Jul/2026:11:57:49 -0600] "GET /wp-content/plugins/elementor/assets/lib/font-awesome/css/solid.css?ver=5.15.3 HTTP/1.1" 200 296 "https://gigiscleaning.net/about-gigi/" "Mozilla/5.0 (Linux; Android 6.0.1; Nexus 5X Build/MMB29P) AppleWebKit/537.36 (KHTML, like Gecko) Chrome/149.0.7827.200 Mobile Safari/537.36 (compatible; GoogleOther)"
66.249.64.163 - - [15/Jul/2026:11:57:50 -0600] "GET /wp-content/plugins/elementor-pro/assets/css/widget-share-buttons.min.css?ver=4.0.4 HTTP/1.1" 200 2132 "https://gigiscleaning.net/about-gigi/" "Mozilla/5.0 (Linux; Android 6.0.1; Nexus 5X Build/MMB29P) AppleWebKit/537.36 (KHTML, like Gecko) Chrome/149.0.7827.200 Mobile Safari/537.36 (compatible; GoogleOther)"
198.175.150.9 - - [15/Jul/2026:11:57:46 -0600] "POST /wp-cron.php?doing_wp_cron=1784138266.5262219905853271484375 HTTP/1.1" 200 0 "-" "WordPress/7.0.1; https://gigiscleaning.net"
66.249.64.162 - - [15/Jul/2026:11:57:59 -0600] "GET /wp-content/plugins/elementor/assets/js/frontend-modules.min.js?ver=4.0.8 HTTP/1.1" 200 15445 "https://gigiscleaning.net/about-gigi/" "Mozilla/5.0 (Linux; Android 6.0.1; Nexus 5X Build/MMB29P) AppleWebKit/537.36 (KHTML, like Gecko) Chrome/149.0.7827.200 Mobile Safari/537.36 (compatible; GoogleOther)"
66.249.64.162 - - [15/Jul/2026:11:58:00 -0600] "GET /wp-content/plugins/elementor-pro/assets/js/elements-handlers.min.js?ver=4.0.4 HTTP/1.1" 200 10079 "https://gigiscleaning.net/about-gigi/" "Mozilla/5.0 (Linux; Android 6.0.1; Nexus 5X Build/MMB29P) AppleWebKit/537.36 (KHTML, like Gecko) Chrome/149.0.7827.200 Mobile Safari/537.36 (compatible; GoogleOther)"
66.249.64.162 - - [15/Jul/2026:11:58:00 -0600] "GET /wp-includes/js/jquery/ui/core.min.js?ver=1.13.3 HTTP/1.1" 200 6812 "https://gigiscleaning.net/about-gigi/" "Mozilla/5.0 (Linux; Android 6.0.1; Nexus 5X Build/MMB29P) AppleWebKit/537.36 (KHTML, like Gecko) Chrome/149.0.7827.200 Mobile Safari/537.36 (compatible; GoogleOther)"
66.249.64.162 - - [15/Jul/2026:11:58:01 -0600] "GET /wp-content/plugins/elementor-pro/assets/js/frontend.min.js?ver=4.0.4 HTTP/1.1" 200 6191 "https://gigiscleaning.net/about-gigi/" "Mozilla/5.0 (Linux; Android 6.0.1; Nexus 5X Build/MMB29P) AppleWebKit/537.36 (KHTML, like Gecko) Chrome/149.0.7827.200 Mobile Safari/537.36 (compatible; GoogleOther)"
66.249.64.162 - - [15/Jul/2026:11:58:01 -0600] "GET /wp-includes/js/dist/hooks.min.js?ver=7496969728ca0f95732d HTTP/1.1" 200 1734 "https://gigiscleaning.net/about-gigi/" "Mozilla/5.0 (Linux; Android 6.0.1; Nexus 5X Build/MMB29P) AppleWebKit/537.36 (KHTML, like Gecko) Chrome/149.0.7827.200 Mobile Safari/537.36 (compatible; GoogleOther)"
66.249.64.162 - - [15/Jul/2026:11:58:02 -0600] "GET /wp-content/plugins/elementor-pro/assets/js/webpack-pro.runtime.min.js?ver=4.0.4 HTTP/1.1" 200 2611 "https://gigiscleaning.net/about-gigi/" "Mozilla/5.0 (Linux; Android 6.0.1; Nexus 5X Build/MMB29P) AppleWebKit/537.36 (KHTML, like Gecko) Chrome/149.0.7827.200 Mobile Safari/537.36 (compatible; GoogleOther)"
66.249.64.162 - - [15/Jul/2026:11:58:02 -0600] "GET /wp-content/plugins/elementor/assets/js/frontend.min.js?ver=4.0.8 HTTP/1.1" 200 10050 "https://gigiscleaning.net/about-gigi/" "Mozilla/5.0 (Linux; Android 6.0.1; Nexus 5X Build/MMB29P) AppleWebKit/537.36 (KHTML, like Gecko) Chrome/149.0.7827.200 Mobile Safari/537.36 (compatible; GoogleOther)"
66.249.64.162 - - [15/Jul/2026:11:58:03 -0600] "GET /wp-content/plugins/elementor/assets/js/text-editor.45609661e409413f1cef.bundle.min.js HTTP/1.1" 200 592 "https://gigiscleaning.net/about-gigi/" "Mozilla/5.0 (Linux; Android 6.0.1; Nexus 5X Build/MMB29P) AppleWebKit/537.36 (KHTML, like Gecko) Chrome/149.0.7827.200 Mobile Safari/537.36 (compatible; GoogleOther)"
66.249.64.162 - - [15/Jul/2026:11:58:03 -0600] "GET /wp-content/plugins/elementor/assets/js/shared-frontend-handlers.03caa53373b56d3bab67.bundle.min.js HTTP/1.1" 200 2511 "https://gigiscleaning.net/about-gigi/" "Mozilla/5.0 (Linux; Android 6.0.1; Nexus 5X Build/MMB29P) AppleWebKit/537.36 (KHTML, like Gecko) Chrome/149.0.7827.200 Mobile Safari/537.36 (compatible; GoogleOther)"
66.249.64.162 - - [15/Jul/2026:11:58:04 -0600] "GET /wp-content/plugins/elementor-pro/assets/js/share-buttons.b99b5ff11c944a3a8ea9.bundle.min.js HTTP/1.1" 200 681 "https://gigiscleaning.net/about-gigi/" "Mozilla/5.0 (Linux; Android 6.0.1; Nexus 5X Build/MMB29P) AppleWebKit/537.36 (KHTML, like Gecko) Chrome/149.0.7827.200 Mobile Safari/537.36 (compatible; GoogleOther)"
66.249.64.162 - - [15/Jul/2026:11:58:04 -0600] "GET /wp-content/plugins/elementor/assets/lib/share-link/share-link.min.js?ver=4.0.8 HTTP/1.1" 200 1072 "https://gigiscleaning.net/about-gigi/" "Mozilla/5.0 (Linux; Android 6.0.1; Nexus 5X Build/MMB29P) AppleWebKit/537.36 (KHTML, like Gecko) Chrome/149.0.7827.200 Mobile Safari/537.36 (compatible; GoogleOther)"
43.164.129.191 - - [15/Jul/2026:12:04:08 -0600] "GET / HTTP/1.1" 200 30442 "http://gigiscleaning.net" "Mozilla/5.0 (iPhone; CPU iPhone OS 13_2_3 like Mac OS X) AppleWebKit/605.1.15 (KHTML, like Gecko) Version/13.0.3 Mobile/15E148 Safari/604.1"
216.73.216.10 - - [15/Jul/2026:12:23:28 -0600] "GET /robots.txt HTTP/2" 200 94 "-" "Mozilla/5.0 AppleWebKit/537.36 (KHTML, like Gecko; compatible; ClaudeBot/1.0; +claudebot@anthropic.com)"
216.73.216.10 - - [15/Jul/2026:12:23:29 -0600] "GET /wp-sitemap.xml HTTP/2" 200 175 "-" "Mozilla/5.0 AppleWebKit/537.36 (KHTML, like Gecko; compatible; ClaudeBot/1.0; +claudebot@anthropic.com)"
141.148.219.117 - - [15/Jul/2026:12:39:01 -0600] "GET /wp-login.php HTTP/1.1" 200 2339 "-" "Mozilla/5.0 (Windows NT 10.0; Win64; rv:143.0) Gecko/20100101 Firefox/143.0"
141.148.219.117 - - [15/Jul/2026:12:39:02 -0600] "GET /?author=1 HTTP/1.1" 301 0 "-" "Mozilla/5.0 (Macintosh; Intel Mac OS X 10_15_7) AppleWebKit/605.1.15 Version/17.0 Safari/605.1.15"
141.148.219.117 - - [15/Jul/2026:12:39:03 -0600] "GET /?rest_route=/wp/v2/users HTTP/1.1" 200 391 "-" "Mozilla/5.0 (Windows NT 10.0; Win64; rv:143.0) Gecko/20100101 Firefox/143.0"
198.175.150.9 - - [15/Jul/2026:14:25:55 -0600] "POST /wp-cron.php?doing_wp_cron=1784147155.9381680488586425781250 HTTP/1.1" 200 0 "-" "WordPress/7.0.1; https://gigiscleaning.net"
43.130.67.6 - - [15/Jul/2026:12:46:48 -0600] "GET / HTTP/1.1" 200 30435 "http://www.gigiscleaning.net" "Mozilla/5.0 (iPhone; CPU iPhone OS 13_2_3 like Mac OS X) AppleWebKit/605.1.15 (KHTML, like Gecko) Version/13.0.3 Mobile/15E148 Safari/604.1"
159.65.83.63 - - [15/Jul/2026:13:37:41 -0600] "GET / HTTP/1.1" 200 30489 "-" "Mozilla/5.0 (X11; Linux x86_64) AppleWebKit/537.36 (KHTML, like Gecko) Chrome/142.0.0.0 Safari/537.36"
205.210.31.156 - - [15/Jul/2026:14:25:55 -0600] "GET / HTTP/1.1" 200 146810 "-" "Hello from Palo Alto Networks, find out more about our scans in https://docs-cortex.paloaltonetworks.com/r/1/Cortex-Xpanse/Scanning-activity"
216.73.216.10 - - [15/Jul/2026:14:31:20 -0600] "GET /robots.txt HTTP/2" 200 94 "-" "Mozilla/5.0 AppleWebKit/537.36 (KHTML, like Gecko; compatible; ClaudeBot/1.0; +claudebot@anthropic.com)"
216.73.216.10 - - [15/Jul/2026:14:31:21 -0600] "GET /wp-sitemap.xml HTTP/2" 200 175 "-" "Mozilla/5.0 AppleWebKit/537.36 (KHTML, like Gecko; compatible; ClaudeBot/1.0; +claudebot@anthropic.com)"
198.175.150.9 - - [15/Jul/2026:12:39:02 -0600] "POST /wp-cron.php?doing_wp_cron=1784140742.3788409233093261718750 HTTP/1.1" 200 0 "-" "WordPress/7.0.1; https://gigiscleaning.net"
136.0.180.228 - - [15/Jul/2026:12:39:19 -0600] "GET / HTTP/1.1" 200 30489 "-" "Mozilla/5.0 (Windows NT 10.0; Win64; x64) AppleWebKit/537.36 (KHTML, like Gecko) Chrome/124.0.0.0 Safari/537.36"
159.65.83.63 - - [15/Jul/2026:13:37:45 -0600] "GET /wp-content/uploads/2024/11/cropped-gigi-icon-32x32.jpg HTTP/1.1" 200 1191 "https://gigiscleaning.net/" "Mozilla/5.0 (X11; Linux x86_64) AppleWebKit/537.36 (KHTML, like Gecko) Chrome/142.0.0.0 Safari/537.36"
66.190.11.178 - - [15/Jul/2026:13:37:57 -0600] "GET / HTTP/1.1" 200 30489 "-" "cms-scanner/2.0 (research)"
198.175.150.9 - - [15/Jul/2026:14:25:55 -0600] "POST /wp-cron.php?doing_wp_cron=1784147155.9631929397583007812500 HTTP/1.1" 200 0 "-" "WordPress/7.0.1; https://gigiscleaning.net"
43.157.191.20 - - [15/Jul/2026:15:34:51 -0600] "GET / HTTP/1.1" 200 30442 "http://gigiscleaning.net" "Mozilla/5.0 (iPhone; CPU iPhone OS 13_2_3 like Mac OS X) AppleWebKit/605.1.15 (KHTML, like Gecko) Version/13.0.3 Mobile/15E148 Safari/604.1"
216.73.216.10 - - [15/Jul/2026:16:30:33 -0600] "GET /robots.txt HTTP/2" 200 94 "-" "Mozilla/5.0 AppleWebKit/537.36 (KHTML, like Gecko; compatible; ClaudeBot/1.0; +claudebot@anthropic.com)"
216.73.216.10 - - [15/Jul/2026:16:30:34 -0600] "GET /wp-sitemap.xml HTTP/2" 200 175 "-" "Mozilla/5.0 AppleWebKit/537.36 (KHTML, like Gecko; compatible; ClaudeBot/1.0; +claudebot@anthropic.com)"
74.7.241.18 - - [15/Jul/2026:16:34:36 -0600] "GET / HTTP/2" 200 25502 "https://mail.allwebsitesdirectory.com" "Mozilla/5.0 AppleWebKit/537.36 (KHTML, like Gecko; compatible; GPTBot/1.4; +https://openai.com/gptbot)"
162.14.114.97 - - [15/Jul/2026:16:38:05 -0600] "GET / HTTP/1.1" 200 30442 "http://www.gigiscleaning.net" "Mozilla/5.0 (iPhone; CPU iPhone OS 13_2_3 like Mac OS X) AppleWebKit/605.1.15 (KHTML, like Gecko) Version/13.0.3 Mobile/15E148 Safari/604.1"
43.153.122.30 - - [15/Jul/2026:16:15:04 -0600] "GET / HTTP/1.1" 200 30442 "http://www.gigiscleaning.net" "Mozilla/5.0 (iPhone; CPU iPhone OS 13_2_3 like Mac OS X) AppleWebKit/605.1.15 (KHTML, like Gecko) Version/13.0.3 Mobile/15E148 Safari/604.1"
74.7.175.167 - - [15/Jul/2026:16:33:11 -0600] "GET /robots.txt HTTP/2" 200 94 "-" "Mozilla/5.0 (Macintosh; Intel Mac OS X 10_15_7) AppleWebKit/537.36 (KHTML, like Gecko) Chrome/131.0.0.0 Safari/537.36; compatible; OAI-SearchBot/1.4; robots.txt; +https://openai.com/searchbot"
198.175.150.9 - - [15/Jul/2026:16:38:06 -0600] "POST /wp-cron.php?doing_wp_cron=1784155086.6439321041107177734375 HTTP/1.1" 200 0 "-" "WordPress/7.0.1; https://gigiscleaning.net"
198.175.150.9 - - [15/Jul/2026:18:14:02 -0600] "POST /wp-cron.php?doing_wp_cron=1784160842.5973451137542724609375 HTTP/1.1" 200 0 "-" "WordPress/7.0.1; https://gigiscleaning.net"
147.185.132.36 - - [15/Jul/2026:18:15:15 -0600] "GET /wp-login.php HTTP/1.1" 200 6592 "-" "Hello from Palo Alto Networks, find out more about our scans in https://docs-cortex.paloaltonetworks.com/r/1/Cortex-Xpanse/Scanning-activity"
205.210.31.81 - - [15/Jul/2026:18:17:24 -0600] "GET /webshell.php HTTP/1.1" 404 126292 "-" "Hello from Palo Alto Networks, find out more about our scans in https://docs-cortex.paloaltonetworks.com/r/1/Cortex-Xpanse/Scanning-activity"
198.175.150.9 - - [15/Jul/2026:18:47:23 -0600] "POST /wp-cron.php?doing_wp_cron=1784162843.0192348957061767578125 HTTP/1.1" 200 0 "-" "WordPress/7.0.1; https://gigiscleaning.net"
43.130.3.120 - - [15/Jul/2026:19:01:25 -0600] "GET / HTTP/1.1" 200 30441 "http://gigiscleaning.net" "Mozilla/5.0 (iPhone; CPU iPhone OS 13_2_3 like Mac OS X) AppleWebKit/605.1.15 (KHTML, like Gecko) Version/13.0.3 Mobile/15E148 Safari/604.1"
198.235.24.17 - - [15/Jul/2026:18:47:21 -0600] "GET /webshell HTTP/1.1" 404 126292 "-" "Hello from Palo Alto Networks, find out more about our scans in https://docs-cortex.paloaltonetworks.com/r/1/Cortex-Xpanse/Scanning-activity"
198.175.150.9 - - [15/Jul/2026:18:14:02 -0600] "POST /wp-cron.php?doing_wp_cron=1784160842.5639278888702392578125 HTTP/1.1" 200 0 "-" "WordPress/7.0.1; https://gigiscleaning.net"
198.235.24.249 - - [15/Jul/2026:18:29:51 -0600] "GET /shell HTTP/1.1" 404 126292 "-" "Hello from Palo Alto Networks, find out more about our scans in https://docs-cortex.paloaltonetworks.com/r/1/Cortex-Xpanse/Scanning-activity"
139.59.75.42 - - [15/Jul/2026:19:11:35 -0600] "GET /favicon.ico HTTP/1.1" 400 52 "https://autodiscover.gigiscleaning.net/" "Mozilla/5.0 (X11; Linux x86_64) AppleWebKit/537.36 (KHTML, like Gecko) Chrome/142.0.0.0 Safari/537.36"
198.175.150.9 - - [15/Jul/2026:18:14:03 -0600] "POST /wp-cron.php?doing_wp_cron=1784160843.0241370201110839843750 HTTP/1.1" 200 0 "-" "WordPress/7.0.1; https://gigiscleaning.net"
205.210.31.60 - - [15/Jul/2026:18:14:01 -0600] "GET /shell.php HTTP/1.1" 404 126292 "-" "Hello from Palo Alto Networks, find out more about our scans in https://docs-cortex.paloaltonetworks.com/r/1/Cortex-Xpanse/Scanning-activity"
205.210.31.30 - - [15/Jul/2026:18:14:43 -0600] "GET /webshell HTTP/1.1" 404 126292 "-" "Hello from Palo Alto Networks, find out more about our scans in https://docs-cortex.paloaltonetworks.com/r/1/Cortex-Xpanse/Scanning-activity"
216.73.216.236 - - [15/Jul/2026:18:31:20 -0600] "GET /robots.txt HTTP/2" 200 94 "-" "Mozilla/5.0 AppleWebKit/537.36 (KHTML, like Gecko; compatible; ClaudeBot/1.0; +claudebot@anthropic.com)"
216.73.216.236 - - [15/Jul/2026:18:31:21 -0600] "GET /wp-sitemap.xml HTTP/2" 200 175 "-" "Mozilla/5.0 AppleWebKit/537.36 (KHTML, like Gecko; compatible; ClaudeBot/1.0; +claudebot@anthropic.com)"
139.59.75.42 - - [15/Jul/2026:19:11:29 -0600] "GET / HTTP/1.1" 400 52 "-" "Mozilla/5.0 (X11; Linux x86_64) AppleWebKit/537.36 (KHTML, like Gecko) Chrome/142.0.0.0 Safari/537.36"
43.165.4.2 - - [15/Jul/2026:19:54:37 -0600] "GET / HTTP/1.1" 200 30441 "http://www.gigiscleaning.net" "Mozilla/5.0 (iPhone; CPU iPhone OS 13_2_3 like Mac OS X) AppleWebKit/605.1.15 (KHTML, like Gecko) Version/13.0.3 Mobile/15E148 Safari/604.1"
173.252.87.8 - - [15/Jul/2026:20:14:35 -0600] "GET /robots.txt HTTP/2" 200 118 "-" "facebookexternalhit/1.1 (+http://www.facebook.com/externalhit_uatext.php)"
216.73.216.236 - - [15/Jul/2026:20:25:00 -0600] "GET /robots.txt HTTP/2" 200 94 "-" "Mozilla/5.0 AppleWebKit/537.36 (KHTML, like Gecko; compatible; ClaudeBot/1.0; +claudebot@anthropic.com)"
216.73.216.236 - - [15/Jul/2026:20:25:01 -0600] "GET /wp-sitemap.xml HTTP/2" 200 175 "-" "Mozilla/5.0 AppleWebKit/537.36 (KHTML, like Gecko; compatible; ClaudeBot/1.0; +claudebot@anthropic.com)"
198.175.150.9 - - [15/Jul/2026:20:41:24 -0600] "POST /wp-cron.php?doing_wp_cron=1784169684.8038148880004882812500 HTTP/1.1" 200 0 "-" "WordPress/7.0.1; https://gigiscleaning.net"
149.232.138.73 - - [15/Jul/2026:20:41:24 -0600] "GET /robots.txt HTTP/2" 200 94 "https://gigiscleaning.net/robots.txt" "Mozilla/5.0 (Macintosh; Intel Mac OS X 10_15_7) AppleWebKit/537.36 (KHTML, like Gecko) Chrome/120.0.0.0 Safari/537.36"
82.23.206.85 - - [15/Jul/2026:20:44:29 -0600] "GET /wp-login.php?action=register HTTP/1.1" 302 0 "-" "Mozilla/5.0 (Windows NT 5.1; rv:52.0) Gecko/20100101 Firefox/52.0"
82.23.206.85 - - [15/Jul/2026:20:44:30 -0600] "GET /wp-login.php?registration=disabled HTTP/1.1" 200 2415 "-" "Mozilla/5.0 (Windows NT 5.1; rv:52.0) Gecko/20100101 Firefox/52.0"
43.165.67.251 - - [15/Jul/2026:20:48:17 -0600] "POST /wp-json/gutenkit/v1/install-active-plugin HTTP/1.1" 404 119 "-" "Mozilla/5.0 (iPhone; CPU iPhone OS 18_3_2 like Mac OS X) AppleWebKit/605.1.15 (KHTML, like Gecko) Version/18.3.1 Mobile/15E148 Safari/604.1"
139.155.126.16 - - [15/Jul/2026:22:08:43 -0600] "GET / HTTP/1.1" 200 30441 "http://gigiscleaning.net" "Mozilla/5.0 (iPhone; CPU iPhone OS 13_2_3 like Mac OS X) AppleWebKit/605.1.15 (KHTML, like Gecko) Version/13.0.3 Mobile/15E148 Safari/604.1"
216.73.216.236 - - [15/Jul/2026:22:19:55 -0600] "GET /robots.txt HTTP/2" 200 94 "-" "Mozilla/5.0 AppleWebKit/537.36 (KHTML, like Gecko; compatible; ClaudeBot/1.0; +claudebot@anthropic.com)"
216.73.216.236 - - [15/Jul/2026:22:19:55 -0600] "GET /wp-sitemap.xml HTTP/2" 200 175 "-" "Mozilla/5.0 AppleWebKit/537.36 (KHTML, like Gecko; compatible; ClaudeBot/1.0; +claudebot@anthropic.com)"
43.159.34.167 - - [15/Jul/2026:22:17:29 -0600] "GET /feed/ HTTP/1.1" 200 574 "-" "Mozilla/5.0 (iPhone; CPU iPhone OS 13_2_3 like Mac OS X) AppleWebKit/605.1.15 (KHTML, like Gecko) Version/13.0.3 Mobile/15E148 Safari/604.1"
43.157.46.118 - - [15/Jul/2026:22:33:25 -0600] "GET /wp-json/oembed/1.0/embed?url=https%3A%2F%2Fgigiscleaning.net%2F&format=xml HTTP/1.1" 200 1118 "-" "Mozilla/5.0 (iPhone; CPU iPhone OS 13_2_3 like Mac OS X) AppleWebKit/605.1.15 (KHTML, like Gecko) Version/13.0.3 Mobile/15E148 Safari/604.1"
198.175.150.9 - - [15/Jul/2026:23:14:13 -0600] "POST /wp-cron.php?doing_wp_cron=1784178853.8560209274291992187500 HTTP/1.1" 200 0 "-" "WordPress/7.0.1; https://gigiscleaning.net"
198.175.150.9 - - [15/Jul/2026:23:14:12 -0600] "POST /wp-cron.php?doing_wp_cron=1784178852.4127070903778076171875 HTTP/1.1" 200 0 "-" "WordPress/7.0.1; https://gigiscleaning.net"
34.142.220.164 - - [15/Jul/2026:23:14:11 -0600] "GET /administrator/components/com_jce/config.xml HTTP/2" 404 25002 "-" "Mozilla/5.0 (compatible; Googlebot/2.1; +http://www.google.com/bot.html)"
198.175.150.9 - - [15/Jul/2026:23:14:12 -0600] "POST /wp-cron.php?doing_wp_cron=1784178852.4575018882751464843750 HTTP/1.1" 200 0 "-" "WordPress/7.0.1; https://gigiscleaning.net"
43.130.150.80 - - [16/Jul/2026:00:16:14 -0600] "GET / HTTP/1.1" 200 30441 "http://gigiscleaning.net" "Mozilla/5.0 (iPhone; CPU iPhone OS 13_2_3 like Mac OS X) AppleWebKit/605.1.15 (KHTML, like Gecko) Version/13.0.3 Mobile/15E148 Safari/604.1"
216.73.216.236 - - [16/Jul/2026:00:19:42 -0600] "GET /robots.txt HTTP/2" 200 94 "-" "Mozilla/5.0 AppleWebKit/537.36 (KHTML, like Gecko; compatible; ClaudeBot/1.0; +claudebot@anthropic.com)"
216.73.216.236 - - [16/Jul/2026:00:19:44 -0600] "GET /wp-sitemap.xml HTTP/2" 200 175 "-" "Mozilla/5.0 AppleWebKit/537.36 (KHTML, like Gecko; compatible; ClaudeBot/1.0; +claudebot@anthropic.com)"
198.175.150.9 - - [16/Jul/2026:00:40:56 -0600] "POST /wp-cron.php?doing_wp_cron=1784184056.0727660655975341796875 HTTP/1.1" 200 0 "-" "WordPress/7.0.1; https://gigiscleaning.net"
47.254.92.190 - - [16/Jul/2026:00:40:55 -0600] "GET /feed/ HTTP/1.1" 200 574 "-" "Mozilla/5.0 (iPhone; CPU iPhone OS 13_2_3 like Mac OS X) AppleWebKit/605.1.15 (KHTML, like Gecko) Version/13.0.3 Mobile/15E148 Safari/604.1"
104.210.140.130 - - [16/Jul/2026:00:57:21 -0600] "GET /robots.txt HTTP/2" 200 94 "-" "Mozilla/5.0 (Macintosh; Intel Mac OS X 10_15_7) AppleWebKit/537.36 (KHTML, like Gecko) Chrome/131.0.0.0 Safari/537.36; compatible; OAI-SearchBot/1.0; +https://openai.com/searchbot"
43.130.105.21 - - [16/Jul/2026:01:19:10 -0600] "GET /wp-json/oembed/1.0/embed?url=https%3A%2F%2Fgigiscleaning.net%2F HTTP/1.1" 200 1099 "-" "Mozilla/5.0 (iPhone; CPU iPhone OS 13_2_3 like Mac OS X) AppleWebKit/605.1.15 (KHTML, like Gecko) Version/13.0.3 Mobile/15E148 Safari/604.1"
43.166.129.247 - - [16/Jul/2026:01:44:22 -0600] "GET /wp-json/oembed/1.0/embed?url=https%3A%2F%2Fgigiscleaning.net%2F&format=xml HTTP/1.1" 200 1117 "-" "Mozilla/5.0 (iPhone; CPU iPhone OS 13_2_3 like Mac OS X) AppleWebKit/605.1.15 (KHTML, like Gecko) Version/13.0.3 Mobile/15E148 Safari/604.1"
198.175.150.9 - - [16/Jul/2026:01:49:55 -0600] "POST /wp-cron.php?doing_wp_cron=1784188195.8376610279083251953125 HTTP/1.1" 200 0 "-" "WordPress/7.0.1; https://gigiscleaning.net"
167.88.167.140 - - [16/Jul/2026:01:49:55 -0600] "HEAD /wp-content/plugins/custom-api-for-wp/classes/Common/Resources/JS/mo-caw-script.min.js HTTP/1.1" 404 0 "-" "Mozilla/5.0 (Windows NT 11.0; Win64; x64) AppleWebKit/537.36 (KHTML, like Gecko) Chrome/131.0.6778.86 Safari/537.36"
198.175.150.9 - - [16/Jul/2026:01:44:23 -0600] "POST /wp-cron.php?doing_wp_cron=1784187863.0889210700988769531250 HTTP/1.1" 200 0 "-" "WordPress/7.0.1; https://gigiscleaning.net"
198.175.150.9 - - [16/Jul/2026:01:49:55 -0600] "POST /wp-cron.php?doing_wp_cron=1784188195.8239660263061523437500 HTTP/1.1" 200 0 "-" "WordPress/7.0.1; https://gigiscleaning.net"
