43.164.196.244 - - [16/Jul/2026:01:54:06 -0600] "GET / HTTP/1.1" 200 30441 "http://www.gigiscleaning.net" "Mozilla/5.0 (iPhone; CPU iPhone OS 13_2_3 like Mac OS X) AppleWebKit/605.1.15 (KHTML, like Gecko) Version/13.0.3 Mobile/15E148 Safari/604.1"
216.73.216.236 - - [16/Jul/2026:02:25:02 -0600] "GET /robots.txt HTTP/2" 200 94 "-" "Mozilla/5.0 AppleWebKit/537.36 (KHTML, like Gecko; compatible; ClaudeBot/1.0; +claudebot@anthropic.com)"
216.73.216.236 - - [16/Jul/2026:02:25:03 -0600] "GET /wp-sitemap.xml HTTP/2" 200 175 "-" "Mozilla/5.0 AppleWebKit/537.36 (KHTML, like Gecko; compatible; ClaudeBot/1.0; +claudebot@anthropic.com)"
47.254.92.190 - - [16/Jul/2026:02:10:31 -0600] "GET / HTTP/1.1" 200 30441 "-" "Mozilla/5.0 (iPhone; CPU iPhone OS 13_2_3 like Mac OS X) AppleWebKit/605.1.15 (KHTML, like Gecko) Version/13.0.3 Mobile/15E148 Safari/604.1"
60.24.209.127 - - [16/Jul/2026:02:37:18 -0600] "GET / HTTP/2" 403 1242 "-" "Mozilla/5.0 (Windows NT 10.0; Win64; x64) AppleWebKit/537.36 (KHTML, like Gecko) Chrome/116.0.0.0 Safari/537.36"
183.222.23.148 - - [16/Jul/2026:02:37:17 -0600] "GET / HTTP/2" 403 1242 "https://gigiscleaning.net/" "Mozilla/5.0 (Windows NT 6.1; WOW64) AppleWebKit/537.36 (KHTML, like Gecko) Chrome/50.0.2661.102 Safari/537.36"
198.175.150.9 - - [16/Jul/2026:03:27:21 -0600] "POST /wp-cron.php?doing_wp_cron=1784194041.2042469978332519531250 HTTP/1.1" 200 0 "-" "WordPress/7.0.1; https://gigiscleaning.net"
198.175.150.9 - - [16/Jul/2026:03:27:21 -0600] "POST /wp-cron.php?doing_wp_cron=1784194041.2455089092254638671875 HTTP/1.1" 200 0 "-" "WordPress/7.0.1; https://gigiscleaning.net"
198.175.150.9 - - [16/Jul/2026:03:27:21 -0600] "POST /wp-cron.php?doing_wp_cron=1784194041.2298429012298583984375 HTTP/1.1" 200 0 "-" "WordPress/7.0.1; https://gigiscleaning.net"
144.76.19.72 - - [16/Jul/2026:03:27:20 -0600] "GET /robots.txt HTTP/1.1" 200 113 "-" "Mozilla/5.0 (compatible; SERankingBacklinksBot/1.0; +https://seranking.com/backlinks-crawler)"
144.76.19.72 - - [16/Jul/2026:03:27:21 -0600] "GET /sitemap.xml HTTP/1.1" 301 0 "-" "Mozilla/5.0 (compatible; SERankingBacklinksBot/1.0; +https://seranking.com/backlinks-crawler)"
144.76.19.72 - - [16/Jul/2026:03:27:22 -0600] "GET /wp-sitemap.xml HTTP/1.1" 200 204 "-" "Mozilla/5.0 (compatible; SERankingBacklinksBot/1.0; +https://seranking.com/backlinks-crawler)"
216.73.216.236 - - [16/Jul/2026:04:19:01 -0600] "GET /robots.txt HTTP/2" 200 94 "-" "Mozilla/5.0 AppleWebKit/537.36 (KHTML, like Gecko; compatible; ClaudeBot/1.0; +claudebot@anthropic.com)"
216.73.216.236 - - [16/Jul/2026:04:19:02 -0600] "GET /wp-sitemap.xml HTTP/2" 200 175 "-" "Mozilla/5.0 AppleWebKit/537.36 (KHTML, like Gecko; compatible; ClaudeBot/1.0; +claudebot@anthropic.com)"
198.175.150.9 - - [16/Jul/2026:04:19:02 -0600] "POST /wp-cron.php?doing_wp_cron=1784197142.2541809082031250000000 HTTP/1.1" 200 0 "-" "WordPress/7.0.1; https://gigiscleaning.net"
198.175.150.9 - - [16/Jul/2026:06:16:46 -0600] "POST /wp-cron.php?doing_wp_cron=1784204206.2848529815673828125000 HTTP/1.1" 200 0 "-" "WordPress/7.0.1; https://gigiscleaning.net"
102.249.66.44 - - [16/Jul/2026:06:16:44 -0600] "GET / HTTP/2" 200 25498 "https://gigiscleaning.net" "Mozilla/5.0 (Windows NT 10.0; Win64; x64) AppleWebKit/537.36 (KHTML, like Gecko) Chrome/145.0.0.0 Safari/537.36 Edg/145.0.0.0"
15.235.27.252 - - [16/Jul/2026:06:25:17 -0600] "GET /get-gigis-electronic-business-card/ HTTP/2" 200 24719 "-" "Mozilla/5.0 (compatible; AhrefsBot/7.0; +http://ahrefs.com/robot/)"
198.175.150.9 - - [16/Jul/2026:06:16:45 -0600] "POST /wp-cron.php?doing_wp_cron=1784204205.6743719577789306640625 HTTP/1.1" 200 0 "-" "WordPress/7.0.1; https://gigiscleaning.net"
142.44.225.66 - - [16/Jul/2026:06:25:15 -0600] "GET /robots.txt HTTP/2" 200 94 "-" "Mozilla/5.0 (compatible; AhrefsBot/7.0; +http://ahrefs.com/robot/)"
82.41.66.7 - - [16/Jul/2026:06:27:47 -0600] "GET / HTTP/2" 200 30488 "http://gigiscleaning.net/" "Mozilla/5.0 (X11; Linux x86_64; rv:116.0) Gecko/20100101 Firefox/116.0"
216.73.216.236 - - [16/Jul/2026:06:30:49 -0600] "GET /robots.txt HTTP/2" 200 94 "-" "Mozilla/5.0 AppleWebKit/537.36 (KHTML, like Gecko; compatible; ClaudeBot/1.0; +claudebot@anthropic.com)"
216.73.216.236 - - [16/Jul/2026:06:30:54 -0600] "GET /wp-sitemap.xml HTTP/2" 200 175 "-" "Mozilla/5.0 AppleWebKit/537.36 (KHTML, like Gecko; compatible; ClaudeBot/1.0; +claudebot@anthropic.com)"
198.175.150.9 - - [16/Jul/2026:06:16:45 -0600] "POST /wp-cron.php?doing_wp_cron=1784204205.7016129493713378906250 HTTP/1.1" 200 0 "-" "WordPress/7.0.1; https://gigiscleaning.net"
66.249.64.163 - - [16/Jul/2026:08:49:01 -0600] "GET /robots.txt HTTP/1.1" 200 94 "-" "Mozilla/5.0 (compatible; Googlebot/2.1; +http://www.google.com/bot.html)"
43.159.139.164 - - [16/Jul/2026:08:15:17 -0600] "GET /wp-json/oembed/1.0/embed?url=https%3A%2F%2Fgigiscleaning.net%2F&format=xml HTTP/1.1" 200 1116 "-" "Mozilla/5.0 (iPhone; CPU iPhone OS 13_2_3 like Mac OS X) AppleWebKit/605.1.15 (KHTML, like Gecko) Version/13.0.3 Mobile/15E148 Safari/604.1"
43.128.156.124 - - [16/Jul/2026:08:37:48 -0600] "GET / HTTP/1.1" 200 30440 "https://gigiscleaning.net/embed/" "Mozilla/5.0 (iPhone; CPU iPhone OS 13_2_3 like Mac OS X) AppleWebKit/605.1.15 (KHTML, like Gecko) Version/13.0.3 Mobile/15E148 Safari/604.1"
192.178.4.100 - - [16/Jul/2026:08:49:00 -0600] "GET /robots.txt HTTP/1.1" 301 0 "-" "Mozilla/5.0 (compatible; Googlebot/2.1; +http://www.google.com/bot.html)"
43.160.241.129 - - [16/Jul/2026:08:05:03 -0600] "GET / HTTP/1.1" 200 30440 "http://gigiscleaning.net" "Mozilla/5.0 (iPhone; CPU iPhone OS 13_2_3 like Mac OS X) AppleWebKit/605.1.15 (KHTML, like Gecko) Version/13.0.3 Mobile/15E148 Safari/604.1"
101.33.55.204 - - [16/Jul/2026:08:24:36 -0600] "GET /wp-json/oembed/1.0/embed?url=https%3A%2F%2Fgigiscleaning.net%2F HTTP/1.1" 403 1242 "-" "Mozilla/5.0 (iPhone; CPU iPhone OS 13_2_3 like Mac OS X) AppleWebKit/605.1.15 (KHTML, like Gecko) Version/13.0.3 Mobile/15E148 Safari/604.1"
216.73.216.236 - - [16/Jul/2026:08:13:15 -0600] "GET /robots.txt HTTP/2" 200 94 "-" "Mozilla/5.0 AppleWebKit/537.36 (KHTML, like Gecko; compatible; ClaudeBot/1.0; +claudebot@anthropic.com)"
216.73.216.236 - - [16/Jul/2026:08:13:16 -0600] "GET /wp-sitemap.xml HTTP/2" 200 175 "-" "Mozilla/5.0 AppleWebKit/537.36 (KHTML, like Gecko; compatible; ClaudeBot/1.0; +claudebot@anthropic.com)"
198.175.150.9 - - [16/Jul/2026:08:37:44 -0600] "POST /wp-cron.php?doing_wp_cron=1784212664.4897019863128662109375 HTTP/1.1" 200 0 "-" "WordPress/7.0.1; https://gigiscleaning.net"
43.128.156.124 - - [16/Jul/2026:08:37:43 -0600] "GET /embed/ HTTP/1.1" 301 0 "-" "Mozilla/5.0 (iPhone; CPU iPhone OS 13_2_3 like Mac OS X) AppleWebKit/605.1.15 (KHTML, like Gecko) Version/13.0.3 Mobile/15E148 Safari/604.1"
213.196.109.81 - - [16/Jul/2026:09:30:57 -0600] "POST /xmlrpc.php HTTP/1.1" 200 403 "-" "WordPress.com; https://wordpress.com"
213.196.109.81 - - [16/Jul/2026:09:31:03 -0600] "POST /xmlrpc.php HTTP/1.1" 200 403 "-" "Jetpack/12.0; WordPress/6.2; http://site61543703.com"
213.196.109.81 - - [16/Jul/2026:09:31:14 -0600] "POST /xmlrpc.php HTTP/1.1" 200 403 "-" "Jetpack by WordPress.com (Jetpack 12.5; WordPress 6.4)"
213.196.109.81 - - [16/Jul/2026:09:31:24 -0600] "POST /xmlrpc.php HTTP/1.1" 200 403 "-" "Jetpack/13.0; WordPress/6.1; http://site77854102.com"
213.196.109.81 - - [16/Jul/2026:09:31:35 -0600] "POST /xmlrpc.php HTTP/1.1" 200 403 "-" "Jetpack/12.1; WordPress/6.4; http://site12741015.com"
213.196.109.81 - - [16/Jul/2026:09:31:46 -0600] "POST /xmlrpc.php HTTP/1.1" 200 403 "-" "WordPress.com; https://wordpress.com"
213.196.109.81 - - [16/Jul/2026:09:31:57 -0600] "POST /xmlrpc.php HTTP/1.1" 200 403 "-" "Jetpack by WordPress.com (Jetpack 12.1; WordPress 6.1)"
213.196.109.81 - - [16/Jul/2026:09:32:07 -0600] "POST /xmlrpc.php HTTP/1.1" 200 403 "-" "Jetpack by WordPress.com (Jetpack 12.1; WordPress 6.4)"
213.196.109.81 - - [16/Jul/2026:09:32:18 -0600] "POST /xmlrpc.php HTTP/1.1" 200 403 "-" "Jetpack by WordPress.com"
213.196.109.81 - - [16/Jul/2026:09:32:29 -0600] "POST /xmlrpc.php HTTP/1.1" 200 403 "-" "Jetpack by WordPress.com (Jetpack 12.1; WordPress 6.4)"
213.196.109.81 - - [16/Jul/2026:09:32:39 -0600] "POST /xmlrpc.php HTTP/1.1" 200 403 "-" "Jetpack by WordPress.com"
213.196.109.81 - - [16/Jul/2026:09:32:50 -0600] "POST /xmlrpc.php HTTP/1.1" 200 403 "-" "Jetpack by WordPress.com (Jetpack 12.5; WordPress 6.4)"
213.196.109.81 - - [16/Jul/2026:09:33:01 -0600] "POST /xmlrpc.php HTTP/1.1" 200 403 "-" "Jetpack by WordPress.com (Jetpack 13.0; WordPress 6.3)"
213.196.109.81 - - [16/Jul/2026:09:33:12 -0600] "POST /xmlrpc.php HTTP/1.1" 200 403 "-" "Jetpack/12.0; WordPress/6.2; http://site55259036.com"
213.196.109.81 - - [16/Jul/2026:09:33:22 -0600] "POST /xmlrpc.php HTTP/1.1" 200 403 "-" "Jetpack by WordPress.com (Jetpack 12.1; WordPress 6.1)"
213.196.109.81 - - [16/Jul/2026:09:33:33 -0600] "POST /xmlrpc.php HTTP/1.1" 200 403 "-" "Jetpack by WordPress.com"
213.196.109.81 - - [16/Jul/2026:09:33:44 -0600] "POST /xmlrpc.php HTTP/1.1" 200 403 "-" "Jetpack/12.1; WordPress/6.3; http://site18009840.com"
213.196.109.81 - - [16/Jul/2026:09:33:55 -0600] "POST /xmlrpc.php HTTP/1.1" 200 403 "-" "Jetpack by WordPress.com"
213.196.109.81 - - [16/Jul/2026:09:34:06 -0600] "POST /xmlrpc.php HTTP/1.1" 200 403 "-" "Jetpack/12.5; WordPress/6.2; http://site30294739.com"
213.196.109.81 - - [16/Jul/2026:09:34:17 -0600] "POST /xmlrpc.php HTTP/1.1" 200 403 "-" "Jetpack by WordPress.com"
213.196.109.81 - - [16/Jul/2026:09:34:27 -0600] "POST /xmlrpc.php HTTP/1.1" 200 403 "-" "Jetpack/13.0; WordPress/6.2; http://site19021185.com"
213.196.109.81 - - [16/Jul/2026:09:34:38 -0600] "POST /xmlrpc.php HTTP/1.1" 200 403 "-" "Jetpack by WordPress.com"
213.196.109.81 - - [16/Jul/2026:09:34:49 -0600] "POST /xmlrpc.php HTTP/1.1" 200 403 "-" "Jetpack/12.5; WordPress/6.2; http://site76742459.com"
213.196.109.81 - - [16/Jul/2026:09:35:00 -0600] "POST /xmlrpc.php HTTP/1.1" 200 403 "-" "Jetpack by WordPress.com (Jetpack 12.5; WordPress 6.4)"
213.196.109.81 - - [16/Jul/2026:09:35:11 -0600] "POST /xmlrpc.php HTTP/1.1" 200 403 "-" "Jetpack/12.0; WordPress/6.1; http://site97816481.com"
213.196.109.81 - - [16/Jul/2026:09:35:22 -0600] "POST /xmlrpc.php HTTP/1.1" 200 403 "-" "WordPress.com; https://wordpress.com"
213.196.109.81 - - [16/Jul/2026:09:35:32 -0600] "POST /xmlrpc.php HTTP/1.1" 200 403 "-" "Jetpack by WordPress.com (Jetpack 12.5; WordPress 6.3)"
213.196.109.81 - - [16/Jul/2026:09:35:43 -0600] "POST /xmlrpc.php HTTP/1.1" 200 403 "-" "Jetpack by WordPress.com (Jetpack 12.0; WordPress 6.2)"
213.196.109.81 - - [16/Jul/2026:09:35:54 -0600] "POST /xmlrpc.php HTTP/1.1" 200 403 "-" "WordPress.com; https://wordpress.com"
213.196.109.81 - - [16/Jul/2026:09:36:04 -0600] "POST /xmlrpc.php HTTP/1.1" 200 403 "-" "Jetpack by WordPress.com (Jetpack 12.0; WordPress 6.1)"
213.196.109.81 - - [16/Jul/2026:09:36:15 -0600] "POST /xmlrpc.php HTTP/1.1" 200 403 "-" "WordPress.com; https://wordpress.com"
213.196.109.81 - - [16/Jul/2026:09:36:26 -0600] "POST /xmlrpc.php HTTP/1.1" 200 403 "-" "Jetpack by WordPress.com (Jetpack 12.5; WordPress 6.3)"
213.196.109.81 - - [16/Jul/2026:09:36:37 -0600] "POST /xmlrpc.php HTTP/1.1" 200 403 "-" "Jetpack by WordPress.com (Jetpack 12.1; WordPress 6.2)"
213.196.109.81 - - [16/Jul/2026:09:36:47 -0600] "POST /xmlrpc.php HTTP/1.1" 200 403 "-" "Jetpack by WordPress.com"
213.196.109.81 - - [16/Jul/2026:09:36:58 -0600] "POST /xmlrpc.php HTTP/1.1" 200 403 "-" "Jetpack by WordPress.com"
186.65.113.220 - - [16/Jul/2026:09:37:08 -0600] "GET /wp-admin/post.php?post= HTTP/1.1" 302 0 "https://gigiscleaning.net" "Mozilla/5.0 (Windows NT 6.3; Win64; x64) AppleWebKit/537.36 (KHTML, like Gecko) Chrome/103.0.0.0 Safari/537.36"
213.196.109.81 - - [16/Jul/2026:09:37:09 -0600] "POST /xmlrpc.php HTTP/1.1" 200 403 "-" "WordPress.com; https://wordpress.com"
186.65.113.220 - - [16/Jul/2026:09:37:18 -0600] "GET /wp-includes/css/dashicons.min.css?ver=7.0.1 HTTP/1.1" 200 35101 "https://gigiscleaning.net/wp-login.php?action=lostpassword" "Mozilla/5.0 (Windows NT 10.0; Win64; x64) AppleWebKit/537.36 (KHTML, like Gecko) Chrome/149.0.0.0 Safari/537.36"
213.196.109.81 - - [16/Jul/2026:09:37:20 -0600] "POST /xmlrpc.php HTTP/1.1" 200 403 "-" "Jetpack/12.5; WordPress/6.4; http://site76895769.com"
186.65.113.220 - - [16/Jul/2026:09:37:28 -0600] "GET /wp-admin/css/forms.min.css?ver=7.0.1 HTTP/1.1" 200 6522 "https://gigiscleaning.net/wp-login.php?action=lostpassword" "Mozilla/5.0 (Windows NT 10.0; Win64; x64) AppleWebKit/537.36 (KHTML, like Gecko) Chrome/149.0.0.0 Safari/537.36"
213.196.109.81 - - [16/Jul/2026:09:37:31 -0600] "POST /xmlrpc.php HTTP/1.1" 200 403 "-" "Jetpack by WordPress.com"
213.196.109.81 - - [16/Jul/2026:09:37:41 -0600] "POST /xmlrpc.php HTTP/1.1" 200 403 "-" "Jetpack/13.0; WordPress/6.3; http://site52847067.com"
213.196.109.81 - - [16/Jul/2026:09:37:52 -0600] "POST /xmlrpc.php HTTP/1.1" 200 403 "-" "Jetpack/12.5; WordPress/6.4; http://site31602542.com"
213.196.109.81 - - [16/Jul/2026:09:38:03 -0600] "POST /xmlrpc.php HTTP/1.1" 200 403 "-" "Jetpack by WordPress.com (Jetpack 12.0; WordPress 6.3)"
213.196.109.81 - - [16/Jul/2026:09:38:14 -0600] "POST /xmlrpc.php HTTP/1.1" 200 403 "-" "Jetpack/12.0; WordPress/6.2; http://site66644647.com"
213.196.109.81 - - [16/Jul/2026:09:38:24 -0600] "POST /xmlrpc.php HTTP/1.1" 200 403 "-" "Jetpack/12.0; WordPress/6.2; http://site69101631.com"
213.196.109.81 - - [16/Jul/2026:09:38:35 -0600] "POST /xmlrpc.php HTTP/1.1" 200 403 "-" "Jetpack by WordPress.com (Jetpack 12.0; WordPress 6.3)"
213.196.109.81 - - [16/Jul/2026:09:38:46 -0600] "POST /xmlrpc.php HTTP/1.1" 200 403 "-" "Jetpack/12.0; WordPress/6.4; http://site54643370.com"
213.196.109.81 - - [16/Jul/2026:09:38:57 -0600] "POST /xmlrpc.php HTTP/1.1" 200 403 "-" "WordPress.com; https://wordpress.com"
213.196.109.81 - - [16/Jul/2026:09:39:08 -0600] "POST /xmlrpc.php HTTP/1.1" 200 403 "-" "WordPress.com; https://wordpress.com"
213.196.109.81 - - [16/Jul/2026:09:39:19 -0600] "POST /xmlrpc.php HTTP/1.1" 200 403 "-" "WordPress.com; https://wordpress.com"
213.196.109.81 - - [16/Jul/2026:09:39:29 -0600] "POST /xmlrpc.php HTTP/1.1" 200 403 "-" "Jetpack by WordPress.com"
213.196.109.81 - - [16/Jul/2026:09:39:40 -0600] "POST /xmlrpc.php HTTP/1.1" 200 403 "-" "WordPress.com; https://wordpress.com"
213.196.109.81 - - [16/Jul/2026:09:39:51 -0600] "POST /xmlrpc.php HTTP/1.1" 200 403 "-" "Jetpack by WordPress.com (Jetpack 12.5; WordPress 6.2)"
213.196.109.81 - - [16/Jul/2026:09:40:02 -0600] "POST /xmlrpc.php HTTP/1.1" 200 403 "-" "WordPress.com; https://wordpress.com"
213.196.109.81 - - [16/Jul/2026:09:40:12 -0600] "POST /xmlrpc.php HTTP/1.1" 200 403 "-" "WordPress.com; https://wordpress.com"
213.196.109.81 - - [16/Jul/2026:09:40:23 -0600] "POST /xmlrpc.php HTTP/1.1" 200 403 "-" "Jetpack/12.5; WordPress/6.3; http://site62209691.com"
213.196.109.81 - - [16/Jul/2026:09:40:34 -0600] "POST /xmlrpc.php HTTP/1.1" 200 403 "-" "Jetpack/12.0; WordPress/6.2; http://site55473172.com"
213.196.109.81 - - [16/Jul/2026:09:40:45 -0600] "POST /xmlrpc.php HTTP/1.1" 200 403 "-" "WordPress.com; https://wordpress.com"
213.196.109.81 - - [16/Jul/2026:09:40:55 -0600] "POST /xmlrpc.php HTTP/1.1" 200 403 "-" "Jetpack by WordPress.com (Jetpack 12.0; WordPress 6.4)"
213.196.109.81 - - [16/Jul/2026:09:41:06 -0600] "POST /xmlrpc.php HTTP/1.1" 200 403 "-" "Jetpack/13.0; WordPress/6.3; http://site72303108.com"
213.196.109.81 - - [16/Jul/2026:09:41:17 -0600] "POST /xmlrpc.php HTTP/1.1" 200 403 "-" "Jetpack by WordPress.com (Jetpack 12.5; WordPress 6.4)"
213.196.109.81 - - [16/Jul/2026:09:41:28 -0600] "POST /xmlrpc.php HTTP/1.1" 200 403 "-" "WordPress.com; https://wordpress.com"
213.196.109.81 - - [16/Jul/2026:09:41:39 -0600] "POST /xmlrpc.php HTTP/1.1" 200 403 "-" "Jetpack/12.5; WordPress/6.1; http://site31574052.com"
213.196.109.81 - - [16/Jul/2026:09:41:49 -0600] "POST /xmlrpc.php HTTP/1.1" 200 403 "-" "WordPress.com; https://wordpress.com"
213.196.109.81 - - [16/Jul/2026:09:42:00 -0600] "POST /xmlrpc.php HTTP/1.1" 200 403 "-" "Jetpack by WordPress.com"
213.196.109.81 - - [16/Jul/2026:09:42:11 -0600] "POST /xmlrpc.php HTTP/1.1" 200 403 "-" "Jetpack by WordPress.com"
213.196.109.81 - - [16/Jul/2026:09:42:22 -0600] "POST /xmlrpc.php HTTP/1.1" 200 403 "-" "Jetpack by WordPress.com"
213.196.109.81 - - [16/Jul/2026:09:42:33 -0600] "POST /xmlrpc.php HTTP/1.1" 200 403 "-" "Jetpack/12.0; WordPress/6.2; http://site34536875.com"
213.196.109.81 - - [16/Jul/2026:09:42:43 -0600] "POST /xmlrpc.php HTTP/1.1" 200 403 "-" "Jetpack by WordPress.com"
213.196.109.81 - - [16/Jul/2026:09:42:54 -0600] "POST /xmlrpc.php HTTP/1.1" 200 403 "-" "WordPress.com; https://wordpress.com"
213.196.109.81 - - [16/Jul/2026:09:43:05 -0600] "POST /xmlrpc.php HTTP/1.1" 200 403 "-" "WordPress.com; https://wordpress.com"
213.196.109.81 - - [16/Jul/2026:09:43:16 -0600] "POST /xmlrpc.php HTTP/1.1" 200 403 "-" "WordPress.com; https://wordpress.com"
213.196.109.81 - - [16/Jul/2026:09:43:26 -0600] "POST /xmlrpc.php HTTP/1.1" 200 403 "-" "Jetpack by WordPress.com"
213.196.109.81 - - [16/Jul/2026:09:43:37 -0600] "POST /xmlrpc.php HTTP/1.1" 200 403 "-" "Jetpack by WordPress.com"
213.196.109.81 - - [16/Jul/2026:09:43:48 -0600] "POST /xmlrpc.php HTTP/1.1" 200 403 "-" "WordPress.com; https://wordpress.com"
213.196.109.81 - - [16/Jul/2026:09:43:58 -0600] "POST /xmlrpc.php HTTP/1.1" 200 403 "-" "Jetpack by WordPress.com (Jetpack 12.1; WordPress 6.4)"
213.196.109.81 - - [16/Jul/2026:09:44:09 -0600] "POST /xmlrpc.php HTTP/1.1" 200 403 "-" "Jetpack by WordPress.com (Jetpack 13.0; WordPress 6.2)"
213.196.109.81 - - [16/Jul/2026:09:44:20 -0600] "POST /xmlrpc.php HTTP/1.1" 200 403 "-" "Jetpack by WordPress.com"
213.196.109.81 - - [16/Jul/2026:09:44:30 -0600] "POST /xmlrpc.php HTTP/1.1" 200 403 "-" "WordPress.com; https://wordpress.com"
213.196.109.81 - - [16/Jul/2026:09:44:41 -0600] "POST /xmlrpc.php HTTP/1.1" 200 403 "-" "Jetpack by WordPress.com"
213.196.109.81 - - [16/Jul/2026:09:44:51 -0600] "POST /xmlrpc.php HTTP/1.1" 200 403 "-" "WordPress.com; https://wordpress.com"
213.196.109.81 - - [16/Jul/2026:09:45:02 -0600] "POST /xmlrpc.php HTTP/1.1" 200 403 "-" "Jetpack by WordPress.com"
213.196.109.81 - - [16/Jul/2026:09:45:12 -0600] "POST /xmlrpc.php HTTP/1.1" 200 403 "-" "Jetpack/12.5; WordPress/6.3; http://site42485860.com"
213.196.109.81 - - [16/Jul/2026:09:45:23 -0600] "POST /xmlrpc.php HTTP/1.1" 200 403 "-" "Jetpack by WordPress.com"
213.196.109.81 - - [16/Jul/2026:09:45:34 -0600] "POST /xmlrpc.php HTTP/1.1" 200 403 "-" "Jetpack by WordPress.com (Jetpack 12.1; WordPress 6.2)"
213.196.109.81 - - [16/Jul/2026:09:45:45 -0600] "POST /xmlrpc.php HTTP/1.1" 200 403 "-" "Jetpack/12.0; WordPress/6.4; http://site21419949.com"
213.196.109.81 - - [16/Jul/2026:09:45:55 -0600] "POST /xmlrpc.php HTTP/1.1" 200 403 "-" "Jetpack by WordPress.com"
213.196.109.81 - - [16/Jul/2026:09:46:06 -0600] "POST /xmlrpc.php HTTP/1.1" 200 403 "-" "Jetpack/12.1; WordPress/6.3; http://site73141720.com"
213.196.109.81 - - [16/Jul/2026:09:46:16 -0600] "POST /xmlrpc.php HTTP/1.1" 200 403 "-" "Jetpack/13.0; WordPress/6.4; http://site99848343.com"
198.175.150.9 - - [16/Jul/2026:09:37:02 -0600] "POST /wp-cron.php?doing_wp_cron=1784216222.6875929832458496093750 HTTP/1.1" 200 0 "-" "WordPress/7.0.1; https://gigiscleaning.net"
198.175.150.9 - - [16/Jul/2026:09:37:42 -0600] "POST /wp-cron.php?doing_wp_cron=1784216262.3361220359802246093750 HTTP/1.1" 200 0 "-" "WordPress/7.0.1; https://gigiscleaning.net"
198.175.150.9 - - [16/Jul/2026:09:37:02 -0600] "POST /wp-cron.php?doing_wp_cron=1784216222.7150719165802001953125 HTTP/1.1" 200 0 "-" "WordPress/7.0.1; https://gigiscleaning.net"
186.65.113.220 - - [16/Jul/2026:09:37:02 -0600] "GET / HTTP/1.1" 200 25498 "-" "Mozilla/5.0 (X11; Linux x86_64; rv:149.0) Gecko/20100101 Firefox/149.0"
186.65.113.220 - - [16/Jul/2026:09:37:11 -0600] "GET /wp-login.php?redirect_to=https%3A%2F%2Fgigiscleaning.net%2Fwp-admin%2Fpost.php%3Fpost%3D&reauth=1 HTTP/1.1" 200 2113 "https://gigiscleaning.net/wp-admin/post.php?post=" "Mozilla/5.0 (Windows NT 6.3; Win64; x64) AppleWebKit/537.36 (KHTML, like Gecko) Chrome/103.0.0.0 Safari/537.36"
186.65.113.220 - - [16/Jul/2026:09:37:35 -0600] "GET /wp-includes/css/dist/base-styles/admin-schemes.min.css?ver=7.0.1 HTTP/1.1" 200 725 "https://gigiscleaning.net/wp-login.php?action=lostpassword" "Mozilla/5.0 (Windows NT 10.0; Win64; x64) AppleWebKit/537.36 (KHTML, like Gecko) Chrome/149.0.0.0 Safari/537.36"
186.65.113.220 - - [16/Jul/2026:09:37:15 -0600] "GET /wp-login.php?action=lostpassword HTTP/1.1" 200 1352 "https://gigiscleaning.net/wp-login.php?redirect_to=https%3A%2F%2Fgigiscleaning.net%2Fwp-admin%2Fpost.php%3Fpost%3D&reauth=1" "Mozilla/5.0 (Windows NT 6.3; Win64; x64) AppleWebKit/537.36 (KHTML, like Gecko) Chrome/103.0.0.0 Safari/537.36"
186.65.113.220 - - [16/Jul/2026:09:37:23 -0600] "GET /wp-includes/css/buttons.min.css?ver=7.0.1 HTTP/1.1" 200 1457 "https://gigiscleaning.net/wp-login.php?action=lostpassword" "Mozilla/5.0 (Windows NT 10.0; Win64; x64) AppleWebKit/537.36 (KHTML, like Gecko) Chrome/149.0.0.0 Safari/537.36"
186.65.113.220 - - [16/Jul/2026:09:37:31 -0600] "GET /wp-admin/css/l10n.min.css?ver=7.0.1 HTTP/1.1" 200 675 "https://gigiscleaning.net/wp-login.php?action=lostpassword" "Mozilla/5.0 (Windows NT 10.0; Win64; x64) AppleWebKit/537.36 (KHTML, like Gecko) Chrome/149.0.0.0 Safari/537.36"
186.65.113.220 - - [16/Jul/2026:09:37:39 -0600] "GET /wp-admin/css/login.min.css?ver=7.0.1 HTTP/1.1" 200 2019 "https://gigiscleaning.net/wp-login.php?action=lostpassword" "Mozilla/5.0 (Windows NT 10.0; Win64; x64) AppleWebKit/537.36 (KHTML, like Gecko) Chrome/149.0.0.0 Safari/537.36"
162.14.114.97 - - [16/Jul/2026:10:03:45 -0600] "GET / HTTP/1.1" 200 30440 "http://gigiscleaning.net" "Mozilla/5.0 (iPhone; CPU iPhone OS 13_2_3 like Mac OS X) AppleWebKit/605.1.15 (KHTML, like Gecko) Version/13.0.3 Mobile/15E148 Safari/604.1"
74.7.175.167 - - [16/Jul/2026:10:07:58 -0600] "GET /robots.txt HTTP/2" 200 94 "-" "Mozilla/5.0 (Macintosh; Intel Mac OS X 10_15_7) AppleWebKit/537.36 (KHTML, like Gecko) Chrome/131.0.0.0 Safari/537.36; compatible; OAI-SearchBot/1.4; robots.txt; +https://openai.com/searchbot"
74.7.241.18 - - [16/Jul/2026:10:07:58 -0600] "GET /wp-sitemap.xml HTTP/2" 200 175 "-" "Mozilla/5.0 AppleWebKit/537.36 (KHTML, like Gecko; compatible; GPTBot/1.4; +https://openai.com/gptbot)"
216.73.216.236 - - [16/Jul/2026:10:16:20 -0600] "GET /robots.txt HTTP/2" 200 94 "-" "Mozilla/5.0 AppleWebKit/537.36 (KHTML, like Gecko; compatible; ClaudeBot/1.0; +claudebot@anthropic.com)"
216.73.216.236 - - [16/Jul/2026:10:16:21 -0600] "GET /wp-sitemap.xml HTTP/2" 200 175 "-" "Mozilla/5.0 AppleWebKit/537.36 (KHTML, like Gecko; compatible; ClaudeBot/1.0; +claudebot@anthropic.com)"
198.175.150.9 - - [16/Jul/2026:11:08:51 -0600] "POST /wp-cron.php?doing_wp_cron=1784221731.6973350048065185546875 HTTP/1.1" 200 0 "-" "WordPress/7.0.1; https://gigiscleaning.net"
198.175.150.9 - - [16/Jul/2026:11:08:51 -0600] "POST /wp-cron.php?doing_wp_cron=1784221731.7252089977264404296875 HTTP/1.1" 200 0 "-" "WordPress/7.0.1; https://gigiscleaning.net"
198.175.150.9 - - [16/Jul/2026:11:08:51 -0600] "POST /wp-cron.php?doing_wp_cron=1784221731.7454340457916259765625 HTTP/1.1" 200 0 "-" "WordPress/7.0.1; https://gigiscleaning.net"
57.141.0.17 - - [16/Jul/2026:11:08:51 -0600] "GET /wp-sitemap-users-1.xml HTTP/2" 200 257 "-" "Mozilla/5.0 (Windows NT 10.0; Win64; x64) AppleWebKit/537.36 (KHTML, like Gecko) Chrome/145.0.0.0 Safari/537.36 (compatible; meta-externalagent/1.1 (+https://developers.facebook.com/docs/sharing/webmasters/crawler))"
198.175.150.9 - - [16/Jul/2026:12:27:38 -0600] "POST /wp-cron.php?doing_wp_cron=1784226458.6245539188385009765625 HTTP/1.1" 200 0 "-" "WordPress/7.0.1; https://gigiscleaning.net"
216.73.216.236 - - [16/Jul/2026:12:27:37 -0600] "GET /robots.txt HTTP/2" 200 94 "-" "Mozilla/5.0 AppleWebKit/537.36 (KHTML, like Gecko; compatible; ClaudeBot/1.0; +claudebot@anthropic.com)"
216.73.216.236 - - [16/Jul/2026:12:27:38 -0600] "GET /wp-sitemap.xml HTTP/2" 200 175 "-" "Mozilla/5.0 AppleWebKit/537.36 (KHTML, like Gecko; compatible; ClaudeBot/1.0; +claudebot@anthropic.com)"
198.175.150.9 - - [16/Jul/2026:12:27:38 -0600] "POST /wp-cron.php?doing_wp_cron=1784226458.5712559223175048828125 HTTP/1.1" 200 0 "-" "WordPress/7.0.1; https://gigiscleaning.net"
185.191.171.7 - - [16/Jul/2026:12:30:25 -0600] "GET /post/ HTTP/1.1" 200 24635 "-" "Mozilla/5.0 (compatible; SemrushBot/7~bl; +http://www.semrush.com/bot.html)"
185.191.171.2 - - [16/Jul/2026:12:30:24 -0600] "GET /robots.txt HTTP/1.1" 200 113 "-" "Mozilla/5.0 (compatible; SemrushBot/7~bl; +http://www.semrush.com/bot.html)"
198.175.150.9 - - [16/Jul/2026:12:27:38 -0600] "POST /wp-cron.php?doing_wp_cron=1784226458.6016778945922851562500 HTTP/1.1" 200 0 "-" "WordPress/7.0.1; https://gigiscleaning.net"
198.175.150.9 - - [16/Jul/2026:13:08:12 -0600] "POST /wp-cron.php?doing_wp_cron=1784228892.0151660442352294921875 HTTP/1.1" 200 0 "-" "WordPress/7.0.1; https://gigiscleaning.net"
51.68.236.90 - - [16/Jul/2026:13:08:11 -0600] "GET /robots.txt HTTP/1.1" 200 94 "-" "Mozilla/5.0 (compatible; MJ12bot/v2.0.5; http://mj12bot.com/)"
51.68.236.90 - - [16/Jul/2026:13:08:12 -0600] "GET / HTTP/1.1" 200 25498 "-" "Mozilla/5.0 (compatible; MJ12bot/v2.0.5; http://mj12bot.com/)"
198.175.150.9 - - [16/Jul/2026:14:30:21 -0600] "POST /wp-cron.php?doing_wp_cron=1784233821.7741119861602783203125 HTTP/1.1" 200 0 "-" "WordPress/7.0.1; https://gigiscleaning.net"
198.175.150.9 - - [16/Jul/2026:14:30:21 -0600] "POST /wp-cron.php?doing_wp_cron=1784233821.8181040287017822265625 HTTP/1.1" 200 0 "-" "WordPress/7.0.1; https://gigiscleaning.net"
216.73.216.236 - - [16/Jul/2026:14:30:21 -0600] "GET /robots.txt HTTP/2" 200 94 "-" "Mozilla/5.0 AppleWebKit/537.36 (KHTML, like Gecko; compatible; ClaudeBot/1.0; +claudebot@anthropic.com)"
216.73.216.236 - - [16/Jul/2026:14:30:22 -0600] "GET /wp-sitemap.xml HTTP/2" 200 175 "-" "Mozilla/5.0 AppleWebKit/537.36 (KHTML, like Gecko; compatible; ClaudeBot/1.0; +claudebot@anthropic.com)"
198.175.150.9 - - [16/Jul/2026:14:30:21 -0600] "POST /wp-cron.php?doing_wp_cron=1784233821.7989649772644042968750 HTTP/1.1" 200 0 "-" "WordPress/7.0.1; https://gigiscleaning.net"