HEX
Server: LiteSpeed
System: Linux node612.namehero.net 4.18.0-553.121.1.lve.el8.x86_64 #1 SMP Thu Apr 30 16:40:41 UTC 2026 x86_64
User: dfwparty (1186)
PHP: 8.3.31
Disabled: NONE
Upload Files
File: /home/dfwparty/access-logs/magicalmatty.fun.dfw.party
198.175.150.9 - - [15/Jul/2026:07:05:52 -0600] "POST /wp-cron.php?doing_wp_cron=1784120752.4291610717773437500000 HTTP/1.1" 200 0 "-" "WordPress/7.0.1; https://magicalmatty.fun"
45.154.138.146 - - [15/Jul/2026:07:04:57 -0600] "GET / HTTP/1.1" 301 0 "-" "Mozilla/5.0 (X11; Linux x86_64) AppleWebKit/537.36 (KHTML, like Gecko) Chrome/138.0.0.0 Safari/537.36"
45.154.138.150 - - [15/Jul/2026:07:05:54 -0600] "GET //news/ HTTP/1.1" 301 0 "-" "Mozilla/5.0 (X11; Linux x86_64) AppleWebKit/537.36 (KHTML, like Gecko) Chrome/138.0.0.0 Safari/537.36"
45.154.138.150 - - [15/Jul/2026:07:06:24 -0600] "GET /news/ HTTP/1.1" 404 100536 "-" "Mozilla/5.0 (X11; Linux x86_64) AppleWebKit/537.36 (KHTML, like Gecko) Chrome/138.0.0.0 Safari/537.36"
45.154.138.150 - - [15/Jul/2026:07:06:57 -0600] "GET /news//wp-json/wp/v2/users/ HTTP/1.1" 301 0 "-" "Mozilla/5.0 (X11; Linux x86_64) AppleWebKit/537.36 (KHTML, like Gecko) Chrome/138.0.0.0 Safari/537.36"
45.154.138.150 - - [15/Jul/2026:07:07:06 -0600] "GET /news//wp-json/oembed/1.0/embed?url=http://magicalmatty.fun/news/&format=xml HTTP/1.1" 301 0 "-" "Mozilla/5.0 (X11; Linux x86_64) AppleWebKit/537.36 (KHTML, like Gecko) Chrome/138.0.0.0 Safari/537.36"
43.166.237.57 - - [15/Jul/2026:08:44:20 -0600] "GET / HTTP/1.1" 301 0 "-" "Mozilla/5.0 (iPhone; CPU iPhone OS 13_2_3 like Mac OS X) AppleWebKit/605.1.15 (KHTML, like Gecko) Version/13.0.3 Mobile/15E148 Safari/604.1"
198.175.150.9 - - [15/Jul/2026:08:00:23 -0600] "POST /wp-cron.php?doing_wp_cron=1784124023.1672480106353759765625 HTTP/1.1" 200 0 "-" "WordPress/7.0.1; https://magicalmatty.fun"
43.135.36.201 - - [15/Jul/2026:08:00:22 -0600] "GET / HTTP/1.1" 301 0 "-" "Mozilla/5.0 (iPhone; CPU iPhone OS 13_2_3 like Mac OS X) AppleWebKit/605.1.15 (KHTML, like Gecko) Version/13.0.3 Mobile/15E148 Safari/604.1"
216.244.66.200 - - [15/Jul/2026:08:16:25 -0600] "GET /robots.txt HTTP/1.1" 200 117 "-" "Mozilla/5.0 (compatible; DotBot/1.2; +https://opensiteexplorer.org/dotbot; help@moz.com)"
216.244.66.200 - - [15/Jul/2026:08:23:27 -0600] "GET /SuperHeroPriceIt.html HTTP/1.1" 404 100536 "-" "Mozilla/5.0 (compatible; DotBot/1.2; +https://opensiteexplorer.org/dotbot; help@moz.com)"
216.244.66.200 - - [15/Jul/2026:08:23:32 -0600] "GET /tag/clown-entertainment/feed/ HTTP/1.1" 200 852 "-" "Mozilla/5.0 (compatible; DotBot/1.2; +https://opensiteexplorer.org/dotbot; help@moz.com)"
216.244.66.200 - - [15/Jul/2026:08:23:36 -0600] "GET /tag/sock/feed/ HTTP/1.1" 200 837 "-" "Mozilla/5.0 (compatible; DotBot/1.2; +https://opensiteexplorer.org/dotbot; help@moz.com)"
216.244.66.200 - - [15/Jul/2026:09:03:51 -0600] "GET /robots.txt HTTP/1.1" 200 117 "-" "Mozilla/5.0 (compatible; DotBot/1.2; +https://opensiteexplorer.org/dotbot; help@moz.com)"
216.244.66.200 - - [15/Jul/2026:09:03:52 -0600] "GET /robots.txt HTTP/1.1" 200 117 "-" "Mozilla/5.0 (compatible; DotBot/1.2; +https://opensiteexplorer.org/dotbot; help@moz.com)"
43.165.198.144 - - [15/Jul/2026:11:30:22 -0600] "GET / HTTP/1.1" 301 0 "-" "Mozilla/5.0 (iPhone; CPU iPhone OS 13_2_3 like Mac OS X) AppleWebKit/605.1.15 (KHTML, like Gecko) Version/13.0.3 Mobile/15E148 Safari/604.1"
216.244.66.200 - - [15/Jul/2026:09:03:51 -0600] "GET /robots.txt HTTP/1.1" 301 0 "-" "Mozilla/5.0 (compatible; DotBot/1.2; +https://opensiteexplorer.org/dotbot; help@moz.com)"
216.244.66.200 - - [15/Jul/2026:09:06:42 -0600] "GET /fun-kids-magic-shows-in-rockwall-texas/feed/ HTTP/1.1" 200 838 "-" "Mozilla/5.0 (compatible; DotBot/1.2; +https://opensiteexplorer.org/dotbot; help@moz.com)"
216.244.66.200 - - [15/Jul/2026:09:11:28 -0600] "GET / HTTP/1.1" 301 0 "-" "Mozilla/5.0 (compatible; DotBot/1.2; +https://opensiteexplorer.org/dotbot; help@moz.com)"
43.140.37.167 - - [15/Jul/2026:10:44:17 -0600] "GET / HTTP/1.1" 301 0 "-" "Mozilla/5.0 (iPhone; CPU iPhone OS 13_2_3 like Mac OS X) AppleWebKit/605.1.15 (KHTML, like Gecko) Version/13.0.3 Mobile/15E148 Safari/604.1"
43.159.140.236 - - [15/Jul/2026:12:10:47 -0600] "GET / HTTP/1.1" 301 0 "-" "Mozilla/5.0 (iPhone; CPU iPhone OS 13_2_3 like Mac OS X) AppleWebKit/605.1.15 (KHTML, like Gecko) Version/13.0.3 Mobile/15E148 Safari/604.1"
198.175.150.9 - - [15/Jul/2026:12:10:48 -0600] "POST /wp-cron.php?doing_wp_cron=1784139048.4613649845123291015625 HTTP/1.1" 200 0 "-" "WordPress/7.0.1; https://magicalmatty.fun"
198.175.150.9 - - [15/Jul/2026:12:10:49 -0600] "POST /wp-cron.php HTTP/1.1" 200 0 "-" "WordPress/7.0.1; https://magicalmatty.fun"
66.132.195.72 - - [15/Jul/2026:12:20:24 -0600] "GET / HTTP/1.1" 301 0 "-" "Mozilla/5.0 (compatible; CensysInspect/1.1; +https://about.censys.io/)"
43.140.247.223 - - [15/Jul/2026:17:29:27 -0600] "GET / HTTP/1.1" 301 0 "-" "Mozilla/5.0 (iPhone; CPU iPhone OS 13_2_3 like Mac OS X) AppleWebKit/605.1.15 (KHTML, like Gecko) Version/13.0.3 Mobile/15E148 Safari/604.1"
198.175.150.9 - - [15/Jul/2026:17:29:28 -0600] "POST /wp-cron.php?doing_wp_cron=1784158168.3963909149169921875000 HTTP/1.1" 200 0 "-" "WordPress/7.0.1; https://magicalmatty.fun"
198.175.150.9 - - [15/Jul/2026:17:29:28 -0600] "POST /wp-cron.php?doing_wp_cron=1784158168.4134728908538818359375 HTTP/1.1" 200 0 "-" "WordPress/7.0.1; https://magicalmatty.fun"
124.156.226.179 - - [15/Jul/2026:15:08:34 -0600] "GET / HTTP/1.1" 403 72 "-" "Mozilla/5.0 (iPhone; CPU iPhone OS 13_2_3 like Mac OS X) AppleWebKit/605.1.15 (KHTML, like Gecko) Version/13.0.3 Mobile/15E148 Safari/604.1"
34.145.127.191 - - [15/Jul/2026:15:43:39 -0600] "HEAD /wordpress/ HTTP/1.1" 404 0 "-" "Mozilla/5.0 (Macintosh; Intel Mac OS X 15_0) AppleWebKit/537.36 (KHTML, like Gecko) Chrome/125.0.6422.141 Safari/537.36"
34.145.127.191 - - [15/Jul/2026:15:43:40 -0600] "HEAD /new/ HTTP/1.1" 404 0 "-" "Mozilla/5.0 (Windows NT 10.0; Win64; x64) AppleWebKit/537.36 (KHTML, like Gecko) Chrome/126.0.6478.70 Safari/537.36 Vivaldi/6.7.3200.25"
34.145.127.191 - - [15/Jul/2026:15:43:40 -0600] "HEAD /blog/ HTTP/1.1" 404 0 "-" "Mozilla/5.0 (X11; Fedora; Linux x86_64; rv:125.0) Gecko/20100101 Firefox/125.0"
34.145.127.191 - - [15/Jul/2026:15:43:41 -0600] "HEAD /wp/ HTTP/1.1" 404 0 "-" "Mozilla/5.0 (Linux; Android 13; Infinix X688B) AppleWebKit/537.36 (KHTML, like Gecko) Chrome/124.0.6367.48 Mobile Safari/537.36"
34.145.127.191 - - [15/Jul/2026:15:43:41 -0600] "HEAD / HTTP/1.1" 301 0 "-" "Mozilla/5.0 (Linux; Android 11; moto g31) AppleWebKit/537.36 (KHTML, like Gecko) Chrome/122.0.6261.96 Mobile Safari/537.36"
34.145.127.191 - - [15/Jul/2026:15:43:43 -0600] "HEAD /backup/ HTTP/1.1" 404 0 "-" "Mozilla/5.0 (Linux; Android 13; Infinix X688B) AppleWebKit/537.36 (KHTML, like Gecko) Chrome/124.0.6367.48 Mobile Safari/537.36"
34.145.127.191 - - [15/Jul/2026:15:43:43 -0600] "HEAD /old/ HTTP/1.1" 404 0 "-" "Mozilla/5.0 (iPad; CPU OS 17_4 like Mac OS X) AppleWebKit/605.1.15 (KHTML, like Gecko) Version/17.4 Mobile/15E148 Safari/604.1"
43.157.142.101 - - [15/Jul/2026:15:49:52 -0600] "GET / HTTP/1.1" 301 0 "-" "Mozilla/5.0 (iPhone; CPU iPhone OS 13_2_3 like Mac OS X) AppleWebKit/605.1.15 (KHTML, like Gecko) Version/13.0.3 Mobile/15E148 Safari/604.1"
43.157.181.189 - - [15/Jul/2026:18:45:17 -0600] "GET / HTTP/1.1" 301 0 "-" "Mozilla/5.0 (iPhone; CPU iPhone OS 13_2_3 like Mac OS X) AppleWebKit/605.1.15 (KHTML, like Gecko) Version/13.0.3 Mobile/15E148 Safari/604.1"
170.106.192.208 - - [15/Jul/2026:19:35:30 -0600] "GET / HTTP/1.1" 301 0 "-" "Mozilla/5.0 (iPhone; CPU iPhone OS 13_2_3 like Mac OS X) AppleWebKit/605.1.15 (KHTML, like Gecko) Version/13.0.3 Mobile/15E148 Safari/604.1"
54.236.1.51 - - [15/Jul/2026:19:38:26 -0600] "GET /robots.txt HTTP/1.1" 200 114 "-" "Mozilla/5.0 (compatible; Pinterestbot/1.0; +http://www.pinterest.com/bot.html)"
43.130.116.87 - - [16/Jul/2026:00:11:56 -0600] "GET / HTTP/1.1" 301 0 "-" "Mozilla/5.0 (iPhone; CPU iPhone OS 13_2_3 like Mac OS X) AppleWebKit/605.1.15 (KHTML, like Gecko) Version/13.0.3 Mobile/15E148 Safari/604.1"
175.178.110.121 - - [16/Jul/2026:00:36:57 -0600] "GET / HTTP/1.1" 403 72 "-" "Mozilla/5.0 (iPhone; CPU iPhone OS 13_2_3 like Mac OS X) AppleWebKit/605.1.15 (KHTML, like Gecko) Version/13.0.3 Mobile/15E148 Safari/604.1"
198.175.150.9 - - [16/Jul/2026:01:40:15 -0600] "POST /wp-cron.php?doing_wp_cron=1784187615.3895499706268310546875 HTTP/1.1" 200 0 "-" "WordPress/7.0.1; https://magicalmatty.fun"
66.249.70.163 - - [16/Jul/2026:01:46:31 -0600] "GET / HTTP/1.1" 301 0 "-" "Mozilla/5.0 (compatible; Googlebot/2.1; +http://www.google.com/bot.html)"
66.249.70.163 - - [16/Jul/2026:01:46:32 -0600] "GET / HTTP/1.1" 301 0 "-" "Mozilla/5.0 (Linux; Android 6.0.1; Nexus 5X Build/MMB29P) AppleWebKit/537.36 (KHTML, like Gecko) Chrome/99.0.4844.84 Mobile Safari/537.36 (compatible; Googlebot/2.1; +http://www.google.com/bot.html)"
66.249.70.162 - - [16/Jul/2026:01:46:29 -0600] "GET /robots.txt HTTP/1.1" 200 95 "-" "Mozilla/5.0 (compatible; Googlebot/2.1; +http://www.google.com/bot.html)"
198.175.150.9 - - [16/Jul/2026:01:40:15 -0600] "POST /wp-cron.php?doing_wp_cron=1784187615.3539249897003173828125 HTTP/1.1" 200 0 "-" "WordPress/7.0.1; https://magicalmatty.fun"
43.165.197.116 - - [16/Jul/2026:01:40:14 -0600] "GET / HTTP/1.1" 301 0 "-" "Mozilla/5.0 (iPhone; CPU iPhone OS 13_2_3 like Mac OS X) AppleWebKit/605.1.15 (KHTML, like Gecko) Version/13.0.3 Mobile/15E148 Safari/604.1"
74.7.241.169 - - [16/Jul/2026:03:40:38 -0600] "GET /robots.txt HTTP/1.1" 200 95 "-" "Mozilla/5.0 (Macintosh; Intel Mac OS X 10_15_7) AppleWebKit/537.36 (KHTML, like Gecko) Chrome/131.0.0.0 Safari/537.36; compatible; OAI-SearchBot/1.4; robots.txt; +https://openai.com/searchbot"
74.7.241.7 - - [16/Jul/2026:03:42:23 -0600] "GET / HTTP/1.1" 301 0 "http://www.backlinkon.com" "Mozilla/5.0 AppleWebKit/537.36 (KHTML, like Gecko; compatible; GPTBot/1.4; +https://openai.com/gptbot)"
112.86.225.35 - - [16/Jul/2026:03:58:58 -0600] "GET / HTTP/1.1" 403 72 "-" "Sogou web spider/4.0(+http://www.sogou.com/docs/help/webmasters.htm#07)"
216.244.66.200 - - [16/Jul/2026:05:43:58 -0600] "GET /robots.txt HTTP/1.1" 200 117 "-" "Mozilla/5.0 (compatible; DotBot/1.2; +https://opensiteexplorer.org/dotbot; help@moz.com)"
216.244.66.200 - - [16/Jul/2026:05:49:48 -0600] "GET /tag/parites/feed/ HTTP/1.1" 200 840 "-" "Mozilla/5.0 (compatible; DotBot/1.2; +https://opensiteexplorer.org/dotbot; help@moz.com)"
216.244.66.200 - - [16/Jul/2026:05:49:42 -0600] "GET /GraphicDesign.html HTTP/1.1" 404 100536 "-" "Mozilla/5.0 (compatible; DotBot/1.2; +https://opensiteexplorer.org/dotbot; help@moz.com)"
198.175.150.9 - - [16/Jul/2026:06:30:32 -0600] "POST /wp-cron.php?doing_wp_cron=1784205032.9973759651184082031250 HTTP/1.1" 200 0 "-" "WordPress/7.0.1; https://magicalmatty.fun"
216.244.66.200 - - [16/Jul/2026:06:30:32 -0600] "GET /robots.txt HTTP/1.1" 200 117 "-" "Mozilla/5.0 (compatible; DotBot/1.2; +https://opensiteexplorer.org/dotbot; help@moz.com)"
198.175.150.9 - - [16/Jul/2026:06:30:32 -0600] "POST /wp-cron.php?doing_wp_cron=1784205032.9671919345855712890625 HTTP/1.1" 200 0 "-" "WordPress/7.0.1; https://magicalmatty.fun"
216.244.66.200 - - [16/Jul/2026:06:34:51 -0600] "GET /magical-matty-coin-trick-2-dallas-fort-worth/feed/ HTTP/1.1" 200 734 "-" "Mozilla/5.0 (compatible; DotBot/1.2; +https://opensiteexplorer.org/dotbot; help@moz.com)"
216.244.66.200 - - [16/Jul/2026:07:16:46 -0600] "GET /robots.txt HTTP/1.1" 200 117 "-" "Mozilla/5.0 (compatible; DotBot/1.2; +https://opensiteexplorer.org/dotbot; help@moz.com)"
43.164.131.148 - - [16/Jul/2026:08:18:19 -0600] "GET / HTTP/1.1" 301 0 "-" "Mozilla/5.0 (iPhone; CPU iPhone OS 13_2_3 like Mac OS X) AppleWebKit/605.1.15 (KHTML, like Gecko) Version/13.0.3 Mobile/15E148 Safari/604.1"
216.244.66.200 - - [16/Jul/2026:06:36:46 -0600] "GET /ClowningPriceIt.html HTTP/1.1" 404 100536 "-" "Mozilla/5.0 (compatible; DotBot/1.2; +https://opensiteexplorer.org/dotbot; help@moz.com)"
216.244.66.200 - - [16/Jul/2026:06:37:18 -0600] "GET /tag/tx/feed/ HTTP/1.1" 200 74421 "-" "Mozilla/5.0 (compatible; DotBot/1.2; +https://opensiteexplorer.org/dotbot; help@moz.com)"
216.244.66.200 - - [16/Jul/2026:08:03:12 -0600] "GET /robots.txt HTTP/1.1" 200 117 "-" "Mozilla/5.0 (compatible; DotBot/1.2; +https://opensiteexplorer.org/dotbot; help@moz.com)"
216.244.66.200 - - [16/Jul/2026:08:09:01 -0600] "GET /tag/arlington/feed/ HTTP/1.1" 200 842 "-" "Mozilla/5.0 (compatible; DotBot/1.2; +https://opensiteexplorer.org/dotbot; help@moz.com)"
216.244.66.200 - - [16/Jul/2026:08:49:34 -0600] "GET /robots.txt HTTP/1.1" 200 117 "-" "Mozilla/5.0 (compatible; DotBot/1.2; +https://opensiteexplorer.org/dotbot; help@moz.com)"
216.244.66.200 - - [16/Jul/2026:06:36:56 -0600] "GET /detective-matty-mcfun-and-the-case-of-the-missing-sock/feed/ HTTP/1.1" 200 744 "-" "Mozilla/5.0 (compatible; DotBot/1.2; +https://opensiteexplorer.org/dotbot; help@moz.com)"
216.244.66.200 - - [16/Jul/2026:07:22:42 -0600] "GET /mr-fizzy-chicken-jokes/feed/ HTTP/1.1" 200 712 "-" "Mozilla/5.0 (compatible; DotBot/1.2; +https://opensiteexplorer.org/dotbot; help@moz.com)"
216.244.66.200 - - [16/Jul/2026:08:08:52 -0600] "GET /balloon-animals-or-face-painting/t-rex/feed/ HTTP/1.1" 200 728 "-" "Mozilla/5.0 (compatible; DotBot/1.2; +https://opensiteexplorer.org/dotbot; help@moz.com)"
216.244.66.200 - - [16/Jul/2026:08:09:07 -0600] "GET /tag/funny-clown/feed/ HTTP/1.1" 200 844 "-" "Mozilla/5.0 (compatible; DotBot/1.2; +https://opensiteexplorer.org/dotbot; help@moz.com)"
49.233.45.47 - - [16/Jul/2026:08:14:41 -0600] "GET / HTTP/1.1" 301 0 "-" "Mozilla/5.0 (iPhone; CPU iPhone OS 13_2_3 like Mac OS X) AppleWebKit/605.1.15 (KHTML, like Gecko) Version/13.0.3 Mobile/15E148 Safari/604.1"
216.244.66.200 - - [16/Jul/2026:09:40:51 -0600] "GET /magic-show-plano/feed/ HTTP/1.1" 200 706 "-" "Mozilla/5.0 (compatible; DotBot/1.2; +https://opensiteexplorer.org/dotbot; help@moz.com)"
216.244.66.200 - - [16/Jul/2026:09:41:02 -0600] "GET /tag/pet-gets-loose/feed/ HTTP/1.1" 200 847 "-" "Mozilla/5.0 (compatible; DotBot/1.2; +https://opensiteexplorer.org/dotbot; help@moz.com)"
216.244.66.200 - - [16/Jul/2026:09:00:10 -0600] "GET /Caricatures.html HTTP/1.1" 404 100536 "-" "Mozilla/5.0 (compatible; DotBot/1.2; +https://opensiteexplorer.org/dotbot; help@moz.com)"
216.244.66.200 - - [16/Jul/2026:09:40:56 -0600] "GET /mr-fluffy-butt-gets-away/feed/ HTTP/1.1" 200 714 "-" "Mozilla/5.0 (compatible; DotBot/1.2; +https://opensiteexplorer.org/dotbot; help@moz.com)"
216.244.66.200 - - [16/Jul/2026:09:41:53 -0600] "GET /2017/05/30/face-painting-and-balloon-animals-at-a-wedding-reception/ HTTP/1.1" 404 101152 "-" "Mozilla/5.0 (compatible; DotBot/1.2; +https://opensiteexplorer.org/dotbot; help@moz.com)"
198.175.150.9 - - [16/Jul/2026:08:55:06 -0600] "POST /wp-cron.php?doing_wp_cron=1784213706.1208600997924804687500 HTTP/1.1" 200 0 "-" "WordPress/7.0.1; https://magicalmatty.fun"
216.244.66.200 - - [16/Jul/2026:08:55:05 -0600] "GET /tag/easy-magic/feed/ HTTP/1.1" 200 843 "-" "Mozilla/5.0 (compatible; DotBot/1.2; +https://opensiteexplorer.org/dotbot; help@moz.com)"
216.244.66.200 - - [16/Jul/2026:09:35:30 -0600] "GET /robots.txt HTTP/1.1" 200 117 "-" "Mozilla/5.0 (compatible; DotBot/1.2; +https://opensiteexplorer.org/dotbot; help@moz.com)"
216.244.66.200 - - [16/Jul/2026:10:26:56 -0600] "GET /product/softcover-matty-mcfun-the-magic-red-ball/feed/ HTTP/1.1" 200 738 "-" "Mozilla/5.0 (compatible; DotBot/1.2; +https://opensiteexplorer.org/dotbot; help@moz.com)"
216.244.66.200 - - [16/Jul/2026:10:21:29 -0600] "GET /robots.txt HTTP/1.1" 200 117 "-" "Mozilla/5.0 (compatible; DotBot/1.2; +https://opensiteexplorer.org/dotbot; help@moz.com)"
216.244.66.200 - - [16/Jul/2026:10:27:01 -0600] "GET /tag/easy-magic-trick/feed/ HTTP/1.1" 200 849 "-" "Mozilla/5.0 (compatible; DotBot/1.2; +https://opensiteexplorer.org/dotbot; help@moz.com)"
216.244.66.200 - - [16/Jul/2026:11:16:09 -0600] "GET /wp-content/uploads/2023/05/Santa-Matty-Designer-Beard-Promo.jpg HTTP/1.1" 200 1632121 "-" "Mozilla/5.0 (compatible; DotBot/1.2; +https://opensiteexplorer.org/dotbot; help@moz.com)"
216.244.66.200 - - [16/Jul/2026:11:07:36 -0600] "GET /robots.txt HTTP/1.1" 200 117 "-" "Mozilla/5.0 (compatible; DotBot/1.2; +https://opensiteexplorer.org/dotbot; help@moz.com)"
216.244.66.200 - - [16/Jul/2026:11:19:15 -0600] "GET /face-painting-mckinney/feed/ HTTP/1.1" 200 712 "-" "Mozilla/5.0 (compatible; DotBot/1.2; +https://opensiteexplorer.org/dotbot; help@moz.com)"
69.171.231.8 - - [16/Jul/2026:13:08:54 -0600] "GET /robots.txt HTTP/1.1" 301 0 "-" "facebookexternalhit/1.1 (+http://www.facebook.com/externalhit_uatext.php)"
198.175.150.9 - - [16/Jul/2026:13:08:54 -0600] "POST /wp-cron.php?doing_wp_cron=1784228934.7330520153045654296875 HTTP/1.1" 200 0 "-" "WordPress/7.0.1; https://magicalmatty.fun"
198.175.150.9 - - [16/Jul/2026:13:08:54 -0600] "POST /wp-cron.php?doing_wp_cron=1784228934.7539949417114257812500 HTTP/1.1" 200 0 "-" "WordPress/7.0.1; https://magicalmatty.fun"
198.175.150.9 - - [16/Jul/2026:13:08:54 -0600] "POST /wp-cron.php?doing_wp_cron=1784228934.7672190666198730468750 HTTP/1.1" 200 0 "-" "WordPress/7.0.1; https://magicalmatty.fun"
69.171.231.8 - - [16/Jul/2026:13:08:54 -0600] "GET /robots.txt HTTP/1.1" 200 117 "-" "facebookexternalhit/1.1 (+http://www.facebook.com/externalhit_uatext.php)"
106.54.62.156 - - [16/Jul/2026:15:07:12 -0600] "GET / HTTP/1.1" 403 72 "-" "Mozilla/5.0 (iPhone; CPU iPhone OS 13_2_3 like Mac OS X) AppleWebKit/605.1.15 (KHTML, like Gecko) Version/13.0.3 Mobile/15E148 Safari/604.1"