216.73.217.83 - - [15/Jul/2026:20:53:00 -0600] "GET /wp-sitemap.xml HTTP/2" 200 201 "-" "Mozilla/5.0 AppleWebKit/537.36 (KHTML, like Gecko; compatible; ClaudeBot/1.0; +claudebot@anthropic.com)"
43.160.219.138 - - [15/Jul/2026:20:51:35 -0600] "GET / HTTP/1.1" 200 31714 "http://magicalmatty.com" "Mozilla/5.0 (iPhone; CPU iPhone OS 13_2_3 like Mac OS X) AppleWebKit/605.1.15 (KHTML, like Gecko) Version/13.0.3 Mobile/15E148 Safari/604.1"
198.175.150.9 - - [15/Jul/2026:21:19:19 -0600] "POST /wp-cron.php?doing_wp_cron=1784171959.5974230766296386718750 HTTP/1.1" 200 0 "-" "WordPress/7.0.1; https://magicalmatty.fun"
52.167.144.64 - - [15/Jul/2026:21:19:19 -0600] "GET /robots.txt HTTP/2" 200 95 "-" "Mozilla/5.0 AppleWebKit/537.36 (KHTML, like Gecko; compatible; bingbot/2.0; +http://www.bing.com/bingbot.htm) Chrome/116.0.1938.76 Safari/537.36"
207.46.13.151 - - [15/Jul/2026:21:19:26 -0600] "GET /wp-sitemap.xml HTTP/2" 200 201 "-" "Mozilla/5.0 AppleWebKit/537.36 (KHTML, like Gecko; compatible; bingbot/2.0; +http://www.bing.com/bingbot.htm) Chrome/116.0.1938.76 Safari/537.36"
1.75.72.85 - - [15/Jul/2026:21:22:26 -0600] "GET / HTTP/2" 403 72 "https://www.google.com/" "Mozilla/5.0 (iPhone; CPU iPhone OS 18_7 like Mac OS X) AppleWebKit/605.1.15 (KHTML, like Gecko) Version/26.6 Mobile/15E148 Safari/604.1"
1.75.72.85 - - [15/Jul/2026:21:22:26 -0600] "GET /favicon.ico HTTP/2" 403 72 "https://magicalmatty.fun/" "Mozilla/5.0 (iPhone; CPU iPhone OS 18_7 like Mac OS X) AppleWebKit/605.1.15 (KHTML, like Gecko) Version/26.6 Mobile/15E148 Safari/604.1"
43.131.32.36 - - [15/Jul/2026:21:33:48 -0600] "GET / HTTP/1.1" 200 31714 "http://www.magicalmatty.com" "Mozilla/5.0 (iPhone; CPU iPhone OS 13_2_3 like Mac OS X) AppleWebKit/605.1.15 (KHTML, like Gecko) Version/13.0.3 Mobile/15E148 Safari/604.1"
15.235.27.230 - - [15/Jul/2026:21:37:22 -0600] "GET /wp-content/uploads/elementor/css/post-546.css?ver=1781138580 HTTP/2" 200 655 "-" "Mozilla/5.0 (compatible; AhrefsBot/7.0; +http://ahrefs.com/robot/)"
54.39.210.121 - - [15/Jul/2026:21:35:50 -0600] "GET /robots.txt HTTP/2" 200 95 "-" "Mozilla/5.0 (compatible; AhrefsBot/7.0; +http://ahrefs.com/robot/)"
148.113.130.141 - - [15/Jul/2026:21:36:08 -0600] "GET /colorful-balloon-twisting-in-garland-texas/ HTTP/2" 200 25193 "-" "Mozilla/5.0 (compatible; AhrefsBot/7.0; +http://ahrefs.com/robot/)"
51.161.37.178 - - [15/Jul/2026:21:48:48 -0600] "GET /fun-balloon-animals-in-plano-texas/ HTTP/2" 200 26599 "-" "Mozilla/5.0 (compatible; AhrefsBot/7.0; +http://ahrefs.com/robot/)"
43.135.145.77 - - [15/Jul/2026:21:49:50 -0600] "GET /xmlrpc.php?rsd HTTP/1.1" 200 313 "-" "Mozilla/5.0 (iPhone; CPU iPhone OS 13_2_3 like Mac OS X) AppleWebKit/605.1.15 (KHTML, like Gecko) Version/13.0.3 Mobile/15E148 Safari/604.1"
54.39.0.168 - - [15/Jul/2026:21:43:21 -0600] "GET /funny-birthday-party-clown-in-plano-texas/ HTTP/2" 200 25677 "-" "Mozilla/5.0 (compatible; AhrefsBot/7.0; +http://ahrefs.com/robot/)"
49.51.245.241 - - [15/Jul/2026:21:59:02 -0600] "GET /wp-json/oembed/1.0/embed?url=https%3A%2F%2Fmagicalmatty.fun%2F HTTP/1.1" 200 1150 "-" "Mozilla/5.0 (iPhone; CPU iPhone OS 13_2_3 like Mac OS X) AppleWebKit/605.1.15 (KHTML, like Gecko) Version/13.0.3 Mobile/15E148 Safari/604.1"
43.134.15.174 - - [15/Jul/2026:22:07:21 -0600] "GET /santa-for-hire-in-dallas-tx/ HTTP/1.1" 200 29143 "-" "Mozilla/5.0 (iPhone; CPU iPhone OS 13_2_3 like Mac OS X) AppleWebKit/605.1.15 (KHTML, like Gecko) Version/13.0.3 Mobile/15E148 Safari/604.1"
54.39.203.219 - - [15/Jul/2026:22:09:24 -0600] "GET /tag/birthday-party-magician/ HTTP/2" 200 20581 "-" "Mozilla/5.0 (compatible; AhrefsBot/7.0; +http://ahrefs.com/robot/)"
198.175.150.9 - - [15/Jul/2026:21:57:06 -0600] "POST /wp-cron.php?doing_wp_cron=1784174226.5528759956359863281250 HTTP/1.1" 200 0 "-" "WordPress/7.0.1; https://magicalmatty.fun"
198.175.150.9 - - [15/Jul/2026:21:57:06 -0600] "POST /wp-cron.php?doing_wp_cron=1784174226.5846030712127685546875 HTTP/1.1" 200 0 "-" "WordPress/7.0.1; https://magicalmatty.fun"
197.185.169.249 - - [15/Jul/2026:21:57:05 -0600] "GET /wp-content/uploads/2016/06/Caricatures-Icon.jpg HTTP/1.1" 404 22761 "-" "Mozilla/5.0 (Macintosh; Intel Mac OS X 10_15_7) AppleWebKit/537.36 (KHTML, like Gecko) Chrome/149.0.0.0 Safari/537.36"
198.175.150.9 - - [15/Jul/2026:21:57:06 -0600] "POST /wp-cron.php?doing_wp_cron=1784174226.9288849830627441406250 HTTP/1.1" 200 0 "-" "WordPress/7.0.1; https://magicalmatty.fun"
51.222.168.47 - - [15/Jul/2026:22:20:28 -0600] "GET /tag/kids-party/ HTTP/2" 200 20715 "-" "Mozilla/5.0 (compatible; AhrefsBot/7.0; +http://ahrefs.com/robot/)"
43.166.253.94 - - [15/Jul/2026:22:19:57 -0600] "GET /wp-json/wp/v2/pages/47 HTTP/1.1" 200 6323 "-" "Mozilla/5.0 (iPhone; CPU iPhone OS 13_2_3 like Mac OS X) AppleWebKit/605.1.15 (KHTML, like Gecko) Version/13.0.3 Mobile/15E148 Safari/604.1"
51.161.65.13 - - [15/Jul/2026:22:15:52 -0600] "GET /tag/magic-show-plano/ HTTP/2" 200 19837 "-" "Mozilla/5.0 (compatible; AhrefsBot/7.0; +http://ahrefs.com/robot/)"
54.39.0.241 - - [15/Jul/2026:22:40:53 -0600] "GET /tag/birthday-party/ HTTP/2" 200 20593 "-" "Mozilla/5.0 (compatible; AhrefsBot/7.0; +http://ahrefs.com/robot/)"
136.110.18.46 - - [15/Jul/2026:22:36:43 -0600] "GET /components/com_sppagebuilder/assets/css/sppagebuilder.css HTTP/1.1" 404 101221 "https://magicalmatty.fun/" "Mozilla/5.0 (Windows NT 10.0; Win64; x64; rv:109.0) Gecko/20100101 Firefox/120.0"
40.77.167.76 - - [15/Jul/2026:22:46:47 -0600] "GET / HTTP/2" 200 27401 "-" "Mozilla/5.0 AppleWebKit/537.36 (KHTML, like Gecko; compatible; bingbot/2.0; +http://www.bing.com/bingbot.htm) Chrome/116.0.1938.76 Safari/537.36"
198.175.150.9 - - [15/Jul/2026:23:01:10 -0600] "POST /wp-cron.php?doing_wp_cron=1784178070.9845290184020996093750 HTTP/1.1" 200 0 "-" "WordPress/7.0.1; https://magicalmatty.fun"
216.73.217.83 - - [15/Jul/2026:23:01:10 -0600] "GET /robots.txt HTTP/2" 200 95 "-" "Mozilla/5.0 AppleWebKit/537.36 (KHTML, like Gecko; compatible; ClaudeBot/1.0; +claudebot@anthropic.com)"
216.73.217.83 - - [15/Jul/2026:23:01:11 -0600] "GET /wp-sitemap.xml HTTP/2" 200 201 "-" "Mozilla/5.0 AppleWebKit/537.36 (KHTML, like Gecko; compatible; ClaudeBot/1.0; +claudebot@anthropic.com)"
198.175.150.9 - - [15/Jul/2026:23:01:11 -0600] "POST /wp-cron.php?doing_wp_cron=1784178071.0150918960571289062500 HTTP/1.1" 200 0 "-" "WordPress/7.0.1; https://magicalmatty.fun"
198.175.150.9 - - [15/Jul/2026:23:01:11 -0600] "POST /wp-cron.php?doing_wp_cron=1784178071.0361371040344238281250 HTTP/1.1" 200 0 "-" "WordPress/7.0.1; https://magicalmatty.fun"
106.54.62.156 - - [15/Jul/2026:23:18:02 -0600] "GET / HTTP/1.1" 403 72 "http://www.magicalmatty.com" "Mozilla/5.0 (iPhone; CPU iPhone OS 13_2_3 like Mac OS X) AppleWebKit/605.1.15 (KHTML, like Gecko) Version/13.0.3 Mobile/15E148 Safari/604.1"
198.175.150.9 - - [16/Jul/2026:00:11:27 -0600] "POST /wp-cron.php?doing_wp_cron=1784182287.3791530132293701171875 HTTP/1.1" 200 0 "-" "WordPress/7.0.1; https://magicalmatty.fun"
198.175.150.9 - - [16/Jul/2026:00:11:27 -0600] "POST /wp-cron.php?doing_wp_cron=1784182287.4715371131896972656250 HTTP/1.1" 200 0 "-" "WordPress/7.0.1; https://magicalmatty.fun"
3.213.16.195 - - [16/Jul/2026:00:11:25 -0600] "GET /robots.txt HTTP/1.1" 200 114 "-" "Mozilla/5.0 (Macintosh; Intel Mac OS X 10_10_1) AppleWebKit/600.2.5 (KHTML, like Gecko) Version/8.0.2 Safari/600.2.5 (Gort)"
43.130.116.87 - - [16/Jul/2026:00:11:57 -0600] "GET / HTTP/1.1" 200 31714 "http://magicalmatty.fun" "Mozilla/5.0 (iPhone; CPU iPhone OS 13_2_3 like Mac OS X) AppleWebKit/605.1.15 (KHTML, like Gecko) Version/13.0.3 Mobile/15E148 Safari/604.1"
198.175.150.9 - - [16/Jul/2026:00:11:27 -0600] "POST /wp-cron.php?doing_wp_cron=1784182287.4412240982055664062500 HTTP/1.1" 200 0 "-" "WordPress/7.0.1; https://magicalmatty.fun"
43.134.62.67 - - [16/Jul/2026:00:37:21 -0600] "GET /xmlrpc.php?rsd HTTP/1.1" 200 313 "-" "Mozilla/5.0 (iPhone; CPU iPhone OS 13_2_3 like Mac OS X) AppleWebKit/605.1.15 (KHTML, like Gecko) Version/13.0.3 Mobile/15E148 Safari/604.1"
64.23.131.111 - - [16/Jul/2026:00:53:51 -0600] "GET /favicon.ico HTTP/1.1" 400 52 "https://autodiscover.magicalmatty.fun/" "Mozilla/5.0 (X11; Linux x86_64) AppleWebKit/537.36 (KHTML, like Gecko) Chrome/142.0.0.0 Safari/537.36"
64.23.131.111 - - [16/Jul/2026:00:53:50 -0600] "GET / HTTP/1.1" 400 52 "-" "Mozilla/5.0 (X11; Linux x86_64) AppleWebKit/537.36 (KHTML, like Gecko) Chrome/142.0.0.0 Safari/537.36"
198.175.150.9 - - [16/Jul/2026:01:06:06 -0600] "POST /wp-cron.php?doing_wp_cron=1784185566.2429330348968505859375 HTTP/1.1" 200 0 "-" "WordPress/7.0.1; https://magicalmatty.fun"
43.134.91.35 - - [16/Jul/2026:01:06:04 -0600] "GET /reviews/ HTTP/1.1" 200 28418 "-" "Mozilla/5.0 (iPhone; CPU iPhone OS 13_2_3 like Mac OS X) AppleWebKit/605.1.15 (KHTML, like Gecko) Version/13.0.3 Mobile/15E148 Safari/604.1"
66.249.70.172 - - [16/Jul/2026:01:46:34 -0600] "GET / HTTP/1.1" 200 27401 "-" "Mozilla/5.0 (compatible; Googlebot/2.1; +http://www.google.com/bot.html)"
66.249.70.173 - - [16/Jul/2026:01:46:35 -0600] "GET /wp-content/plugins/elementor-pro/assets/css/widget-carousel-module-base.min.css?ver=4.1.0 HTTP/1.1" 200 582 "https://magicalmatty.fun/" "Mozilla/5.0 AppleWebKit/537.36 (KHTML, like Gecko; compatible; Googlebot/2.1; +http://www.google.com/bot.html) Chrome/150.0.7871.46 Safari/537.36"
66.249.70.173 - - [16/Jul/2026:01:46:35 -0600] "GET /wp-content/plugins/ultimate-elementor/assets/min-css/uael-frontend.min.css?ver=1.44.4 HTTP/1.1" 200 78024 "https://magicalmatty.fun/" "Mozilla/5.0 AppleWebKit/537.36 (KHTML, like Gecko; compatible; Googlebot/2.1; +http://www.google.com/bot.html) Chrome/150.0.7871.46 Safari/537.36"
66.249.70.173 - - [16/Jul/2026:01:46:35 -0600] "GET /wp-content/plugins/elementor-pro/assets/css/widget-carousel-module-base.min.css?ver=4.1.0 HTTP/1.1" 200 582 "https://magicalmatty.fun/" "Mozilla/5.0 (Linux; Android 6.0.1; Nexus 5X Build/MMB29P) AppleWebKit/537.36 (KHTML, like Gecko) Chrome/150.0.7871.46 Mobile Safari/537.36 (compatible; Googlebot/2.1; +http://www.google.com/bot.html)"
43.165.197.116 - - [16/Jul/2026:01:40:17 -0600] "GET / HTTP/1.1" 200 31714 "http://www.magicalmatty.fun" "Mozilla/5.0 (iPhone; CPU iPhone OS 13_2_3 like Mac OS X) AppleWebKit/605.1.15 (KHTML, like Gecko) Version/13.0.3 Mobile/15E148 Safari/604.1"
66.249.70.172 - - [16/Jul/2026:01:46:32 -0600] "GET /robots.txt HTTP/1.1" 200 95 "-" "Mozilla/5.0 (compatible; Googlebot/2.1; +http://www.google.com/bot.html)"
66.249.70.172 - - [16/Jul/2026:01:46:36 -0600] "GET /wp-content/plugins/elementor/assets/lib/font-awesome/css/fontawesome.css?ver=5.15.3 HTTP/1.1" 200 12526 "https://magicalmatty.fun/" "Mozilla/5.0 AppleWebKit/537.36 (KHTML, like Gecko; compatible; Googlebot/2.1; +http://www.google.com/bot.html) Chrome/150.0.7871.46 Safari/537.36"
43.166.129.247 - - [16/Jul/2026:01:39:51 -0600] "GET /wp-json/wp/v2/pages/47 HTTP/1.1" 200 6323 "-" "Mozilla/5.0 (iPhone; CPU iPhone OS 13_2_3 like Mac OS X) AppleWebKit/605.1.15 (KHTML, like Gecko) Version/13.0.3 Mobile/15E148 Safari/604.1"
66.249.70.174 - - [16/Jul/2026:01:46:33 -0600] "GET / HTTP/1.1" 200 27419 "-" "Mozilla/5.0 (Linux; Android 6.0.1; Nexus 5X Build/MMB29P) AppleWebKit/537.36 (KHTML, like Gecko) Chrome/99.0.4844.84 Mobile Safari/537.36 (compatible; Googlebot/2.1; +http://www.google.com/bot.html)"
198.175.150.9 - - [16/Jul/2026:02:01:02 -0600] "POST /wp-cron.php?doing_wp_cron=1784188862.5970880985260009765625 HTTP/1.1" 200 0 "-" "WordPress/7.0.1; https://magicalmatty.fun"
216.73.217.83 - - [16/Jul/2026:02:01:01 -0600] "GET /robots.txt HTTP/2" 200 95 "-" "Mozilla/5.0 AppleWebKit/537.36 (KHTML, like Gecko; compatible; ClaudeBot/1.0; +claudebot@anthropic.com)"
216.73.217.83 - - [16/Jul/2026:02:01:02 -0600] "GET /wp-sitemap.xml HTTP/2" 200 201 "-" "Mozilla/5.0 AppleWebKit/537.36 (KHTML, like Gecko; compatible; ClaudeBot/1.0; +claudebot@anthropic.com)"
65.109.175.177 - - [16/Jul/2026:02:07:53 -0600] "GET /wp-content/uploads/2016/06/T-rex-Balloons-233x300.jpg HTTP/1.1" 404 65536 "-" "Mozilla/5.0 (X11; Ubuntu; Linux x86_64; rv:72.0) Gecko/20100101 Firefox/72.0"
157.180.82.58 - - [16/Jul/2026:02:03:00 -0600] "GET /wp-content/uploads/2016/06/ConceptScan1-300x251.jpg HTTP/1.1" 404 101221 "-" "Mozilla/5.0 (X11; Ubuntu; Linux x86_64; rv:72.0) Gecko/20100101 Firefox/72.0"
170.106.165.76 - - [16/Jul/2026:02:13:14 -0600] "GET /santa-for-hire-in-dallas-tx/ HTTP/1.1" 200 29143 "-" "Mozilla/5.0 (iPhone; CPU iPhone OS 13_2_3 like Mac OS X) AppleWebKit/605.1.15 (KHTML, like Gecko) Version/13.0.3 Mobile/15E148 Safari/604.1"
198.175.150.9 - - [16/Jul/2026:02:23:12 -0600] "POST /wp-cron.php?doing_wp_cron=1784190192.6040248870849609375000 HTTP/1.1" 200 0 "-" "WordPress/7.0.1; https://magicalmatty.fun"
5.255.231.104 - - [16/Jul/2026:02:23:12 -0600] "GET /robots.txt HTTP/1.1" 200 117 "-" "Mozilla/5.0 (compatible; YandexBot/3.0; +http://yandex.com/bots)"
5.255.251.134 - - [16/Jul/2026:02:23:13 -0600] "GET /wp-content/uploads/2018/07/InvisibleBallBagTrick.jpg HTTP/2" 404 22761 "-" "Mozilla/5.0 (compatible; YandexImages/3.0; +http://yandex.com/bots)"
43.166.238.12 - - [16/Jul/2026:02:43:14 -0600] "GET /wp-json/oembed/1.0/embed?url=https%3A%2F%2Fmagicalmatty.fun%2F&format=xml HTTP/1.1" 200 1182 "-" "Mozilla/5.0 (iPhone; CPU iPhone OS 13_2_3 like Mac OS X) AppleWebKit/605.1.15 (KHTML, like Gecko) Version/13.0.3 Mobile/15E148 Safari/604.1"
159.0.51.83 - - [16/Jul/2026:02:52:55 -0600] "GET /wp-includes/css/dist/block-library/style.min.css?ver=6.8.3 HTTP/1.1" 200 16250 "-" "Mozilla/5.0 (Windows NT 11.0) AppleWebKit/536.0 (KHTML, like Gecko) Chrome/27.0.887.0 Safari/536.0"
198.175.150.9 - - [16/Jul/2026:03:06:44 -0600] "POST /wp-cron.php?doing_wp_cron=1784192804.8788549900054931640625 HTTP/1.1" 200 0 "-" "WordPress/7.0.1; https://magicalmatty.fun"
198.175.150.9 - - [16/Jul/2026:03:06:44 -0600] "POST /wp-cron.php?doing_wp_cron=1784192804.8988339900970458984375 HTTP/1.1" 200 0 "-" "WordPress/7.0.1; https://magicalmatty.fun"
43.157.179.227 - - [16/Jul/2026:03:06:44 -0600] "GET /comments/feed/ HTTP/1.1" 200 417 "-" "Mozilla/5.0 (iPhone; CPU iPhone OS 13_2_3 like Mac OS X) AppleWebKit/605.1.15 (KHTML, like Gecko) Version/13.0.3 Mobile/15E148 Safari/604.1"
198.175.150.9 - - [16/Jul/2026:03:06:44 -0600] "POST /wp-cron.php?doing_wp_cron=1784192804.8518929481506347656250 HTTP/1.1" 200 0 "-" "WordPress/7.0.1; https://magicalmatty.fun"
74.7.241.169 - - [16/Jul/2026:03:42:24 -0600] "GET /robots.txt HTTP/2" 200 95 "-" "Mozilla/5.0 (Macintosh; Intel Mac OS X 10_15_7) AppleWebKit/537.36 (KHTML, like Gecko) Chrome/131.0.0.0 Safari/537.36; compatible; OAI-SearchBot/1.4; robots.txt; +https://openai.com/searchbot"
51.161.65.64 - - [16/Jul/2026:03:44:46 -0600] "GET /tag/magic-shows/ HTTP/2" 200 20630 "-" "Mozilla/5.0 (compatible; AhrefsBot/7.0; +http://ahrefs.com/robot/)"
54.39.136.237 - - [16/Jul/2026:04:09:06 -0600] "GET /author/matdaddy/ HTTP/2" 404 19215 "-" "Mozilla/5.0 (compatible; AhrefsBot/7.0; +http://ahrefs.com/robot/)"
198.175.150.9 - - [16/Jul/2026:04:09:07 -0600] "POST /wp-cron.php?doing_wp_cron=1784196547.0849978923797607421875 HTTP/1.1" 200 0 "-" "WordPress/7.0.1; https://magicalmatty.fun"
198.175.150.9 - - [16/Jul/2026:04:09:07 -0600] "POST /wp-cron.php?doing_wp_cron=1784196547.1200098991394042968750 HTTP/1.1" 200 0 "-" "WordPress/7.0.1; https://magicalmatty.fun"
198.175.150.9 - - [16/Jul/2026:04:09:07 -0600] "POST /wp-cron.php?doing_wp_cron=1784196547.4037349224090576171875 HTTP/1.1" 200 0 "-" "WordPress/7.0.1; https://magicalmatty.fun"
148.113.130.176 - - [16/Jul/2026:04:20:41 -0600] "GET /tag/magic-show-mckinney/ HTTP/2" 200 19878 "-" "Mozilla/5.0 (compatible; AhrefsBot/7.0; +http://ahrefs.com/robot/)"
51.161.65.192 - - [16/Jul/2026:04:39:26 -0600] "GET / HTTP/2" 200 27401 "-" "Mozilla/5.0 (compatible; AhrefsBot/7.0; +http://ahrefs.com/robot/)"
47.128.43.105 - - [16/Jul/2026:04:42:47 -0600] "GET / HTTP/2" 200 27419 "-" "Mozilla/5.0 (Linux; Android 5.0) AppleWebKit/537.36 (KHTML, like Gecko) Mobile Safari/537.36 (compatible; Bytespider; spider-feedback@bytedance.com)"
47.128.43.105 - - [16/Jul/2026:04:42:48 -0600] "GET /wp-content/plugins/wp-customer-reviews/css/wp-customer-reviews.css?ver=3.7.8 HTTP/2" 200 1890 "https://magicalmatty.fun/" "Mozilla/5.0 (Linux; Android 5.0) AppleWebKit/537.36 (KHTML, like Gecko) Mobile Safari/537.36 (compatible; Bytespider; spider-feedback@bytedance.com)"
47.128.43.105 - - [16/Jul/2026:04:42:48 -0600] "GET /wp-content/themes/astra/assets/css/minified/main.min.css?ver=4.13.4 HTTP/2" 200 8375 "https://magicalmatty.fun/" "Mozilla/5.0 (Linux; Android 5.0) AppleWebKit/537.36 (KHTML, like Gecko) Mobile Safari/537.36 (compatible; Bytespider; spider-feedback@bytedance.com)"
47.128.43.105 - - [16/Jul/2026:04:42:49 -0600] "GET /wp-content/plugins/elementor/assets/lib/eicons/css/elementor-icons.min.css?ver=5.49.0 HTTP/2" 200 4114 "https://magicalmatty.fun/" "Mozilla/5.0 (Linux; Android 5.0) AppleWebKit/537.36 (KHTML, like Gecko) Mobile Safari/537.36 (compatible; Bytespider; spider-feedback@bytedance.com)"
47.128.43.105 - - [16/Jul/2026:04:42:49 -0600] "GET /wp-content/uploads/astra-addon/astra-addon-6a237496ebb090-84590811.css?ver=4.13.4 HTTP/2" 200 2401 "https://magicalmatty.fun/" "Mozilla/5.0 (Linux; Android 5.0) AppleWebKit/537.36 (KHTML, like Gecko) Mobile Safari/537.36 (compatible; Bytespider; spider-feedback@bytedance.com)"
47.128.43.105 - - [16/Jul/2026:04:42:49 -0600] "GET /wp-content/uploads/elementor/css/post-10.css?ver=1780710776 HTTP/2" 200 359 "https://magicalmatty.fun/" "Mozilla/5.0 (Linux; Android 5.0) AppleWebKit/537.36 (KHTML, like Gecko) Mobile Safari/537.36 (compatible; Bytespider; spider-feedback@bytedance.com)"
47.128.43.105 - - [16/Jul/2026:04:42:49 -0600] "GET /wp-content/plugins/elementor/assets/css/frontend.min.css?ver=4.1.1 HTTP/2" 200 6613 "https://magicalmatty.fun/" "Mozilla/5.0 (Linux; Android 5.0) AppleWebKit/537.36 (KHTML, like Gecko) Mobile Safari/537.36 (compatible; Bytespider; spider-feedback@bytedance.com)"
47.128.43.105 - - [16/Jul/2026:04:42:49 -0600] "GET /wp-content/plugins/elementor/assets/css/widget-social-icons.min.css?ver=3.24.0 HTTP/2" 200 1039 "https://magicalmatty.fun/" "Mozilla/5.0 (Linux; Android 5.0) AppleWebKit/537.36 (KHTML, like Gecko) Mobile Safari/537.36 (compatible; Bytespider; spider-feedback@bytedance.com)"
47.128.43.105 - - [16/Jul/2026:04:42:49 -0600] "GET /wp-content/plugins/elementor/assets/lib/font-awesome/css/brands.css?ver=5.15.3 HTTP/2" 200 296 "https://magicalmatty.fun/" "Mozilla/5.0 (Linux; Android 5.0) AppleWebKit/537.36 (KHTML, like Gecko) Mobile Safari/537.36 (compatible; Bytespider; spider-feedback@bytedance.com)"
47.128.43.105 - - [16/Jul/2026:04:42:49 -0600] "GET /wp-content/plugins/elementor/assets/lib/animations/styles/rubberBand.min.css?ver=4.1.1 HTTP/2" 200 121 "https://magicalmatty.fun/" "Mozilla/5.0 (Linux; Android 5.0) AppleWebKit/537.36 (KHTML, like Gecko) Mobile Safari/537.36 (compatible; Bytespider; spider-feedback@bytedance.com)"
47.128.43.105 - - [16/Jul/2026:04:42:49 -0600] "GET /wp-content/plugins/elementor/assets/lib/font-awesome/css/solid.css?ver=5.15.3 HTTP/2" 200 296 "https://magicalmatty.fun/" "Mozilla/5.0 (Linux; Android 5.0) AppleWebKit/537.36 (KHTML, like Gecko) Mobile Safari/537.36 (compatible; Bytespider; spider-feedback@bytedance.com)"
47.128.43.105 - - [16/Jul/2026:04:42:49 -0600] "GET /wp-content/plugins/elementor/assets/lib/animations/styles/fadeInUp.min.css?ver=4.1.1 HTTP/2" 200 130 "https://magicalmatty.fun/" "Mozilla/5.0 (Linux; Android 5.0) AppleWebKit/537.36 (KHTML, like Gecko) Mobile Safari/537.36 (compatible; Bytespider; spider-feedback@bytedance.com)"
47.128.43.105 - - [16/Jul/2026:04:42:49 -0600] "GET /wp-content/plugins/elementor-pro/assets/css/widget-animated-headline.min.css?ver=4.1.0 HTTP/2" 200 1537 "https://magicalmatty.fun/" "Mozilla/5.0 (Linux; Android 5.0) AppleWebKit/537.36 (KHTML, like Gecko) Mobile Safari/537.36 (compatible; Bytespider; spider-feedback@bytedance.com)"
47.128.43.105 - - [16/Jul/2026:04:42:49 -0600] "GET /wp-content/plugins/elementor/assets/lib/swiper/v8/css/swiper.min.css?ver=8.4.5 HTTP/2" 200 4248 "https://magicalmatty.fun/" "Mozilla/5.0 (Linux; Android 5.0) AppleWebKit/537.36 (KHTML, like Gecko) Mobile Safari/537.36 (compatible; Bytespider; spider-feedback@bytedance.com)"
47.128.43.105 - - [16/Jul/2026:04:42:49 -0600] "GET /wp-content/plugins/elementor/assets/css/widget-video.min.css?ver=4.1.1 HTTP/2" 200 328 "https://magicalmatty.fun/" "Mozilla/5.0 (Linux; Android 5.0) AppleWebKit/537.36 (KHTML, like Gecko) Mobile Safari/537.36 (compatible; Bytespider; spider-feedback@bytedance.com)"
47.128.43.105 - - [16/Jul/2026:04:42:49 -0600] "GET /wp-content/plugins/elementor/assets/lib/font-awesome/css/fontawesome.css?ver=5.15.3 HTTP/2" 200 12526 "https://magicalmatty.fun/" "Mozilla/5.0 (Linux; Android 5.0) AppleWebKit/537.36 (KHTML, like Gecko) Mobile Safari/537.36 (compatible; Bytespider; spider-feedback@bytedance.com)"
47.128.43.105 - - [16/Jul/2026:04:42:49 -0600] "GET /wp-content/plugins/ultimate-elementor/assets/min-css/uael-frontend.min.css?ver=1.44.4 HTTP/2" 200 78024 "https://magicalmatty.fun/" "Mozilla/5.0 (Linux; Android 5.0) AppleWebKit/537.36 (KHTML, like Gecko) Mobile Safari/537.36 (compatible; Bytespider; spider-feedback@bytedance.com)"
47.128.43.105 - - [16/Jul/2026:04:42:49 -0600] "GET /wp-content/plugins/elementor-pro/assets/css/widget-testimonial-carousel.min.css?ver=4.1.0 HTTP/2" 200 1398 "https://magicalmatty.fun/" "Mozilla/5.0 (Linux; Android 5.0) AppleWebKit/537.36 (KHTML, like Gecko) Mobile Safari/537.36 (compatible; Bytespider; spider-feedback@bytedance.com)"
47.128.43.105 - - [16/Jul/2026:04:42:49 -0600] "GET /wp-content/plugins/elementor/assets/css/conditionals/e-swiper.min.css?ver=4.1.1 HTTP/2" 200 699 "https://magicalmatty.fun/" "Mozilla/5.0 (Linux; Android 5.0) AppleWebKit/537.36 (KHTML, like Gecko) Mobile Safari/537.36 (compatible; Bytespider; spider-feedback@bytedance.com)"
47.128.43.105 - - [16/Jul/2026:04:42:49 -0600] "GET /wp-content/plugins/elementor-pro/assets/css/widget-carousel-module-base.min.css?ver=4.1.0 HTTP/2" 200 582 "https://magicalmatty.fun/" "Mozilla/5.0 (Linux; Android 5.0) AppleWebKit/537.36 (KHTML, like Gecko) Mobile Safari/537.36 (compatible; Bytespider; spider-feedback@bytedance.com)"
47.128.43.105 - - [16/Jul/2026:04:42:49 -0600] "GET /wp-content/plugins/elementor/assets/css/widget-divider.min.css?ver=4.1.1 HTTP/2" 200 678 "https://magicalmatty.fun/" "Mozilla/5.0 (Linux; Android 5.0) AppleWebKit/537.36 (KHTML, like Gecko) Mobile Safari/537.36 (compatible; Bytespider; spider-feedback@bytedance.com)"
47.128.43.105 - - [16/Jul/2026:04:42:49 -0600] "GET /wp-content/plugins/elementor/assets/css/widget-heading.min.css?ver=4.1.1 HTTP/2" 200 126 "https://magicalmatty.fun/" "Mozilla/5.0 (Linux; Android 5.0) AppleWebKit/537.36 (KHTML, like Gecko) Mobile Safari/537.36 (compatible; Bytespider; spider-feedback@bytedance.com)"
47.128.43.105 - - [16/Jul/2026:04:42:49 -0600] "GET /wp-content/plugins/elementor/assets/lib/animations/styles/slideInRight.min.css?ver=4.1.1 HTTP/2" 200 155 "https://magicalmatty.fun/" "Mozilla/5.0 (Linux; Android 5.0) AppleWebKit/537.36 (KHTML, like Gecko) Mobile Safari/537.36 (compatible; Bytespider; spider-feedback@bytedance.com)"
47.128.43.105 - - [16/Jul/2026:04:42:49 -0600] "GET /wp-content/plugins/elementor/assets/css/widget-menu-anchor.min.css?ver=4.1.1 HTTP/2" 200 69 "https://magicalmatty.fun/" "Mozilla/5.0 (Linux; Android 5.0) AppleWebKit/537.36 (KHTML, like Gecko) Mobile Safari/537.36 (compatible; Bytespider; spider-feedback@bytedance.com)"
47.128.43.105 - - [16/Jul/2026:04:42:49 -0600] "GET /wp-content/plugins/elementor/assets/lib/animations/styles/slideInLeft.min.css?ver=4.1.1 HTTP/2" 200 153 "https://magicalmatty.fun/" "Mozilla/5.0 (Linux; Android 5.0) AppleWebKit/537.36 (KHTML, like Gecko) Mobile Safari/537.36 (compatible; Bytespider; spider-feedback@bytedance.com)"
47.128.43.105 - - [16/Jul/2026:04:42:49 -0600] "GET /wp-content/plugins/elementor/assets/lib/animations/styles/rotateIn.min.css?ver=4.1.1 HTTP/2" 200 180 "https://magicalmatty.fun/" "Mozilla/5.0 (Linux; Android 5.0) AppleWebKit/537.36 (KHTML, like Gecko) Mobile Safari/537.36 (compatible; Bytespider; spider-feedback@bytedance.com)"
47.128.43.105 - - [16/Jul/2026:04:42:49 -0600] "GET /wp-content/plugins/elementor/assets/css/widget-image-gallery.min.css?ver=4.1.1 HTTP/2" 200 275 "https://magicalmatty.fun/" "Mozilla/5.0 (Linux; Android 5.0) AppleWebKit/537.36 (KHTML, like Gecko) Mobile Safari/537.36 (compatible; Bytespider; spider-feedback@bytedance.com)"
47.128.43.105 - - [16/Jul/2026:04:42:49 -0600] "GET /wp-content/plugins/elementor/assets/lib/animations/styles/tada.min.css?ver=4.1.1 HTTP/2" 200 132 "https://magicalmatty.fun/" "Mozilla/5.0 (Linux; Android 5.0) AppleWebKit/537.36 (KHTML, like Gecko) Mobile Safari/537.36 (compatible; Bytespider; spider-feedback@bytedance.com)"
47.128.43.105 - - [16/Jul/2026:04:42:49 -0600] "GET /wp-content/plugins/elementor/assets/lib/animations/styles/jello.min.css?ver=4.1.1 HTTP/2" 200 177 "https://magicalmatty.fun/" "Mozilla/5.0 (Linux; Android 5.0) AppleWebKit/537.36 (KHTML, like Gecko) Mobile Safari/537.36 (compatible; Bytespider; spider-feedback@bytedance.com)"
47.128.43.105 - - [16/Jul/2026:04:42:49 -0600] "GET /wp-content/uploads/elementor/css/post-47.css?ver=1780710776 HTTP/2" 200 1019 "https://magicalmatty.fun/" "Mozilla/5.0 (Linux; Android 5.0) AppleWebKit/537.36 (KHTML, like Gecko) Mobile Safari/537.36 (compatible; Bytespider; spider-feedback@bytedance.com)"
47.128.43.105 - - [16/Jul/2026:04:42:49 -0600] "GET /wp-content/uploads/2023/05/cropped-72dpi-Magical-Matty-Fun-Logo-Retro-Horizontal-200x103.jpg HTTP/2" 206 500 "https://magicalmatty.fun/" "Mozilla/5.0 (Linux; Android 5.0) AppleWebKit/537.36 (KHTML, like Gecko) Mobile Safari/537.36 (compatible; Bytespider; spider-feedback@bytedance.com)"
47.128.43.105 - - [16/Jul/2026:04:42:50 -0600] "GET /wp-content/themes/astra/assets/css/minified/galleries.min.css?ver=4.13.4 HTTP/2" 200 311 "https://magicalmatty.fun/" "Mozilla/5.0 (Linux; Android 5.0) AppleWebKit/537.36 (KHTML, like Gecko) Mobile Safari/537.36 (compatible; Bytespider; spider-feedback@bytedance.com)"
47.128.43.105 - - [16/Jul/2026:04:42:50 -0600] "GET /wp-content/plugins/elementor/assets/images/placeholder.png HTTP/2" 206 500 "https://magicalmatty.fun/" "Mozilla/5.0 (Linux; Android 5.0) AppleWebKit/537.36 (KHTML, like Gecko) Mobile Safari/537.36 (compatible; Bytespider; spider-feedback@bytedance.com)"
47.128.43.105 - - [16/Jul/2026:04:42:50 -0600] "GET /wp-content/uploads/2023/05/MagicalMatty-icon-e1675984606439.jpg HTTP/2" 206 500 "https://magicalmatty.fun/" "Mozilla/5.0 (Linux; Android 5.0) AppleWebKit/537.36 (KHTML, like Gecko) Mobile Safari/537.36 (compatible; Bytespider; spider-feedback@bytedance.com)"
47.128.43.105 - - [16/Jul/2026:04:42:50 -0600] "GET /wp-content/uploads/2023/05/Clown-Magic-Wand-in-Ear-e1675984872657-150x150.jpg HTTP/2" 206 500 "https://magicalmatty.fun/" "Mozilla/5.0 (Linux; Android 5.0) AppleWebKit/537.36 (KHTML, like Gecko) Mobile Safari/537.36 (compatible; Bytespider; spider-feedback@bytedance.com)"
47.128.43.105 - - [16/Jul/2026:04:42:50 -0600] "GET /wp-content/uploads/2023/05/5-The-Doorbell-Ditch-e1675985065569-150x150.png HTTP/2" 206 500 "https://magicalmatty.fun/" "Mozilla/5.0 (Linux; Android 5.0) AppleWebKit/537.36 (KHTML, like Gecko) Mobile Safari/537.36 (compatible; Bytespider; spider-feedback@bytedance.com)"
47.128.43.105 - - [16/Jul/2026:04:42:50 -0600] "GET /wp-content/uploads/2023/05/PirateParrot1-e1675984981969.jpg HTTP/2" 206 500 "https://magicalmatty.fun/" "Mozilla/5.0 (Linux; Android 5.0) AppleWebKit/537.36 (KHTML, like Gecko) Mobile Safari/537.36 (compatible; Bytespider; spider-feedback@bytedance.com)"
47.128.43.105 - - [16/Jul/2026:04:42:50 -0600] "GET /wp-content/uploads/2023/05/PeppermintMatty2-e1675985033620.jpg HTTP/2" 206 500 "https://magicalmatty.fun/" "Mozilla/5.0 (Linux; Android 5.0) AppleWebKit/537.36 (KHTML, like Gecko) Mobile Safari/537.36 (compatible; Bytespider; spider-feedback@bytedance.com)"
47.128.43.105 - - [16/Jul/2026:04:42:50 -0600] "GET /wp-content/uploads/2023/05/MagicalMatty-icon-e1675984606439.jpg HTTP/2" 304 0 "https://magicalmatty.fun/" "Mozilla/5.0 (Linux; Android 5.0) AppleWebKit/537.36 (KHTML, like Gecko) Mobile Safari/537.36 (compatible; Bytespider; spider-feedback@bytedance.com)"
47.128.43.105 - - [16/Jul/2026:04:42:51 -0600] "GET /wp-content/uploads/2023/05/PirateParrot1-e1675984981969.jpg HTTP/2" 304 0 "https://magicalmatty.fun/" "Mozilla/5.0 (Linux; Android 5.0) AppleWebKit/537.36 (KHTML, like Gecko) Mobile Safari/537.36 (compatible; Bytespider; spider-feedback@bytedance.com)"
47.128.43.105 - - [16/Jul/2026:04:42:51 -0600] "GET /wp-content/uploads/2023/05/PeppermintMatty2-e1675985033620.jpg HTTP/2" 304 0 "https://magicalmatty.fun/" "Mozilla/5.0 (Linux; Android 5.0) AppleWebKit/537.36 (KHTML, like Gecko) Mobile Safari/537.36 (compatible; Bytespider; spider-feedback@bytedance.com)"
47.128.43.105 - - [16/Jul/2026:04:42:51 -0600] "GET /wp-content/uploads/2023/05/MagicalMatty-icon-e1675984606439.jpg HTTP/2" 206 25879 "https://magicalmatty.fun/" "Mozilla/5.0 (Linux; Android 5.0) AppleWebKit/537.36 (KHTML, like Gecko) Mobile Safari/537.36 (compatible; Bytespider; spider-feedback@bytedance.com)"
47.128.43.105 - - [16/Jul/2026:04:42:52 -0600] "GET /wp-content/uploads/2023/05/PirateParrot1-e1675984981969.jpg HTTP/2" 206 32207 "https://magicalmatty.fun/" "Mozilla/5.0 (Linux; Android 5.0) AppleWebKit/537.36 (KHTML, like Gecko) Mobile Safari/537.36 (compatible; Bytespider; spider-feedback@bytedance.com)"
47.128.43.105 - - [16/Jul/2026:04:42:52 -0600] "GET /wp-content/uploads/2023/05/PeppermintMatty2-e1675985033620.jpg HTTP/2" 206 29367 "https://magicalmatty.fun/" "Mozilla/5.0 (Linux; Android 5.0) AppleWebKit/537.36 (KHTML, like Gecko) Mobile Safari/537.36 (compatible; Bytespider; spider-feedback@bytedance.com)"
198.175.150.9 - - [16/Jul/2026:04:53:31 -0600] "POST /wp-cron.php?doing_wp_cron=1784199211.1018838882446289062500 HTTP/1.1" 200 0 "-" "WordPress/7.0.1; https://magicalmatty.fun"
43.130.116.87 - - [16/Jul/2026:04:45:22 -0600] "GET / HTTP/1.1" 200 31714 "http://magicalmatty.com" "Mozilla/5.0 (iPhone; CPU iPhone OS 13_2_3 like Mac OS X) AppleWebKit/605.1.15 (KHTML, like Gecko) Version/13.0.3 Mobile/15E148 Safari/604.1"
43.159.34.167 - - [16/Jul/2026:04:53:30 -0600] "GET /wp-json/oembed/1.0/embed?url=https%3A%2F%2Fmagicalmatty.fun%2F&format=xml HTTP/1.1" 200 1183 "-" "Mozilla/5.0 (iPhone; CPU iPhone OS 13_2_3 like Mac OS X) AppleWebKit/605.1.15 (KHTML, like Gecko) Version/13.0.3 Mobile/15E148 Safari/604.1"
216.73.217.83 - - [16/Jul/2026:05:00:25 -0600] "GET /robots.txt HTTP/2" 200 95 "-" "Mozilla/5.0 AppleWebKit/537.36 (KHTML, like Gecko; compatible; ClaudeBot/1.0; +claudebot@anthropic.com)"
216.73.217.83 - - [16/Jul/2026:05:00:27 -0600] "GET /wp-sitemap.xml HTTP/2" 200 201 "-" "Mozilla/5.0 AppleWebKit/537.36 (KHTML, like Gecko; compatible; ClaudeBot/1.0; +claudebot@anthropic.com)"
124.221.140.98 - - [16/Jul/2026:05:10:17 -0600] "GET / HTTP/1.1" 403 72 "http://magicalmatty.com" "Mozilla/5.0 (iPhone; CPU iPhone OS 13_2_3 like Mac OS X) AppleWebKit/605.1.15 (KHTML, like Gecko) Version/13.0.3 Mobile/15E148 Safari/604.1"
34.104.250.134 - - [16/Jul/2026:05:29:57 -0600] "GET /wp-content/uploads/2018/04/balloon-animals-frisco-tx-150x150.jpg HTTP/1.1" 404 65536 "-" "Mozilla/5.0 (X11; Ubuntu; Linux x86_64; rv:72.0) Gecko/20100101 Firefox/72.0"
173.252.87.18 - - [16/Jul/2026:05:27:06 -0600] "GET /wp-content/uploads/2023/05/cropped-72dpi-Magical-Matty-Fun-Logo-Retro-Horizontal-200x103.jpg HTTP/2" 200 9362 "-" "facebookexternalhit/1.1 (+http://www.facebook.com/externalhit_uatext.php)"
198.175.150.9 - - [16/Jul/2026:05:29:58 -0600] "POST /wp-cron.php?doing_wp_cron=1784201398.4562261104583740234375 HTTP/1.1" 200 0 "-" "WordPress/7.0.1; https://magicalmatty.fun"
198.175.150.9 - - [16/Jul/2026:05:29:58 -0600] "POST /wp-cron.php?doing_wp_cron=1784201398.4791579246520996093750 HTTP/1.1" 200 0 "-" "WordPress/7.0.1; https://magicalmatty.fun"
34.104.250.134 - - [16/Jul/2026:05:29:59 -0600] "GET /wp-content/uploads/2018/04/balloon-animals-frisco-tx-150x150.jpg HTTP/1.1" 404 65536 "-" "Mozilla/5.0 (X11; Ubuntu; Linux x86_64; rv:72.0) Gecko/20100101 Firefox/72.0"
51.75.236.135 - - [16/Jul/2026:05:47:24 -0600] "GET /robots.txt HTTP/2" 200 95 "-" "Mozilla/5.0 (compatible; AhrefsBot/7.0; +http://ahrefs.com/robot/)"
54.39.89.6 - - [16/Jul/2026:05:47:26 -0600] "GET /tag/mckinney/ HTTP/2" 200 19805 "-" "Mozilla/5.0 (compatible; AhrefsBot/7.0; +http://ahrefs.com/robot/)"
198.175.150.9 - - [16/Jul/2026:06:10:04 -0600] "POST /wp-cron.php?doing_wp_cron=1784203804.6632010936737060546875 HTTP/1.1" 200 0 "-" "WordPress/7.0.1; https://magicalmatty.fun"
95.232.51.96 - - [16/Jul/2026:06:21:56 -0600] "GET /tag/watchthemsmile/page/3/ HTTP/1.1" 404 22539 "-" "Mozilla/5.0 (Macintosh; Intel Mac OS X 14_6_1) AppleWebKit/537.36 (KHTML, like Gecko) Chrome/131.0.6778.204 Safari/537.36"
43.155.188.157 - - [16/Jul/2026:06:28:33 -0600] "GET / HTTP/1.1" 200 31711 "-" "Mozilla/5.0 (iPhone; CPU iPhone OS 13_2_3 like Mac OS X) AppleWebKit/605.1.15 (KHTML, like Gecko) Version/13.0.3 Mobile/15E148 Safari/604.1"
43.157.20.63 - - [16/Jul/2026:06:19:00 -0600] "GET / HTTP/1.1" 200 31711 "-" "Mozilla/5.0 (iPhone; CPU iPhone OS 13_2_3 like Mac OS X) AppleWebKit/605.1.15 (KHTML, like Gecko) Version/13.0.3 Mobile/15E148 Safari/604.1"
43.130.74.193 - - [16/Jul/2026:06:10:03 -0600] "GET / HTTP/1.1" 200 31711 "http://www.magicalmatty.com" "Mozilla/5.0 (iPhone; CPU iPhone OS 13_2_3 like Mac OS X) AppleWebKit/605.1.15 (KHTML, like Gecko) Version/13.0.3 Mobile/15E148 Safari/604.1"
103.177.242.203 - - [16/Jul/2026:06:32:56 -0600] "POST /xmlrpc.php HTTP/1.1" 403 55 "-" "Mozilla/5.0 (Linux; Android 10; x64) AppleWebKit/537.36 (KHTML, like Gecko) Chrome/109.0.0.0 Safari/537.36"
198.175.150.9 - - [16/Jul/2026:06:59:05 -0600] "POST /wp-cron.php?doing_wp_cron=1784206745.2788329124450683593750 HTTP/1.1" 200 0 "-" "WordPress/7.0.1; https://magicalmatty.fun"
148.113.130.248 - - [16/Jul/2026:07:18:46 -0600] "GET /tag/magic/ HTTP/2" 200 20598 "-" "Mozilla/5.0 (compatible; AhrefsBot/7.0; +http://ahrefs.com/robot/)"
216.26.249.32 - - [16/Jul/2026:07:23:02 -0600] "GET /?author=3 HTTP/1.1" 301 0 "https://www.facebook.com/" "Mozilla/5.0 (X11; Ubuntu; Linux x86_64; rv:121.0) Gecko/20100101 Firefox/121.0"
198.175.150.9 - - [16/Jul/2026:07:33:39 -0600] "POST /wp-cron.php?doing_wp_cron=1784208819.8336400985717773437500 HTTP/1.1" 200 0 "-" "WordPress/7.0.1; https://magicalmatty.fun"
43.173.1.57 - - [16/Jul/2026:07:48:45 -0600] "GET /category/uncategorized/ HTTP/1.1" 200 23938 "-" "Mozilla/5.0 (iPhone; CPU iPhone OS 13_2_3 like Mac OS X) AppleWebKit/605.1.15 (KHTML, like Gecko) Version/13.0.3 Mobile/15E148 Safari/604.1"
198.175.150.9 - - [16/Jul/2026:07:55:27 -0600] "POST /wp-cron.php?doing_wp_cron=1784210127.9460721015930175781250 HTTP/1.1" 200 0 "-" "WordPress/7.0.1; https://magicalmatty.fun"
153.3.233.25 - - [16/Jul/2026:08:02:03 -0600] "GET / HTTP/2" 301 0 "-" "Mozilla/5.0 (iPhone; CPU iPhone OS 18_7_6 like Mac OS X) AppleWebKit/605.1.15 (KHTML, like Gecko) Version/26.0 Mobile/15E148 Safari/604.1"
153.3.233.25 - - [16/Jul/2026:08:02:04 -0600] "GET / HTTP/2" 200 27419 "-" "Mozilla/5.0 (iPhone; CPU iPhone OS 18_7_6 like Mac OS X) AppleWebKit/605.1.15 (KHTML, like Gecko) Version/26.0 Mobile/15E148 Safari/604.1"
153.3.233.25 - - [16/Jul/2026:08:02:06 -0600] "GET /wp-content/plugins/wp-customer-reviews/css/wp-customer-reviews.css?ver=3.7.8 HTTP/2" 200 1890 "https://magicalmatty.fun/" "Mozilla/5.0 (iPhone; CPU iPhone OS 18_7_6 like Mac OS X) AppleWebKit/605.1.15 (KHTML, like Gecko) Version/26.0 Mobile/15E148 Safari/604.1"
153.3.233.25 - - [16/Jul/2026:08:02:06 -0600] "GET /wp-content/themes/astra/assets/css/minified/main.min.css?ver=4.13.4 HTTP/2" 200 8375 "https://magicalmatty.fun/" "Mozilla/5.0 (iPhone; CPU iPhone OS 18_7_6 like Mac OS X) AppleWebKit/605.1.15 (KHTML, like Gecko) Version/26.0 Mobile/15E148 Safari/604.1"
153.3.233.25 - - [16/Jul/2026:08:02:06 -0600] "GET /wp-content/uploads/astra-addon/astra-addon-6a237496ebb090-84590811.css?ver=4.13.4 HTTP/2" 200 2401 "https://magicalmatty.fun/" "Mozilla/5.0 (iPhone; CPU iPhone OS 18_7_6 like Mac OS X) AppleWebKit/605.1.15 (KHTML, like Gecko) Version/26.0 Mobile/15E148 Safari/604.1"
153.3.233.25 - - [16/Jul/2026:08:02:06 -0600] "GET /wp-content/plugins/elementor/assets/lib/eicons/css/elementor-icons.min.css?ver=5.49.0 HTTP/2" 200 4114 "https://magicalmatty.fun/" "Mozilla/5.0 (iPhone; CPU iPhone OS 18_7_6 like Mac OS X) AppleWebKit/605.1.15 (KHTML, like Gecko) Version/26.0 Mobile/15E148 Safari/604.1"
153.3.233.25 - - [16/Jul/2026:08:02:06 -0600] "GET /wp-content/plugins/elementor/assets/css/frontend.min.css?ver=4.1.1 HTTP/2" 200 6613 "https://magicalmatty.fun/" "Mozilla/5.0 (iPhone; CPU iPhone OS 18_7_6 like Mac OS X) AppleWebKit/605.1.15 (KHTML, like Gecko) Version/26.0 Mobile/15E148 Safari/604.1"
153.3.233.25 - - [16/Jul/2026:08:02:06 -0600] "GET /wp-content/uploads/elementor/css/post-10.css?ver=1780710776 HTTP/2" 200 359 "https://magicalmatty.fun/" "Mozilla/5.0 (iPhone; CPU iPhone OS 18_7_6 like Mac OS X) AppleWebKit/605.1.15 (KHTML, like Gecko) Version/26.0 Mobile/15E148 Safari/604.1"
153.3.233.25 - - [16/Jul/2026:08:02:06 -0600] "GET /wp-content/plugins/ultimate-elementor/assets/min-css/uael-frontend.min.css?ver=1.44.4 HTTP/2" 200 78024 "https://magicalmatty.fun/" "Mozilla/5.0 (iPhone; CPU iPhone OS 18_7_6 like Mac OS X) AppleWebKit/605.1.15 (KHTML, like Gecko) Version/26.0 Mobile/15E148 Safari/604.1"
153.3.233.25 - - [16/Jul/2026:08:02:06 -0600] "GET /wp-content/plugins/elementor/assets/css/widget-social-icons.min.css?ver=3.24.0 HTTP/2" 200 1039 "https://magicalmatty.fun/" "Mozilla/5.0 (iPhone; CPU iPhone OS 18_7_6 like Mac OS X) AppleWebKit/605.1.15 (KHTML, like Gecko) Version/26.0 Mobile/15E148 Safari/604.1"
153.3.233.25 - - [16/Jul/2026:08:02:06 -0600] "GET /wp-content/plugins/elementor/assets/lib/font-awesome/css/brands.css?ver=5.15.3 HTTP/2" 200 296 "https://magicalmatty.fun/" "Mozilla/5.0 (iPhone; CPU iPhone OS 18_7_6 like Mac OS X) AppleWebKit/605.1.15 (KHTML, like Gecko) Version/26.0 Mobile/15E148 Safari/604.1"
153.3.233.25 - - [16/Jul/2026:08:02:06 -0600] "GET /wp-content/plugins/elementor/assets/lib/font-awesome/css/fontawesome.css?ver=5.15.3 HTTP/2" 200 12526 "https://magicalmatty.fun/" "Mozilla/5.0 (iPhone; CPU iPhone OS 18_7_6 like Mac OS X) AppleWebKit/605.1.15 (KHTML, like Gecko) Version/26.0 Mobile/15E148 Safari/604.1"
153.3.233.25 - - [16/Jul/2026:08:02:06 -0600] "GET /wp-content/plugins/elementor/assets/lib/font-awesome/css/solid.css?ver=5.15.3 HTTP/2" 200 296 "https://magicalmatty.fun/" "Mozilla/5.0 (iPhone; CPU iPhone OS 18_7_6 like Mac OS X) AppleWebKit/605.1.15 (KHTML, like Gecko) Version/26.0 Mobile/15E148 Safari/604.1"
153.3.233.25 - - [16/Jul/2026:08:02:06 -0600] "GET /wp-content/plugins/elementor/assets/lib/animations/styles/rubberBand.min.css?ver=4.1.1 HTTP/2" 200 121 "https://magicalmatty.fun/" "Mozilla/5.0 (iPhone; CPU iPhone OS 18_7_6 like Mac OS X) AppleWebKit/605.1.15 (KHTML, like Gecko) Version/26.0 Mobile/15E148 Safari/604.1"
153.3.233.25 - - [16/Jul/2026:08:02:06 -0600] "GET /wp-content/plugins/elementor-pro/assets/css/widget-animated-headline.min.css?ver=4.1.0 HTTP/2" 200 1537 "https://magicalmatty.fun/" "Mozilla/5.0 (iPhone; CPU iPhone OS 18_7_6 like Mac OS X) AppleWebKit/605.1.15 (KHTML, like Gecko) Version/26.0 Mobile/15E148 Safari/604.1"
153.3.233.25 - - [16/Jul/2026:08:02:06 -0600] "GET /wp-content/plugins/elementor/assets/lib/animations/styles/fadeInUp.min.css?ver=4.1.1 HTTP/2" 200 130 "https://magicalmatty.fun/" "Mozilla/5.0 (iPhone; CPU iPhone OS 18_7_6 like Mac OS X) AppleWebKit/605.1.15 (KHTML, like Gecko) Version/26.0 Mobile/15E148 Safari/604.1"
153.3.233.25 - - [16/Jul/2026:08:02:06 -0600] "GET /wp-content/plugins/elementor/assets/css/widget-video.min.css?ver=4.1.1 HTTP/2" 200 328 "https://magicalmatty.fun/" "Mozilla/5.0 (iPhone; CPU iPhone OS 18_7_6 like Mac OS X) AppleWebKit/605.1.15 (KHTML, like Gecko) Version/26.0 Mobile/15E148 Safari/604.1"
153.3.233.25 - - [16/Jul/2026:08:02:06 -0600] "GET /wp-content/plugins/elementor/assets/lib/swiper/v8/css/swiper.min.css?ver=8.4.5 HTTP/2" 200 4248 "https://magicalmatty.fun/" "Mozilla/5.0 (iPhone; CPU iPhone OS 18_7_6 like Mac OS X) AppleWebKit/605.1.15 (KHTML, like Gecko) Version/26.0 Mobile/15E148 Safari/604.1"
153.3.233.25 - - [16/Jul/2026:08:02:06 -0600] "GET /wp-content/plugins/elementor/assets/css/conditionals/e-swiper.min.css?ver=4.1.1 HTTP/2" 200 699 "https://magicalmatty.fun/" "Mozilla/5.0 (iPhone; CPU iPhone OS 18_7_6 like Mac OS X) AppleWebKit/605.1.15 (KHTML, like Gecko) Version/26.0 Mobile/15E148 Safari/604.1"
153.3.233.25 - - [16/Jul/2026:08:02:06 -0600] "GET /wp-content/plugins/elementor-pro/assets/css/widget-testimonial-carousel.min.css?ver=4.1.0 HTTP/2" 200 1398 "https://magicalmatty.fun/" "Mozilla/5.0 (iPhone; CPU iPhone OS 18_7_6 like Mac OS X) AppleWebKit/605.1.15 (KHTML, like Gecko) Version/26.0 Mobile/15E148 Safari/604.1"
153.3.233.25 - - [16/Jul/2026:08:02:06 -0600] "GET /wp-content/plugins/elementor-pro/assets/css/widget-carousel-module-base.min.css?ver=4.1.0 HTTP/2" 200 582 "https://magicalmatty.fun/" "Mozilla/5.0 (iPhone; CPU iPhone OS 18_7_6 like Mac OS X) AppleWebKit/605.1.15 (KHTML, like Gecko) Version/26.0 Mobile/15E148 Safari/604.1"
153.3.233.25 - - [16/Jul/2026:08:02:06 -0600] "GET /wp-content/plugins/elementor/assets/css/widget-divider.min.css?ver=4.1.1 HTTP/2" 200 678 "https://magicalmatty.fun/" "Mozilla/5.0 (iPhone; CPU iPhone OS 18_7_6 like Mac OS X) AppleWebKit/605.1.15 (KHTML, like Gecko) Version/26.0 Mobile/15E148 Safari/604.1"
153.3.233.25 - - [16/Jul/2026:08:02:06 -0600] "GET /wp-content/plugins/elementor/assets/css/widget-heading.min.css?ver=4.1.1 HTTP/2" 200 126 "https://magicalmatty.fun/" "Mozilla/5.0 (iPhone; CPU iPhone OS 18_7_6 like Mac OS X) AppleWebKit/605.1.15 (KHTML, like Gecko) Version/26.0 Mobile/15E148 Safari/604.1"
153.3.233.25 - - [16/Jul/2026:08:02:06 -0600] "GET /wp-content/plugins/elementor/assets/css/widget-menu-anchor.min.css?ver=4.1.1 HTTP/2" 200 69 "https://magicalmatty.fun/" "Mozilla/5.0 (iPhone; CPU iPhone OS 18_7_6 like Mac OS X) AppleWebKit/605.1.15 (KHTML, like Gecko) Version/26.0 Mobile/15E148 Safari/604.1"
153.3.233.25 - - [16/Jul/2026:08:02:06 -0600] "GET /wp-content/plugins/elementor/assets/lib/animations/styles/slideInRight.min.css?ver=4.1.1 HTTP/2" 200 155 "https://magicalmatty.fun/" "Mozilla/5.0 (iPhone; CPU iPhone OS 18_7_6 like Mac OS X) AppleWebKit/605.1.15 (KHTML, like Gecko) Version/26.0 Mobile/15E148 Safari/604.1"
153.3.233.25 - - [16/Jul/2026:08:02:06 -0600] "GET /wp-content/plugins/elementor/assets/lib/animations/styles/slideInLeft.min.css?ver=4.1.1 HTTP/2" 200 153 "https://magicalmatty.fun/" "Mozilla/5.0 (iPhone; CPU iPhone OS 18_7_6 like Mac OS X) AppleWebKit/605.1.15 (KHTML, like Gecko) Version/26.0 Mobile/15E148 Safari/604.1"
153.3.233.25 - - [16/Jul/2026:08:02:06 -0600] "GET /wp-content/plugins/elementor/assets/lib/animations/styles/rotateIn.min.css?ver=4.1.1 HTTP/2" 200 180 "https://magicalmatty.fun/" "Mozilla/5.0 (iPhone; CPU iPhone OS 18_7_6 like Mac OS X) AppleWebKit/605.1.15 (KHTML, like Gecko) Version/26.0 Mobile/15E148 Safari/604.1"
153.3.233.25 - - [16/Jul/2026:08:02:06 -0600] "GET /wp-content/plugins/elementor/assets/css/widget-image-gallery.min.css?ver=4.1.1 HTTP/2" 200 275 "https://magicalmatty.fun/" "Mozilla/5.0 (iPhone; CPU iPhone OS 18_7_6 like Mac OS X) AppleWebKit/605.1.15 (KHTML, like Gecko) Version/26.0 Mobile/15E148 Safari/604.1"
153.3.233.25 - - [16/Jul/2026:08:02:06 -0600] "GET /wp-content/plugins/elementor/assets/lib/animations/styles/tada.min.css?ver=4.1.1 HTTP/2" 200 132 "https://magicalmatty.fun/" "Mozilla/5.0 (iPhone; CPU iPhone OS 18_7_6 like Mac OS X) AppleWebKit/605.1.15 (KHTML, like Gecko) Version/26.0 Mobile/15E148 Safari/604.1"
153.3.233.25 - - [16/Jul/2026:08:02:06 -0600] "GET /wp-content/plugins/elementor/assets/lib/animations/styles/jello.min.css?ver=4.1.1 HTTP/2" 200 177 "https://magicalmatty.fun/" "Mozilla/5.0 (iPhone; CPU iPhone OS 18_7_6 like Mac OS X) AppleWebKit/605.1.15 (KHTML, like Gecko) Version/26.0 Mobile/15E148 Safari/604.1"
153.3.233.25 - - [16/Jul/2026:08:02:06 -0600] "GET /wp-content/uploads/elementor/css/post-47.css?ver=1780710776 HTTP/2" 200 1019 "https://magicalmatty.fun/" "Mozilla/5.0 (iPhone; CPU iPhone OS 18_7_6 like Mac OS X) AppleWebKit/605.1.15 (KHTML, like Gecko) Version/26.0 Mobile/15E148 Safari/604.1"
153.3.233.25 - - [16/Jul/2026:08:02:06 -0600] "GET /wp-includes/js/jquery/jquery.min.js?ver=3.7.1 HTTP/2" 200 29744 "https://magicalmatty.fun/" "Mozilla/5.0 (iPhone; CPU iPhone OS 18_7_6 like Mac OS X) AppleWebKit/605.1.15 (KHTML, like Gecko) Version/26.0 Mobile/15E148 Safari/604.1"
153.3.233.25 - - [16/Jul/2026:08:02:06 -0600] "GET /wp-includes/js/jquery/jquery-migrate.min.js?ver=3.4.1 HTTP/2" 200 4678 "https://magicalmatty.fun/" "Mozilla/5.0 (iPhone; CPU iPhone OS 18_7_6 like Mac OS X) AppleWebKit/605.1.15 (KHTML, like Gecko) Version/26.0 Mobile/15E148 Safari/604.1"
153.3.233.25 - - [16/Jul/2026:08:02:06 -0600] "GET /wp-content/plugins/wp-customer-reviews/js/wp-customer-reviews.js?ver=3.7.8 HTTP/2" 200 1972 "https://magicalmatty.fun/" "Mozilla/5.0 (iPhone; CPU iPhone OS 18_7_6 like Mac OS X) AppleWebKit/605.1.15 (KHTML, like Gecko) Version/26.0 Mobile/15E148 Safari/604.1"
153.3.233.25 - - [16/Jul/2026:08:02:07 -0600] "GET /wp-content/themes/astra/assets/css/minified/galleries.min.css?ver=4.13.4 HTTP/2" 200 311 "https://magicalmatty.fun/" "Mozilla/5.0 (iPhone; CPU iPhone OS 18_7_6 like Mac OS X) AppleWebKit/605.1.15 (KHTML, like Gecko) Version/26.0 Mobile/15E148 Safari/604.1"
153.3.233.25 - - [16/Jul/2026:08:02:07 -0600] "GET /wp-content/themes/astra/assets/js/minified/frontend.min.js?ver=4.13.4 HTTP/2" 200 5693 "https://magicalmatty.fun/" "Mozilla/5.0 (iPhone; CPU iPhone OS 18_7_6 like Mac OS X) AppleWebKit/605.1.15 (KHTML, like Gecko) Version/26.0 Mobile/15E148 Safari/604.1"
153.3.233.25 - - [16/Jul/2026:08:02:07 -0600] "GET /wp-content/uploads/astra-addon/astra-addon-6a237496ec9608-33688404.js?ver=4.13.4 HTTP/2" 200 3191 "https://magicalmatty.fun/" "Mozilla/5.0 (iPhone; CPU iPhone OS 18_7_6 like Mac OS X) AppleWebKit/605.1.15 (KHTML, like Gecko) Version/26.0 Mobile/15E148 Safari/604.1"
153.3.233.25 - - [16/Jul/2026:08:02:07 -0600] "GET /wp-content/plugins/astra-addon/assets/js/minified/purify.min.js?ver=4.13.4 HTTP/2" 200 8451 "https://magicalmatty.fun/" "Mozilla/5.0 (iPhone; CPU iPhone OS 18_7_6 like Mac OS X) AppleWebKit/605.1.15 (KHTML, like Gecko) Version/26.0 Mobile/15E148 Safari/604.1"
153.3.233.25 - - [16/Jul/2026:08:02:07 -0600] "GET /wp-content/plugins/elementor/assets/js/webpack.runtime.min.js?ver=4.1.1 HTTP/2" 200 2338 "https://magicalmatty.fun/" "Mozilla/5.0 (iPhone; CPU iPhone OS 18_7_6 like Mac OS X) AppleWebKit/605.1.15 (KHTML, like Gecko) Version/26.0 Mobile/15E148 Safari/604.1"
153.3.233.25 - - [16/Jul/2026:08:02:07 -0600] "GET /wp-content/plugins/elementor/assets/js/frontend-modules.min.js?ver=4.1.1 HTTP/2" 200 15445 "https://magicalmatty.fun/" "Mozilla/5.0 (iPhone; CPU iPhone OS 18_7_6 like Mac OS X) AppleWebKit/605.1.15 (KHTML, like Gecko) Version/26.0 Mobile/15E148 Safari/604.1"
153.3.233.25 - - [16/Jul/2026:08:02:07 -0600] "GET /wp-includes/js/jquery/ui/core.min.js?ver=1.13.3 HTTP/2" 200 6812 "https://magicalmatty.fun/" "Mozilla/5.0 (iPhone; CPU iPhone OS 18_7_6 like Mac OS X) AppleWebKit/605.1.15 (KHTML, like Gecko) Version/26.0 Mobile/15E148 Safari/604.1"
153.3.233.25 - - [16/Jul/2026:08:02:07 -0600] "GET /wp-content/plugins/elementor/assets/js/frontend.min.js?ver=4.1.1 HTTP/2" 200 10124 "https://magicalmatty.fun/" "Mozilla/5.0 (iPhone; CPU iPhone OS 18_7_6 like Mac OS X) AppleWebKit/605.1.15 (KHTML, like Gecko) Version/26.0 Mobile/15E148 Safari/604.1"
153.3.233.25 - - [16/Jul/2026:08:02:07 -0600] "GET /wp-content/plugins/elementor/assets/lib/swiper/v8/swiper.min.js?ver=8.4.5 HTTP/2" 200 38152 "https://magicalmatty.fun/" "Mozilla/5.0 (iPhone; CPU iPhone OS 18_7_6 like Mac OS X) AppleWebKit/605.1.15 (KHTML, like Gecko) Version/26.0 Mobile/15E148 Safari/604.1"
153.3.233.25 - - [16/Jul/2026:08:02:07 -0600] "GET /wp-content/plugins/elementor-pro/assets/js/webpack-pro.runtime.min.js?ver=4.1.0 HTTP/2" 200 2608 "https://magicalmatty.fun/" "Mozilla/5.0 (iPhone; CPU iPhone OS 18_7_6 like Mac OS X) AppleWebKit/605.1.15 (KHTML, like Gecko) Version/26.0 Mobile/15E148 Safari/604.1"
153.3.233.25 - - [16/Jul/2026:08:02:07 -0600] "GET /wp-includes/js/dist/hooks.min.js?ver=7496969728ca0f95732d HTTP/2" 200 1734 "https://magicalmatty.fun/" "Mozilla/5.0 (iPhone; CPU iPhone OS 18_7_6 like Mac OS X) AppleWebKit/605.1.15 (KHTML, like Gecko) Version/26.0 Mobile/15E148 Safari/604.1"
153.3.233.25 - - [16/Jul/2026:08:02:07 -0600] "GET /wp-includes/js/dist/i18n.min.js?ver=781d11515ad3d91786ec HTTP/2" 200 2354 "https://magicalmatty.fun/" "Mozilla/5.0 (iPhone; CPU iPhone OS 18_7_6 like Mac OS X) AppleWebKit/605.1.15 (KHTML, like Gecko) Version/26.0 Mobile/15E148 Safari/604.1"
153.3.233.25 - - [16/Jul/2026:08:02:07 -0600] "GET /wp-content/plugins/elementor-pro/assets/js/frontend.min.js?ver=4.1.0 HTTP/2" 200 6191 "https://magicalmatty.fun/" "Mozilla/5.0 (iPhone; CPU iPhone OS 18_7_6 like Mac OS X) AppleWebKit/605.1.15 (KHTML, like Gecko) Version/26.0 Mobile/15E148 Safari/604.1"
153.3.233.25 - - [16/Jul/2026:08:02:07 -0600] "GET /wp-content/plugins/elementor-pro/assets/js/elements-handlers.min.js?ver=4.1.0 HTTP/2" 200 10079 "https://magicalmatty.fun/" "Mozilla/5.0 (iPhone; CPU iPhone OS 18_7_6 like Mac OS X) AppleWebKit/605.1.15 (KHTML, like Gecko) Version/26.0 Mobile/15E148 Safari/604.1"
