198.175.150.9 - - [15/Jul/2026:14:42:07 -0600] "POST /wp-cron.php?doing_wp_cron=1784148127.1860830783843994140625 HTTP/1.1" 200 0 "-" "WordPress/7.0.1; https://magicalmatty.fun"
41.90.187.234 - - [15/Jul/2026:12:44:03 -0600] "GET /tag/tx/ HTTP/1.1" 200 23921 "-" "Mozilla/5.0 (Windows NT 10.0; Win64; x64) AppleWebKit/537.36 (KHTML, like Gecko) Chrome/134.0.6998.88 Safari/537.36"
198.175.150.9 - - [15/Jul/2026:12:50:39 -0600] "POST /wp-cron.php?doing_wp_cron=1784141439.7538640499114990234375 HTTP/1.1" 200 0 "-" "WordPress/7.0.1; https://magicalmatty.fun"
198.175.150.9 - - [15/Jul/2026:12:50:39 -0600] "POST /wp-cron.php?doing_wp_cron=1784141439.7810459136962890625000 HTTP/1.1" 200 0 "-" "WordPress/7.0.1; https://magicalmatty.fun"
216.73.216.242 - - [15/Jul/2026:12:50:39 -0600] "GET /robots.txt HTTP/2" 200 95 "-" "Mozilla/5.0 AppleWebKit/537.36 (KHTML, like Gecko; compatible; ClaudeBot/1.0; +claudebot@anthropic.com)"
216.73.216.242 - - [15/Jul/2026:12:50:39 -0600] "GET /wp-sitemap.xml HTTP/2" 200 201 "-" "Mozilla/5.0 AppleWebKit/537.36 (KHTML, like Gecko; compatible; ClaudeBot/1.0; +claudebot@anthropic.com)"
198.175.150.9 - - [15/Jul/2026:12:58:09 -0600] "POST /wp-cron.php?doing_wp_cron=1784141889.8324620723724365234375 HTTP/1.1" 200 0 "-" "WordPress/7.0.1; https://magicalmatty.fun"
185.191.171.5 - - [15/Jul/2026:12:58:08 -0600] "GET /tag/magic-show-mckinney/ HTTP/1.1" 200 23120 "-" "Mozilla/5.0 (compatible; SemrushBot/7~bl; +http://www.semrush.com/bot.html)"
142.44.225.181 - - [15/Jul/2026:13:07:03 -0600] "GET /balloon-animals-in-frisco-texas/ HTTP/2" 200 25526 "-" "Mozilla/5.0 (compatible; AhrefsBot/7.0; +http://ahrefs.com/robot/)"
101.227.222.130 - - [15/Jul/2026:13:09:13 -0600] "HEAD /wp-content/uploads/2018/05/SommerandZach-342.jpg HTTP/1.1" 403 0 "-" "python-requests/2.32.3"
90.92.37.245 - - [15/Jul/2026:13:26:33 -0600] "GET /tag/dfw/ HTTP/1.1" 404 22539 "-" "Mozilla/5.0 (Macintosh; Intel Mac OS X 15_2_0) AppleWebKit/537.36 (KHTML, like Gecko) Chrome/125.0.6422.60 Safari/537.36"
216.73.216.242 - - [15/Jul/2026:13:41:42 -0600] "GET / HTTP/2" 200 27402 "-" "Mozilla/5.0 AppleWebKit/537.36 (KHTML, like Gecko; compatible; ClaudeBot/1.0; +claudebot@anthropic.com)"
198.175.150.9 - - [15/Jul/2026:13:55:42 -0600] "POST /wp-cron.php?doing_wp_cron=1784145342.6745350360870361328125 HTTP/1.1" 200 0 "-" "WordPress/7.0.1; https://magicalmatty.fun"
216.73.216.91 - - [15/Jul/2026:14:50:47 -0600] "GET /robots.txt HTTP/2" 200 95 "-" "Mozilla/5.0 AppleWebKit/537.36 (KHTML, like Gecko; compatible; ClaudeBot/1.0; +claudebot@anthropic.com)"
216.73.216.91 - - [15/Jul/2026:14:50:48 -0600] "GET /wp-sitemap.xml HTTP/2" 200 201 "-" "Mozilla/5.0 AppleWebKit/537.36 (KHTML, like Gecko; compatible; ClaudeBot/1.0; +claudebot@anthropic.com)"
66.7.188.6 - - [15/Jul/2026:13:59:53 -0600] "GET /wp-content/plugins/elementor-pro/assets/js/animated-headline.bc08854fb1e1a80434b2.bundle.min.js HTTP/2" 200 2569 "https://magicalmatty.fun/" "Mozilla/5.0 (iPhone; CPU iPhone OS 18_7 like Mac OS X) AppleWebKit/605.1.15 (KHTML, like Gecko) Version/18.7.3 Mobile/15E148 Safari/604.1"
66.7.188.6 - - [15/Jul/2026:13:59:53 -0600] "GET /wp-content/plugins/elementor/assets/js/video.86d44e46e43d0807e708.bundle.min.js HTTP/2" 200 1186 "https://magicalmatty.fun/" "Mozilla/5.0 (iPhone; CPU iPhone OS 18_7 like Mac OS X) AppleWebKit/605.1.15 (KHTML, like Gecko) Version/18.7.3 Mobile/15E148 Safari/604.1"
66.7.188.6 - - [15/Jul/2026:13:59:53 -0600] "GET /wp-content/plugins/elementor-pro/assets/js/carousel.e2af910b095554625156.bundle.min.js HTTP/2" 200 1586 "https://magicalmatty.fun/" "Mozilla/5.0 (iPhone; CPU iPhone OS 18_7 like Mac OS X) AppleWebKit/605.1.15 (KHTML, like Gecko) Version/18.7.3 Mobile/15E148 Safari/604.1"
66.7.188.6 - - [15/Jul/2026:13:59:53 -0600] "GET /wp-content/plugins/elementor/assets/js/text-editor.45609661e409413f1cef.bundle.min.js HTTP/2" 200 592 "https://magicalmatty.fun/" "Mozilla/5.0 (iPhone; CPU iPhone OS 18_7 like Mac OS X) AppleWebKit/605.1.15 (KHTML, like Gecko) Version/18.7.3 Mobile/15E148 Safari/604.1"
66.7.188.6 - - [15/Jul/2026:13:59:53 -0600] "GET /wp-includes/js/wp-emoji-release.min.js?ver=7.0.1 HTTP/2" 200 4974 "https://magicalmatty.fun/" "Mozilla/5.0 (iPhone; CPU iPhone OS 18_7 like Mac OS X) AppleWebKit/605.1.15 (KHTML, like Gecko) Version/18.7.3 Mobile/15E148 Safari/604.1"
66.7.188.6 - - [15/Jul/2026:13:59:53 -0600] "GET /favicon.ico HTTP/2" 404 4985 "https://magicalmatty.fun/" "Mozilla/5.0 (iPhone; CPU iPhone OS 18_7 like Mac OS X) AppleWebKit/605.1.15 (KHTML, like Gecko) Version/18.7.3 Mobile/15E148 Safari/604.1"
66.7.188.6 - - [15/Jul/2026:13:59:58 -0600] "GET /wp-content/uploads/2023/05/PirateParrot1-e1675984981969.jpg HTTP/2" 200 32707 "https://magicalmatty.fun/" "Mozilla/5.0 (iPhone; CPU iPhone OS 18_7 like Mac OS X) AppleWebKit/605.1.15 (KHTML, like Gecko) Version/18.7.3 Mobile/15E148 Safari/604.1"
66.7.188.6 - - [15/Jul/2026:13:59:58 -0600] "GET /wp-content/uploads/2023/05/5-The-Doorbell-Ditch-e1675985065569-150x150.png HTTP/2" 200 50638 "https://magicalmatty.fun/" "Mozilla/5.0 (iPhone; CPU iPhone OS 18_7 like Mac OS X) AppleWebKit/605.1.15 (KHTML, like Gecko) Version/18.7.3 Mobile/15E148 Safari/604.1"
66.7.188.6 - - [15/Jul/2026:13:59:58 -0600] "GET /wp-content/uploads/2023/05/PeppermintMatty2-e1675985033620.jpg HTTP/2" 200 29867 "https://magicalmatty.fun/" "Mozilla/5.0 (iPhone; CPU iPhone OS 18_7 like Mac OS X) AppleWebKit/605.1.15 (KHTML, like Gecko) Version/18.7.3 Mobile/15E148 Safari/604.1"
51.161.37.150 - - [15/Jul/2026:14:11:28 -0600] "GET /wp-content/uploads/elementor/css/post-568.css?ver=1780846076 HTTP/2" 200 655 "-" "Mozilla/5.0 (compatible; AhrefsBot/7.0; +http://ahrefs.com/robot/)"
54.39.203.2 - - [15/Jul/2026:14:42:06 -0600] "GET /funny-birthday-party-clown-in-greenville-texas/ HTTP/2" 200 25831 "-" "Mozilla/5.0 (compatible; AhrefsBot/7.0; +http://ahrefs.com/robot/)"
52.167.144.197 - - [15/Jul/2026:14:45:14 -0600] "GET /sitemap.txt HTTP/2" 301 0 "-" "Mozilla/5.0 AppleWebKit/537.36 (KHTML, like Gecko; compatible; bingbot/2.0; +http://www.bing.com/bingbot.htm) Chrome/116.0.1938.76 Safari/537.36"
40.77.167.230 - - [15/Jul/2026:14:58:43 -0600] "GET /wp-content/uploads/2017/03/LaughingKids.jpg HTTP/2" 404 19376 "-" "Mozilla/5.0 AppleWebKit/537.36 (KHTML, like Gecko; compatible; bingbot/2.0; +http://www.bing.com/bingbot.htm) Chrome/116.0.1938.76 Safari/537.36"
74.7.241.7 - - [15/Jul/2026:15:09:58 -0600] "GET /wp-sitemap.xml HTTP/2" 200 201 "-" "Mozilla/5.0 AppleWebKit/537.36 (KHTML, like Gecko; compatible; GPTBot/1.4; +https://openai.com/gptbot)"
43.157.142.101 - - [15/Jul/2026:15:49:53 -0600] "GET / HTTP/1.1" 200 31714 "http://www.magicalmatty.fun" "Mozilla/5.0 (iPhone; CPU iPhone OS 13_2_3 like Mac OS X) AppleWebKit/605.1.15 (KHTML, like Gecko) Version/13.0.3 Mobile/15E148 Safari/604.1"
198.175.150.9 - - [15/Jul/2026:16:18:56 -0600] "POST /wp-cron.php?doing_wp_cron=1784153936.1583719253540039062500 HTTP/1.1" 200 0 "-" "WordPress/7.0.1; https://magicalmatty.fun"
216.73.216.91 - - [15/Jul/2026:16:39:01 -0600] "GET /robots.txt HTTP/2" 200 95 "-" "Mozilla/5.0 AppleWebKit/537.36 (KHTML, like Gecko; compatible; ClaudeBot/1.0; +claudebot@anthropic.com)"
216.73.216.91 - - [15/Jul/2026:16:39:02 -0600] "GET /wp-sitemap.xml HTTP/2" 200 201 "-" "Mozilla/5.0 AppleWebKit/537.36 (KHTML, like Gecko; compatible; ClaudeBot/1.0; +claudebot@anthropic.com)"
83.142.52.72 - - [15/Jul/2026:17:51:01 -0600] "POST /xmlrpc.php HTTP/2" 200 186 "-" "Mozilla/5.0 (Macintosh; Intel Mac OS X 10_15_7) AppleWebKit/605.1.15 (KHTML, like Gecko) Version/18.0 Safari/605.1.15"
74.7.241.169 - - [15/Jul/2026:15:08:25 -0600] "GET /robots.txt HTTP/2" 200 95 "-" "Mozilla/5.0 (Macintosh; Intel Mac OS X 10_15_7) AppleWebKit/537.36 (KHTML, like Gecko) Chrome/131.0.0.0 Safari/537.36; compatible; OAI-SearchBot/1.4; robots.txt; +https://openai.com/searchbot"
74.7.241.7 - - [15/Jul/2026:15:08:50 -0600] "GET / HTTP/2" 200 27402 "https://www.way2check.cv" "Mozilla/5.0 AppleWebKit/537.36 (KHTML, like Gecko; compatible; GPTBot/1.4; +https://openai.com/gptbot)"
123.31.151.168 - - [15/Jul/2026:15:35:08 -0600] "GET /wp-content/uploads/2018/05/SommerandZach-342.jpg HTTP/1.1" 403 72 "-" "Mozilla/5.0 (Macintosh; Intel Mac OS X 10_15_7) AppleWebKit/537.36 (KHTML, like Gecko) Chrome/149.0.0.0 Safari/537.36"
34.145.127.191 - - [15/Jul/2026:15:43:42 -0600] "HEAD / HTTP/2" 200 0 "http://magicalmatty.fun/" "Mozilla/5.0 (Linux; Android 11; moto g31) AppleWebKit/537.36 (KHTML, like Gecko) Chrome/122.0.6261.96 Mobile Safari/537.36"
198.175.150.9 - - [15/Jul/2026:16:18:56 -0600] "POST /wp-cron.php?doing_wp_cron=1784153936.3050439357757568359375 HTTP/1.1" 200 0 "-" "WordPress/7.0.1; https://magicalmatty.fun"
54.39.210.97 - - [15/Jul/2026:17:07:01 -0600] "GET /tag/tx/ HTTP/2" 200 20566 "-" "Mozilla/5.0 (compatible; AhrefsBot/7.0; +http://ahrefs.com/robot/)"
43.140.247.223 - - [15/Jul/2026:17:29:29 -0600] "GET / HTTP/1.1" 200 31714 "http://www.magicalmatty.fun" "Mozilla/5.0 (iPhone; CPU iPhone OS 13_2_3 like Mac OS X) AppleWebKit/605.1.15 (KHTML, like Gecko) Version/13.0.3 Mobile/15E148 Safari/604.1"
43.136.167.197 - - [15/Jul/2026:17:38:24 -0600] "GET / HTTP/1.1" 200 31714 "http://magicalmatty.com" "Mozilla/5.0 (iPhone; CPU iPhone OS 13_2_3 like Mac OS X) AppleWebKit/605.1.15 (KHTML, like Gecko) Version/13.0.3 Mobile/15E148 Safari/604.1"
43.135.138.128 - - [15/Jul/2026:17:39:54 -0600] "GET / HTTP/1.1" 200 31714 "http://www.magicalmatty.com" "Mozilla/5.0 (iPhone; CPU iPhone OS 13_2_3 like Mac OS X) AppleWebKit/605.1.15 (KHTML, like Gecko) Version/13.0.3 Mobile/15E148 Safari/604.1"
198.175.150.9 - - [15/Jul/2026:14:58:44 -0600] "POST /wp-cron.php?doing_wp_cron=1784149124.4831850528717041015625 HTTP/1.1" 200 0 "-" "WordPress/7.0.1; https://magicalmatty.fun"
198.175.150.9 - - [15/Jul/2026:14:58:44 -0600] "POST /wp-cron.php?doing_wp_cron=1784149124.7486829757690429687500 HTTP/1.1" 200 0 "-" "WordPress/7.0.1; https://magicalmatty.fun"
101.237.128.199 - - [15/Jul/2026:15:39:51 -0600] "GET /wp-content/uploads/2018/03/DaycareComedyLogo-286x300.png HTTP/1.1" 403 72 "-" "python-requests/2.28.1"
101.237.128.183 - - [15/Jul/2026:15:40:42 -0600] "GET /wp-content/uploads/2018/03/DaycareComedyLogo-286x300.png HTTP/1.1" 403 72 "-" "python-requests/2.28.1"
104.210.140.141 - - [15/Jul/2026:15:52:55 -0600] "GET /robots.txt HTTP/2" 200 95 "-" "Mozilla/5.0 (Macintosh; Intel Mac OS X 10_15_7) AppleWebKit/537.36 (KHTML, like Gecko) Chrome/131.0.0.0 Safari/537.36; compatible; OAI-SearchBot/1.0; +https://openai.com/searchbot"
198.175.150.9 - - [15/Jul/2026:16:18:56 -0600] "POST /wp-cron.php?doing_wp_cron=1784153936.2295770645141601562500 HTTP/1.1" 200 0 "-" "WordPress/7.0.1; https://magicalmatty.fun"
88.169.14.89 - - [15/Jul/2026:16:39:09 -0600] "GET /santa/ HTTP/1.1" 301 0 "-" "Mozilla/5.0 (Macintosh; Intel Mac OS X 11_3_1) AppleWebKit/537.36 (KHTML, like Gecko) Chrome/130.0.6723.116 Safari/537.36"
88.169.14.89 - - [15/Jul/2026:16:39:10 -0600] "GET /santa-for-hire-in-dallas-tx/ HTTP/1.1" 200 29139 "-" "Mozilla/5.0 (Macintosh; Intel Mac OS X 11_3_1) AppleWebKit/537.36 (KHTML, like Gecko) Chrome/130.0.6723.116 Safari/537.36"
198.175.150.9 - - [15/Jul/2026:14:58:44 -0600] "POST /wp-cron.php?doing_wp_cron=1784149124.4557070732116699218750 HTTP/1.1" 200 0 "-" "WordPress/7.0.1; https://magicalmatty.fun"
101.227.222.134 - - [15/Jul/2026:15:08:09 -0600] "HEAD /wp-content/uploads/2016/06/RobotBig-233x300.jpg HTTP/1.1" 403 0 "-" "python-requests/2.32.3"
101.237.128.144 - - [15/Jul/2026:15:38:43 -0600] "GET /wp-content/uploads/2018/03/DaycareComedyLogo-286x300.png HTTP/1.1" 403 72 "-" "python-requests/2.28.1"
198.235.24.136 - - [15/Jul/2026:16:18:54 -0600] "GET / HTTP/1.1" 301 0 "-" "Hello from Palo Alto Networks, find out more about our scans in https://docs-cortex.paloaltonetworks.com/r/1/Cortex-Xpanse/Scanning-activity"
198.175.150.9 - - [15/Jul/2026:17:07:03 -0600] "POST /wp-cron.php?doing_wp_cron=1784156823.1556520462036132812500 HTTP/1.1" 200 0 "-" "WordPress/7.0.1; https://magicalmatty.fun"
185.191.171.9 - - [15/Jul/2026:18:44:04 -0600] "GET /robots.txt HTTP/1.1" 200 114 "-" "Mozilla/5.0 (compatible; SemrushBot/7~bl; +http://www.semrush.com/bot.html)"
35.221.104.159 - - [15/Jul/2026:18:56:53 -0600] "GET /wp-content/uploads/2016/06/eagle-Tattoo-233x300.jpg HTTP/1.1" 404 65536 "-" "Mozilla/5.0 (X11; Ubuntu; Linux x86_64; rv:72.0) Gecko/20100101 Firefox/72.0"
36.150.136.142 - - [15/Jul/2026:19:45:09 -0600] "HEAD /wp-content/uploads/2016/06/me-drawing-5-233x300.jpg HTTP/1.1" 403 0 "-" "python-requests/2.32.3"
198.175.150.9 - - [15/Jul/2026:18:44:05 -0600] "POST /wp-cron.php?doing_wp_cron=1784162645.0236380100250244140625 HTTP/1.1" 200 0 "-" "WordPress/7.0.1; https://magicalmatty.fun"
185.191.171.14 - - [15/Jul/2026:18:44:05 -0600] "GET /amazing-kids-magic-shows-in-plano-texas/ HTTP/1.1" 200 29615 "-" "Mozilla/5.0 (compatible; SemrushBot/7~bl; +http://www.semrush.com/bot.html)"
216.73.217.83 - - [15/Jul/2026:18:44:31 -0600] "GET /robots.txt HTTP/2" 200 95 "-" "Mozilla/5.0 AppleWebKit/537.36 (KHTML, like Gecko; compatible; ClaudeBot/1.0; +claudebot@anthropic.com)"
216.73.217.83 - - [15/Jul/2026:18:44:32 -0600] "GET /wp-sitemap.xml HTTP/2" 200 201 "-" "Mozilla/5.0 AppleWebKit/537.36 (KHTML, like Gecko; compatible; ClaudeBot/1.0; +claudebot@anthropic.com)"
35.221.104.159 - - [15/Jul/2026:18:56:52 -0600] "GET /wp-content/uploads/2016/06/eagle-Tattoo-233x300.jpg HTTP/1.1" 404 65536 "-" "Mozilla/5.0 (X11; Ubuntu; Linux x86_64; rv:72.0) Gecko/20100101 Firefox/72.0"
170.106.192.208 - - [15/Jul/2026:19:35:33 -0600] "GET / HTTP/1.1" 200 31714 "http://www.magicalmatty.fun" "Mozilla/5.0 (iPhone; CPU iPhone OS 13_2_3 like Mac OS X) AppleWebKit/605.1.15 (KHTML, like Gecko) Version/13.0.3 Mobile/15E148 Safari/604.1"
54.236.1.54 - - [15/Jul/2026:19:38:32 -0600] "GET /vote-for-matty-mcfun/ HTTP/1.1" 404 22539 "-" "Mozilla/5.0 (compatible; Pinterestbot/1.0; +http://www.pinterest.com/bot.html)"
198.175.150.9 - - [15/Jul/2026:19:46:42 -0600] "POST /wp-cron.php?doing_wp_cron=1784166402.3904750347137451171875 HTTP/1.1" 200 0 "-" "WordPress/7.0.1; https://magicalmatty.fun"
77.220.192.238 - - [15/Jul/2026:17:53:55 -0600] "GET /wp-login.php HTTP/2" 200 2027 "-" "Mozilla/5.0 (Macintosh; Intel Mac OS X 10_15_7) AppleWebKit/605.1.15 (KHTML, like Gecko) Version/18.0 Safari/605.1.15"
74.7.241.7 - - [15/Jul/2026:17:56:32 -0600] "GET /wp-content/uploads/2019/06/Clown-Magic-Wand-in-Ear.jpg HTTP/2" 404 19376 "https://sharieblount.blogspot.com" "Mozilla/5.0 AppleWebKit/537.36 (KHTML, like Gecko; compatible; GPTBot/1.4; +https://openai.com/gptbot)"
43.157.181.189 - - [15/Jul/2026:18:45:19 -0600] "GET / HTTP/1.1" 200 31714 "http://magicalmatty.fun" "Mozilla/5.0 (iPhone; CPU iPhone OS 13_2_3 like Mac OS X) AppleWebKit/605.1.15 (KHTML, like Gecko) Version/13.0.3 Mobile/15E148 Safari/604.1"
108.238.98.217 - - [15/Jul/2026:18:52:58 -0600] "GET / HTTP/2" 200 0 "-" "Mozilla/5.0 (iPhone; CPU iPhone OS 18_7 like Mac OS X) AppleWebKit/605.1.15 (KHTML, like Gecko) Version/26.5.2 Mobile/15E148 Safari/604.1"
198.175.150.9 - - [15/Jul/2026:18:56:53 -0600] "POST /wp-cron.php?doing_wp_cron=1784163413.3745980262756347656250 HTTP/1.1" 200 0 "-" "WordPress/7.0.1; https://magicalmatty.fun"
20.18.218.10 - - [15/Jul/2026:19:42:08 -0600] "GET /wp-content/uploads/2018/06/Levitating-Cup-250x250.jpg HTTP/1.1" 404 101221 "-" "Mozilla/5.0 (X11; Ubuntu; Linux x86_64; rv:72.0) Gecko/20100101 Firefox/72.0"
198.175.150.9 - - [15/Jul/2026:19:46:42 -0600] "POST /wp-cron.php?doing_wp_cron=1784166402.3517129421234130859375 HTTP/1.1" 200 0 "-" "WordPress/7.0.1; https://magicalmatty.fun"
31.76.163.116 - - [15/Jul/2026:19:46:41 -0600] "GET /wp-content/uploads/2018/05/Cut-Restore-Balloon-250x250.jpg HTTP/1.1" 404 22761 "-" "Mozilla/5.0 (compatible; crawler)"
198.175.150.9 - - [15/Jul/2026:17:53:55 -0600] "POST /wp-cron.php?doing_wp_cron=1784159635.9435479640960693359375 HTTP/1.1" 200 0 "-" "WordPress/7.0.1; https://magicalmatty.fun"
198.175.150.9 - - [15/Jul/2026:18:44:05 -0600] "POST /wp-cron.php?doing_wp_cron=1784162645.0478720664978027343750 HTTP/1.1" 200 0 "-" "WordPress/7.0.1; https://magicalmatty.fun"
198.175.150.9 - - [15/Jul/2026:20:30:44 -0600] "POST /wp-cron.php?doing_wp_cron=1784169044.5398669242858886718750 HTTP/1.1" 200 0 "-" "WordPress/7.0.1; https://magicalmatty.fun"
17.241.227.150 - - [15/Jul/2026:20:30:43 -0600] "GET /robots.txt HTTP/2" 200 114 "-" "Mozilla/5.0 (Macintosh; Intel Mac OS X 10_15_7) AppleWebKit/605.1.15 (KHTML, like Gecko) Version/17.4 Safari/605.1.15 (Applebot/0.1; +http://www.apple.com/go/applebot)"
17.241.227.150 - - [15/Jul/2026:20:30:44 -0600] "GET /magical-matty-in-frisco-kids-magic-that-wows/ HTTP/2" 200 30570 "-" "Mozilla/5.0 (Macintosh; Intel Mac OS X 10_15_7) AppleWebKit/605.1.15 (KHTML, like Gecko) Version/17.4 Safari/605.1.15 (Applebot/0.1; +http://www.apple.com/go/applebot)"
17.241.227.52 - - [15/Jul/2026:20:36:14 -0600] "GET /wp-content/uploads/elementor/css/post-10.css?ver=1780710776 HTTP/2" 200 359 "https://magicalmatty.fun/magical-matty-in-frisco-kids-magic-that-wows/" "Mozilla/5.0 (Macintosh; Intel Mac OS X 10_15_7) AppleWebKit/605.1.15 (KHTML, like Gecko) Version/17.4 Safari/605.1.15 (Applebot/0.1; +http://www.apple.com/go/applebot)"
17.241.227.52 - - [15/Jul/2026:20:36:15 -0600] "GET /wp-content/plugins/wp-customer-reviews/css/wp-customer-reviews.css?ver=3.7.8 HTTP/2" 200 1890 "https://magicalmatty.fun/magical-matty-in-frisco-kids-magic-that-wows/" "Mozilla/5.0 (Macintosh; Intel Mac OS X 10_15_7) AppleWebKit/605.1.15 (KHTML, like Gecko) Version/17.4 Safari/605.1.15 (Applebot/0.1; +http://www.apple.com/go/applebot)"
17.241.227.52 - - [15/Jul/2026:20:36:16 -0600] "GET /wp-content/themes/astra/assets/css/minified/main.min.css?ver=4.13.4 HTTP/2" 200 8375 "https://magicalmatty.fun/magical-matty-in-frisco-kids-magic-that-wows/" "Mozilla/5.0 (Macintosh; Intel Mac OS X 10_15_7) AppleWebKit/605.1.15 (KHTML, like Gecko) Version/17.4 Safari/605.1.15 (Applebot/0.1; +http://www.apple.com/go/applebot)"
17.241.227.52 - - [15/Jul/2026:20:36:18 -0600] "GET /wp-content/uploads/astra-addon/astra-addon-6a237496ebb090-84590811.css?ver=4.13.4 HTTP/2" 200 2401 "https://magicalmatty.fun/magical-matty-in-frisco-kids-magic-that-wows/" "Mozilla/5.0 (Macintosh; Intel Mac OS X 10_15_7) AppleWebKit/605.1.15 (KHTML, like Gecko) Version/17.4 Safari/605.1.15 (Applebot/0.1; +http://www.apple.com/go/applebot)"
17.241.227.52 - - [15/Jul/2026:20:36:19 -0600] "GET /wp-content/plugins/elementor/assets/css/frontend.min.css?ver=4.1.1 HTTP/2" 200 6613 "https://magicalmatty.fun/magical-matty-in-frisco-kids-magic-that-wows/" "Mozilla/5.0 (Macintosh; Intel Mac OS X 10_15_7) AppleWebKit/605.1.15 (KHTML, like Gecko) Version/17.4 Safari/605.1.15 (Applebot/0.1; +http://www.apple.com/go/applebot)"
17.241.227.52 - - [15/Jul/2026:20:36:21 -0600] "GET /wp-content/plugins/elementor/assets/lib/eicons/css/elementor-icons.min.css?ver=5.49.0 HTTP/2" 200 4114 "https://magicalmatty.fun/magical-matty-in-frisco-kids-magic-that-wows/" "Mozilla/5.0 (Macintosh; Intel Mac OS X 10_15_7) AppleWebKit/605.1.15 (KHTML, like Gecko) Version/17.4 Safari/605.1.15 (Applebot/0.1; +http://www.apple.com/go/applebot)"
17.241.227.52 - - [15/Jul/2026:20:36:22 -0600] "GET /wp-content/plugins/ultimate-elementor/assets/min-css/uael-frontend.min.css?ver=1.44.4 HTTP/2" 200 78024 "https://magicalmatty.fun/magical-matty-in-frisco-kids-magic-that-wows/" "Mozilla/5.0 (Macintosh; Intel Mac OS X 10_15_7) AppleWebKit/605.1.15 (KHTML, like Gecko) Version/17.4 Safari/605.1.15 (Applebot/0.1; +http://www.apple.com/go/applebot)"
17.241.227.52 - - [15/Jul/2026:20:36:24 -0600] "GET /wp-content/plugins/elementor/assets/css/widget-social-icons.min.css?ver=3.24.0 HTTP/2" 200 1039 "https://magicalmatty.fun/magical-matty-in-frisco-kids-magic-that-wows/" "Mozilla/5.0 (Macintosh; Intel Mac OS X 10_15_7) AppleWebKit/605.1.15 (KHTML, like Gecko) Version/17.4 Safari/605.1.15 (Applebot/0.1; +http://www.apple.com/go/applebot)"
17.241.227.52 - - [15/Jul/2026:20:36:25 -0600] "GET /wp-content/plugins/elementor/assets/lib/font-awesome/css/brands.css?ver=5.15.3 HTTP/2" 200 296 "https://magicalmatty.fun/magical-matty-in-frisco-kids-magic-that-wows/" "Mozilla/5.0 (Macintosh; Intel Mac OS X 10_15_7) AppleWebKit/605.1.15 (KHTML, like Gecko) Version/17.4 Safari/605.1.15 (Applebot/0.1; +http://www.apple.com/go/applebot)"
17.241.227.52 - - [15/Jul/2026:20:36:27 -0600] "GET /wp-content/plugins/elementor/assets/lib/font-awesome/css/fontawesome.css?ver=5.15.3 HTTP/2" 200 12526 "https://magicalmatty.fun/magical-matty-in-frisco-kids-magic-that-wows/" "Mozilla/5.0 (Macintosh; Intel Mac OS X 10_15_7) AppleWebKit/605.1.15 (KHTML, like Gecko) Version/17.4 Safari/605.1.15 (Applebot/0.1; +http://www.apple.com/go/applebot)"
17.241.227.52 - - [15/Jul/2026:20:36:28 -0600] "GET /wp-content/plugins/elementor/assets/lib/font-awesome/css/solid.css?ver=5.15.3 HTTP/2" 200 296 "https://magicalmatty.fun/magical-matty-in-frisco-kids-magic-that-wows/" "Mozilla/5.0 (Macintosh; Intel Mac OS X 10_15_7) AppleWebKit/605.1.15 (KHTML, like Gecko) Version/17.4 Safari/605.1.15 (Applebot/0.1; +http://www.apple.com/go/applebot)"
17.241.227.52 - - [15/Jul/2026:20:36:30 -0600] "GET /wp-content/plugins/elementor/assets/css/widget-image.min.css?ver=4.1.1 HTTP/2" 200 96 "https://magicalmatty.fun/magical-matty-in-frisco-kids-magic-that-wows/" "Mozilla/5.0 (Macintosh; Intel Mac OS X 10_15_7) AppleWebKit/605.1.15 (KHTML, like Gecko) Version/17.4 Safari/605.1.15 (Applebot/0.1; +http://www.apple.com/go/applebot)"
17.241.227.52 - - [15/Jul/2026:20:36:31 -0600] "GET /wp-content/uploads/elementor/css/post-348.css?ver=1780726015 HTTP/2" 200 198 "https://magicalmatty.fun/magical-matty-in-frisco-kids-magic-that-wows/" "Mozilla/5.0 (Macintosh; Intel Mac OS X 10_15_7) AppleWebKit/605.1.15 (KHTML, like Gecko) Version/17.4 Safari/605.1.15 (Applebot/0.1; +http://www.apple.com/go/applebot)"
17.241.227.52 - - [15/Jul/2026:20:36:33 -0600] "GET /wp-includes/js/jquery/jquery.min.js?ver=3.7.1 HTTP/2" 200 29744 "https://magicalmatty.fun/magical-matty-in-frisco-kids-magic-that-wows/" "Mozilla/5.0 (Macintosh; Intel Mac OS X 10_15_7) AppleWebKit/605.1.15 (KHTML, like Gecko) Version/17.4 Safari/605.1.15 (Applebot/0.1; +http://www.apple.com/go/applebot)"
17.241.227.52 - - [15/Jul/2026:20:36:34 -0600] "GET /wp-includes/js/jquery/jquery-migrate.min.js?ver=3.4.1 HTTP/2" 200 4678 "https://magicalmatty.fun/magical-matty-in-frisco-kids-magic-that-wows/" "Mozilla/5.0 (Macintosh; Intel Mac OS X 10_15_7) AppleWebKit/605.1.15 (KHTML, like Gecko) Version/17.4 Safari/605.1.15 (Applebot/0.1; +http://www.apple.com/go/applebot)"
17.241.227.52 - - [15/Jul/2026:20:36:36 -0600] "GET /wp-content/plugins/wp-customer-reviews/js/wp-customer-reviews.js?ver=3.7.8 HTTP/2" 200 1972 "https://magicalmatty.fun/magical-matty-in-frisco-kids-magic-that-wows/" "Mozilla/5.0 (Macintosh; Intel Mac OS X 10_15_7) AppleWebKit/605.1.15 (KHTML, like Gecko) Version/17.4 Safari/605.1.15 (Applebot/0.1; +http://www.apple.com/go/applebot)"
17.241.227.52 - - [15/Jul/2026:20:36:37 -0600] "GET /wp-content/themes/astra/assets/js/minified/frontend.min.js?ver=4.13.4 HTTP/2" 200 5693 "https://magicalmatty.fun/magical-matty-in-frisco-kids-magic-that-wows/" "Mozilla/5.0 (Macintosh; Intel Mac OS X 10_15_7) AppleWebKit/605.1.15 (KHTML, like Gecko) Version/17.4 Safari/605.1.15 (Applebot/0.1; +http://www.apple.com/go/applebot)"
17.241.227.52 - - [15/Jul/2026:20:36:39 -0600] "GET /wp-content/uploads/astra-addon/astra-addon-6a237496ec9608-33688404.js?ver=4.13.4 HTTP/2" 200 3191 "https://magicalmatty.fun/magical-matty-in-frisco-kids-magic-that-wows/" "Mozilla/5.0 (Macintosh; Intel Mac OS X 10_15_7) AppleWebKit/605.1.15 (KHTML, like Gecko) Version/17.4 Safari/605.1.15 (Applebot/0.1; +http://www.apple.com/go/applebot)"
17.241.227.52 - - [15/Jul/2026:20:36:40 -0600] "GET /wp-content/plugins/astra-addon/assets/js/minified/purify.min.js?ver=4.13.4 HTTP/2" 200 8451 "https://magicalmatty.fun/magical-matty-in-frisco-kids-magic-that-wows/" "Mozilla/5.0 (Macintosh; Intel Mac OS X 10_15_7) AppleWebKit/605.1.15 (KHTML, like Gecko) Version/17.4 Safari/605.1.15 (Applebot/0.1; +http://www.apple.com/go/applebot)"
17.241.227.52 - - [15/Jul/2026:20:36:42 -0600] "GET /wp-content/plugins/elementor/assets/js/webpack.runtime.min.js?ver=4.1.1 HTTP/2" 200 2338 "https://magicalmatty.fun/magical-matty-in-frisco-kids-magic-that-wows/" "Mozilla/5.0 (Macintosh; Intel Mac OS X 10_15_7) AppleWebKit/605.1.15 (KHTML, like Gecko) Version/17.4 Safari/605.1.15 (Applebot/0.1; +http://www.apple.com/go/applebot)"
17.241.227.52 - - [15/Jul/2026:20:36:43 -0600] "GET /wp-content/plugins/elementor/assets/js/frontend-modules.min.js?ver=4.1.1 HTTP/2" 200 15445 "https://magicalmatty.fun/magical-matty-in-frisco-kids-magic-that-wows/" "Mozilla/5.0 (Macintosh; Intel Mac OS X 10_15_7) AppleWebKit/605.1.15 (KHTML, like Gecko) Version/17.4 Safari/605.1.15 (Applebot/0.1; +http://www.apple.com/go/applebot)"
17.241.227.52 - - [15/Jul/2026:20:36:45 -0600] "GET /wp-includes/js/jquery/ui/core.min.js?ver=1.13.3 HTTP/2" 200 6812 "https://magicalmatty.fun/magical-matty-in-frisco-kids-magic-that-wows/" "Mozilla/5.0 (Macintosh; Intel Mac OS X 10_15_7) AppleWebKit/605.1.15 (KHTML, like Gecko) Version/17.4 Safari/605.1.15 (Applebot/0.1; +http://www.apple.com/go/applebot)"
17.241.227.52 - - [15/Jul/2026:20:36:46 -0600] "GET /wp-content/plugins/elementor/assets/js/frontend.min.js?ver=4.1.1 HTTP/2" 200 10124 "https://magicalmatty.fun/magical-matty-in-frisco-kids-magic-that-wows/" "Mozilla/5.0 (Macintosh; Intel Mac OS X 10_15_7) AppleWebKit/605.1.15 (KHTML, like Gecko) Version/17.4 Safari/605.1.15 (Applebot/0.1; +http://www.apple.com/go/applebot)"
17.241.227.52 - - [15/Jul/2026:20:36:48 -0600] "GET /wp-content/plugins/elementor-pro/assets/js/webpack-pro.runtime.min.js?ver=4.1.0 HTTP/2" 200 2608 "https://magicalmatty.fun/magical-matty-in-frisco-kids-magic-that-wows/" "Mozilla/5.0 (Macintosh; Intel Mac OS X 10_15_7) AppleWebKit/605.1.15 (KHTML, like Gecko) Version/17.4 Safari/605.1.15 (Applebot/0.1; +http://www.apple.com/go/applebot)"
17.241.227.52 - - [15/Jul/2026:20:36:49 -0600] "GET /wp-includes/js/dist/hooks.min.js?ver=7496969728ca0f95732d HTTP/2" 200 1734 "https://magicalmatty.fun/magical-matty-in-frisco-kids-magic-that-wows/" "Mozilla/5.0 (Macintosh; Intel Mac OS X 10_15_7) AppleWebKit/605.1.15 (KHTML, like Gecko) Version/17.4 Safari/605.1.15 (Applebot/0.1; +http://www.apple.com/go/applebot)"
17.241.227.52 - - [15/Jul/2026:20:36:51 -0600] "GET /wp-includes/js/dist/i18n.min.js?ver=781d11515ad3d91786ec HTTP/2" 200 2354 "https://magicalmatty.fun/magical-matty-in-frisco-kids-magic-that-wows/" "Mozilla/5.0 (Macintosh; Intel Mac OS X 10_15_7) AppleWebKit/605.1.15 (KHTML, like Gecko) Version/17.4 Safari/605.1.15 (Applebot/0.1; +http://www.apple.com/go/applebot)"
17.241.227.52 - - [15/Jul/2026:20:36:52 -0600] "GET /wp-content/plugins/elementor-pro/assets/js/frontend.min.js?ver=4.1.0 HTTP/2" 200 6191 "https://magicalmatty.fun/magical-matty-in-frisco-kids-magic-that-wows/" "Mozilla/5.0 (Macintosh; Intel Mac OS X 10_15_7) AppleWebKit/605.1.15 (KHTML, like Gecko) Version/17.4 Safari/605.1.15 (Applebot/0.1; +http://www.apple.com/go/applebot)"
17.241.227.52 - - [15/Jul/2026:20:36:54 -0600] "GET /wp-content/plugins/elementor-pro/assets/js/elements-handlers.min.js?ver=4.1.0 HTTP/2" 200 10079 "https://magicalmatty.fun/magical-matty-in-frisco-kids-magic-that-wows/" "Mozilla/5.0 (Macintosh; Intel Mac OS X 10_15_7) AppleWebKit/605.1.15 (KHTML, like Gecko) Version/17.4 Safari/605.1.15 (Applebot/0.1; +http://www.apple.com/go/applebot)"
17.241.227.52 - - [15/Jul/2026:20:36:55 -0600] "GET /wp-content/plugins/elementor/assets/js/section-frontend-handlers.d85ab872da118940910d.bundle.min.js HTTP/2" 200 229 "https://magicalmatty.fun/magical-matty-in-frisco-kids-magic-that-wows/" "Mozilla/5.0 (Macintosh; Intel Mac OS X 10_15_7) AppleWebKit/605.1.15 (KHTML, like Gecko) Version/17.4 Safari/605.1.15 (Applebot/0.1; +http://www.apple.com/go/applebot)"
17.241.227.52 - - [15/Jul/2026:20:37:00 -0600] "GET /wp-content/plugins/elementor/assets/js/text-editor.45609661e409413f1cef.bundle.min.js HTTP/2" 200 592 "https://magicalmatty.fun/magical-matty-in-frisco-kids-magic-that-wows/" "Mozilla/5.0 (Macintosh; Intel Mac OS X 10_15_7) AppleWebKit/605.1.15 (KHTML, like Gecko) Version/17.4 Safari/605.1.15 (Applebot/0.1; +http://www.apple.com/go/applebot)"
174.204.128.21 - - [15/Jul/2026:20:48:51 -0600] "GET / HTTP/2" 200 27401 "https://www.google.com/" "Mozilla/5.0 (Macintosh; Intel Mac OS X 10_15_7) AppleWebKit/605.1.15 (KHTML, like Gecko) Version/26.2 Safari/605.1.15"
174.204.128.21 - - [15/Jul/2026:20:48:52 -0600] "GET /wp-content/plugins/wp-customer-reviews/css/wp-customer-reviews.css?ver=3.7.8 HTTP/2" 200 1890 "https://magicalmatty.fun/" "Mozilla/5.0 (Macintosh; Intel Mac OS X 10_15_7) AppleWebKit/605.1.15 (KHTML, like Gecko) Version/26.2 Safari/605.1.15"
174.204.128.21 - - [15/Jul/2026:20:48:52 -0600] "GET /wp-content/themes/astra/assets/css/minified/main.min.css?ver=4.13.4 HTTP/2" 200 8375 "https://magicalmatty.fun/" "Mozilla/5.0 (Macintosh; Intel Mac OS X 10_15_7) AppleWebKit/605.1.15 (KHTML, like Gecko) Version/26.2 Safari/605.1.15"
174.204.128.21 - - [15/Jul/2026:20:48:52 -0600] "GET /wp-content/uploads/astra-addon/astra-addon-6a237496ebb090-84590811.css?ver=4.13.4 HTTP/2" 200 2401 "https://magicalmatty.fun/" "Mozilla/5.0 (Macintosh; Intel Mac OS X 10_15_7) AppleWebKit/605.1.15 (KHTML, like Gecko) Version/26.2 Safari/605.1.15"
174.204.128.21 - - [15/Jul/2026:20:48:52 -0600] "GET /wp-content/plugins/elementor/assets/lib/eicons/css/elementor-icons.min.css?ver=5.49.0 HTTP/2" 200 4114 "https://magicalmatty.fun/" "Mozilla/5.0 (Macintosh; Intel Mac OS X 10_15_7) AppleWebKit/605.1.15 (KHTML, like Gecko) Version/26.2 Safari/605.1.15"
174.204.128.21 - - [15/Jul/2026:20:48:52 -0600] "GET /wp-content/plugins/elementor/assets/css/frontend.min.css?ver=4.1.1 HTTP/2" 200 6613 "https://magicalmatty.fun/" "Mozilla/5.0 (Macintosh; Intel Mac OS X 10_15_7) AppleWebKit/605.1.15 (KHTML, like Gecko) Version/26.2 Safari/605.1.15"
174.204.128.21 - - [15/Jul/2026:20:48:52 -0600] "GET /wp-content/uploads/elementor/css/post-10.css?ver=1780710776 HTTP/2" 200 359 "https://magicalmatty.fun/" "Mozilla/5.0 (Macintosh; Intel Mac OS X 10_15_7) AppleWebKit/605.1.15 (KHTML, like Gecko) Version/26.2 Safari/605.1.15"
174.204.128.21 - - [15/Jul/2026:20:48:52 -0600] "GET /wp-content/plugins/ultimate-elementor/assets/min-css/uael-frontend.min.css?ver=1.44.4 HTTP/2" 200 78024 "https://magicalmatty.fun/" "Mozilla/5.0 (Macintosh; Intel Mac OS X 10_15_7) AppleWebKit/605.1.15 (KHTML, like Gecko) Version/26.2 Safari/605.1.15"
174.204.128.21 - - [15/Jul/2026:20:48:52 -0600] "GET /wp-content/plugins/elementor/assets/css/widget-social-icons.min.css?ver=3.24.0 HTTP/2" 200 1039 "https://magicalmatty.fun/" "Mozilla/5.0 (Macintosh; Intel Mac OS X 10_15_7) AppleWebKit/605.1.15 (KHTML, like Gecko) Version/26.2 Safari/605.1.15"
174.204.128.21 - - [15/Jul/2026:20:48:52 -0600] "GET /wp-content/plugins/elementor/assets/lib/font-awesome/css/brands.css?ver=5.15.3 HTTP/2" 200 296 "https://magicalmatty.fun/" "Mozilla/5.0 (Macintosh; Intel Mac OS X 10_15_7) AppleWebKit/605.1.15 (KHTML, like Gecko) Version/26.2 Safari/605.1.15"
174.204.128.21 - - [15/Jul/2026:20:48:52 -0600] "GET /wp-content/plugins/elementor/assets/lib/font-awesome/css/fontawesome.css?ver=5.15.3 HTTP/2" 200 12526 "https://magicalmatty.fun/" "Mozilla/5.0 (Macintosh; Intel Mac OS X 10_15_7) AppleWebKit/605.1.15 (KHTML, like Gecko) Version/26.2 Safari/605.1.15"
174.204.128.21 - - [15/Jul/2026:20:48:52 -0600] "GET /wp-content/plugins/elementor/assets/lib/animations/styles/rubberBand.min.css?ver=4.1.1 HTTP/2" 200 121 "https://magicalmatty.fun/" "Mozilla/5.0 (Macintosh; Intel Mac OS X 10_15_7) AppleWebKit/605.1.15 (KHTML, like Gecko) Version/26.2 Safari/605.1.15"
174.204.128.21 - - [15/Jul/2026:20:48:52 -0600] "GET /wp-content/plugins/elementor-pro/assets/css/widget-animated-headline.min.css?ver=4.1.0 HTTP/2" 200 1537 "https://magicalmatty.fun/" "Mozilla/5.0 (Macintosh; Intel Mac OS X 10_15_7) AppleWebKit/605.1.15 (KHTML, like Gecko) Version/26.2 Safari/605.1.15"
174.204.128.21 - - [15/Jul/2026:20:48:52 -0600] "GET /wp-content/plugins/elementor/assets/lib/animations/styles/fadeInUp.min.css?ver=4.1.1 HTTP/2" 200 130 "https://magicalmatty.fun/" "Mozilla/5.0 (Macintosh; Intel Mac OS X 10_15_7) AppleWebKit/605.1.15 (KHTML, like Gecko) Version/26.2 Safari/605.1.15"
174.204.128.21 - - [15/Jul/2026:20:48:52 -0600] "GET /wp-content/plugins/elementor/assets/css/widget-video.min.css?ver=4.1.1 HTTP/2" 200 328 "https://magicalmatty.fun/" "Mozilla/5.0 (Macintosh; Intel Mac OS X 10_15_7) AppleWebKit/605.1.15 (KHTML, like Gecko) Version/26.2 Safari/605.1.15"
174.204.128.21 - - [15/Jul/2026:20:48:52 -0600] "GET /wp-content/plugins/elementor/assets/lib/swiper/v8/css/swiper.min.css?ver=8.4.5 HTTP/2" 200 4248 "https://magicalmatty.fun/" "Mozilla/5.0 (Macintosh; Intel Mac OS X 10_15_7) AppleWebKit/605.1.15 (KHTML, like Gecko) Version/26.2 Safari/605.1.15"
174.204.128.21 - - [15/Jul/2026:20:48:52 -0600] "GET /wp-content/plugins/elementor/assets/css/conditionals/e-swiper.min.css?ver=4.1.1 HTTP/2" 200 699 "https://magicalmatty.fun/" "Mozilla/5.0 (Macintosh; Intel Mac OS X 10_15_7) AppleWebKit/605.1.15 (KHTML, like Gecko) Version/26.2 Safari/605.1.15"
174.204.128.21 - - [15/Jul/2026:20:48:52 -0600] "GET /wp-content/plugins/elementor-pro/assets/css/widget-testimonial-carousel.min.css?ver=4.1.0 HTTP/2" 200 1398 "https://magicalmatty.fun/" "Mozilla/5.0 (Macintosh; Intel Mac OS X 10_15_7) AppleWebKit/605.1.15 (KHTML, like Gecko) Version/26.2 Safari/605.1.15"
174.204.128.21 - - [15/Jul/2026:20:48:52 -0600] "GET /wp-content/plugins/elementor-pro/assets/css/widget-carousel-module-base.min.css?ver=4.1.0 HTTP/2" 200 582 "https://magicalmatty.fun/" "Mozilla/5.0 (Macintosh; Intel Mac OS X 10_15_7) AppleWebKit/605.1.15 (KHTML, like Gecko) Version/26.2 Safari/605.1.15"
174.204.128.21 - - [15/Jul/2026:20:48:52 -0600] "GET /wp-content/plugins/elementor/assets/lib/font-awesome/css/solid.css?ver=5.15.3 HTTP/2" 200 296 "https://magicalmatty.fun/" "Mozilla/5.0 (Macintosh; Intel Mac OS X 10_15_7) AppleWebKit/605.1.15 (KHTML, like Gecko) Version/26.2 Safari/605.1.15"
174.204.128.21 - - [15/Jul/2026:20:48:52 -0600] "GET /wp-content/plugins/elementor/assets/css/widget-divider.min.css?ver=4.1.1 HTTP/2" 200 678 "https://magicalmatty.fun/" "Mozilla/5.0 (Macintosh; Intel Mac OS X 10_15_7) AppleWebKit/605.1.15 (KHTML, like Gecko) Version/26.2 Safari/605.1.15"
174.204.128.21 - - [15/Jul/2026:20:48:52 -0600] "GET /wp-content/plugins/elementor/assets/css/widget-heading.min.css?ver=4.1.1 HTTP/2" 200 126 "https://magicalmatty.fun/" "Mozilla/5.0 (Macintosh; Intel Mac OS X 10_15_7) AppleWebKit/605.1.15 (KHTML, like Gecko) Version/26.2 Safari/605.1.15"
174.204.128.21 - - [15/Jul/2026:20:48:52 -0600] "GET /wp-content/plugins/elementor/assets/css/widget-menu-anchor.min.css?ver=4.1.1 HTTP/2" 200 69 "https://magicalmatty.fun/" "Mozilla/5.0 (Macintosh; Intel Mac OS X 10_15_7) AppleWebKit/605.1.15 (KHTML, like Gecko) Version/26.2 Safari/605.1.15"
174.204.128.21 - - [15/Jul/2026:20:48:52 -0600] "GET /wp-content/plugins/elementor/assets/lib/animations/styles/slideInRight.min.css?ver=4.1.1 HTTP/2" 200 155 "https://magicalmatty.fun/" "Mozilla/5.0 (Macintosh; Intel Mac OS X 10_15_7) AppleWebKit/605.1.15 (KHTML, like Gecko) Version/26.2 Safari/605.1.15"
174.204.128.21 - - [15/Jul/2026:20:48:52 -0600] "GET /wp-content/plugins/elementor/assets/lib/animations/styles/slideInLeft.min.css?ver=4.1.1 HTTP/2" 200 153 "https://magicalmatty.fun/" "Mozilla/5.0 (Macintosh; Intel Mac OS X 10_15_7) AppleWebKit/605.1.15 (KHTML, like Gecko) Version/26.2 Safari/605.1.15"
174.204.128.21 - - [15/Jul/2026:20:48:52 -0600] "GET /wp-content/plugins/elementor/assets/lib/animations/styles/rotateIn.min.css?ver=4.1.1 HTTP/2" 200 180 "https://magicalmatty.fun/" "Mozilla/5.0 (Macintosh; Intel Mac OS X 10_15_7) AppleWebKit/605.1.15 (KHTML, like Gecko) Version/26.2 Safari/605.1.15"
174.204.128.21 - - [15/Jul/2026:20:48:52 -0600] "GET /wp-content/plugins/elementor/assets/css/widget-image-gallery.min.css?ver=4.1.1 HTTP/2" 200 275 "https://magicalmatty.fun/" "Mozilla/5.0 (Macintosh; Intel Mac OS X 10_15_7) AppleWebKit/605.1.15 (KHTML, like Gecko) Version/26.2 Safari/605.1.15"
174.204.128.21 - - [15/Jul/2026:20:48:52 -0600] "GET /wp-content/plugins/elementor/assets/lib/animations/styles/tada.min.css?ver=4.1.1 HTTP/2" 200 132 "https://magicalmatty.fun/" "Mozilla/5.0 (Macintosh; Intel Mac OS X 10_15_7) AppleWebKit/605.1.15 (KHTML, like Gecko) Version/26.2 Safari/605.1.15"
174.204.128.21 - - [15/Jul/2026:20:48:52 -0600] "GET /wp-content/plugins/elementor/assets/lib/animations/styles/jello.min.css?ver=4.1.1 HTTP/2" 200 177 "https://magicalmatty.fun/" "Mozilla/5.0 (Macintosh; Intel Mac OS X 10_15_7) AppleWebKit/605.1.15 (KHTML, like Gecko) Version/26.2 Safari/605.1.15"
174.204.128.21 - - [15/Jul/2026:20:48:52 -0600] "GET /wp-content/uploads/elementor/css/post-47.css?ver=1780710776 HTTP/2" 200 1019 "https://magicalmatty.fun/" "Mozilla/5.0 (Macintosh; Intel Mac OS X 10_15_7) AppleWebKit/605.1.15 (KHTML, like Gecko) Version/26.2 Safari/605.1.15"
174.204.128.21 - - [15/Jul/2026:20:48:52 -0600] "GET /wp-includes/js/jquery/jquery-migrate.min.js?ver=3.4.1 HTTP/2" 200 4678 "https://magicalmatty.fun/" "Mozilla/5.0 (Macintosh; Intel Mac OS X 10_15_7) AppleWebKit/605.1.15 (KHTML, like Gecko) Version/26.2 Safari/605.1.15"
174.204.128.21 - - [15/Jul/2026:20:48:52 -0600] "GET /wp-content/plugins/wp-customer-reviews/js/wp-customer-reviews.js?ver=3.7.8 HTTP/2" 200 1972 "https://magicalmatty.fun/" "Mozilla/5.0 (Macintosh; Intel Mac OS X 10_15_7) AppleWebKit/605.1.15 (KHTML, like Gecko) Version/26.2 Safari/605.1.15"
174.204.128.21 - - [15/Jul/2026:20:48:52 -0600] "GET /wp-content/themes/astra/assets/css/minified/galleries.min.css?ver=4.13.4 HTTP/2" 200 311 "https://magicalmatty.fun/" "Mozilla/5.0 (Macintosh; Intel Mac OS X 10_15_7) AppleWebKit/605.1.15 (KHTML, like Gecko) Version/26.2 Safari/605.1.15"
174.204.128.21 - - [15/Jul/2026:20:48:52 -0600] "GET /wp-content/themes/astra/assets/js/minified/frontend.min.js?ver=4.13.4 HTTP/2" 200 5693 "https://magicalmatty.fun/" "Mozilla/5.0 (Macintosh; Intel Mac OS X 10_15_7) AppleWebKit/605.1.15 (KHTML, like Gecko) Version/26.2 Safari/605.1.15"
174.204.128.21 - - [15/Jul/2026:20:48:52 -0600] "GET /wp-content/uploads/astra-addon/astra-addon-6a237496ec9608-33688404.js?ver=4.13.4 HTTP/2" 200 3191 "https://magicalmatty.fun/" "Mozilla/5.0 (Macintosh; Intel Mac OS X 10_15_7) AppleWebKit/605.1.15 (KHTML, like Gecko) Version/26.2 Safari/605.1.15"
174.204.128.21 - - [15/Jul/2026:20:48:52 -0600] "GET /wp-content/plugins/astra-addon/assets/js/minified/purify.min.js?ver=4.13.4 HTTP/2" 200 8451 "https://magicalmatty.fun/" "Mozilla/5.0 (Macintosh; Intel Mac OS X 10_15_7) AppleWebKit/605.1.15 (KHTML, like Gecko) Version/26.2 Safari/605.1.15"
174.204.128.21 - - [15/Jul/2026:20:48:52 -0600] "GET /wp-content/plugins/elementor/assets/js/webpack.runtime.min.js?ver=4.1.1 HTTP/2" 200 2338 "https://magicalmatty.fun/" "Mozilla/5.0 (Macintosh; Intel Mac OS X 10_15_7) AppleWebKit/605.1.15 (KHTML, like Gecko) Version/26.2 Safari/605.1.15"
174.204.128.21 - - [15/Jul/2026:20:48:52 -0600] "GET /wp-content/plugins/elementor/assets/js/frontend-modules.min.js?ver=4.1.1 HTTP/2" 200 15445 "https://magicalmatty.fun/" "Mozilla/5.0 (Macintosh; Intel Mac OS X 10_15_7) AppleWebKit/605.1.15 (KHTML, like Gecko) Version/26.2 Safari/605.1.15"
174.204.128.21 - - [15/Jul/2026:20:48:52 -0600] "GET /wp-includes/js/jquery/ui/core.min.js?ver=1.13.3 HTTP/2" 200 6812 "https://magicalmatty.fun/" "Mozilla/5.0 (Macintosh; Intel Mac OS X 10_15_7) AppleWebKit/605.1.15 (KHTML, like Gecko) Version/26.2 Safari/605.1.15"
174.204.128.21 - - [15/Jul/2026:20:48:52 -0600] "GET /wp-content/plugins/elementor/assets/js/frontend.min.js?ver=4.1.1 HTTP/2" 200 10124 "https://magicalmatty.fun/" "Mozilla/5.0 (Macintosh; Intel Mac OS X 10_15_7) AppleWebKit/605.1.15 (KHTML, like Gecko) Version/26.2 Safari/605.1.15"
174.204.128.21 - - [15/Jul/2026:20:48:52 -0600] "GET /wp-content/plugins/elementor-pro/assets/js/webpack-pro.runtime.min.js?ver=4.1.0 HTTP/2" 200 2608 "https://magicalmatty.fun/" "Mozilla/5.0 (Macintosh; Intel Mac OS X 10_15_7) AppleWebKit/605.1.15 (KHTML, like Gecko) Version/26.2 Safari/605.1.15"
174.204.128.21 - - [15/Jul/2026:20:48:52 -0600] "GET /wp-includes/js/dist/hooks.min.js?ver=7496969728ca0f95732d HTTP/2" 200 1734 "https://magicalmatty.fun/" "Mozilla/5.0 (Macintosh; Intel Mac OS X 10_15_7) AppleWebKit/605.1.15 (KHTML, like Gecko) Version/26.2 Safari/605.1.15"
174.204.128.21 - - [15/Jul/2026:20:48:52 -0600] "GET /wp-includes/js/dist/i18n.min.js?ver=781d11515ad3d91786ec HTTP/2" 200 2354 "https://magicalmatty.fun/" "Mozilla/5.0 (Macintosh; Intel Mac OS X 10_15_7) AppleWebKit/605.1.15 (KHTML, like Gecko) Version/26.2 Safari/605.1.15"
174.204.128.21 - - [15/Jul/2026:20:48:52 -0600] "GET /wp-content/plugins/elementor-pro/assets/js/frontend.min.js?ver=4.1.0 HTTP/2" 200 6191 "https://magicalmatty.fun/" "Mozilla/5.0 (Macintosh; Intel Mac OS X 10_15_7) AppleWebKit/605.1.15 (KHTML, like Gecko) Version/26.2 Safari/605.1.15"
174.204.128.21 - - [15/Jul/2026:20:48:52 -0600] "GET /wp-content/plugins/elementor-pro/assets/js/elements-handlers.min.js?ver=4.1.0 HTTP/2" 200 10079 "https://magicalmatty.fun/" "Mozilla/5.0 (Macintosh; Intel Mac OS X 10_15_7) AppleWebKit/605.1.15 (KHTML, like Gecko) Version/26.2 Safari/605.1.15"
174.204.128.21 - - [15/Jul/2026:20:48:52 -0600] "GET /wp-includes/js/jquery/jquery.min.js?ver=3.7.1 HTTP/2" 200 29744 "https://magicalmatty.fun/" "Mozilla/5.0 (Macintosh; Intel Mac OS X 10_15_7) AppleWebKit/605.1.15 (KHTML, like Gecko) Version/26.2 Safari/605.1.15"
174.204.128.21 - - [15/Jul/2026:20:48:52 -0600] "GET /wp-content/plugins/elementor/assets/lib/swiper/v8/swiper.min.js?ver=8.4.5 HTTP/2" 200 38152 "https://magicalmatty.fun/" "Mozilla/5.0 (Macintosh; Intel Mac OS X 10_15_7) AppleWebKit/605.1.15 (KHTML, like Gecko) Version/26.2 Safari/605.1.15"
174.204.128.21 - - [15/Jul/2026:20:48:52 -0600] "GET /wp-content/plugins/elementor/assets/images/placeholder.png HTTP/2" 200 6146 "https://magicalmatty.fun/" "Mozilla/5.0 (Macintosh; Intel Mac OS X 10_15_7) AppleWebKit/605.1.15 (KHTML, like Gecko) Version/26.2 Safari/605.1.15"
174.204.128.21 - - [15/Jul/2026:20:48:52 -0600] "GET /wp-content/uploads/2023/05/MagicalMatty-icon-e1675984606439.jpg HTTP/2" 200 26379 "https://magicalmatty.fun/" "Mozilla/5.0 (Macintosh; Intel Mac OS X 10_15_7) AppleWebKit/605.1.15 (KHTML, like Gecko) Version/26.2 Safari/605.1.15"
174.204.128.21 - - [15/Jul/2026:20:48:52 -0600] "GET /wp-content/plugins/elementor/assets/lib/eicons/fonts/eicons.woff2?5.49.0 HTTP/2" 200 106044 "https://magicalmatty.fun/" "Mozilla/5.0 (Macintosh; Intel Mac OS X 10_15_7) AppleWebKit/605.1.15 (KHTML, like Gecko) Version/26.2 Safari/605.1.15"
174.204.128.21 - - [15/Jul/2026:20:48:52 -0600] "GET /wp-content/uploads/2023/05/cropped-72dpi-Magical-Matty-Fun-Logo-Retro-Horizontal.jpg HTTP/2" 200 40447 "https://magicalmatty.fun/" "Mozilla/5.0 (Macintosh; Intel Mac OS X 10_15_7) AppleWebKit/605.1.15 (KHTML, like Gecko) Version/26.2 Safari/605.1.15"
174.204.128.21 - - [15/Jul/2026:20:48:52 -0600] "GET /wp-content/plugins/elementor/assets/js/397f2d183c19202777d6.bundle.min.js HTTP/2" 200 8468 "https://magicalmatty.fun/" "Mozilla/5.0 (Macintosh; Intel Mac OS X 10_15_7) AppleWebKit/605.1.15 (KHTML, like Gecko) Version/26.2 Safari/605.1.15"
174.204.128.21 - - [15/Jul/2026:20:48:52 -0600] "GET /wp-content/plugins/elementor/assets/js/lightbox.570c05c5a283cfb6b223.bundle.min.js HTTP/2" 200 9096 "https://magicalmatty.fun/" "Mozilla/5.0 (Macintosh; Intel Mac OS X 10_15_7) AppleWebKit/605.1.15 (KHTML, like Gecko) Version/26.2 Safari/605.1.15"
174.204.128.21 - - [15/Jul/2026:20:48:52 -0600] "GET /wp-content/plugins/elementor/assets/lib/dialog/dialog.min.js?ver=4.9.3 HTTP/2" 200 3593 "https://magicalmatty.fun/" "Mozilla/5.0 (Macintosh; Intel Mac OS X 10_15_7) AppleWebKit/605.1.15 (KHTML, like Gecko) Version/26.2 Safari/605.1.15"
174.204.128.21 - - [15/Jul/2026:20:48:52 -0600] "GET /wp-content/plugins/elementor/assets/css/conditionals/dialog.min.css?ver=4.1.1 HTTP/2" 200 1428 "https://magicalmatty.fun/" "Mozilla/5.0 (Macintosh; Intel Mac OS X 10_15_7) AppleWebKit/605.1.15 (KHTML, like Gecko) Version/26.2 Safari/605.1.15"
174.204.128.21 - - [15/Jul/2026:20:48:52 -0600] "GET /wp-content/plugins/elementor/assets/lib/share-link/share-link.min.js?ver=4.1.1 HTTP/2" 200 1072 "https://magicalmatty.fun/" "Mozilla/5.0 (Macintosh; Intel Mac OS X 10_15_7) AppleWebKit/605.1.15 (KHTML, like Gecko) Version/26.2 Safari/605.1.15"
174.204.128.21 - - [15/Jul/2026:20:48:52 -0600] "GET /wp-content/plugins/elementor/assets/css/conditionals/lightbox.min.css?ver=4.1.1 HTTP/2" 200 1758 "https://magicalmatty.fun/" "Mozilla/5.0 (Macintosh; Intel Mac OS X 10_15_7) AppleWebKit/605.1.15 (KHTML, like Gecko) Version/26.2 Safari/605.1.15"
174.204.128.21 - - [15/Jul/2026:20:48:52 -0600] "GET /wp-content/plugins/elementor/assets/js/section-frontend-handlers.d85ab872da118940910d.bundle.min.js HTTP/2" 200 229 "https://magicalmatty.fun/" "Mozilla/5.0 (Macintosh; Intel Mac OS X 10_15_7) AppleWebKit/605.1.15 (KHTML, like Gecko) Version/26.2 Safari/605.1.15"
174.204.128.21 - - [15/Jul/2026:20:48:52 -0600] "GET /wp-content/plugins/elementor/assets/js/shared-frontend-handlers.03caa53373b56d3bab67.bundle.min.js HTTP/2" 200 2511 "https://magicalmatty.fun/" "Mozilla/5.0 (Macintosh; Intel Mac OS X 10_15_7) AppleWebKit/605.1.15 (KHTML, like Gecko) Version/26.2 Safari/605.1.15"
174.204.128.21 - - [15/Jul/2026:20:48:52 -0600] "GET /wp-content/plugins/elementor-pro/assets/js/animated-headline.bc08854fb1e1a80434b2.bundle.min.js HTTP/2" 200 2569 "https://magicalmatty.fun/" "Mozilla/5.0 (Macintosh; Intel Mac OS X 10_15_7) AppleWebKit/605.1.15 (KHTML, like Gecko) Version/26.2 Safari/605.1.15"
174.204.128.21 - - [15/Jul/2026:20:48:52 -0600] "GET /wp-content/plugins/elementor/assets/js/video.86d44e46e43d0807e708.bundle.min.js HTTP/2" 200 1186 "https://magicalmatty.fun/" "Mozilla/5.0 (Macintosh; Intel Mac OS X 10_15_7) AppleWebKit/605.1.15 (KHTML, like Gecko) Version/26.2 Safari/605.1.15"
174.204.128.21 - - [15/Jul/2026:20:48:52 -0600] "GET /wp-content/plugins/elementor-pro/assets/js/carousel.e2af910b095554625156.bundle.min.js HTTP/2" 200 1586 "https://magicalmatty.fun/" "Mozilla/5.0 (Macintosh; Intel Mac OS X 10_15_7) AppleWebKit/605.1.15 (KHTML, like Gecko) Version/26.2 Safari/605.1.15"
174.204.128.21 - - [15/Jul/2026:20:48:52 -0600] "GET /wp-content/plugins/elementor/assets/js/text-editor.45609661e409413f1cef.bundle.min.js HTTP/2" 200 592 "https://magicalmatty.fun/" "Mozilla/5.0 (Macintosh; Intel Mac OS X 10_15_7) AppleWebKit/605.1.15 (KHTML, like Gecko) Version/26.2 Safari/605.1.15"
174.204.128.21 - - [15/Jul/2026:20:48:52 -0600] "GET /wp-includes/js/wp-emoji-release.min.js?ver=7.0.1 HTTP/2" 200 4974 "https://magicalmatty.fun/" "Mozilla/5.0 (Macintosh; Intel Mac OS X 10_15_7) AppleWebKit/605.1.15 (KHTML, like Gecko) Version/26.2 Safari/605.1.15"
174.204.128.21 - - [15/Jul/2026:20:48:52 -0600] "GET /wp-content/uploads/2023/05/Clown-Magic-Wand-in-Ear-e1675984872657-150x150.jpg HTTP/2" 200 6801 "https://magicalmatty.fun/" "Mozilla/5.0 (Macintosh; Intel Mac OS X 10_15_7) AppleWebKit/605.1.15 (KHTML, like Gecko) Version/26.2 Safari/605.1.15"
174.204.128.21 - - [15/Jul/2026:20:48:53 -0600] "GET /favicon.ico HTTP/2" 404 4984 "https://magicalmatty.fun/" "Mozilla/5.0 (Macintosh; Intel Mac OS X 10_15_7) AppleWebKit/605.1.15 (KHTML, like Gecko) Version/26.2 Safari/605.1.15"
174.204.128.21 - - [15/Jul/2026:20:49:10 -0600] "GET /wp-content/uploads/2023/05/PirateParrot1-e1675984981969.jpg HTTP/2" 200 32707 "https://magicalmatty.fun/" "Mozilla/5.0 (Macintosh; Intel Mac OS X 10_15_7) AppleWebKit/605.1.15 (KHTML, like Gecko) Version/26.2 Safari/605.1.15"
174.204.128.21 - - [15/Jul/2026:20:49:10 -0600] "GET /wp-content/uploads/2023/05/5-The-Doorbell-Ditch-e1675985065569-150x150.png HTTP/2" 200 50638 "https://magicalmatty.fun/" "Mozilla/5.0 (Macintosh; Intel Mac OS X 10_15_7) AppleWebKit/605.1.15 (KHTML, like Gecko) Version/26.2 Safari/605.1.15"
198.175.150.9 - - [15/Jul/2026:20:48:51 -0600] "POST /wp-cron.php?doing_wp_cron=1784170131.8791658878326416015625 HTTP/1.1" 200 0 "-" "WordPress/7.0.1; https://magicalmatty.fun"
17.241.227.52 - - [15/Jul/2026:20:37:00 -0600] "GET /wp-content/plugins/elementor/assets/js/shared-frontend-handlers.03caa53373b56d3bab67.bundle.min.js HTTP/2" 200 2511 "https://magicalmatty.fun/magical-matty-in-frisco-kids-magic-that-wows/" "Mozilla/5.0 (Macintosh; Intel Mac OS X 10_15_7) AppleWebKit/605.1.15 (KHTML, like Gecko) Version/17.4 Safari/605.1.15 (Applebot/0.1; +http://www.apple.com/go/applebot)"
17.241.227.52 - - [15/Jul/2026:20:37:00 -0600] "GET /wp-includes/js/wp-emoji-release.min.js?ver=7.0.1 HTTP/2" 200 4974 "https://magicalmatty.fun/magical-matty-in-frisco-kids-magic-that-wows/" "Mozilla/5.0 (Macintosh; Intel Mac OS X 10_15_7) AppleWebKit/605.1.15 (KHTML, like Gecko) Version/17.4 Safari/605.1.15 (Applebot/0.1; +http://www.apple.com/go/applebot)"
198.175.150.9 - - [15/Jul/2026:20:48:51 -0600] "POST /wp-cron.php?doing_wp_cron=1784170131.9036870002746582031250 HTTP/1.1" 200 0 "-" "WordPress/7.0.1; https://magicalmatty.fun"
174.204.128.21 - - [15/Jul/2026:20:49:10 -0600] "GET /wp-content/uploads/2023/05/PeppermintMatty2-e1675985033620.jpg HTTP/2" 200 29867 "https://magicalmatty.fun/" "Mozilla/5.0 (Macintosh; Intel Mac OS X 10_15_7) AppleWebKit/605.1.15 (KHTML, like Gecko) Version/26.2 Safari/605.1.15"
216.73.217.83 - - [15/Jul/2026:20:52:58 -0600] "GET /robots.txt HTTP/2" 200 95 "-" "Mozilla/5.0 AppleWebKit/537.36 (KHTML, like Gecko; compatible; ClaudeBot/1.0; +claudebot@anthropic.com)"
