File: /home/dfwparty/access-logs/santabootshop.com.dfw.party
2a06:98c0:3600::103 - - [15/Jul/2026:06:22:47 -0600] "GET /wp-admin/install.php?step=1 HTTP/1.1" 200 552 "-" "http://santabootshop.com/wp-admin/install.php?step=1"
198.175.150.9 - - [15/Jul/2026:07:13:24 -0600] "POST /wp-cron.php?doing_wp_cron=1784121204.3544158935546875000000 HTTP/1.1" 200 0 "-" "WordPress/7.0.1; https://santabootshop.com"
198.175.150.9 - - [15/Jul/2026:07:13:24 -0600] "POST /wp-cron.php?doing_wp_cron=1784121204.3915729522705078125000 HTTP/1.1" 200 0 "-" "WordPress/7.0.1; https://santabootshop.com"
198.175.150.9 - - [15/Jul/2026:07:25:25 -0600] "POST /wp-cron.php?doing_wp_cron=1784121925.5276889801025390625000 HTTP/1.1" 200 0 "-" "WordPress/7.0.1; https://santabootshop.com"
198.175.150.9 - - [15/Jul/2026:06:25:15 -0600] "POST /wp-cron.php?doing_wp_cron=1784118315.3170979022979736328125 HTTP/1.1" 200 0 "-" "WordPress/7.0.1; https://santabootshop.com"
147.185.132.168 - - [15/Jul/2026:06:25:14 -0600] "GET / HTTP/1.1" 301 0 "-" "Hello from Palo Alto Networks, find out more about our scans in https://docs-cortex.paloaltonetworks.com/r/1/Cortex-Xpanse/Scanning-activity"
66.249.70.36 - - [15/Jul/2026:06:44:40 -0600] "GET /robots.txt HTTP/1.1" 200 100 "-" "Mozilla/5.0 (compatible; Googlebot/2.1; +http://www.google.com/bot.html)"
66.249.70.36 - - [15/Jul/2026:06:44:40 -0600] "GET / HTTP/1.1" 301 0 "-" "Mozilla/5.0 (Linux; Android 6.0.1; Nexus 5X Build/MMB29P) AppleWebKit/537.36 (KHTML, like Gecko) Chrome/150.0.7871.46 Mobile Safari/537.36 (compatible; Googlebot/2.1; +http://www.google.com/bot.html)"
198.175.150.9 - - [15/Jul/2026:06:42:11 -0600] "POST /wp-cron.php?doing_wp_cron=1784119331.9189159870147705078125 HTTP/1.1" 200 0 "-" "WordPress/7.0.1; https://santabootshop.com"
198.175.150.9 - - [15/Jul/2026:07:13:24 -0600] "POST /wp-cron.php?doing_wp_cron=1784121204.3727629184722900390625 HTTP/1.1" 200 0 "-" "WordPress/7.0.1; https://santabootshop.com"
198.235.24.100 - - [15/Jul/2026:07:13:23 -0600] "GET / HTTP/1.1" 301 0 "-" "Hello from Palo Alto Networks, find out more about our scans in https://docs-cortex.paloaltonetworks.com/r/1/Cortex-Xpanse/Scanning-activity"
2a06:98c0:3600::103 - - [15/Jul/2026:07:25:25 -0600] "GET /wp-admin/install.php?step=1 HTTP/1.1" 200 552 "-" "http://santabootshop.com/wp-admin/install.php?step=1"
198.175.150.9 - - [15/Jul/2026:06:22:48 -0600] "POST /wp-cron.php?doing_wp_cron=1784118168.2270429134368896484375 HTTP/1.1" 200 0 "-" "WordPress/7.0.1; https://santabootshop.com"
2a06:98c0:3600::103 - - [15/Jul/2026:06:42:11 -0600] "GET /wp-admin/install.php?step=1 HTTP/1.1" 200 552 "-" "http://santabootshop.com/wp-admin/install.php?step=1"
198.175.150.9 - - [15/Jul/2026:06:44:40 -0600] "POST /wp-cron.php?doing_wp_cron=1784119480.7129580974578857421875 HTTP/1.1" 200 0 "-" "WordPress/7.0.1; https://santabootshop.com"
198.175.150.9 - - [15/Jul/2026:07:11:51 -0600] "POST /wp-cron.php?doing_wp_cron=1784121111.6141200065612792968750 HTTP/1.1" 200 0 "-" "WordPress/7.0.1; https://santabootshop.com"
2a06:98c0:3600::103 - - [15/Jul/2026:07:11:50 -0600] "GET /wp-admin/install.php?step=1 HTTP/1.1" 200 552 "-" "http://santabootshop.com/wp-admin/install.php?step=1"
198.175.150.9 - - [15/Jul/2026:08:42:48 -0600] "POST /wp-cron.php?doing_wp_cron=1784126568.2879390716552734375000 HTTP/1.1" 200 0 "-" "WordPress/7.0.1; https://santabootshop.com"
2a06:98c0:3600::103 - - [15/Jul/2026:08:11:47 -0600] "GET /wp-admin/install.php?step=1 HTTP/1.1" 200 552 "-" "http://santabootshop.com/wp-admin/install.php?step=1"
198.175.150.9 - - [15/Jul/2026:08:42:48 -0600] "POST /wp-cron.php?doing_wp_cron=1784126568.3391380310058593750000 HTTP/1.1" 200 0 "-" "WordPress/7.0.1; https://santabootshop.com"
2a06:98c0:3600::103 - - [15/Jul/2026:08:46:26 -0600] "GET /wp-admin/install.php?step=1 HTTP/1.1" 200 552 "-" "http://santabootshop.com/wp-admin/install.php?step=1"
2a06:98c0:3600::103 - - [15/Jul/2026:07:43:55 -0600] "GET /wp-admin/install.php?step=1 HTTP/1.1" 200 552 "-" "http://santabootshop.com/wp-admin/install.php?step=1"
2a06:98c0:3600::103 - - [15/Jul/2026:08:19:43 -0600] "GET /wp-admin/install.php?step=1 HTTP/1.1" 200 552 "-" "http://santabootshop.com/wp-admin/install.php?step=1"
2a06:98c0:3600::103 - - [15/Jul/2026:07:50:03 -0600] "GET /wp-admin/install.php?step=1 HTTP/1.1" 200 552 "-" "http://santabootshop.com/wp-admin/install.php?step=1"
198.175.150.9 - - [15/Jul/2026:08:11:48 -0600] "POST /wp-cron.php?doing_wp_cron=1784124708.2373840808868408203125 HTTP/1.1" 200 0 "-" "WordPress/7.0.1; https://santabootshop.com"
198.175.150.9 - - [15/Jul/2026:08:19:43 -0600] "POST /wp-cron.php?doing_wp_cron=1784125183.7409720420837402343750 HTTP/1.1" 200 0 "-" "WordPress/7.0.1; https://santabootshop.com"
198.175.150.9 - - [15/Jul/2026:08:42:48 -0600] "POST /wp-cron.php?doing_wp_cron=1784126568.3182680606842041015625 HTTP/1.1" 200 0 "-" "WordPress/7.0.1; https://santabootshop.com"
49.51.183.15 - - [15/Jul/2026:08:42:47 -0600] "GET / HTTP/1.1" 301 0 "-" "Mozilla/5.0 (iPhone; CPU iPhone OS 13_2_3 like Mac OS X) AppleWebKit/605.1.15 (KHTML, like Gecko) Version/13.0.3 Mobile/15E148 Safari/604.1"
2a06:98c0:3600::103 - - [15/Jul/2026:09:19:49 -0600] "GET /wp-admin/install.php?step=1 HTTP/1.1" 200 552 "-" "http://santabootshop.com/wp-admin/install.php?step=1"
198.175.150.9 - - [15/Jul/2026:09:45:10 -0600] "POST /wp-cron.php?doing_wp_cron=1784130310.7050480842590332031250 HTTP/1.1" 200 0 "-" "WordPress/7.0.1; https://santabootshop.com"
198.175.150.9 - - [15/Jul/2026:11:30:46 -0600] "POST /wp-cron.php?doing_wp_cron=1784136646.2145519256591796875000 HTTP/1.1" 200 0 "-" "WordPress/7.0.1; https://santabootshop.com"
198.175.150.9 - - [15/Jul/2026:11:46:34 -0600] "POST /wp-cron.php?doing_wp_cron=1784137594.0778160095214843750000 HTTP/1.1" 200 0 "-" "WordPress/7.0.1; https://santabootshop.com"
2a06:98c0:3600::103 - - [15/Jul/2026:11:51:38 -0600] "GET /wp-admin/install.php?step=1 HTTP/1.1" 200 552 "-" "http://santabootshop.com/wp-admin/install.php?step=1"
43.130.67.33 - - [15/Jul/2026:09:05:08 -0600] "GET / HTTP/1.1" 301 0 "-" "Mozilla/5.0 (iPhone; CPU iPhone OS 13_2_3 like Mac OS X) AppleWebKit/605.1.15 (KHTML, like Gecko) Version/13.0.3 Mobile/15E148 Safari/604.1"
2a06:98c0:3600::103 - - [15/Jul/2026:09:45:10 -0600] "GET /wp-admin/install.php?step=1 HTTP/1.1" 200 552 "-" "http://santabootshop.com/wp-admin/install.php?step=1"
2a06:98c0:3600::103 - - [15/Jul/2026:10:52:08 -0600] "GET /wp-admin/install.php?step=1 HTTP/1.1" 200 552 "-" "http://santabootshop.com/wp-admin/install.php?step=1"
2a06:98c0:3600::103 - - [15/Jul/2026:11:46:33 -0600] "GET /wp-admin/install.php?step=1 HTTP/1.1" 200 552 "-" "http://santabootshop.com/wp-admin/install.php?step=1"
198.175.150.9 - - [15/Jul/2026:11:51:38 -0600] "POST /wp-cron.php?doing_wp_cron=1784137898.5136671066284179687500 HTTP/1.1" 200 0 "-" "WordPress/7.0.1; https://santabootshop.com"
2a06:98c0:3600::103 - - [15/Jul/2026:09:06:55 -0600] "GET /wp-admin/install.php?step=1 HTTP/1.1" 200 552 "-" "http://santabootshop.com/wp-admin/install.php?step=1"
198.175.150.9 - - [15/Jul/2026:09:19:49 -0600] "POST /wp-cron.php?doing_wp_cron=1784128789.7600140571594238281250 HTTP/1.1" 200 0 "-" "WordPress/7.0.1; https://santabootshop.com"
198.175.150.9 - - [15/Jul/2026:09:27:40 -0600] "POST /wp-cron.php?doing_wp_cron=1784129260.2005789279937744140625 HTTP/1.1" 200 0 "-" "WordPress/7.0.1; https://santabootshop.com"
49.51.243.156 - - [15/Jul/2026:09:27:39 -0600] "GET / HTTP/1.1" 301 0 "-" "Mozilla/5.0 (iPhone; CPU iPhone OS 13_2_3 like Mac OS X) AppleWebKit/605.1.15 (KHTML, like Gecko) Version/13.0.3 Mobile/15E148 Safari/604.1"
198.175.150.9 - - [15/Jul/2026:09:36:35 -0600] "POST /wp-cron.php?doing_wp_cron=1784129795.3889880180358886718750 HTTP/1.1" 200 0 "-" "WordPress/7.0.1; https://santabootshop.com"
198.175.150.9 - - [15/Jul/2026:10:28:43 -0600] "POST /wp-cron.php?doing_wp_cron=1784132923.5558519363403320312500 HTTP/1.1" 200 0 "-" "WordPress/7.0.1; https://santabootshop.com"
2a06:98c0:3600::103 - - [15/Jul/2026:10:28:43 -0600] "GET /wp-admin/install.php?step=1 HTTP/1.1" 200 552 "-" "http://santabootshop.com/wp-admin/install.php?step=1"
2a06:98c0:3600::103 - - [15/Jul/2026:11:23:54 -0600] "GET /wp-admin/install.php?step=1 HTTP/1.1" 200 552 "-" "http://santabootshop.com/wp-admin/install.php?step=1"
2a06:98c0:3600::103 - - [15/Jul/2026:11:30:45 -0600] "GET /wp-admin/install.php?step=1 HTTP/1.1" 200 552 "-" "http://santabootshop.com/wp-admin/install.php?step=1"
2a06:98c0:3600::103 - - [15/Jul/2026:09:36:35 -0600] "GET /wp-admin/install.php?step=1 HTTP/1.1" 200 552 "-" "http://santabootshop.com/wp-admin/install.php?step=1"
198.175.150.9 - - [15/Jul/2026:10:09:54 -0600] "POST /wp-cron.php?doing_wp_cron=1784131794.7387518882751464843750 HTTP/1.1" 200 0 "-" "WordPress/7.0.1; https://santabootshop.com"
2a06:98c0:3600::103 - - [15/Jul/2026:10:09:54 -0600] "GET /wp-admin/install.php?step=1 HTTP/1.1" 200 552 "-" "http://santabootshop.com/wp-admin/install.php?step=1"
198.175.150.9 - - [15/Jul/2026:11:12:11 -0600] "POST /wp-cron.php?doing_wp_cron=1784135531.0271120071411132812500 HTTP/1.1" 200 0 "-" "WordPress/7.0.1; https://santabootshop.com"
2a06:98c0:3600::103 - - [15/Jul/2026:11:12:10 -0600] "GET /wp-admin/install.php?step=1 HTTP/1.1" 200 552 "-" "http://santabootshop.com/wp-admin/install.php?step=1"
198.175.150.9 - - [15/Jul/2026:11:23:54 -0600] "POST /wp-cron.php?doing_wp_cron=1784136234.7793669700622558593750 HTTP/1.1" 200 0 "-" "WordPress/7.0.1; https://santabootshop.com"
198.175.150.9 - - [15/Jul/2026:12:17:58 -0600] "POST /wp-cron.php?doing_wp_cron=1784139478.6206901073455810546875 HTTP/1.1" 200 0 "-" "WordPress/7.0.1; https://santabootshop.com"
2a06:98c0:3600::103 - - [15/Jul/2026:13:16:32 -0600] "GET /wp-admin/install.php?step=1 HTTP/1.1" 200 552 "-" "http://santabootshop.com/wp-admin/install.php?step=1"
113.31.186.195 - - [15/Jul/2026:13:29:33 -0600] "GET / HTTP/1.1" 403 1242 "-" "Dalvik/2.1.0 (Linux; U; Android 9.0; ZTE BA520 Build/MRA58K)"
2a06:98c0:3600::103 - - [15/Jul/2026:13:32:16 -0600] "GET /wp-admin/install.php?step=1 HTTP/1.1" 200 552 "-" "http://santabootshop.com/wp-admin/install.php?step=1"
2a06:98c0:3600::103 - - [15/Jul/2026:12:28:28 -0600] "GET /wp-admin/install.php?step=1 HTTP/1.1" 200 552 "-" "http://santabootshop.com/wp-admin/install.php?step=1"
43.135.134.127 - - [15/Jul/2026:13:03:02 -0600] "GET / HTTP/1.1" 301 0 "-" "Mozilla/5.0 (iPhone; CPU iPhone OS 13_2_3 like Mac OS X) AppleWebKit/605.1.15 (KHTML, like Gecko) Version/13.0.3 Mobile/15E148 Safari/604.1"
113.31.186.195 - - [15/Jul/2026:13:24:23 -0600] "GET /favicon.ico HTTP/1.1" 403 1242 "-" "Dalvik/2.1.0 (Linux; U; Android 9.0; ZTE BA520 Build/MRA58K)"
2a06:98c0:3600::103 - - [15/Jul/2026:13:37:15 -0600] "GET /wp-admin/install.php?step=1 HTTP/1.1" 200 552 "-" "http://santabootshop.com/wp-admin/install.php?step=1"
198.175.150.9 - - [15/Jul/2026:14:24:22 -0600] "POST /wp-cron.php?doing_wp_cron=1784147062.7960860729217529296875 HTTP/1.1" 200 0 "-" "WordPress/7.0.1; https://santabootshop.com"
198.175.150.9 - - [15/Jul/2026:14:24:22 -0600] "POST /wp-cron.php?doing_wp_cron=1784147062.8394269943237304687500 HTTP/1.1" 200 0 "-" "WordPress/7.0.1; https://santabootshop.com"
64.25.12.168 - - [15/Jul/2026:14:24:22 -0600] "GET / HTTP/1.1" 301 0 "-" "Mozilla/5.0 (Windows NT 10.0; Win64; x64) AppleWebKit/537.36 (KHTML, like Gecko) Chrome/150.0.0.0 Safari/537.36"
2a06:98c0:3600::103 - - [15/Jul/2026:14:36:12 -0600] "GET /wp-admin/install.php?step=1 HTTP/1.1" 200 552 "-" "http://santabootshop.com/wp-admin/install.php?step=1"
43.130.141.193 - - [15/Jul/2026:12:17:57 -0600] "GET / HTTP/1.1" 301 0 "-" "Mozilla/5.0 (iPhone; CPU iPhone OS 13_2_3 like Mac OS X) AppleWebKit/605.1.15 (KHTML, like Gecko) Version/13.0.3 Mobile/15E148 Safari/604.1"
113.31.186.195 - - [15/Jul/2026:13:23:24 -0600] "GET / HTTP/1.1" 403 1242 "-" "Mozilla/5.0 (Linux; U; Android 4.4.2; zh-CN; SM-N9008S Build/KOT49H) AppleWebKit/537.36 (KHTML, like Gecko) Version/4.0 Chrome/40.0.2214.89 UCBrowser/11.5.8.945 Mobile Safari/537.36"
198.175.150.9 - - [15/Jul/2026:13:32:16 -0600] "POST /wp-cron.php?doing_wp_cron=1784143936.6138870716094970703125 HTTP/1.1" 200 0 "-" "WordPress/7.0.1; https://santabootshop.com"
198.175.150.9 - - [15/Jul/2026:14:15:07 -0600] "POST /wp-cron.php?doing_wp_cron=1784146507.3249230384826660156250 HTTP/1.1" 200 0 "-" "WordPress/7.0.1; https://santabootshop.com"
2a06:98c0:3600::103 - - [15/Jul/2026:14:15:06 -0600] "GET /wp-admin/install.php?step=1 HTTP/1.1" 200 552 "-" "http://santabootshop.com/wp-admin/install.php?step=1"
122.51.236.174 - - [15/Jul/2026:14:40:13 -0600] "GET / HTTP/1.1" 403 1242 "-" "Mozilla/5.0 (iPhone; CPU iPhone OS 13_2_3 like Mac OS X) AppleWebKit/605.1.15 (KHTML, like Gecko) Version/13.0.3 Mobile/15E148 Safari/604.1"
198.175.150.9 - - [15/Jul/2026:12:36:47 -0600] "POST /wp-cron.php?doing_wp_cron=1784140607.2014479637145996093750 HTTP/1.1" 200 0 "-" "WordPress/7.0.1; https://santabootshop.com"
2a06:98c0:3600::103 - - [15/Jul/2026:12:36:46 -0600] "GET /wp-admin/install.php?step=1 HTTP/1.1" 200 552 "-" "http://santabootshop.com/wp-admin/install.php?step=1"
2a06:98c0:3600::103 - - [15/Jul/2026:13:09:00 -0600] "GET /wp-admin/install.php?step=1 HTTP/1.1" 200 552 "-" "http://santabootshop.com/wp-admin/install.php?step=1"
198.175.150.9 - - [15/Jul/2026:14:14:09 -0600] "POST /wp-cron.php?doing_wp_cron=1784146449.9298911094665527343750 HTTP/1.1" 200 0 "-" "WordPress/7.0.1; https://santabootshop.com"
2a06:98c0:3600::103 - - [15/Jul/2026:14:14:09 -0600] "GET /wp-admin/install.php?step=1 HTTP/1.1" 200 552 "-" "http://santabootshop.com/wp-admin/install.php?step=1"
198.175.150.9 - - [15/Jul/2026:14:24:22 -0600] "POST /wp-cron.php?doing_wp_cron=1784147062.8242330551147460937500 HTTP/1.1" 200 0 "-" "WordPress/7.0.1; https://santabootshop.com"
2a06:98c0:3600::103 - - [15/Jul/2026:14:57:05 -0600] "GET /wp-admin/install.php?step=1 HTTP/1.1" 200 552 "-" "http://santabootshop.com/wp-admin/install.php?step=1"
198.175.150.9 - - [15/Jul/2026:16:08:25 -0600] "POST /wp-cron.php?doing_wp_cron=1784153305.6227710247039794921875 HTTP/1.1" 200 0 "-" "WordPress/7.0.1; https://santabootshop.com"
198.175.150.9 - - [15/Jul/2026:16:20:28 -0600] "POST /wp-cron.php?doing_wp_cron=1784154028.2059938907623291015625 HTTP/1.1" 200 0 "-" "WordPress/7.0.1; https://santabootshop.com"
2a06:98c0:3600::103 - - [15/Jul/2026:16:20:27 -0600] "GET /wp-admin/install.php?step=1 HTTP/1.1" 200 552 "-" "http://santabootshop.com/wp-admin/install.php?step=1"
198.175.150.9 - - [15/Jul/2026:16:32:23 -0600] "POST /wp-cron.php?doing_wp_cron=1784154743.8258790969848632812500 HTTP/1.1" 200 0 "-" "WordPress/7.0.1; https://santabootshop.com"
43.157.98.187 - - [15/Jul/2026:16:51:45 -0600] "GET / HTTP/1.1" 301 0 "-" "Mozilla/5.0 (iPhone; CPU iPhone OS 13_2_3 like Mac OS X) AppleWebKit/605.1.15 (KHTML, like Gecko) Version/13.0.3 Mobile/15E148 Safari/604.1"
2a06:98c0:3600::103 - - [15/Jul/2026:16:59:05 -0600] "GET /wp-admin/install.php?step=1 HTTP/1.1" 200 552 "-" "http://santabootshop.com/wp-admin/install.php?step=1"
2a06:98c0:3600::103 - - [15/Jul/2026:15:07:01 -0600] "GET /wp-admin/install.php?step=1 HTTP/1.1" 200 552 "-" "http://santabootshop.com/wp-admin/install.php?step=1"
2a06:98c0:3600::103 - - [15/Jul/2026:15:44:01 -0600] "GET /wp-admin/install.php?step=1 HTTP/1.1" 200 552 "-" "http://santabootshop.com/wp-admin/install.php?step=1"
2a06:98c0:3600::103 - - [15/Jul/2026:16:08:25 -0600] "GET /wp-admin/install.php?step=1 HTTP/1.1" 200 552 "-" "http://santabootshop.com/wp-admin/install.php?step=1"
104.37.185.36 - - [15/Jul/2026:16:32:23 -0600] "GET /robots.txt HTTP/1.0" 200 118 "-" "Mozilla/5.0 (compatible; heritrix/3.14.2-SNAPSHOT-2026-04-13T06:21:22Z +https://www.image-meta.com)"
101.32.49.171 - - [15/Jul/2026:16:08:17 -0600] "GET / HTTP/1.1" 403 1242 "-" "Mozilla/5.0 (iPhone; CPU iPhone OS 13_2_3 like Mac OS X) AppleWebKit/605.1.15 (KHTML, like Gecko) Version/13.0.3 Mobile/15E148 Safari/604.1"
198.175.150.9 - - [15/Jul/2026:16:32:23 -0600] "POST /wp-cron.php?doing_wp_cron=1784154743.8616731166839599609375 HTTP/1.1" 200 0 "-" "WordPress/7.0.1; https://santabootshop.com"
198.175.150.9 - - [15/Jul/2026:16:32:23 -0600] "POST /wp-cron.php?doing_wp_cron=1784154743.8823740482330322265625 HTTP/1.1" 200 0 "-" "WordPress/7.0.1; https://santabootshop.com"
2a06:98c0:3600::103 - - [15/Jul/2026:16:51:33 -0600] "GET /wp-admin/install.php?step=1 HTTP/1.1" 200 552 "-" "http://santabootshop.com/wp-admin/install.php?step=1"
198.175.150.9 - - [15/Jul/2026:16:59:05 -0600] "POST /wp-cron.php?doing_wp_cron=1784156345.9827950000762939453125 HTTP/1.1" 200 0 "-" "WordPress/7.0.1; https://santabootshop.com"
2a06:98c0:3600::103 - - [15/Jul/2026:17:27:37 -0600] "GET /wp-admin/install.php?step=1 HTTP/1.1" 200 552 "-" "http://santabootshop.com/wp-admin/install.php?step=1"
2a06:98c0:3600::103 - - [15/Jul/2026:15:18:34 -0600] "GET /wp-admin/install.php?step=1 HTTP/1.1" 200 552 "-" "http://santabootshop.com/wp-admin/install.php?step=1"
104.37.185.36 - - [15/Jul/2026:16:32:23 -0600] "GET / HTTP/1.0" 301 0 "-" "Mozilla/5.0 (compatible; heritrix/3.14.2-SNAPSHOT-2026-04-13T06:21:22Z +https://www.image-meta.com)"
2a06:98c0:3600::103 - - [15/Jul/2026:16:34:52 -0600] "GET /wp-admin/install.php?step=1 HTTP/1.1" 200 552 "-" "http://santabootshop.com/wp-admin/install.php?step=1"
2a06:98c0:3600::103 - - [15/Jul/2026:17:34:26 -0600] "GET /wp-admin/install.php?step=1 HTTP/1.1" 200 552 "-" "http://santabootshop.com/wp-admin/install.php?step=1"
2a06:98c0:3600::103 - - [15/Jul/2026:18:31:19 -0600] "GET /wp-admin/install.php?step=1 HTTP/1.1" 200 552 "-" "http://santabootshop.com/wp-admin/install.php?step=1"
43.134.94.96 - - [15/Jul/2026:19:08:55 -0600] "GET / HTTP/1.1" 301 0 "-" "Mozilla/5.0 (iPhone; CPU iPhone OS 13_2_3 like Mac OS X) AppleWebKit/605.1.15 (KHTML, like Gecko) Version/13.0.3 Mobile/15E148 Safari/604.1"
2a06:98c0:3600::103 - - [15/Jul/2026:19:36:06 -0600] "GET /wp-admin/install.php?step=1 HTTP/1.1" 200 552 "-" "http://santabootshop.com/wp-admin/install.php?step=1"
2a06:98c0:3600::103 - - [15/Jul/2026:18:19:24 -0600] "GET /wp-admin/install.php?step=1 HTTP/1.1" 200 552 "-" "http://santabootshop.com/wp-admin/install.php?step=1"
198.175.150.9 - - [15/Jul/2026:19:35:41 -0600] "POST /wp-cron.php?doing_wp_cron=1784165741.6533889770507812500000 HTTP/1.1" 200 0 "-" "WordPress/7.0.1; https://santabootshop.com"
2a06:98c0:3600::103 - - [15/Jul/2026:19:35:41 -0600] "GET /wp-admin/install.php?step=1 HTTP/1.1" 200 552 "-" "http://santabootshop.com/wp-admin/install.php?step=1"
2a06:98c0:3600::103 - - [15/Jul/2026:18:01:33 -0600] "GET /wp-admin/install.php?step=1 HTTP/1.1" 200 552 "-" "http://santabootshop.com/wp-admin/install.php?step=1"
2a06:98c0:3600::103 - - [15/Jul/2026:18:32:37 -0600] "GET /wp-admin/install.php?step=1 HTTP/1.1" 200 552 "-" "http://santabootshop.com/wp-admin/install.php?step=1"
2a06:98c0:3600::103 - - [15/Jul/2026:18:48:42 -0600] "GET /wp-admin/install.php?step=1 HTTP/1.1" 200 552 "-" "http://santabootshop.com/wp-admin/install.php?step=1"
2a06:98c0:3600::103 - - [15/Jul/2026:19:06:14 -0600] "GET /wp-admin/install.php?step=1 HTTP/1.1" 200 552 "-" "http://santabootshop.com/wp-admin/install.php?step=1"
198.175.150.9 - - [15/Jul/2026:19:36:06 -0600] "POST /wp-cron.php?doing_wp_cron=1784165766.9912409782409667968750 HTTP/1.1" 200 0 "-" "WordPress/7.0.1; https://santabootshop.com"
198.175.150.9 - - [15/Jul/2026:20:15:10 -0600] "POST /wp-cron.php?doing_wp_cron=1784168110.4590098857879638671875 HTTP/1.1" 200 0 "-" "WordPress/7.0.1; https://santabootshop.com"
2a06:98c0:3600::103 - - [15/Jul/2026:20:15:10 -0600] "GET /wp-admin/install.php?step=1 HTTP/1.1" 200 552 "-" "http://santabootshop.com/wp-admin/install.php?step=1"
43.165.125.66 - - [15/Jul/2026:20:02:58 -0600] "GET / HTTP/1.1" 301 0 "-" "Mozilla/5.0 (iPhone; CPU iPhone OS 13_2_3 like Mac OS X) AppleWebKit/605.1.15 (KHTML, like Gecko) Version/13.0.3 Mobile/15E148 Safari/604.1"
198.175.150.9 - - [15/Jul/2026:20:02:59 -0600] "POST /wp-cron.php?doing_wp_cron=1784167379.4294159412384033203125 HTTP/1.1" 200 0 "-" "WordPress/7.0.1; https://santabootshop.com"
49.51.245.241 - - [15/Jul/2026:20:06:27 -0600] "GET / HTTP/1.1" 301 0 "-" "Mozilla/5.0 (iPhone; CPU iPhone OS 13_2_3 like Mac OS X) AppleWebKit/605.1.15 (KHTML, like Gecko) Version/13.0.3 Mobile/15E148 Safari/604.1"
2a06:98c0:3600::103 - - [15/Jul/2026:20:07:00 -0600] "GET /wp-admin/install.php?step=1 HTTP/1.1" 200 552 "-" "http://santabootshop.com/wp-admin/install.php?step=1"
2a06:98c0:3600::103 - - [15/Jul/2026:20:17:56 -0600] "GET /wp-admin/install.php?step=1 HTTP/1.1" 200 552 "-" "http://santabootshop.com/wp-admin/install.php?step=1"
2a06:98c0:3600::103 - - [15/Jul/2026:20:31:55 -0600] "GET /wp-admin/install.php?step=1 HTTP/1.1" 200 552 "-" "http://santabootshop.com/wp-admin/install.php?step=1"
198.175.150.9 - - [15/Jul/2026:20:17:56 -0600] "POST /wp-cron.php?doing_wp_cron=1784168276.6879580020904541015625 HTTP/1.1" 200 0 "-" "WordPress/7.0.1; https://santabootshop.com"
198.175.150.9 - - [15/Jul/2026:20:31:56 -0600] "POST /wp-cron.php?doing_wp_cron=1784169116.1474940776824951171875 HTTP/1.1" 200 0 "-" "WordPress/7.0.1; https://santabootshop.com"
47.254.92.190 - - [15/Jul/2026:20:46:15 -0600] "GET / HTTP/1.1" 301 0 "-" "Mozilla/5.0 (iPhone; CPU iPhone OS 13_2_3 like Mac OS X) AppleWebKit/605.1.15 (KHTML, like Gecko) Version/13.0.3 Mobile/15E148 Safari/604.1"
2a06:98c0:3600::103 - - [15/Jul/2026:20:54:55 -0600] "GET /wp-admin/install.php?step=1 HTTP/1.1" 200 552 "-" "http://santabootshop.com/wp-admin/install.php?step=1"
2a06:98c0:3600::103 - - [15/Jul/2026:21:13:11 -0600] "GET /wp-admin/install.php?step=1 HTTP/1.1" 200 552 "-" "http://santabootshop.com/wp-admin/install.php?step=1"
198.175.150.9 - - [15/Jul/2026:21:18:22 -0600] "POST /wp-cron.php?doing_wp_cron=1784171902.0173749923706054687500 HTTP/1.1" 200 0 "-" "WordPress/7.0.1; https://santabootshop.com"
49.233.45.47 - - [15/Jul/2026:21:18:21 -0600] "GET / HTTP/1.1" 301 0 "-" "Mozilla/5.0 (iPhone; CPU iPhone OS 13_2_3 like Mac OS X) AppleWebKit/605.1.15 (KHTML, like Gecko) Version/13.0.3 Mobile/15E148 Safari/604.1"
2a06:98c0:3600::103 - - [15/Jul/2026:21:32:43 -0600] "GET /wp-admin/install.php?step=1 HTTP/1.1" 200 552 "-" "http://santabootshop.com/wp-admin/install.php?step=1"
198.175.150.9 - - [15/Jul/2026:21:32:43 -0600] "POST /wp-cron.php?doing_wp_cron=1784172763.4855909347534179687500 HTTP/1.1" 200 0 "-" "WordPress/7.0.1; https://santabootshop.com"
198.175.150.9 - - [15/Jul/2026:22:01:18 -0600] "POST /wp-cron.php?doing_wp_cron=1784174478.3344271183013916015625 HTTP/1.1" 200 0 "-" "WordPress/7.0.1; https://santabootshop.com"
2a06:98c0:3600::103 - - [15/Jul/2026:21:58:38 -0600] "GET /wp-admin/install.php?step=1 HTTP/1.1" 200 552 "-" "http://santabootshop.com/wp-admin/install.php?step=1"
198.175.150.9 - - [15/Jul/2026:21:58:38 -0600] "POST /wp-cron.php?doing_wp_cron=1784174318.4615418910980224609375 HTTP/1.1" 200 0 "-" "WordPress/7.0.1; https://santabootshop.com"
2a06:98c0:3600::103 - - [15/Jul/2026:22:01:17 -0600] "GET /wp-admin/install.php?step=1 HTTP/1.1" 200 552 "-" "http://santabootshop.com/wp-admin/install.php?step=1"
2a06:98c0:3600::103 - - [15/Jul/2026:22:14:53 -0600] "GET /wp-admin/install.php?step=1 HTTP/1.1" 200 552 "-" "http://santabootshop.com/wp-admin/install.php?step=1"
198.175.150.9 - - [15/Jul/2026:22:14:53 -0600] "POST /wp-cron.php?doing_wp_cron=1784175293.6140038967132568359375 HTTP/1.1" 200 0 "-" "WordPress/7.0.1; https://santabootshop.com"
198.175.150.9 - - [15/Jul/2026:22:43:18 -0600] "POST /wp-cron.php?doing_wp_cron=1784176998.2416510581970214843750 HTTP/1.1" 200 0 "-" "WordPress/7.0.1; https://santabootshop.com"
2a06:98c0:3600::103 - - [15/Jul/2026:22:43:17 -0600] "GET /wp-admin/install.php?step=1 HTTP/1.1" 200 552 "-" "http://santabootshop.com/wp-admin/install.php?step=1"
198.175.150.9 - - [15/Jul/2026:22:31:03 -0600] "POST /wp-cron.php?doing_wp_cron=1784176263.3571400642395019531250 HTTP/1.1" 200 0 "-" "WordPress/7.0.1; https://santabootshop.com"
2a06:98c0:3600::103 - - [15/Jul/2026:22:31:03 -0600] "GET /wp-admin/install.php?step=1 HTTP/1.1" 200 552 "-" "http://santabootshop.com/wp-admin/install.php?step=1"
2a06:98c0:3600::103 - - [15/Jul/2026:22:53:05 -0600] "GET /wp-admin/install.php?step=1 HTTP/1.1" 200 552 "-" "http://santabootshop.com/wp-admin/install.php?step=1"
2a06:98c0:3600::103 - - [16/Jul/2026:00:02:30 -0600] "GET /wp-admin/install.php?step=1 HTTP/1.1" 200 552 "-" "http://santabootshop.com/wp-admin/install.php?step=1"
198.175.150.9 - - [16/Jul/2026:00:02:32 -0600] "POST /wp-cron.php?doing_wp_cron=1784181752.9068889617919921875000 HTTP/1.1" 200 0 "-" "WordPress/7.0.1; https://santabootshop.com"
2a06:98c0:3600::103 - - [16/Jul/2026:00:16:20 -0600] "GET /wp-admin/install.php?step=1 HTTP/1.1" 200 552 "-" "http://santabootshop.com/wp-admin/install.php?step=1"
198.175.150.9 - - [16/Jul/2026:00:16:21 -0600] "POST /wp-cron.php?doing_wp_cron=1784182581.2798099517822265625000 HTTP/1.1" 200 0 "-" "WordPress/7.0.1; https://santabootshop.com"
2a06:98c0:3600::103 - - [16/Jul/2026:00:36:14 -0600] "GET /wp-admin/install.php?step=1 HTTP/1.1" 200 552 "-" "http://santabootshop.com/wp-admin/install.php?step=1"
2a06:98c0:3600::103 - - [16/Jul/2026:00:39:54 -0600] "GET /wp-admin/install.php?step=1 HTTP/1.1" 200 552 "-" "http://santabootshop.com/wp-admin/install.php?step=1"
198.175.150.9 - - [16/Jul/2026:00:36:15 -0600] "POST /wp-cron.php?doing_wp_cron=1784183775.0158929824829101562500 HTTP/1.1" 200 0 "-" "WordPress/7.0.1; https://santabootshop.com"
198.175.150.9 - - [16/Jul/2026:00:39:54 -0600] "POST /wp-cron.php?doing_wp_cron=1784183994.8917620182037353515625 HTTP/1.1" 200 0 "-" "WordPress/7.0.1; https://santabootshop.com"
20.228.106.105 - - [16/Jul/2026:00:49:27 -0600] "GET / HTTP/1.1" 301 0 "-" "Mozilla/5.0 (Windows NT 10.0; Win64; x64) AppleWebKit/537.36 (KHTML, like Gecko; compatible; BuiltWith/1.4; rb.gy/xprgqj) Chrome/124.0.0.0 Safari/537.36"
2a06:98c0:3600::103 - - [16/Jul/2026:01:01:37 -0600] "GET /wp-admin/install.php?step=1 HTTP/1.1" 200 552 "-" "http://santabootshop.com/wp-admin/install.php?step=1"
198.175.150.9 - - [16/Jul/2026:01:01:37 -0600] "POST /wp-cron.php?doing_wp_cron=1784185297.5806570053100585937500 HTTP/1.1" 200 0 "-" "WordPress/7.0.1; https://santabootshop.com"
2a06:98c0:3600::103 - - [16/Jul/2026:01:19:47 -0600] "GET /wp-admin/install.php?step=1 HTTP/1.1" 200 552 "-" "http://santabootshop.com/wp-admin/install.php?step=1"
2a06:98c0:3600::103 - - [16/Jul/2026:01:47:09 -0600] "GET /wp-admin/install.php?step=1 HTTP/1.1" 200 552 "-" "http://santabootshop.com/wp-admin/install.php?step=1"
2a06:98c0:3600::103 - - [16/Jul/2026:02:23:59 -0600] "GET /wp-admin/install.php?step=1 HTTP/1.1" 200 552 "-" "http://santabootshop.com/wp-admin/install.php?step=1"
198.175.150.9 - - [16/Jul/2026:02:15:12 -0600] "POST /wp-cron.php?doing_wp_cron=1784189712.5483260154724121093750 HTTP/1.1" 200 0 "-" "WordPress/7.0.1; https://santabootshop.com"
2a06:98c0:3600::103 - - [16/Jul/2026:02:15:12 -0600] "GET /wp-admin/install.php?step=1 HTTP/1.1" 200 552 "-" "http://santabootshop.com/wp-admin/install.php?step=1"
198.175.150.9 - - [16/Jul/2026:02:23:59 -0600] "POST /wp-cron.php?doing_wp_cron=1784190239.5640330314636230468750 HTTP/1.1" 200 0 "-" "WordPress/7.0.1; https://santabootshop.com"
2a06:98c0:3600::103 - - [16/Jul/2026:02:10:11 -0600] "GET /wp-admin/install.php?step=1 HTTP/1.1" 200 552 "-" "http://santabootshop.com/wp-admin/install.php?step=1"
198.175.150.9 - - [16/Jul/2026:02:10:12 -0600] "POST /wp-cron.php?doing_wp_cron=1784189412.1315460205078125000000 HTTP/1.1" 200 0 "-" "WordPress/7.0.1; https://santabootshop.com"
198.175.150.9 - - [16/Jul/2026:02:31:57 -0600] "POST /wp-cron.php?doing_wp_cron=1784190717.3739409446716308593750 HTTP/1.1" 200 0 "-" "WordPress/7.0.1; https://santabootshop.com"
2a06:98c0:3600::103 - - [16/Jul/2026:02:31:57 -0600] "GET /wp-admin/install.php?step=1 HTTP/1.1" 200 552 "-" "http://santabootshop.com/wp-admin/install.php?step=1"
2a06:98c0:3600::103 - - [16/Jul/2026:02:56:43 -0600] "GET /wp-admin/install.php?step=1 HTTP/1.1" 200 552 "-" "http://santabootshop.com/wp-admin/install.php?step=1"
198.175.150.9 - - [16/Jul/2026:02:56:43 -0600] "POST /wp-cron.php?doing_wp_cron=1784192203.7086379528045654296875 HTTP/1.1" 200 0 "-" "WordPress/7.0.1; https://santabootshop.com"
198.175.150.9 - - [16/Jul/2026:03:20:48 -0600] "POST /wp-cron.php?doing_wp_cron=1784193648.7772839069366455078125 HTTP/1.1" 200 0 "-" "WordPress/7.0.1; https://santabootshop.com"
43.157.20.63 - - [16/Jul/2026:03:20:48 -0600] "GET / HTTP/1.1" 301 0 "-" "Mozilla/5.0 (iPhone; CPU iPhone OS 13_2_3 like Mac OS X) AppleWebKit/605.1.15 (KHTML, like Gecko) Version/13.0.3 Mobile/15E148 Safari/604.1"
2a06:98c0:3600::103 - - [16/Jul/2026:03:25:58 -0600] "GET /wp-admin/install.php?step=1 HTTP/1.1" 200 552 "-" "http://santabootshop.com/wp-admin/install.php?step=1"
198.175.150.9 - - [16/Jul/2026:03:40:13 -0600] "POST /wp-cron.php?doing_wp_cron=1784194813.7376360893249511718750 HTTP/1.1" 200 0 "-" "WordPress/7.0.1; https://santabootshop.com"
2a06:98c0:3600::103 - - [16/Jul/2026:03:40:13 -0600] "GET /wp-admin/install.php?step=1 HTTP/1.1" 200 552 "-" "http://santabootshop.com/wp-admin/install.php?step=1"
198.175.150.9 - - [16/Jul/2026:04:03:05 -0600] "POST /wp-cron.php?doing_wp_cron=1784196185.0058040618896484375000 HTTP/1.1" 200 0 "-" "WordPress/7.0.1; https://santabootshop.com"
198.175.150.9 - - [16/Jul/2026:04:05:14 -0600] "POST /wp-cron.php?doing_wp_cron=1784196314.2028689384460449218750 HTTP/1.1" 200 0 "-" "WordPress/7.0.1; https://santabootshop.com"
2a06:98c0:3600::103 - - [16/Jul/2026:04:03:04 -0600] "GET /wp-admin/install.php?step=1 HTTP/1.1" 200 552 "-" "http://santabootshop.com/wp-admin/install.php?step=1"
2a06:98c0:3600::103 - - [16/Jul/2026:04:05:13 -0600] "GET /wp-admin/install.php?step=1 HTTP/1.1" 200 552 "-" "http://santabootshop.com/wp-admin/install.php?step=1"
198.175.150.9 - - [16/Jul/2026:04:07:56 -0600] "POST /wp-cron.php?doing_wp_cron=1784196476.3319509029388427734375 HTTP/1.1" 200 0 "-" "WordPress/7.0.1; https://santabootshop.com"
2a06:98c0:3600::103 - - [16/Jul/2026:04:07:56 -0600] "GET /wp-admin/install.php?step=1 HTTP/1.1" 200 552 "-" "http://santabootshop.com/wp-admin/install.php?step=1"
198.175.150.9 - - [16/Jul/2026:04:29:05 -0600] "POST /wp-cron.php?doing_wp_cron=1784197745.8550500869750976562500 HTTP/1.1" 200 0 "-" "WordPress/7.0.1; https://santabootshop.com"
198.175.150.9 - - [16/Jul/2026:04:30:26 -0600] "POST /wp-cron.php?doing_wp_cron=1784197826.8425159454345703125000 HTTP/1.1" 200 0 "-" "WordPress/7.0.1; https://santabootshop.com"
198.175.150.9 - - [16/Jul/2026:04:29:05 -0600] "POST /wp-cron.php?doing_wp_cron=1784197745.8875958919525146484375 HTTP/1.1" 200 0 "-" "WordPress/7.0.1; https://santabootshop.com"
43.157.147.3 - - [16/Jul/2026:04:29:05 -0600] "GET / HTTP/1.1" 301 0 "-" "Mozilla/5.0 (iPhone; CPU iPhone OS 13_2_3 like Mac OS X) AppleWebKit/605.1.15 (KHTML, like Gecko) Version/13.0.3 Mobile/15E148 Safari/604.1"
198.175.150.9 - - [16/Jul/2026:04:29:05 -0600] "POST /wp-cron.php?doing_wp_cron=1784197745.9121689796447753906250 HTTP/1.1" 200 0 "-" "WordPress/7.0.1; https://santabootshop.com"
2a06:98c0:3600::103 - - [16/Jul/2026:04:30:26 -0600] "GET /wp-admin/install.php?step=1 HTTP/1.1" 200 552 "-" "http://santabootshop.com/wp-admin/install.php?step=1"
198.175.150.9 - - [16/Jul/2026:04:32:21 -0600] "POST /wp-cron.php?doing_wp_cron=1784197941.2520298957824707031250 HTTP/1.1" 200 0 "-" "WordPress/7.0.1; https://santabootshop.com"
2a06:98c0:3600::103 - - [16/Jul/2026:04:32:20 -0600] "GET /wp-admin/install.php?step=1 HTTP/1.1" 200 552 "-" "http://santabootshop.com/wp-admin/install.php?step=1"
2a06:98c0:3600::103 - - [16/Jul/2026:05:05:07 -0600] "GET /wp-admin/install.php?step=1 HTTP/1.1" 200 552 "-" "http://santabootshop.com/wp-admin/install.php?step=1"
198.175.150.9 - - [16/Jul/2026:05:05:07 -0600] "POST /wp-cron.php?doing_wp_cron=1784199907.4598810672760009765625 HTTP/1.1" 200 0 "-" "WordPress/7.0.1; https://santabootshop.com"
198.175.150.9 - - [16/Jul/2026:05:24:28 -0600] "POST /wp-cron.php?doing_wp_cron=1784201068.7395200729370117187500 HTTP/1.1" 200 0 "-" "WordPress/7.0.1; https://santabootshop.com"
2a06:98c0:3600::103 - - [16/Jul/2026:05:24:28 -0600] "GET /wp-admin/install.php?step=1 HTTP/1.1" 200 552 "-" "http://santabootshop.com/wp-admin/install.php?step=1"
198.175.150.9 - - [16/Jul/2026:05:38:20 -0600] "POST /wp-cron.php?doing_wp_cron=1784201900.4557158946990966796875 HTTP/1.1" 200 0 "-" "WordPress/7.0.1; https://santabootshop.com"
2a06:98c0:3600::103 - - [16/Jul/2026:05:38:20 -0600] "GET /wp-admin/install.php?step=1 HTTP/1.1" 200 552 "-" "http://santabootshop.com/wp-admin/install.php?step=1"
2a06:98c0:3600::103 - - [16/Jul/2026:05:50:53 -0600] "GET /wp-admin/install.php?step=1 HTTP/1.1" 200 552 "-" "http://santabootshop.com/wp-admin/install.php?step=1"
2a06:98c0:3600::103 - - [16/Jul/2026:06:02:09 -0600] "GET /wp-admin/install.php?step=1 HTTP/1.1" 200 552 "-" "http://santabootshop.com/wp-admin/install.php?step=1"
198.175.150.9 - - [16/Jul/2026:05:50:53 -0600] "POST /wp-cron.php?doing_wp_cron=1784202653.9502019882202148437500 HTTP/1.1" 200 0 "-" "WordPress/7.0.1; https://santabootshop.com"
198.175.150.9 - - [16/Jul/2026:06:02:10 -0600] "POST /wp-cron.php?doing_wp_cron=1784203330.0940730571746826171875 HTTP/1.1" 200 0 "-" "WordPress/7.0.1; https://santabootshop.com"
198.175.150.9 - - [16/Jul/2026:06:19:36 -0600] "POST /wp-cron.php?doing_wp_cron=1784204376.2167990207672119140625 HTTP/1.1" 200 0 "-" "WordPress/7.0.1; https://santabootshop.com"
2a06:98c0:3600::103 - - [16/Jul/2026:06:32:00 -0600] "GET /wp-admin/install.php?step=1 HTTP/1.1" 200 552 "-" "http://santabootshop.com/wp-admin/install.php?step=1"
2a06:98c0:3600::103 - - [16/Jul/2026:06:19:35 -0600] "GET /wp-admin/install.php?step=1 HTTP/1.1" 200 552 "-" "http://santabootshop.com/wp-admin/install.php?step=1"
198.175.150.9 - - [16/Jul/2026:06:32:01 -0600] "POST /wp-cron.php?doing_wp_cron=1784205121.8757979869842529296875 HTTP/1.1" 200 0 "-" "WordPress/7.0.1; https://santabootshop.com"
198.175.150.9 - - [16/Jul/2026:06:39:46 -0600] "POST /wp-cron.php?doing_wp_cron=1784205586.5968708992004394531250 HTTP/1.1" 200 0 "-" "WordPress/7.0.1; https://santabootshop.com"
198.175.150.9 - - [16/Jul/2026:08:10:20 -0600] "POST /wp-cron.php?doing_wp_cron=1784211020.0333640575408935546875 HTTP/1.1" 200 0 "-" "WordPress/7.0.1; https://santabootshop.com"
2a06:98c0:3600::103 - - [16/Jul/2026:06:49:20 -0600] "GET /wp-admin/install.php?step=1 HTTP/1.1" 200 552 "-" "http://santabootshop.com/wp-admin/install.php?step=1"
198.175.150.9 - - [16/Jul/2026:07:38:54 -0600] "POST /wp-cron.php?doing_wp_cron=1784209134.2078249454498291015625 HTTP/1.1" 200 0 "-" "WordPress/7.0.1; https://santabootshop.com"
2a06:98c0:3600::103 - - [16/Jul/2026:07:38:53 -0600] "GET /wp-admin/install.php?step=1 HTTP/1.1" 200 552 "-" "http://santabootshop.com/wp-admin/install.php?step=1"
198.175.150.9 - - [16/Jul/2026:08:27:55 -0600] "POST /wp-cron.php?doing_wp_cron=1784212075.1113979816436767578125 HTTP/1.1" 200 0 "-" "WordPress/7.0.1; https://santabootshop.com"
2a06:98c0:3600::103 - - [16/Jul/2026:08:27:54 -0600] "GET /wp-admin/install.php?step=1 HTTP/1.1" 200 552 "-" "http://santabootshop.com/wp-admin/install.php?step=1"
2a06:98c0:3600::103 - - [16/Jul/2026:08:40:44 -0600] "GET /wp-admin/install.php?step=1 HTTP/1.1" 200 552 "-" "http://santabootshop.com/wp-admin/install.php?step=1"
2a06:98c0:3600::103 - - [16/Jul/2026:07:34:12 -0600] "GET /wp-admin/install.php?step=1 HTTP/1.1" 200 552 "-" "http://santabootshop.com/wp-admin/install.php?step=1"
2a06:98c0:3600::103 - - [16/Jul/2026:07:57:29 -0600] "GET /wp-admin/install.php?step=1 HTTP/1.1" 200 552 "-" "http://santabootshop.com/wp-admin/install.php?step=1"
136.107.252.125 - - [16/Jul/2026:06:39:45 -0600] "GET / HTTP/1.1" 301 0 "-" "Mozilla/5.0 (Windows NT 10.0; Win64; x64) AppleWebKit/537.36 (KHTML, like Gecko) Chrome/95.0.4638.69 Safari/537.36"
2a06:98c0:3600::103 - - [16/Jul/2026:07:13:29 -0600] "GET /wp-admin/install.php?step=1 HTTP/1.1" 200 552 "-" "http://santabootshop.com/wp-admin/install.php?step=1"
198.175.150.9 - - [16/Jul/2026:07:34:12 -0600] "POST /wp-cron.php?doing_wp_cron=1784208852.8067090511322021484375 HTTP/1.1" 200 0 "-" "WordPress/7.0.1; https://santabootshop.com"
2a06:98c0:3600::103 - - [16/Jul/2026:08:10:19 -0600] "GET /wp-admin/install.php?step=1 HTTP/1.1" 200 552 "-" "http://santabootshop.com/wp-admin/install.php?step=1"
198.175.150.9 - - [16/Jul/2026:08:11:51 -0600] "POST /wp-cron.php?doing_wp_cron=1784211111.2394430637359619140625 HTTP/1.1" 200 0 "-" "WordPress/7.0.1; https://santabootshop.com"
192.178.4.136 - - [16/Jul/2026:08:11:50 -0600] "GET /robots.txt HTTP/1.1" 301 0 "-" "Mozilla/5.0 (compatible; Googlebot/2.1; +http://www.google.com/bot.html)"
66.249.70.35 - - [16/Jul/2026:08:11:51 -0600] "GET /robots.txt HTTP/1.1" 200 100 "-" "Mozilla/5.0 (compatible; Googlebot/2.1; +http://www.google.com/bot.html)"
198.175.150.9 - - [16/Jul/2026:08:40:45 -0600] "POST /wp-cron.php?doing_wp_cron=1784212845.1133921146392822265625 HTTP/1.1" 200 0 "-" "WordPress/7.0.1; https://santabootshop.com"
2a06:98c0:3600::103 - - [16/Jul/2026:09:19:03 -0600] "GET /wp-admin/install.php?step=1 HTTP/1.1" 200 552 "-" "http://santabootshop.com/wp-admin/install.php?step=1"
2a06:98c0:3600::103 - - [16/Jul/2026:09:17:21 -0600] "GET /wp-admin/install.php?step=1 HTTP/1.1" 200 552 "-" "http://santabootshop.com/wp-admin/install.php?step=1"
198.175.150.9 - - [16/Jul/2026:09:08:13 -0600] "POST /wp-cron.php?doing_wp_cron=1784214493.8234899044036865234375 HTTP/1.1" 200 0 "-" "WordPress/7.0.1; https://santabootshop.com"
2a06:98c0:3600::103 - - [16/Jul/2026:09:08:13 -0600] "GET /wp-admin/install.php?step=1 HTTP/1.1" 200 552 "-" "http://santabootshop.com/wp-admin/install.php?step=1"
198.175.150.9 - - [16/Jul/2026:09:17:21 -0600] "POST /wp-cron.php?doing_wp_cron=1784215041.5171060562133789062500 HTTP/1.1" 200 0 "-" "WordPress/7.0.1; https://santabootshop.com"
198.175.150.9 - - [16/Jul/2026:09:41:10 -0600] "POST /wp-cron.php?doing_wp_cron=1784216470.5458400249481201171875 HTTP/1.1" 200 0 "-" "WordPress/7.0.1; https://santabootshop.com"
2a06:98c0:3600::103 - - [16/Jul/2026:09:41:10 -0600] "GET /wp-admin/install.php?step=1 HTTP/1.1" 200 552 "-" "http://santabootshop.com/wp-admin/install.php?step=1"
198.175.150.9 - - [16/Jul/2026:10:11:16 -0600] "POST /wp-cron.php?doing_wp_cron=1784218276.6087930202484130859375 HTTP/1.1" 200 0 "-" "WordPress/7.0.1; https://santabootshop.com"
2a06:98c0:3600::103 - - [16/Jul/2026:10:11:16 -0600] "GET /wp-admin/install.php?step=1 HTTP/1.1" 200 552 "-" "http://santabootshop.com/wp-admin/install.php?step=1"
198.175.150.9 - - [16/Jul/2026:10:15:53 -0600] "POST /wp-cron.php?doing_wp_cron=1784218553.4703569412231445312500 HTTP/1.1" 200 0 "-" "WordPress/7.0.1; https://santabootshop.com"
2a06:98c0:3600::103 - - [16/Jul/2026:10:15:53 -0600] "GET /wp-admin/install.php?step=1 HTTP/1.1" 200 552 "-" "http://santabootshop.com/wp-admin/install.php?step=1"
2a06:98c0:3600::103 - - [16/Jul/2026:10:50:57 -0600] "GET /wp-admin/install.php?step=1 HTTP/1.1" 200 552 "-" "http://santabootshop.com/wp-admin/install.php?step=1"
2a06:98c0:3600::103 - - [16/Jul/2026:10:45:40 -0600] "GET /wp-admin/install.php?step=1 HTTP/1.1" 200 552 "-" "http://santabootshop.com/wp-admin/install.php?step=1"
198.175.150.9 - - [16/Jul/2026:11:04:03 -0600] "POST /wp-cron.php?doing_wp_cron=1784221443.2131419181823730468750 HTTP/1.1" 200 0 "-" "WordPress/7.0.1; https://santabootshop.com"
2a06:98c0:3600::103 - - [16/Jul/2026:11:04:02 -0600] "GET /wp-admin/install.php?step=1 HTTP/1.1" 200 552 "-" "http://santabootshop.com/wp-admin/install.php?step=1"
2a06:98c0:3600::103 - - [16/Jul/2026:11:25:34 -0600] "GET /wp-admin/install.php?step=1 HTTP/1.1" 200 552 "-" "http://santabootshop.com/wp-admin/install.php?step=1"
198.175.150.9 - - [16/Jul/2026:11:25:34 -0600] "POST /wp-cron.php?doing_wp_cron=1784222734.7336928844451904296875 HTTP/1.1" 200 0 "-" "WordPress/7.0.1; https://santabootshop.com"
198.175.150.9 - - [16/Jul/2026:11:42:28 -0600] "POST /wp-cron.php?doing_wp_cron=1784223748.6078150272369384765625 HTTP/1.1" 200 0 "-" "WordPress/7.0.1; https://santabootshop.com"
2a06:98c0:3600::103 - - [16/Jul/2026:11:42:28 -0600] "GET /wp-admin/install.php?step=1 HTTP/1.1" 200 552 "-" "http://santabootshop.com/wp-admin/install.php?step=1"
2a06:98c0:3600::103 - - [16/Jul/2026:12:05:24 -0600] "GET /wp-admin/install.php?step=1 HTTP/1.1" 200 552 "-" "http://santabootshop.com/wp-admin/install.php?step=1"
111.230.233.46 - - [16/Jul/2026:12:22:42 -0600] "GET / HTTP/1.1" 403 1242 "-" "Mozilla/5.0 (iPhone; CPU iPhone OS 13_2_3 like Mac OS X) AppleWebKit/605.1.15 (KHTML, like Gecko) Version/13.0.3 Mobile/15E148 Safari/604.1"
198.175.150.9 - - [16/Jul/2026:12:29:46 -0600] "POST /wp-cron.php?doing_wp_cron=1784226586.0328819751739501953125 HTTP/1.1" 200 0 "-" "WordPress/7.0.1; https://santabootshop.com"
2a06:98c0:3600::103 - - [16/Jul/2026:12:29:45 -0600] "GET /wp-admin/install.php?step=1 HTTP/1.1" 200 552 "-" "http://santabootshop.com/wp-admin/install.php?step=1"
198.175.150.9 - - [16/Jul/2026:12:38:52 -0600] "POST /wp-cron.php?doing_wp_cron=1784227132.4018759727478027343750 HTTP/1.1" 200 0 "-" "WordPress/7.0.1; https://santabootshop.com"
2a06:98c0:3600::103 - - [16/Jul/2026:12:38:52 -0600] "GET /wp-admin/install.php?step=1 HTTP/1.1" 200 552 "-" "http://santabootshop.com/wp-admin/install.php?step=1"
2a06:98c0:3600::103 - - [16/Jul/2026:12:50:45 -0600] "GET /wp-admin/install.php?step=1 HTTP/1.1" 200 552 "-" "http://santabootshop.com/wp-admin/install.php?step=1"
2a06:98c0:3600::103 - - [16/Jul/2026:13:08:13 -0600] "GET /wp-admin/install.php?step=1 HTTP/1.1" 200 552 "-" "http://santabootshop.com/wp-admin/install.php?step=1"
198.175.150.9 - - [16/Jul/2026:13:08:13 -0600] "POST /wp-cron.php?doing_wp_cron=1784228893.9204649925231933593750 HTTP/1.1" 200 0 "-" "WordPress/7.0.1; https://santabootshop.com"
2a06:98c0:3600::103 - - [16/Jul/2026:13:22:36 -0600] "GET /wp-admin/install.php?step=1 HTTP/1.1" 200 552 "-" "http://santabootshop.com/wp-admin/install.php?step=1"
198.175.150.9 - - [16/Jul/2026:13:22:36 -0600] "POST /wp-cron.php?doing_wp_cron=1784229756.8198719024658203125000 HTTP/1.1" 200 0 "-" "WordPress/7.0.1; https://santabootshop.com"
198.175.150.9 - - [16/Jul/2026:13:41:22 -0600] "POST /wp-cron.php?doing_wp_cron=1784230882.6127231121063232421875 HTTP/1.1" 200 0 "-" "WordPress/7.0.1; https://santabootshop.com"
2a06:98c0:3600::103 - - [16/Jul/2026:13:41:22 -0600] "GET /wp-admin/install.php?step=1 HTTP/1.1" 200 552 "-" "http://santabootshop.com/wp-admin/install.php?step=1"
2a06:98c0:3600::103 - - [16/Jul/2026:13:51:53 -0600] "GET /wp-admin/install.php?step=1 HTTP/1.1" 200 552 "-" "http://santabootshop.com/wp-admin/install.php?step=1"
2a06:98c0:3600::103 - - [16/Jul/2026:14:08:01 -0600] "GET /wp-admin/install.php?step=1 HTTP/1.1" 200 552 "-" "http://santabootshop.com/wp-admin/install.php?step=1"
198.175.150.9 - - [16/Jul/2026:14:08:01 -0600] "POST /wp-cron.php?doing_wp_cron=1784232481.8267140388488769531250 HTTP/1.1" 200 0 "-" "WordPress/7.0.1; https://santabootshop.com"
198.175.150.9 - - [16/Jul/2026:14:32:36 -0600] "POST /wp-cron.php?doing_wp_cron=1784233956.1016180515289306640625 HTTP/1.1" 200 0 "-" "WordPress/7.0.1; https://santabootshop.com"
198.175.150.9 - - [16/Jul/2026:14:38:46 -0600] "POST /wp-cron.php?doing_wp_cron=1784234326.5025629997253417968750 HTTP/1.1" 200 0 "-" "WordPress/7.0.1; https://santabootshop.com"
2a06:98c0:3600::103 - - [16/Jul/2026:14:38:46 -0600] "GET /wp-admin/install.php?step=1 HTTP/1.1" 200 552 "-" "http://santabootshop.com/wp-admin/install.php?step=1"
2a06:98c0:3600::103 - - [16/Jul/2026:14:32:35 -0600] "GET /wp-admin/install.php?step=1 HTTP/1.1" 200 552 "-" "http://santabootshop.com/wp-admin/install.php?step=1"
198.175.150.9 - - [16/Jul/2026:14:58:45 -0600] "POST /wp-cron.php?doing_wp_cron=1784235525.6699059009552001953125 HTTP/1.1" 200 0 "-" "WordPress/7.0.1; https://santabootshop.com"
2a06:98c0:3600::103 - - [16/Jul/2026:14:58:45 -0600] "GET /wp-admin/install.php?step=1 HTTP/1.1" 200 552 "-" "http://santabootshop.com/wp-admin/install.php?step=1"
2a06:98c0:3600::103 - - [16/Jul/2026:15:26:07 -0600] "GET /wp-admin/install.php?step=1 HTTP/1.1" 200 552 "-" "http://santabootshop.com/wp-admin/install.php?step=1"
198.175.150.9 - - [16/Jul/2026:15:26:27 -0600] "POST /wp-cron.php?doing_wp_cron=1784237187.8847780227661132812500 HTTP/1.1" 200 0 "-" "WordPress/7.0.1; https://santabootshop.com"
2a06:98c0:3600::103 - - [16/Jul/2026:15:26:27 -0600] "GET /wp-admin/install.php?step=1 HTTP/1.1" 200 552 "-" "http://santabootshop.com/wp-admin/install.php?step=1"
198.175.150.9 - - [16/Jul/2026:15:26:08 -0600] "POST /wp-cron.php?doing_wp_cron=1784237167.9982359409332275390625 HTTP/1.1" 200 0 "-" "WordPress/7.0.1; https://santabootshop.com"
2a06:98c0:3600::103 - - [16/Jul/2026:15:36:20 -0600] "GET /wp-admin/install.php?step=1 HTTP/1.1" 200 552 "-" "http://santabootshop.com/wp-admin/install.php?step=1"
198.175.150.9 - - [16/Jul/2026:15:36:20 -0600] "POST /wp-cron.php?doing_wp_cron=1784237780.8529310226440429687500 HTTP/1.1" 200 0 "-" "WordPress/7.0.1; https://santabootshop.com"
2a06:98c0:3600::103 - - [16/Jul/2026:16:05:44 -0600] "GET /wp-admin/install.php?step=1 HTTP/1.1" 200 552 "-" "http://santabootshop.com/wp-admin/install.php?step=1"
34.204.189.69 - - [16/Jul/2026:16:16:22 -0600] "GET /.env.staging HTTP/1.1" 200 0 "-" "Mozilla/5.0 (compatible; SecurityResearch/1.0)"
34.204.189.69 - - [16/Jul/2026:16:16:22 -0600] "GET /database.sql HTTP/1.1" 200 0 "-" "Mozilla/5.0 (compatible; SecurityResearch/1.0)"
34.204.189.69 - - [16/Jul/2026:16:16:22 -0600] "GET /config.php HTTP/1.1" 200 0 "-" "Mozilla/5.0 (compatible; SecurityResearch/1.0)"
34.204.189.69 - - [16/Jul/2026:16:16:22 -0600] "GET /dump.sql HTTP/1.1" 200 0 "-" "Mozilla/5.0 (compatible; SecurityResearch/1.0)"
34.204.189.69 - - [16/Jul/2026:16:16:22 -0600] "GET /config.json HTTP/1.1" 200 0 "-" "Mozilla/5.0 (compatible; SecurityResearch/1.0)"
34.204.189.69 - - [16/Jul/2026:16:16:23 -0600] "GET /app/config/parameters.yml HTTP/1.1" 200 0 "-" "Mozilla/5.0 (compatible; SecurityResearch/1.0)"
34.204.189.69 - - [16/Jul/2026:16:16:23 -0600] "GET /docker-compose.yml HTTP/1.1" 200 0 "-" "Mozilla/5.0 (compatible; SecurityResearch/1.0)"
198.175.150.9 - - [16/Jul/2026:16:15:56 -0600] "POST /wp-cron.php?doing_wp_cron=1784240156.9208180904388427734375 HTTP/1.1" 200 0 "-" "WordPress/7.0.1; https://santabootshop.com"
34.204.189.69 - - [16/Jul/2026:16:16:22 -0600] "GET /.env.local HTTP/1.1" 200 0 "-" "Mozilla/5.0 (compatible; SecurityResearch/1.0)"
34.204.189.69 - - [16/Jul/2026:16:16:22 -0600] "GET /db.sql HTTP/1.1" 200 0 "-" "Mozilla/5.0 (compatible; SecurityResearch/1.0)"
34.204.189.69 - - [16/Jul/2026:16:16:23 -0600] "GET /credentials.json HTTP/1.1" 200 0 "-" "Mozilla/5.0 (compatible; SecurityResearch/1.0)"
34.204.189.69 - - [16/Jul/2026:16:16:23 -0600] "GET /config.js HTTP/1.1" 200 0 "-" "Mozilla/5.0 (compatible; SecurityResearch/1.0)"
198.175.150.9 - - [16/Jul/2026:16:05:44 -0600] "POST /wp-cron.php?doing_wp_cron=1784239544.5110290050506591796875 HTTP/1.1" 200 0 "-" "WordPress/7.0.1; https://santabootshop.com"
198.175.150.9 - - [16/Jul/2026:16:15:56 -0600] "POST /wp-cron.php?doing_wp_cron=1784240156.9054710865020751953125 HTTP/1.1" 200 0 "-" "WordPress/7.0.1; https://santabootshop.com"
34.204.189.69 - - [16/Jul/2026:16:16:22 -0600] "GET /.env.dev HTTP/1.1" 200 0 "-" "Mozilla/5.0 (compatible; SecurityResearch/1.0)"
34.204.189.69 - - [16/Jul/2026:16:16:22 -0600] "GET /.env HTTP/1.1" 200 0 "-" "Mozilla/5.0 (compatible; SecurityResearch/1.0)"
34.204.189.69 - - [16/Jul/2026:16:16:22 -0600] "GET /wp-config.php HTTP/1.1" 200 0 "-" "Mozilla/5.0 (compatible; SecurityResearch/1.0)"
34.204.189.69 - - [16/Jul/2026:16:16:22 -0600] "GET /settings.py HTTP/1.1" 200 0 "-" "Mozilla/5.0 (compatible; SecurityResearch/1.0)"
34.204.189.69 - - [16/Jul/2026:16:16:22 -0600] "GET /backup.sql HTTP/1.1" 200 0 "-" "Mozilla/5.0 (compatible; SecurityResearch/1.0)"
34.204.189.69 - - [16/Jul/2026:16:16:23 -0600] "GET /secrets.json HTTP/1.1" 200 0 "-" "Mozilla/5.0 (compatible; SecurityResearch/1.0)"
198.175.150.9 - - [16/Jul/2026:16:15:56 -0600] "POST /wp-cron.php?doing_wp_cron=1784240156.8811950683593750000000 HTTP/1.1" 200 0 "-" "WordPress/7.0.1; https://santabootshop.com"
34.204.189.69 - - [16/Jul/2026:16:15:56 -0600] "HEAD / HTTP/1.1" 301 0 "-" "Mozilla/5.0 (compatible; SecurityResearch/1.0)"
34.204.189.69 - - [16/Jul/2026:16:16:22 -0600] "GET /.env.backup HTTP/1.1" 200 0 "-" "Mozilla/5.0 (compatible; SecurityResearch/1.0)"
34.204.189.69 - - [16/Jul/2026:16:16:22 -0600] "GET /data.sql HTTP/1.1" 200 0 "-" "Mozilla/5.0 (compatible; SecurityResearch/1.0)"
34.204.189.69 - - [16/Jul/2026:16:16:22 -0600] "GET /.env.production HTTP/1.1" 200 0 "-" "Mozilla/5.0 (compatible; SecurityResearch/1.0)"
34.204.189.69 - - [16/Jul/2026:16:16:22 -0600] "GET /config.yml HTTP/1.1" 200 0 "-" "Mozilla/5.0 (compatible; SecurityResearch/1.0)"
2a06:98c0:3600::103 - - [16/Jul/2026:16:23:09 -0600] "GET /wp-admin/install.php?step=1 HTTP/1.1" 200 552 "-" "http://santabootshop.com/wp-admin/install.php?step=1"
198.175.150.9 - - [16/Jul/2026:16:38:55 -0600] "POST /wp-cron.php?doing_wp_cron=1784241535.6840069293975830078125 HTTP/1.1" 200 0 "-" "WordPress/7.0.1; https://santabootshop.com"
2a06:98c0:3600::103 - - [16/Jul/2026:16:38:55 -0600] "GET /wp-admin/install.php?step=1 HTTP/1.1" 200 552 "-" "http://santabootshop.com/wp-admin/install.php?step=1"
198.175.150.9 - - [16/Jul/2026:17:04:51 -0600] "POST /wp-cron.php?doing_wp_cron=1784243091.1617259979248046875000 HTTP/1.1" 200 0 "-" "WordPress/7.0.1; https://santabootshop.com"
2a06:98c0:3600::103 - - [16/Jul/2026:17:04:50 -0600] "GET /wp-admin/install.php?step=1 HTTP/1.1" 200 552 "-" "http://santabootshop.com/wp-admin/install.php?step=1"
