64.25.12.168 - - [15/Jul/2026:19:00:44 -0600] "GET /wp-content/uploads/astra-addon/ast-customizer-6a582d24a166e4-09161631.js?ver=4.11.0 HTTP/2" 200 2596 "https://santabootshop.com/?customize_changeset_uuid=70395c6b-7e2b-49d9-b1fa-01f5d3719907&customize_theme=astra&customize_messenger_channel=preview-0" "Mozilla/5.0 (Windows NT 10.0; Win64; x64) AppleWebKit/537.36 (KHTML, like Gecko) Chrome/150.0.0.0 Safari/537.36"
64.25.12.168 - - [15/Jul/2026:19:00:44 -0600] "GET /wp-json/wp/v2/widget-types?context=edit&per_page=100&_locale=user HTTP/2" 200 985 "https://santabootshop.com/wp-admin/customize.php?return=%2Fwp-admin%2Fedit.php%3Fpost_type%3Dpage" "Mozilla/5.0 (Windows NT 10.0; Win64; x64) AppleWebKit/537.36 (KHTML, like Gecko) Chrome/150.0.0.0 Safari/537.36"
64.25.12.168 - - [15/Jul/2026:19:00:57 -0600] "GET /favicon.ico HTTP/2" 404 1251 "https://santabootshop.com/wp-admin/customize.php?return=%2Fwp-admin%2Fedit.php%3Fpost_type%3Dpage" "Mozilla/5.0 (Windows NT 10.0; Win64; x64) AppleWebKit/537.36 (KHTML, like Gecko) Chrome/150.0.0.0 Safari/537.36"
64.25.12.168 - - [15/Jul/2026:19:01:16 -0600] "POST /?customize_changeset_uuid=70395c6b-7e2b-49d9-b1fa-01f5d3719907&customize_autosaved=on&customize_preview_nonce=1b315ca137 HTTP/2" 200 130 "https://santabootshop.com/?customize_changeset_uuid=70395c6b-7e2b-49d9-b1fa-01f5d3719907&customize_theme=astra&customize_messenger_channel=preview-0" "Mozilla/5.0 (Windows NT 10.0; Win64; x64) AppleWebKit/537.36 (KHTML, like Gecko) Chrome/150.0.0.0 Safari/537.36"
64.25.12.168 - - [15/Jul/2026:19:01:17 -0600] "POST /wp-admin/admin-ajax.php HTTP/2" 200 51 "https://santabootshop.com/wp-admin/customize.php?return=%2Fwp-admin%2Fedit.php%3Fpost_type%3Dpage" "Mozilla/5.0 (Windows NT 10.0; Win64; x64) AppleWebKit/537.36 (KHTML, like Gecko) Chrome/150.0.0.0 Safari/537.36"
64.25.12.168 - - [15/Jul/2026:19:01:25 -0600] "POST /?customize_changeset_uuid=70395c6b-7e2b-49d9-b1fa-01f5d3719907&customize_autosaved=on&customize_preview_nonce=1b315ca137 HTTP/2" 200 131 "https://santabootshop.com/?customize_changeset_uuid=70395c6b-7e2b-49d9-b1fa-01f5d3719907&customize_theme=astra&customize_messenger_channel=preview-0" "Mozilla/5.0 (Windows NT 10.0; Win64; x64) AppleWebKit/537.36 (KHTML, like Gecko) Chrome/150.0.0.0 Safari/537.36"
64.25.12.168 - - [15/Jul/2026:19:01:27 -0600] "POST /?customize_changeset_uuid=70395c6b-7e2b-49d9-b1fa-01f5d3719907&customize_autosaved=on&customize_preview_nonce=1b315ca137 HTTP/2" 200 130 "https://santabootshop.com/?customize_changeset_uuid=70395c6b-7e2b-49d9-b1fa-01f5d3719907&customize_theme=astra&customize_messenger_channel=preview-0" "Mozilla/5.0 (Windows NT 10.0; Win64; x64) AppleWebKit/537.36 (KHTML, like Gecko) Chrome/150.0.0.0 Safari/537.36"
64.25.12.168 - - [15/Jul/2026:19:01:30 -0600] "POST /?customize_changeset_uuid=70395c6b-7e2b-49d9-b1fa-01f5d3719907&customize_autosaved=on&customize_preview_nonce=1b315ca137 HTTP/2" 200 132 "https://santabootshop.com/?customize_changeset_uuid=70395c6b-7e2b-49d9-b1fa-01f5d3719907&customize_theme=astra&customize_messenger_channel=preview-0" "Mozilla/5.0 (Windows NT 10.0; Win64; x64) AppleWebKit/537.36 (KHTML, like Gecko) Chrome/150.0.0.0 Safari/537.36"
64.25.12.168 - - [15/Jul/2026:19:01:32 -0600] "POST /?customize_changeset_uuid=70395c6b-7e2b-49d9-b1fa-01f5d3719907&customize_autosaved=on&customize_preview_nonce=1b315ca137 HTTP/2" 200 130 "https://santabootshop.com/?customize_changeset_uuid=70395c6b-7e2b-49d9-b1fa-01f5d3719907&customize_theme=astra&customize_messenger_channel=preview-0" "Mozilla/5.0 (Windows NT 10.0; Win64; x64) AppleWebKit/537.36 (KHTML, like Gecko) Chrome/150.0.0.0 Safari/537.36"
64.25.12.168 - - [15/Jul/2026:19:01:33 -0600] "POST /?customize_changeset_uuid=70395c6b-7e2b-49d9-b1fa-01f5d3719907&customize_autosaved=on&customize_preview_nonce=1b315ca137 HTTP/2" 200 132 "https://santabootshop.com/?customize_changeset_uuid=70395c6b-7e2b-49d9-b1fa-01f5d3719907&customize_theme=astra&customize_messenger_channel=preview-0" "Mozilla/5.0 (Windows NT 10.0; Win64; x64) AppleWebKit/537.36 (KHTML, like Gecko) Chrome/150.0.0.0 Safari/537.36"
64.25.12.168 - - [15/Jul/2026:19:01:44 -0600] "POST /?customize_changeset_uuid=70395c6b-7e2b-49d9-b1fa-01f5d3719907&customize_autosaved=on&customize_preview_nonce=1b315ca137 HTTP/2" 200 132 "https://santabootshop.com/?customize_changeset_uuid=70395c6b-7e2b-49d9-b1fa-01f5d3719907&customize_theme=astra&customize_messenger_channel=preview-0" "Mozilla/5.0 (Windows NT 10.0; Win64; x64) AppleWebKit/537.36 (KHTML, like Gecko) Chrome/150.0.0.0 Safari/537.36"
64.25.12.168 - - [15/Jul/2026:19:01:49 -0600] "POST /?customize_changeset_uuid=70395c6b-7e2b-49d9-b1fa-01f5d3719907&customize_autosaved=on&customize_preview_nonce=1b315ca137 HTTP/2" 200 0 "https://santabootshop.com/?customize_changeset_uuid=70395c6b-7e2b-49d9-b1fa-01f5d3719907&customize_theme=astra&customize_messenger_channel=preview-0" "Mozilla/5.0 (Windows NT 10.0; Win64; x64) AppleWebKit/537.36 (KHTML, like Gecko) Chrome/150.0.0.0 Safari/537.36"
64.25.12.168 - - [15/Jul/2026:19:01:51 -0600] "POST /?customize_changeset_uuid=70395c6b-7e2b-49d9-b1fa-01f5d3719907&customize_autosaved=on&customize_preview_nonce=1b315ca137 HTTP/2" 200 141 "https://santabootshop.com/?customize_changeset_uuid=70395c6b-7e2b-49d9-b1fa-01f5d3719907&customize_theme=astra&customize_messenger_channel=preview-0" "Mozilla/5.0 (Windows NT 10.0; Win64; x64) AppleWebKit/537.36 (KHTML, like Gecko) Chrome/150.0.0.0 Safari/537.36"
64.25.12.168 - - [15/Jul/2026:19:01:59 -0600] "POST /?customize_changeset_uuid=70395c6b-7e2b-49d9-b1fa-01f5d3719907&customize_autosaved=on&customize_preview_nonce=1b315ca137 HTTP/2" 200 134 "https://santabootshop.com/?customize_changeset_uuid=70395c6b-7e2b-49d9-b1fa-01f5d3719907&customize_theme=astra&customize_messenger_channel=preview-0" "Mozilla/5.0 (Windows NT 10.0; Win64; x64) AppleWebKit/537.36 (KHTML, like Gecko) Chrome/150.0.0.0 Safari/537.36"
64.25.12.168 - - [15/Jul/2026:19:02:02 -0600] "POST /?customize_changeset_uuid=70395c6b-7e2b-49d9-b1fa-01f5d3719907&customize_autosaved=on&customize_preview_nonce=1b315ca137 HTTP/2" 200 135 "https://santabootshop.com/?customize_changeset_uuid=70395c6b-7e2b-49d9-b1fa-01f5d3719907&customize_theme=astra&customize_messenger_channel=preview-0" "Mozilla/5.0 (Windows NT 10.0; Win64; x64) AppleWebKit/537.36 (KHTML, like Gecko) Chrome/150.0.0.0 Safari/537.36"
64.25.12.168 - - [15/Jul/2026:19:02:09 -0600] "POST /wp-admin/admin-ajax.php HTTP/2" 200 90 "https://santabootshop.com/wp-admin/customize.php?return=%2Fwp-admin%2Fedit.php%3Fpost_type%3Dpage" "Mozilla/5.0 (Windows NT 10.0; Win64; x64) AppleWebKit/537.36 (KHTML, like Gecko) Chrome/150.0.0.0 Safari/537.36"
64.25.12.168 - - [15/Jul/2026:19:02:10 -0600] "POST /?customize_changeset_uuid=70395c6b-7e2b-49d9-b1fa-01f5d3719907&customize_autosaved=on&customize_preview_nonce=1b315ca137 HTTP/2" 200 0 "https://santabootshop.com/?customize_changeset_uuid=70395c6b-7e2b-49d9-b1fa-01f5d3719907&customize_theme=astra&customize_messenger_channel=preview-0" "Mozilla/5.0 (Windows NT 10.0; Win64; x64) AppleWebKit/537.36 (KHTML, like Gecko) Chrome/150.0.0.0 Safari/537.36"
64.25.12.168 - - [15/Jul/2026:19:02:11 -0600] "POST /?customize_changeset_uuid=70395c6b-7e2b-49d9-b1fa-01f5d3719907&customize_autosaved=on&customize_preview_nonce=1b315ca137 HTTP/2" 200 0 "https://santabootshop.com/?customize_changeset_uuid=70395c6b-7e2b-49d9-b1fa-01f5d3719907&customize_theme=astra&customize_messenger_channel=preview-0" "Mozilla/5.0 (Windows NT 10.0; Win64; x64) AppleWebKit/537.36 (KHTML, like Gecko) Chrome/150.0.0.0 Safari/537.36"
64.25.12.168 - - [15/Jul/2026:19:02:12 -0600] "POST /?customize_changeset_uuid=70395c6b-7e2b-49d9-b1fa-01f5d3719907&customize_autosaved=on&customize_preview_nonce=1b315ca137 HTTP/2" 200 0 "https://santabootshop.com/?customize_changeset_uuid=70395c6b-7e2b-49d9-b1fa-01f5d3719907&customize_theme=astra&customize_messenger_channel=preview-0" "Mozilla/5.0 (Windows NT 10.0; Win64; x64) AppleWebKit/537.36 (KHTML, like Gecko) Chrome/150.0.0.0 Safari/537.36"
64.25.12.168 - - [15/Jul/2026:19:02:14 -0600] "POST /?customize_changeset_uuid=70395c6b-7e2b-49d9-b1fa-01f5d3719907&customize_autosaved=on&customize_preview_nonce=1b315ca137 HTTP/2" 200 0 "https://santabootshop.com/?customize_changeset_uuid=70395c6b-7e2b-49d9-b1fa-01f5d3719907&customize_theme=astra&customize_messenger_channel=preview-0" "Mozilla/5.0 (Windows NT 10.0; Win64; x64) AppleWebKit/537.36 (KHTML, like Gecko) Chrome/150.0.0.0 Safari/537.36"
64.25.12.168 - - [15/Jul/2026:19:02:15 -0600] "POST /?customize_changeset_uuid=70395c6b-7e2b-49d9-b1fa-01f5d3719907&customize_autosaved=on&customize_preview_nonce=1b315ca137 HTTP/2" 200 145 "https://santabootshop.com/?customize_changeset_uuid=70395c6b-7e2b-49d9-b1fa-01f5d3719907&customize_theme=astra&customize_messenger_channel=preview-0" "Mozilla/5.0 (Windows NT 10.0; Win64; x64) AppleWebKit/537.36 (KHTML, like Gecko) Chrome/150.0.0.0 Safari/537.36"
64.25.12.168 - - [15/Jul/2026:19:02:17 -0600] "POST /wp-admin/admin-ajax.php HTTP/2" 200 51 "https://santabootshop.com/wp-admin/customize.php?return=%2Fwp-admin%2Fedit.php%3Fpost_type%3Dpage" "Mozilla/5.0 (Windows NT 10.0; Win64; x64) AppleWebKit/537.36 (KHTML, like Gecko) Chrome/150.0.0.0 Safari/537.36"
64.25.12.168 - - [15/Jul/2026:19:02:35 -0600] "POST /?customize_changeset_uuid=70395c6b-7e2b-49d9-b1fa-01f5d3719907&customize_autosaved=on&customize_preview_nonce=1b315ca137 HTTP/2" 200 0 "https://santabootshop.com/?customize_changeset_uuid=70395c6b-7e2b-49d9-b1fa-01f5d3719907&customize_theme=astra&customize_messenger_channel=preview-0" "Mozilla/5.0 (Windows NT 10.0; Win64; x64) AppleWebKit/537.36 (KHTML, like Gecko) Chrome/150.0.0.0 Safari/537.36"
64.25.12.168 - - [15/Jul/2026:19:02:36 -0600] "POST /?customize_changeset_uuid=70395c6b-7e2b-49d9-b1fa-01f5d3719907&customize_autosaved=on&customize_preview_nonce=1b315ca137 HTTP/2" 200 0 "https://santabootshop.com/?customize_changeset_uuid=70395c6b-7e2b-49d9-b1fa-01f5d3719907&customize_theme=astra&customize_messenger_channel=preview-0" "Mozilla/5.0 (Windows NT 10.0; Win64; x64) AppleWebKit/537.36 (KHTML, like Gecko) Chrome/150.0.0.0 Safari/537.36"
64.25.12.168 - - [15/Jul/2026:19:02:37 -0600] "POST /?customize_changeset_uuid=70395c6b-7e2b-49d9-b1fa-01f5d3719907&customize_autosaved=on&customize_preview_nonce=1b315ca137 HTTP/2" 200 0 "https://santabootshop.com/?customize_changeset_uuid=70395c6b-7e2b-49d9-b1fa-01f5d3719907&customize_theme=astra&customize_messenger_channel=preview-0" "Mozilla/5.0 (Windows NT 10.0; Win64; x64) AppleWebKit/537.36 (KHTML, like Gecko) Chrome/150.0.0.0 Safari/537.36"
64.25.12.168 - - [15/Jul/2026:19:02:38 -0600] "POST /?customize_changeset_uuid=70395c6b-7e2b-49d9-b1fa-01f5d3719907&customize_autosaved=on&customize_preview_nonce=1b315ca137 HTTP/2" 200 155 "https://santabootshop.com/?customize_changeset_uuid=70395c6b-7e2b-49d9-b1fa-01f5d3719907&customize_theme=astra&customize_messenger_channel=preview-0" "Mozilla/5.0 (Windows NT 10.0; Win64; x64) AppleWebKit/537.36 (KHTML, like Gecko) Chrome/150.0.0.0 Safari/537.36"
64.25.12.168 - - [15/Jul/2026:19:02:41 -0600] "POST /?customize_changeset_uuid=70395c6b-7e2b-49d9-b1fa-01f5d3719907&customize_autosaved=on&customize_preview_nonce=1b315ca137 HTTP/2" 200 169 "https://santabootshop.com/?customize_changeset_uuid=70395c6b-7e2b-49d9-b1fa-01f5d3719907&customize_theme=astra&customize_messenger_channel=preview-0" "Mozilla/5.0 (Windows NT 10.0; Win64; x64) AppleWebKit/537.36 (KHTML, like Gecko) Chrome/150.0.0.0 Safari/537.36"
64.25.12.168 - - [15/Jul/2026:19:02:47 -0600] "POST /?customize_changeset_uuid=70395c6b-7e2b-49d9-b1fa-01f5d3719907&customize_autosaved=on&customize_preview_nonce=1b315ca137 HTTP/2" 200 169 "https://santabootshop.com/?customize_changeset_uuid=70395c6b-7e2b-49d9-b1fa-01f5d3719907&customize_theme=astra&customize_messenger_channel=preview-0" "Mozilla/5.0 (Windows NT 10.0; Win64; x64) AppleWebKit/537.36 (KHTML, like Gecko) Chrome/150.0.0.0 Safari/537.36"
64.25.12.168 - - [15/Jul/2026:19:02:50 -0600] "POST /?customize_changeset_uuid=70395c6b-7e2b-49d9-b1fa-01f5d3719907&customize_autosaved=on&customize_preview_nonce=1b315ca137 HTTP/2" 200 0 "https://santabootshop.com/?customize_changeset_uuid=70395c6b-7e2b-49d9-b1fa-01f5d3719907&customize_theme=astra&customize_messenger_channel=preview-0" "Mozilla/5.0 (Windows NT 10.0; Win64; x64) AppleWebKit/537.36 (KHTML, like Gecko) Chrome/150.0.0.0 Safari/537.36"
64.25.12.168 - - [15/Jul/2026:19:02:51 -0600] "POST /?customize_changeset_uuid=70395c6b-7e2b-49d9-b1fa-01f5d3719907&customize_autosaved=on&customize_preview_nonce=1b315ca137 HTTP/2" 200 144 "https://santabootshop.com/?customize_changeset_uuid=70395c6b-7e2b-49d9-b1fa-01f5d3719907&customize_theme=astra&customize_messenger_channel=preview-0" "Mozilla/5.0 (Windows NT 10.0; Win64; x64) AppleWebKit/537.36 (KHTML, like Gecko) Chrome/150.0.0.0 Safari/537.36"
64.25.12.168 - - [15/Jul/2026:19:02:57 -0600] "POST /?customize_changeset_uuid=70395c6b-7e2b-49d9-b1fa-01f5d3719907&customize_autosaved=on&customize_preview_nonce=1b315ca137 HTTP/2" 200 0 "https://santabootshop.com/?customize_changeset_uuid=70395c6b-7e2b-49d9-b1fa-01f5d3719907&customize_theme=astra&customize_messenger_channel=preview-0" "Mozilla/5.0 (Windows NT 10.0; Win64; x64) AppleWebKit/537.36 (KHTML, like Gecko) Chrome/150.0.0.0 Safari/537.36"
64.25.12.168 - - [15/Jul/2026:19:02:58 -0600] "POST /?customize_changeset_uuid=70395c6b-7e2b-49d9-b1fa-01f5d3719907&customize_autosaved=on&customize_preview_nonce=1b315ca137 HTTP/2" 200 139 "https://santabootshop.com/?customize_changeset_uuid=70395c6b-7e2b-49d9-b1fa-01f5d3719907&customize_theme=astra&customize_messenger_channel=preview-0" "Mozilla/5.0 (Windows NT 10.0; Win64; x64) AppleWebKit/537.36 (KHTML, like Gecko) Chrome/150.0.0.0 Safari/537.36"
64.25.12.168 - - [15/Jul/2026:19:03:01 -0600] "POST /?customize_changeset_uuid=70395c6b-7e2b-49d9-b1fa-01f5d3719907&customize_autosaved=on&customize_preview_nonce=1b315ca137 HTTP/2" 200 134 "https://santabootshop.com/?customize_changeset_uuid=70395c6b-7e2b-49d9-b1fa-01f5d3719907&customize_theme=astra&customize_messenger_channel=preview-0" "Mozilla/5.0 (Windows NT 10.0; Win64; x64) AppleWebKit/537.36 (KHTML, like Gecko) Chrome/150.0.0.0 Safari/537.36"
64.25.12.168 - - [15/Jul/2026:19:03:06 -0600] "POST /?customize_changeset_uuid=70395c6b-7e2b-49d9-b1fa-01f5d3719907&customize_autosaved=on&customize_preview_nonce=1b315ca137 HTTP/2" 200 0 "https://santabootshop.com/?customize_changeset_uuid=70395c6b-7e2b-49d9-b1fa-01f5d3719907&customize_theme=astra&customize_messenger_channel=preview-0" "Mozilla/5.0 (Windows NT 10.0; Win64; x64) AppleWebKit/537.36 (KHTML, like Gecko) Chrome/150.0.0.0 Safari/537.36"
64.25.12.168 - - [15/Jul/2026:19:03:07 -0600] "POST /?customize_changeset_uuid=70395c6b-7e2b-49d9-b1fa-01f5d3719907&customize_autosaved=on&customize_preview_nonce=1b315ca137 HTTP/2" 200 124 "https://santabootshop.com/?customize_changeset_uuid=70395c6b-7e2b-49d9-b1fa-01f5d3719907&customize_theme=astra&customize_messenger_channel=preview-0" "Mozilla/5.0 (Windows NT 10.0; Win64; x64) AppleWebKit/537.36 (KHTML, like Gecko) Chrome/150.0.0.0 Safari/537.36"
64.25.12.168 - - [15/Jul/2026:19:03:09 -0600] "POST /wp-admin/admin-ajax.php HTTP/2" 200 90 "https://santabootshop.com/wp-admin/customize.php?return=%2Fwp-admin%2Fedit.php%3Fpost_type%3Dpage" "Mozilla/5.0 (Windows NT 10.0; Win64; x64) AppleWebKit/537.36 (KHTML, like Gecko) Chrome/150.0.0.0 Safari/537.36"
64.25.12.168 - - [15/Jul/2026:19:03:13 -0600] "POST /?customize_changeset_uuid=70395c6b-7e2b-49d9-b1fa-01f5d3719907&customize_autosaved=on&customize_preview_nonce=1b315ca137 HTTP/2" 200 0 "https://santabootshop.com/?customize_changeset_uuid=70395c6b-7e2b-49d9-b1fa-01f5d3719907&customize_theme=astra&customize_messenger_channel=preview-0" "Mozilla/5.0 (Windows NT 10.0; Win64; x64) AppleWebKit/537.36 (KHTML, like Gecko) Chrome/150.0.0.0 Safari/537.36"
64.25.12.168 - - [15/Jul/2026:19:03:14 -0600] "POST /?customize_changeset_uuid=70395c6b-7e2b-49d9-b1fa-01f5d3719907&customize_autosaved=on&customize_preview_nonce=1b315ca137 HTTP/2" 200 138 "https://santabootshop.com/?customize_changeset_uuid=70395c6b-7e2b-49d9-b1fa-01f5d3719907&customize_theme=astra&customize_messenger_channel=preview-0" "Mozilla/5.0 (Windows NT 10.0; Win64; x64) AppleWebKit/537.36 (KHTML, like Gecko) Chrome/150.0.0.0 Safari/537.36"
64.25.12.168 - - [15/Jul/2026:19:03:18 -0600] "POST /?customize_changeset_uuid=70395c6b-7e2b-49d9-b1fa-01f5d3719907&customize_autosaved=on&customize_preview_nonce=1b315ca137 HTTP/2" 200 0 "https://santabootshop.com/?customize_changeset_uuid=70395c6b-7e2b-49d9-b1fa-01f5d3719907&customize_theme=astra&customize_messenger_channel=preview-0" "Mozilla/5.0 (Windows NT 10.0; Win64; x64) AppleWebKit/537.36 (KHTML, like Gecko) Chrome/150.0.0.0 Safari/537.36"
64.25.12.168 - - [15/Jul/2026:19:03:17 -0600] "POST /wp-admin/admin-ajax.php HTTP/2" 200 51 "https://santabootshop.com/wp-admin/customize.php?return=%2Fwp-admin%2Fedit.php%3Fpost_type%3Dpage" "Mozilla/5.0 (Windows NT 10.0; Win64; x64) AppleWebKit/537.36 (KHTML, like Gecko) Chrome/150.0.0.0 Safari/537.36"
64.25.12.168 - - [15/Jul/2026:19:03:19 -0600] "POST /?customize_changeset_uuid=70395c6b-7e2b-49d9-b1fa-01f5d3719907&customize_autosaved=on&customize_preview_nonce=1b315ca137 HTTP/2" 200 0 "https://santabootshop.com/?customize_changeset_uuid=70395c6b-7e2b-49d9-b1fa-01f5d3719907&customize_theme=astra&customize_messenger_channel=preview-0" "Mozilla/5.0 (Windows NT 10.0; Win64; x64) AppleWebKit/537.36 (KHTML, like Gecko) Chrome/150.0.0.0 Safari/537.36"
64.25.12.168 - - [15/Jul/2026:19:03:20 -0600] "POST /?customize_changeset_uuid=70395c6b-7e2b-49d9-b1fa-01f5d3719907&customize_autosaved=on&customize_preview_nonce=1b315ca137 HTTP/2" 200 148 "https://santabootshop.com/?customize_changeset_uuid=70395c6b-7e2b-49d9-b1fa-01f5d3719907&customize_theme=astra&customize_messenger_channel=preview-0" "Mozilla/5.0 (Windows NT 10.0; Win64; x64) AppleWebKit/537.36 (KHTML, like Gecko) Chrome/150.0.0.0 Safari/537.36"
64.25.12.168 - - [15/Jul/2026:19:03:43 -0600] "POST /?customize_changeset_uuid=70395c6b-7e2b-49d9-b1fa-01f5d3719907&customize_autosaved=on&customize_preview_nonce=1b315ca137 HTTP/2" 200 124 "https://santabootshop.com/?customize_changeset_uuid=70395c6b-7e2b-49d9-b1fa-01f5d3719907&customize_theme=astra&customize_messenger_channel=preview-0" "Mozilla/5.0 (Windows NT 10.0; Win64; x64) AppleWebKit/537.36 (KHTML, like Gecko) Chrome/150.0.0.0 Safari/537.36"
64.25.12.168 - - [15/Jul/2026:19:03:47 -0600] "POST /?customize_changeset_uuid=70395c6b-7e2b-49d9-b1fa-01f5d3719907&customize_autosaved=on&customize_preview_nonce=1b315ca137 HTTP/2" 200 0 "https://santabootshop.com/?customize_changeset_uuid=70395c6b-7e2b-49d9-b1fa-01f5d3719907&customize_theme=astra&customize_messenger_channel=preview-0" "Mozilla/5.0 (Windows NT 10.0; Win64; x64) AppleWebKit/537.36 (KHTML, like Gecko) Chrome/150.0.0.0 Safari/537.36"
64.25.12.168 - - [15/Jul/2026:19:03:47 -0600] "POST /?customize_changeset_uuid=70395c6b-7e2b-49d9-b1fa-01f5d3719907&customize_autosaved=on&customize_preview_nonce=1b315ca137 HTTP/2" 200 0 "https://santabootshop.com/?customize_changeset_uuid=70395c6b-7e2b-49d9-b1fa-01f5d3719907&customize_theme=astra&customize_messenger_channel=preview-0" "Mozilla/5.0 (Windows NT 10.0; Win64; x64) AppleWebKit/537.36 (KHTML, like Gecko) Chrome/150.0.0.0 Safari/537.36"
64.25.12.168 - - [15/Jul/2026:19:03:48 -0600] "POST /?customize_changeset_uuid=70395c6b-7e2b-49d9-b1fa-01f5d3719907&customize_autosaved=on&customize_preview_nonce=1b315ca137 HTTP/2" 200 163 "https://santabootshop.com/?customize_changeset_uuid=70395c6b-7e2b-49d9-b1fa-01f5d3719907&customize_theme=astra&customize_messenger_channel=preview-0" "Mozilla/5.0 (Windows NT 10.0; Win64; x64) AppleWebKit/537.36 (KHTML, like Gecko) Chrome/150.0.0.0 Safari/537.36"
64.25.12.168 - - [15/Jul/2026:19:03:51 -0600] "POST /?customize_changeset_uuid=70395c6b-7e2b-49d9-b1fa-01f5d3719907&customize_autosaved=on&customize_preview_nonce=1b315ca137 HTTP/2" 200 0 "https://santabootshop.com/?customize_changeset_uuid=70395c6b-7e2b-49d9-b1fa-01f5d3719907&customize_theme=astra&customize_messenger_channel=preview-0" "Mozilla/5.0 (Windows NT 10.0; Win64; x64) AppleWebKit/537.36 (KHTML, like Gecko) Chrome/150.0.0.0 Safari/537.36"
64.25.12.168 - - [15/Jul/2026:19:03:51 -0600] "POST /?customize_changeset_uuid=70395c6b-7e2b-49d9-b1fa-01f5d3719907&customize_autosaved=on&customize_preview_nonce=1b315ca137 HTTP/2" 200 164 "https://santabootshop.com/?customize_changeset_uuid=70395c6b-7e2b-49d9-b1fa-01f5d3719907&customize_theme=astra&customize_messenger_channel=preview-0" "Mozilla/5.0 (Windows NT 10.0; Win64; x64) AppleWebKit/537.36 (KHTML, like Gecko) Chrome/150.0.0.0 Safari/537.36"
64.25.12.168 - - [15/Jul/2026:19:03:57 -0600] "POST /?customize_changeset_uuid=70395c6b-7e2b-49d9-b1fa-01f5d3719907&customize_autosaved=on&customize_preview_nonce=1b315ca137 HTTP/2" 200 145 "https://santabootshop.com/?customize_changeset_uuid=70395c6b-7e2b-49d9-b1fa-01f5d3719907&customize_theme=astra&customize_messenger_channel=preview-0" "Mozilla/5.0 (Windows NT 10.0; Win64; x64) AppleWebKit/537.36 (KHTML, like Gecko) Chrome/150.0.0.0 Safari/537.36"
64.25.12.168 - - [15/Jul/2026:19:04:01 -0600] "POST /?customize_changeset_uuid=70395c6b-7e2b-49d9-b1fa-01f5d3719907&customize_autosaved=on&customize_preview_nonce=1b315ca137 HTTP/2" 200 0 "https://santabootshop.com/?customize_changeset_uuid=70395c6b-7e2b-49d9-b1fa-01f5d3719907&customize_theme=astra&customize_messenger_channel=preview-0" "Mozilla/5.0 (Windows NT 10.0; Win64; x64) AppleWebKit/537.36 (KHTML, like Gecko) Chrome/150.0.0.0 Safari/537.36"
64.25.12.168 - - [15/Jul/2026:19:04:02 -0600] "POST /?customize_changeset_uuid=70395c6b-7e2b-49d9-b1fa-01f5d3719907&customize_autosaved=on&customize_preview_nonce=1b315ca137 HTTP/2" 200 0 "https://santabootshop.com/?customize_changeset_uuid=70395c6b-7e2b-49d9-b1fa-01f5d3719907&customize_theme=astra&customize_messenger_channel=preview-0" "Mozilla/5.0 (Windows NT 10.0; Win64; x64) AppleWebKit/537.36 (KHTML, like Gecko) Chrome/150.0.0.0 Safari/537.36"
64.25.12.168 - - [15/Jul/2026:19:04:03 -0600] "POST /?customize_changeset_uuid=70395c6b-7e2b-49d9-b1fa-01f5d3719907&customize_autosaved=on&customize_preview_nonce=1b315ca137 HTTP/2" 200 0 "https://santabootshop.com/?customize_changeset_uuid=70395c6b-7e2b-49d9-b1fa-01f5d3719907&customize_theme=astra&customize_messenger_channel=preview-0" "Mozilla/5.0 (Windows NT 10.0; Win64; x64) AppleWebKit/537.36 (KHTML, like Gecko) Chrome/150.0.0.0 Safari/537.36"
64.25.12.168 - - [15/Jul/2026:19:04:04 -0600] "POST /?customize_changeset_uuid=70395c6b-7e2b-49d9-b1fa-01f5d3719907&customize_autosaved=on&customize_preview_nonce=1b315ca137 HTTP/2" 200 0 "https://santabootshop.com/?customize_changeset_uuid=70395c6b-7e2b-49d9-b1fa-01f5d3719907&customize_theme=astra&customize_messenger_channel=preview-0" "Mozilla/5.0 (Windows NT 10.0; Win64; x64) AppleWebKit/537.36 (KHTML, like Gecko) Chrome/150.0.0.0 Safari/537.36"
64.25.12.168 - - [15/Jul/2026:19:04:04 -0600] "POST /?customize_changeset_uuid=70395c6b-7e2b-49d9-b1fa-01f5d3719907&customize_autosaved=on&customize_preview_nonce=1b315ca137 HTTP/2" 200 0 "https://santabootshop.com/?customize_changeset_uuid=70395c6b-7e2b-49d9-b1fa-01f5d3719907&customize_theme=astra&customize_messenger_channel=preview-0" "Mozilla/5.0 (Windows NT 10.0; Win64; x64) AppleWebKit/537.36 (KHTML, like Gecko) Chrome/150.0.0.0 Safari/537.36"
64.25.12.168 - - [15/Jul/2026:19:04:05 -0600] "POST /?customize_changeset_uuid=70395c6b-7e2b-49d9-b1fa-01f5d3719907&customize_autosaved=on&customize_preview_nonce=1b315ca137 HTTP/2" 200 159 "https://santabootshop.com/?customize_changeset_uuid=70395c6b-7e2b-49d9-b1fa-01f5d3719907&customize_theme=astra&customize_messenger_channel=preview-0" "Mozilla/5.0 (Windows NT 10.0; Win64; x64) AppleWebKit/537.36 (KHTML, like Gecko) Chrome/150.0.0.0 Safari/537.36"
64.25.12.168 - - [15/Jul/2026:19:04:08 -0600] "POST /?customize_changeset_uuid=70395c6b-7e2b-49d9-b1fa-01f5d3719907&customize_autosaved=on&customize_preview_nonce=1b315ca137 HTTP/2" 200 159 "https://santabootshop.com/?customize_changeset_uuid=70395c6b-7e2b-49d9-b1fa-01f5d3719907&customize_theme=astra&customize_messenger_channel=preview-0" "Mozilla/5.0 (Windows NT 10.0; Win64; x64) AppleWebKit/537.36 (KHTML, like Gecko) Chrome/150.0.0.0 Safari/537.36"
64.25.12.168 - - [15/Jul/2026:19:04:09 -0600] "POST /wp-admin/admin-ajax.php HTTP/2" 200 107 "https://santabootshop.com/wp-admin/customize.php?return=%2Fwp-admin%2Fedit.php%3Fpost_type%3Dpage" "Mozilla/5.0 (Windows NT 10.0; Win64; x64) AppleWebKit/537.36 (KHTML, like Gecko) Chrome/150.0.0.0 Safari/537.36"
64.25.12.168 - - [15/Jul/2026:19:04:10 -0600] "POST /?customize_changeset_uuid=70395c6b-7e2b-49d9-b1fa-01f5d3719907&customize_autosaved=on&customize_preview_nonce=1b315ca137 HTTP/2" 200 165 "https://santabootshop.com/?customize_changeset_uuid=70395c6b-7e2b-49d9-b1fa-01f5d3719907&customize_theme=astra&customize_messenger_channel=preview-0" "Mozilla/5.0 (Windows NT 10.0; Win64; x64) AppleWebKit/537.36 (KHTML, like Gecko) Chrome/150.0.0.0 Safari/537.36"
64.25.12.168 - - [15/Jul/2026:19:04:17 -0600] "POST /wp-admin/admin-ajax.php HTTP/2" 200 51 "https://santabootshop.com/wp-admin/customize.php?return=%2Fwp-admin%2Fedit.php%3Fpost_type%3Dpage" "Mozilla/5.0 (Windows NT 10.0; Win64; x64) AppleWebKit/537.36 (KHTML, like Gecko) Chrome/150.0.0.0 Safari/537.36"
64.25.12.168 - - [15/Jul/2026:19:04:25 -0600] "POST /?customize_changeset_uuid=70395c6b-7e2b-49d9-b1fa-01f5d3719907&customize_autosaved=on&customize_preview_nonce=1b315ca137 HTTP/2" 200 176 "https://santabootshop.com/?customize_changeset_uuid=70395c6b-7e2b-49d9-b1fa-01f5d3719907&customize_theme=astra&customize_messenger_channel=preview-0" "Mozilla/5.0 (Windows NT 10.0; Win64; x64) AppleWebKit/537.36 (KHTML, like Gecko) Chrome/150.0.0.0 Safari/537.36"
64.25.12.168 - - [15/Jul/2026:19:04:35 -0600] "POST /?customize_changeset_uuid=70395c6b-7e2b-49d9-b1fa-01f5d3719907&customize_autosaved=on&customize_preview_nonce=1b315ca137 HTTP/2" 200 178 "https://santabootshop.com/?customize_changeset_uuid=70395c6b-7e2b-49d9-b1fa-01f5d3719907&customize_theme=astra&customize_messenger_channel=preview-0" "Mozilla/5.0 (Windows NT 10.0; Win64; x64) AppleWebKit/537.36 (KHTML, like Gecko) Chrome/150.0.0.0 Safari/537.36"
64.25.12.168 - - [15/Jul/2026:19:04:47 -0600] "POST /?customize_changeset_uuid=70395c6b-7e2b-49d9-b1fa-01f5d3719907&customize_autosaved=on&customize_preview_nonce=1b315ca137 HTTP/2" 200 137 "https://santabootshop.com/?customize_changeset_uuid=70395c6b-7e2b-49d9-b1fa-01f5d3719907&customize_theme=astra&customize_messenger_channel=preview-0" "Mozilla/5.0 (Windows NT 10.0; Win64; x64) AppleWebKit/537.36 (KHTML, like Gecko) Chrome/150.0.0.0 Safari/537.36"
64.25.12.168 - - [15/Jul/2026:19:05:09 -0600] "POST /wp-admin/admin-ajax.php HTTP/2" 200 107 "https://santabootshop.com/wp-admin/customize.php?return=%2Fwp-admin%2Fedit.php%3Fpost_type%3Dpage" "Mozilla/5.0 (Windows NT 10.0; Win64; x64) AppleWebKit/537.36 (KHTML, like Gecko) Chrome/150.0.0.0 Safari/537.36"
64.25.12.168 - - [15/Jul/2026:19:05:12 -0600] "POST /wp-admin/admin-ajax.php HTTP/2" 200 133 "https://santabootshop.com/wp-admin/customize.php?return=%2Fwp-admin%2Fedit.php%3Fpost_type%3Dpage" "Mozilla/5.0 (Windows NT 10.0; Win64; x64) AppleWebKit/537.36 (KHTML, like Gecko) Chrome/150.0.0.0 Safari/537.36"
64.25.12.168 - - [15/Jul/2026:19:05:20 -0600] "POST /wp-admin/admin-ajax.php HTTP/2" 200 51 "https://santabootshop.com/wp-admin/customize.php?return=%2Fwp-admin%2Fedit.php%3Fpost_type%3Dpage" "Mozilla/5.0 (Windows NT 10.0; Win64; x64) AppleWebKit/537.36 (KHTML, like Gecko) Chrome/150.0.0.0 Safari/537.36"
64.25.12.168 - - [15/Jul/2026:19:05:33 -0600] "POST /wp-admin/admin-ajax.php HTTP/2" 200 0 "https://santabootshop.com/wp-admin/customize.php?return=%2Fwp-admin%2Fedit.php%3Fpost_type%3Dpage" "Mozilla/5.0 (Windows NT 10.0; Win64; x64) AppleWebKit/537.36 (KHTML, like Gecko) Chrome/150.0.0.0 Safari/537.36"
64.25.12.168 - - [15/Jul/2026:19:05:34 -0600] "GET /wp-admin/edit.php?post_type=page HTTP/2" 200 32939 "https://santabootshop.com/wp-admin/customize.php?return=%2Fwp-admin%2Fedit.php%3Fpost_type%3Dpage" "Mozilla/5.0 (Windows NT 10.0; Win64; x64) AppleWebKit/537.36 (KHTML, like Gecko) Chrome/150.0.0.0 Safari/537.36"
64.25.12.168 - - [15/Jul/2026:19:05:39 -0600] "POST /wp-admin/admin-ajax.php HTTP/2" 200 51 "https://santabootshop.com/wp-admin/edit.php?post_type=page" "Mozilla/5.0 (Windows NT 10.0; Win64; x64) AppleWebKit/537.36 (KHTML, like Gecko) Chrome/150.0.0.0 Safari/537.36"
64.25.12.168 - - [15/Jul/2026:19:05:43 -0600] "GET /favicon.ico HTTP/2" 404 1251 "https://santabootshop.com/wp-admin/edit.php?post_type=page" "Mozilla/5.0 (Windows NT 10.0; Win64; x64) AppleWebKit/537.36 (KHTML, like Gecko) Chrome/150.0.0.0 Safari/537.36"
64.25.12.168 - - [15/Jul/2026:19:05:47 -0600] "GET /wp-admin/plugins.php HTTP/2" 200 39670 "https://santabootshop.com/wp-admin/edit.php?post_type=page" "Mozilla/5.0 (Windows NT 10.0; Win64; x64) AppleWebKit/537.36 (KHTML, like Gecko) Chrome/150.0.0.0 Safari/537.36"
64.25.12.168 - - [15/Jul/2026:19:05:49 -0600] "POST /wp-admin/admin-ajax.php HTTP/2" 200 0 "https://santabootshop.com/wp-admin/edit.php?post_type=page" "Mozilla/5.0 (Windows NT 10.0; Win64; x64) AppleWebKit/537.36 (KHTML, like Gecko) Chrome/150.0.0.0 Safari/537.36"
64.25.12.168 - - [15/Jul/2026:19:05:50 -0600] "GET /wp-content/plugins/elementor/assets/js/admin-feedback.min.js?ver=4.1.5 HTTP/2" 200 747 "https://santabootshop.com/wp-admin/plugins.php" "Mozilla/5.0 (Windows NT 10.0; Win64; x64) AppleWebKit/537.36 (KHTML, like Gecko) Chrome/150.0.0.0 Safari/537.36"
64.25.12.168 - - [15/Jul/2026:19:06:02 -0600] "GET /favicon.ico HTTP/1.1" 404 1251 "-" "WinHTTP Example/1.0"
64.25.12.168 - - [15/Jul/2026:19:06:02 -0600] "POST /wp-admin/admin-ajax.php HTTP/2" 200 152 "https://santabootshop.com/wp-admin/plugins.php" "Mozilla/5.0 (Windows NT 10.0; Win64; x64) AppleWebKit/537.36 (KHTML, like Gecko) Chrome/150.0.0.0 Safari/537.36"
64.25.12.168 - - [15/Jul/2026:19:06:04 -0600] "GET /favicon.ico HTTP/2" 404 1251 "https://santabootshop.com/wp-admin/plugins.php" "Mozilla/5.0 (Windows NT 10.0; Win64; x64) AppleWebKit/537.36 (KHTML, like Gecko) Chrome/150.0.0.0 Safari/537.36"
64.25.12.168 - - [15/Jul/2026:19:06:08 -0600] "GET /favicon.ico HTTP/1.1" 404 1251 "-" "WinHTTP Example/1.0"
64.25.12.168 - - [15/Jul/2026:19:06:52 -0600] "POST /wp-admin/admin-ajax.php HTTP/2" 200 51 "https://santabootshop.com/wp-admin/plugins.php" "Mozilla/5.0 (Windows NT 10.0; Win64; x64) AppleWebKit/537.36 (KHTML, like Gecko) Chrome/150.0.0.0 Safari/537.36"
64.25.12.168 - - [15/Jul/2026:19:07:52 -0600] "POST /wp-admin/admin-ajax.php HTTP/2" 200 51 "https://santabootshop.com/wp-admin/plugins.php" "Mozilla/5.0 (Windows NT 10.0; Win64; x64) AppleWebKit/537.36 (KHTML, like Gecko) Chrome/150.0.0.0 Safari/537.36"
64.25.12.168 - - [15/Jul/2026:19:08:52 -0600] "POST /wp-admin/admin-ajax.php HTTP/2" 200 51 "https://santabootshop.com/wp-admin/plugins.php" "Mozilla/5.0 (Windows NT 10.0; Win64; x64) AppleWebKit/537.36 (KHTML, like Gecko) Chrome/150.0.0.0 Safari/537.36"
64.25.12.168 - - [15/Jul/2026:19:09:32 -0600] "GET /deposit/ HTTP/2" 200 30931 "https://santabootshop.com/elf-shoes/" "Mozilla/5.0 (Windows NT 10.0; Win64; x64) AppleWebKit/537.36 (KHTML, like Gecko) Chrome/150.0.0.0 Safari/537.36"
64.25.12.168 - - [15/Jul/2026:19:09:33 -0600] "GET /wp-content/uploads/astra-addon/astra-addon-6a582e4b0fbb51-14147351.css?ver=4.11.0 HTTP/2" 200 2401 "https://santabootshop.com/deposit/" "Mozilla/5.0 (Windows NT 10.0; Win64; x64) AppleWebKit/537.36 (KHTML, like Gecko) Chrome/150.0.0.0 Safari/537.36"
64.25.12.168 - - [15/Jul/2026:19:09:33 -0600] "GET /wp-content/uploads/elementor/css/post-23.css?ver=1784164139 HTTP/2" 200 339 "https://santabootshop.com/deposit/" "Mozilla/5.0 (Windows NT 10.0; Win64; x64) AppleWebKit/537.36 (KHTML, like Gecko) Chrome/150.0.0.0 Safari/537.36"
64.25.12.168 - - [15/Jul/2026:19:09:33 -0600] "GET /wp-content/uploads/elementor/css/post-2428.css?ver=1784164173 HTTP/2" 200 337 "https://santabootshop.com/deposit/" "Mozilla/5.0 (Windows NT 10.0; Win64; x64) AppleWebKit/537.36 (KHTML, like Gecko) Chrome/150.0.0.0 Safari/537.36"
64.25.12.168 - - [15/Jul/2026:19:09:34 -0600] "GET /wp-content/uploads/astra-addon/astra-addon-6a582e4b125626-15343435.js?ver=4.11.0 HTTP/2" 200 2596 "https://santabootshop.com/deposit/" "Mozilla/5.0 (Windows NT 10.0; Win64; x64) AppleWebKit/537.36 (KHTML, like Gecko) Chrome/150.0.0.0 Safari/537.36"
198.175.150.9 - - [15/Jul/2026:18:00:13 -0600] "POST /wp-cron.php?doing_wp_cron=1784160013.8592660427093505859375 HTTP/1.1" 200 0 "-" "WordPress/7.0.1; https://santabootshop.com"
148.113.128.127 - - [15/Jul/2026:18:07:32 -0600] "GET /robots.txt HTTP/2" 200 100 "-" "Mozilla/5.0 (compatible; AhrefsBot/7.0; +http://ahrefs.com/robot/)"
54.39.0.117 - - [15/Jul/2026:18:07:37 -0600] "GET /wp-sitemap-posts-post-1.xml HTTP/2" 200 240 "-" "Mozilla/5.0 (compatible; AhrefsBot/7.0; +http://ahrefs.com/robot/)"
51.161.65.45 - - [15/Jul/2026:18:07:41 -0600] "GET /wp-sitemap-taxonomies-category-1.xml HTTP/2" 200 203 "-" "Mozilla/5.0 (compatible; AhrefsBot/7.0; +http://ahrefs.com/robot/)"
54.39.136.101 - - [15/Jul/2026:18:07:43 -0600] "GET /wp-sitemap-users-1.xml HTTP/2" 200 171 "-" "Mozilla/5.0 (compatible; AhrefsBot/7.0; +http://ahrefs.com/robot/)"
198.175.150.9 - - [15/Jul/2026:18:09:04 -0600] "POST /wp-cron.php?doing_wp_cron=1784160544.2502369880676269531250 HTTP/1.1" 200 0 "-" "WordPress/7.0.1; https://santabootshop.com"
64.25.12.168 - - [15/Jul/2026:18:23:24 -0600] "GET /favicon.ico HTTP/1.1" 404 1251 "-" "WinHTTP Example/1.0"
64.25.12.168 - - [15/Jul/2026:18:24:53 -0600] "GET /favicon.ico HTTP/1.1" 404 1251 "-" "WinHTTP Example/1.0"
64.25.12.168 - - [15/Jul/2026:18:28:44 -0600] "GET /favicon.ico HTTP/1.1" 404 1251 "-" "WinHTTP Example/1.0"
64.25.12.168 - - [15/Jul/2026:18:29:01 -0600] "GET /favicon.ico HTTP/1.1" 404 1251 "-" "WinHTTP Example/1.0"
64.25.12.168 - - [15/Jul/2026:18:29:13 -0600] "GET /favicon.ico HTTP/1.1" 404 1251 "-" "WinHTTP Example/1.0"
64.25.12.168 - - [15/Jul/2026:18:36:22 -0600] "GET /favicon.ico HTTP/1.1" 404 1251 "-" "WinHTTP Example/1.0"
64.25.12.168 - - [15/Jul/2026:18:42:03 -0600] "GET /favicon.ico HTTP/1.1" 404 1251 "-" "WinHTTP Example/1.0"
64.25.12.168 - - [15/Jul/2026:18:47:37 -0600] "GET /favicon.ico HTTP/1.1" 404 1251 "-" "WinHTTP Example/1.0"
64.25.12.168 - - [15/Jul/2026:18:48:21 -0600] "GET /favicon.ico HTTP/1.1" 404 1251 "-" "WinHTTP Example/1.0"
64.25.12.168 - - [15/Jul/2026:18:51:09 -0600] "GET /favicon.ico HTTP/1.1" 404 1251 "-" "WinHTTP Example/1.0"
64.25.12.168 - - [15/Jul/2026:18:56:08 -0600] "GET /favicon.ico HTTP/1.1" 404 1251 "-" "WinHTTP Example/1.0"
64.25.12.168 - - [15/Jul/2026:18:56:17 -0600] "GET /favicon.ico HTTP/1.1" 404 1251 "-" "WinHTTP Example/1.0"
64.25.12.168 - - [15/Jul/2026:18:58:51 -0600] "GET /favicon.ico HTTP/1.1" 404 1251 "-" "WinHTTP Example/1.0"
64.25.12.168 - - [15/Jul/2026:18:59:07 -0600] "GET /favicon.ico HTTP/1.1" 404 1251 "-" "WinHTTP Example/1.0"
64.25.12.168 - - [15/Jul/2026:18:59:31 -0600] "GET /favicon.ico HTTP/1.1" 404 1251 "-" "WinHTTP Example/1.0"
64.25.12.168 - - [15/Jul/2026:19:00:01 -0600] "GET /favicon.ico HTTP/1.1" 404 1251 "-" "WinHTTP Example/1.0"
64.25.12.168 - - [15/Jul/2026:19:01:07 -0600] "GET /favicon.ico HTTP/1.1" 404 1251 "-" "WinHTTP Example/1.0"
34.76.89.250 - - [15/Jul/2026:19:05:20 -0600] "GET / HTTP/1.1" 200 24401 "-" "Mozilla/5.0 (Macintosh; Intel Mac OS X 10_15_7) AppleWebKit/537.36 (KHTML, like Gecko) Chrome/125.0.0.0 Safari/537.36"
198.175.150.9 - - [15/Jul/2026:19:09:33 -0600] "POST /wp-cron.php?doing_wp_cron=1784164173.5333099365234375000000 HTTP/1.1" 200 0 "-" "WordPress/7.0.1; https://santabootshop.com"
167.114.139.238 - - [15/Jul/2026:19:39:49 -0600] "GET /wp-sitemap-posts-post-1.xml HTTP/2" 200 240 "-" "Mozilla/5.0 (compatible; AhrefsBot/7.0; +http://ahrefs.com/robot/)"
142.44.228.253 - - [15/Jul/2026:19:39:53 -0600] "GET /wp-sitemap-taxonomies-category-1.xml HTTP/2" 200 203 "-" "Mozilla/5.0 (compatible; AhrefsBot/7.0; +http://ahrefs.com/robot/)"
64.25.12.168 - - [15/Jul/2026:17:56:03 -0600] "POST /wp-admin/admin-ajax.php HTTP/2" 200 70 "https://santabootshop.com/wp-admin/post.php?post=1021&action=elementor" "Mozilla/5.0 (Windows NT 10.0; Win64; x64) AppleWebKit/537.36 (KHTML, like Gecko) Chrome/150.0.0.0 Safari/537.36"
198.175.150.9 - - [15/Jul/2026:17:59:13 -0600] "POST /wp-cron.php?doing_wp_cron=1784159953.5151100158691406250000 HTTP/1.1" 200 0 "-" "WordPress/7.0.1; https://santabootshop.com"
198.175.150.9 - - [15/Jul/2026:18:14:45 -0600] "POST /wp-cron.php?doing_wp_cron=1784160885.2538230419158935546875 HTTP/1.1" 200 0 "-" "WordPress/7.0.1; https://santabootshop.com"
64.25.12.168 - - [15/Jul/2026:18:25:09 -0600] "GET /favicon.ico HTTP/1.1" 404 1251 "-" "WinHTTP Example/1.0"
198.175.150.9 - - [15/Jul/2026:18:30:23 -0600] "POST /wp-cron.php?doing_wp_cron=1784161823.9174139499664306640625 HTTP/1.1" 200 0 "-" "WordPress/7.0.1; https://santabootshop.com"
64.25.12.168 - - [15/Jul/2026:18:31:47 -0600] "GET /favicon.ico HTTP/1.1" 404 1251 "-" "WinHTTP Example/1.0"
64.25.12.168 - - [15/Jul/2026:18:32:36 -0600] "GET /favicon.ico HTTP/1.1" 404 1251 "-" "WinHTTP Example/1.0"
64.25.12.168 - - [15/Jul/2026:18:37:55 -0600] "GET /favicon.ico HTTP/1.1" 404 1251 "-" "WinHTTP Example/1.0"
64.25.12.168 - - [15/Jul/2026:18:37:58 -0600] "GET /favicon.ico HTTP/1.1" 404 1251 "-" "WinHTTP Example/1.0"
64.25.12.168 - - [15/Jul/2026:18:45:36 -0600] "GET /favicon.ico HTTP/1.1" 404 1251 "-" "WinHTTP Example/1.0"
64.25.12.168 - - [15/Jul/2026:18:46:04 -0600] "GET /favicon.ico HTTP/1.1" 404 1251 "-" "WinHTTP Example/1.0"
64.25.12.168 - - [15/Jul/2026:18:46:55 -0600] "GET /favicon.ico HTTP/1.1" 404 1251 "-" "WinHTTP Example/1.0"
64.25.12.168 - - [15/Jul/2026:18:47:06 -0600] "GET /favicon.ico HTTP/1.1" 404 1251 "-" "WinHTTP Example/1.0"
64.25.12.168 - - [15/Jul/2026:18:47:18 -0600] "GET /favicon.ico HTTP/1.1" 404 1251 "-" "WinHTTP Example/1.0"
64.25.12.168 - - [15/Jul/2026:18:47:47 -0600] "GET /favicon.ico HTTP/1.1" 404 1251 "-" "WinHTTP Example/1.0"
64.25.12.168 - - [15/Jul/2026:18:50:31 -0600] "GET /favicon.ico HTTP/1.1" 404 1251 "-" "WinHTTP Example/1.0"
64.25.12.168 - - [15/Jul/2026:18:52:12 -0600] "GET /favicon.ico HTTP/1.1" 404 1251 "-" "WinHTTP Example/1.0"
64.25.12.168 - - [15/Jul/2026:18:54:27 -0600] "GET /favicon.ico HTTP/1.1" 404 1251 "-" "WinHTTP Example/1.0"
43.134.94.96 - - [15/Jul/2026:19:08:58 -0600] "GET / HTTP/1.1" 200 28333 "http://santabootshop.com" "Mozilla/5.0 (iPhone; CPU iPhone OS 13_2_3 like Mac OS X) AppleWebKit/605.1.15 (KHTML, like Gecko) Version/13.0.3 Mobile/15E148 Safari/604.1"
74.7.244.22 - - [15/Jul/2026:17:55:17 -0600] "GET /robots.txt HTTP/2" 200 100 "-" "Mozilla/5.0 (Macintosh; Intel Mac OS X 10_15_7) AppleWebKit/537.36 (KHTML, like Gecko) Chrome/131.0.0.0 Safari/537.36; compatible; OAI-SearchBot/1.4; robots.txt; +https://openai.com/searchbot"
142.44.233.55 - - [15/Jul/2026:18:07:34 -0600] "GET /wp-sitemap.xml HTTP/2" 200 194 "-" "Mozilla/5.0 (compatible; AhrefsBot/7.0; +http://ahrefs.com/robot/)"
64.25.12.168 - - [15/Jul/2026:18:23:40 -0600] "GET /favicon.ico HTTP/1.1" 404 1251 "-" "WinHTTP Example/1.0"
64.25.12.168 - - [15/Jul/2026:18:32:56 -0600] "GET /favicon.ico HTTP/1.1" 404 1251 "-" "WinHTTP Example/1.0"
64.25.12.168 - - [15/Jul/2026:18:41:36 -0600] "GET /favicon.ico HTTP/1.1" 404 1251 "-" "WinHTTP Example/1.0"
64.25.12.168 - - [15/Jul/2026:18:46:44 -0600] "GET /favicon.ico HTTP/1.1" 404 1251 "-" "WinHTTP Example/1.0"
64.25.12.168 - - [15/Jul/2026:18:49:17 -0600] "GET /favicon.ico HTTP/1.1" 404 1251 "-" "WinHTTP Example/1.0"
64.25.12.168 - - [15/Jul/2026:18:50:43 -0600] "GET /favicon.ico HTTP/1.1" 404 1251 "-" "WinHTTP Example/1.0"
64.25.12.168 - - [15/Jul/2026:18:51:24 -0600] "GET /favicon.ico HTTP/1.1" 404 1251 "-" "WinHTTP Example/1.0"
64.25.12.168 - - [15/Jul/2026:18:53:49 -0600] "GET /favicon.ico HTTP/1.1" 404 1251 "-" "WinHTTP Example/1.0"
64.25.12.168 - - [15/Jul/2026:18:55:03 -0600] "GET /favicon.ico HTTP/1.1" 404 1251 "-" "WinHTTP Example/1.0"
64.25.12.168 - - [15/Jul/2026:18:55:14 -0600] "GET /favicon.ico HTTP/1.1" 404 1251 "-" "WinHTTP Example/1.0"
64.25.12.168 - - [15/Jul/2026:18:56:49 -0600] "GET /favicon.ico HTTP/1.1" 404 1251 "-" "WinHTTP Example/1.0"
64.25.12.168 - - [15/Jul/2026:19:10:51 -0600] "GET /favicon.ico HTTP/1.1" 404 1251 "-" "WinHTTP Example/1.0"
64.25.12.168 - - [15/Jul/2026:19:12:38 -0600] "POST /wp-admin/admin-ajax.php HTTP/2" 200 51 "https://santabootshop.com/wp-admin/plugins.php" "Mozilla/5.0 (Windows NT 10.0; Win64; x64) AppleWebKit/537.36 (KHTML, like Gecko) Chrome/150.0.0.0 Safari/537.36"
198.175.150.9 - - [15/Jul/2026:19:39:47 -0600] "POST /wp-cron.php?doing_wp_cron=1784165987.8429920673370361328125 HTTP/1.1" 200 0 "-" "WordPress/7.0.1; https://santabootshop.com"
54.39.203.145 - - [15/Jul/2026:19:39:47 -0600] "GET /wp-sitemap.xml HTTP/2" 200 194 "-" "Mozilla/5.0 (compatible; AhrefsBot/7.0; +http://ahrefs.com/robot/)"
64.25.12.168 - - [15/Jul/2026:19:10:00 -0600] "GET / HTTP/2" 200 32837 "https://santabootshop.com/deposit/" "Mozilla/5.0 (Windows NT 10.0; Win64; x64) AppleWebKit/537.36 (KHTML, like Gecko) Chrome/150.0.0.0 Safari/537.36"
64.25.12.168 - - [15/Jul/2026:19:10:02 -0600] "GET /wp-content/uploads/elementor/css/post-1021.css?ver=1784164139 HTTP/2" 200 1218 "https://santabootshop.com/" "Mozilla/5.0 (Windows NT 10.0; Win64; x64) AppleWebKit/537.36 (KHTML, like Gecko) Chrome/150.0.0.0 Safari/537.36"
64.25.12.168 - - [15/Jul/2026:19:10:42 -0600] "GET /santa-boots/ HTTP/2" 200 67186 "https://santabootshop.com/" "Mozilla/5.0 (Windows NT 10.0; Win64; x64) AppleWebKit/537.36 (KHTML, like Gecko) Chrome/150.0.0.0 Safari/537.36"
64.25.12.168 - - [15/Jul/2026:19:10:43 -0600] "GET /wp-content/uploads/elementor/css/post-2288.css?ver=1784164243 HTTP/2" 200 887 "https://santabootshop.com/santa-boots/" "Mozilla/5.0 (Windows NT 10.0; Win64; x64) AppleWebKit/537.36 (KHTML, like Gecko) Chrome/150.0.0.0 Safari/537.36"
64.25.12.168 - - [15/Jul/2026:19:10:47 -0600] "GET /favicon.ico HTTP/2" 404 1251 "https://santabootshop.com/santa-boots/" "Mozilla/5.0 (Windows NT 10.0; Win64; x64) AppleWebKit/537.36 (KHTML, like Gecko) Chrome/150.0.0.0 Safari/537.36"
64.25.12.168 - - [15/Jul/2026:19:10:53 -0600] "POST /wp-admin/admin-ajax.php HTTP/2" 200 51 "https://santabootshop.com/wp-admin/plugins.php" "Mozilla/5.0 (Windows NT 10.0; Win64; x64) AppleWebKit/537.36 (KHTML, like Gecko) Chrome/150.0.0.0 Safari/537.36"
64.25.12.168 - - [15/Jul/2026:19:10:55 -0600] "GET / HTTP/2" 200 32839 "https://santabootshop.com/deposit/" "Mozilla/5.0 (Windows NT 10.0; Win64; x64) AppleWebKit/537.36 (KHTML, like Gecko) Chrome/150.0.0.0 Safari/537.36"
198.175.150.9 - - [15/Jul/2026:19:39:47 -0600] "POST /wp-cron.php?doing_wp_cron=1784165987.8197159767150878906250 HTTP/1.1" 200 0 "-" "WordPress/7.0.1; https://santabootshop.com"
198.175.150.9 - - [15/Jul/2026:19:39:47 -0600] "POST /wp-cron.php?doing_wp_cron=1784165987.8654570579528808593750 HTTP/1.1" 200 0 "-" "WordPress/7.0.1; https://santabootshop.com"
15.235.27.193 - - [15/Jul/2026:19:39:51 -0600] "GET /wp-sitemap-posts-page-1.xml HTTP/2" 200 349 "-" "Mozilla/5.0 (compatible; AhrefsBot/7.0; +http://ahrefs.com/robot/)"
142.44.233.102 - - [15/Jul/2026:19:39:55 -0600] "GET /wp-sitemap-users-1.xml HTTP/2" 200 171 "-" "Mozilla/5.0 (compatible; AhrefsBot/7.0; +http://ahrefs.com/robot/)"
43.165.125.66 - - [15/Jul/2026:20:03:00 -0600] "GET / HTTP/1.1" 200 28333 "http://www.santabootshop.com" "Mozilla/5.0 (iPhone; CPU iPhone OS 13_2_3 like Mac OS X) AppleWebKit/605.1.15 (KHTML, like Gecko) Version/13.0.3 Mobile/15E148 Safari/604.1"
49.51.245.241 - - [15/Jul/2026:20:06:29 -0600] "GET / HTTP/1.1" 200 28333 "http://santabootshop.com" "Mozilla/5.0 (iPhone; CPU iPhone OS 13_2_3 like Mac OS X) AppleWebKit/605.1.15 (KHTML, like Gecko) Version/13.0.3 Mobile/15E148 Safari/604.1"
198.175.150.9 - - [15/Jul/2026:20:44:58 -0600] "POST /wp-cron.php?doing_wp_cron=1784169898.8493270874023437500000 HTTP/1.1" 200 0 "-" "WordPress/7.0.1; https://santabootshop.com"
198.175.150.9 - - [15/Jul/2026:20:44:58 -0600] "POST /wp-cron.php?doing_wp_cron=1784169898.8839089870452880859375 HTTP/1.1" 200 0 "-" "WordPress/7.0.1; https://santabootshop.com"
34.142.221.169 - - [15/Jul/2026:20:44:58 -0600] "GET /components/com_sppagebuilder/assets/css/sppagebuilder.css HTTP/1.1" 404 100393 "https://santabootshop.com/" "Mozilla/5.0 (Macintosh; Intel Mac OS X 10_15_7) AppleWebKit/537.36 (KHTML, like Gecko) Chrome/120.0.0.0 Safari/537.36"
198.175.150.9 - - [15/Jul/2026:20:44:59 -0600] "POST /wp-cron.php?doing_wp_cron=1784169899.2653241157531738281250 HTTP/1.1" 200 0 "-" "WordPress/7.0.1; https://santabootshop.com"
47.254.92.190 - - [15/Jul/2026:20:46:18 -0600] "GET / HTTP/1.1" 200 28333 "http://www.santabootshop.com" "Mozilla/5.0 (iPhone; CPU iPhone OS 13_2_3 like Mac OS X) AppleWebKit/605.1.15 (KHTML, like Gecko) Version/13.0.3 Mobile/15E148 Safari/604.1"
34.76.89.250 - - [15/Jul/2026:20:51:08 -0600] "GET / HTTP/1.1" 200 24400 "-" "Mozilla/5.0 (Macintosh; Intel Mac OS X 10_15_7) AppleWebKit/537.36 (KHTML, like Gecko) Chrome/125.0.0.0 Safari/537.36"
109.243.0.98 - - [15/Jul/2026:20:59:35 -0600] "GET / HTTP/1.1" 200 128168 "-" "Mozilla/5.0 (Windows NT 10.0; WOW64; rv:70.0) Gecko/20100101 Firefox/70.0"
198.175.150.9 - - [15/Jul/2026:20:59:34 -0600] "POST /wp-cron.php?doing_wp_cron=1784170774.5674960613250732421875 HTTP/1.1" 200 0 "-" "WordPress/7.0.1; https://santabootshop.com"
109.243.0.98 - - [15/Jul/2026:20:59:33 -0600] "HEAD / HTTP/1.1" 200 0 "-" "Mozilla/5.0 (Windows NT 6.1; Win64; x64) AppleWebKit/537.36 (KHTML, like Gecko) Chrome/78.0.3904.97 Safari/537.36"
198.175.150.9 - - [15/Jul/2026:21:09:54 -0600] "POST /wp-cron.php?doing_wp_cron=1784171394.6280789375305175781250 HTTP/1.1" 200 0 "-" "WordPress/7.0.1; https://santabootshop.com"
142.44.225.70 - - [15/Jul/2026:21:09:53 -0600] "GET /wp-sitemap.xml HTTP/2" 200 194 "-" "Mozilla/5.0 (compatible; AhrefsBot/7.0; +http://ahrefs.com/robot/)"
51.161.37.74 - - [15/Jul/2026:21:10:00 -0600] "GET /wp-sitemap-taxonomies-category-1.xml HTTP/2" 200 203 "-" "Mozilla/5.0 (compatible; AhrefsBot/7.0; +http://ahrefs.com/robot/)"
51.161.37.255 - - [15/Jul/2026:21:10:02 -0600] "GET /wp-sitemap-users-1.xml HTTP/2" 200 171 "-" "Mozilla/5.0 (compatible; AhrefsBot/7.0; +http://ahrefs.com/robot/)"
51.161.65.147 - - [15/Jul/2026:21:09:56 -0600] "GET /wp-sitemap-posts-post-1.xml HTTP/2" 200 240 "-" "Mozilla/5.0 (compatible; AhrefsBot/7.0; +http://ahrefs.com/robot/)"
54.39.203.76 - - [15/Jul/2026:21:09:58 -0600] "GET /wp-sitemap-posts-page-1.xml HTTP/2" 200 349 "-" "Mozilla/5.0 (compatible; AhrefsBot/7.0; +http://ahrefs.com/robot/)"
49.233.45.47 - - [15/Jul/2026:21:18:23 -0600] "GET / HTTP/1.1" 200 28333 "http://santabootshop.com" "Mozilla/5.0 (iPhone; CPU iPhone OS 13_2_3 like Mac OS X) AppleWebKit/605.1.15 (KHTML, like Gecko) Version/13.0.3 Mobile/15E148 Safari/604.1"
198.175.150.9 - - [15/Jul/2026:22:45:11 -0600] "POST /wp-cron.php?doing_wp_cron=1784177111.4025359153747558593750 HTTP/1.1" 200 0 "-" "WordPress/7.0.1; https://santabootshop.com"
198.175.150.9 - - [15/Jul/2026:22:45:11 -0600] "POST /wp-cron.php?doing_wp_cron=1784177111.4408700466156005859375 HTTP/1.1" 200 0 "-" "WordPress/7.0.1; https://santabootshop.com"
54.39.89.89 - - [15/Jul/2026:22:45:12 -0600] "GET /wp-sitemap-posts-post-1.xml HTTP/2" 200 240 "-" "Mozilla/5.0 (compatible; AhrefsBot/7.0; +http://ahrefs.com/robot/)"
198.175.150.9 - - [15/Jul/2026:22:45:11 -0600] "POST /wp-cron.php?doing_wp_cron=1784177111.3717739582061767578125 HTTP/1.1" 200 0 "-" "WordPress/7.0.1; https://santabootshop.com"
54.39.203.110 - - [15/Jul/2026:22:45:10 -0600] "GET /wp-sitemap.xml HTTP/2" 200 194 "-" "Mozilla/5.0 (compatible; AhrefsBot/7.0; +http://ahrefs.com/robot/)"
15.235.98.27 - - [15/Jul/2026:22:45:14 -0600] "GET /wp-sitemap-posts-page-1.xml HTTP/2" 200 349 "-" "Mozilla/5.0 (compatible; AhrefsBot/7.0; +http://ahrefs.com/robot/)"
51.161.37.235 - - [15/Jul/2026:22:45:16 -0600] "GET /wp-sitemap-taxonomies-category-1.xml HTTP/2" 200 203 "-" "Mozilla/5.0 (compatible; AhrefsBot/7.0; +http://ahrefs.com/robot/)"
51.161.65.42 - - [15/Jul/2026:22:45:19 -0600] "GET /wp-sitemap-users-1.xml HTTP/2" 200 171 "-" "Mozilla/5.0 (compatible; AhrefsBot/7.0; +http://ahrefs.com/robot/)"
34.76.89.250 - - [15/Jul/2026:22:51:52 -0600] "GET / HTTP/1.1" 200 24400 "-" "Mozilla/5.0 (Macintosh; Intel Mac OS X 10_15_7) AppleWebKit/537.36 (KHTML, like Gecko) Chrome/125.0.0.0 Safari/537.36"
142.44.228.69 - - [16/Jul/2026:00:07:17 -0600] "GET /wp-sitemap.xml HTTP/2" 200 0 "-" "Mozilla/5.0 (compatible; AhrefsBot/7.0; +http://ahrefs.com/robot/)"
198.175.150.9 - - [16/Jul/2026:00:49:27 -0600] "POST /wp-cron.php?doing_wp_cron=1784184567.0131700038909912109375 HTTP/1.1" 200 0 "-" "WordPress/7.0.1; https://santabootshop.com"
20.228.106.105 - - [16/Jul/2026:00:49:25 -0600] "GET / HTTP/1.1" 200 24400 "-" "Mozilla/5.0 (Windows NT 10.0; Win64; x64) AppleWebKit/537.36 (KHTML, like Gecko; compatible; BuiltWith/1.4; rb.gy/xprgqj) Chrome/124.0.0.0 Safari/537.36"
20.228.106.105 - - [16/Jul/2026:00:49:28 -0600] "GET /robots.txt HTTP/1.1" 200 100 "-" "Mozilla/5.0 (Windows NT 10.0; Win64; x64) AppleWebKit/537.36 (KHTML, like Gecko; compatible; BuiltWith/1.4; rb.gy/xprgqj) Chrome/124.0.0.0 Safari/537.36"
20.228.106.105 - - [16/Jul/2026:00:49:28 -0600] "GET / HTTP/1.1" 200 24400 "-" "Mozilla/5.0 (Windows NT 10.0; Win64; x64) AppleWebKit/537.36 (KHTML, like Gecko; compatible; BuiltWith/1.4; rb.gy/xprgqj) Chrome/124.0.0.0 Safari/537.36"
20.228.106.105 - - [16/Jul/2026:00:49:29 -0600] "GET /clown-shoes/ HTTP/1.1" 200 23094 "-" "Mozilla/5.0 (Windows NT 10.0; Win64; x64) AppleWebKit/537.36 (KHTML, like Gecko; compatible; BuiltWith/1.4; rb.gy/xprgqj) Chrome/124.0.0.0 Safari/537.36"
