HEX
Server: LiteSpeed
System: Linux node612.namehero.net 4.18.0-553.121.1.lve.el8.x86_64 #1 SMP Thu Apr 30 16:40:41 UTC 2026 x86_64
User: dfwparty (1186)
PHP: 8.3.31
Disabled: NONE
Upload Files
File: /home/dfwparty/logs/petsitter.marketing.dfw.party-ssl_log.bkup
64.23.138.255 - - [01/Jan/2026:05:22:44 -0700] "GET /favicon.ico HTTP/1.1" 404 1251 "https://petsitter.marketing/" "Mozilla/5.0 (X11; Linux x86_64) AppleWebKit/537.36 (KHTML, like Gecko) Chrome/142.0.0.0 Safari/537.36"
198.175.150.9 - - [01/Jan/2026:05:24:58 -0700] "POST /wp-cron.php?doing_wp_cron=1767270298.2077779769897460937500 HTTP/1.1" 200 0 "-" "WordPress/6.9; https://petsitter.marketing"
64.23.138.255 - - [01/Jan/2026:05:22:41 -0700] "GET / HTTP/1.1" 200 23664 "-" "Mozilla/5.0 (X11; Linux x86_64) AppleWebKit/537.36 (KHTML, like Gecko) Chrome/142.0.0.0 Safari/537.36"
47.237.106.163 - - [01/Jan/2026:05:24:57 -0700] "GET / HTTP/1.1" 200 23664 "-" "Go-http-client/1.1"
47.102.44.78 - - [01/Jan/2026:06:19:23 -0700] "GET / HTTP/2" 200 20226 "-" "Mozilla/5.0 (Windows NT 10.0; Win64; x64) AppleWebKit/537.36 (KHTML, like Gecko) Chrome/92.0.4515.107 Safari/537.36"
47.102.44.78 - - [01/Jan/2026:06:19:25 -0700] "GET /wp-content/themes/astra/assets/css/minified/main.min.css?ver=4.11.10 HTTP/2" 200 8475 "https://petsitter.marketing/" "Mozilla/5.0 (Windows NT 10.0; Win64; x64) AppleWebKit/537.36 (KHTML, like Gecko) Chrome/92.0.4515.107 Safari/537.36"
47.102.44.78 - - [01/Jan/2026:06:19:25 -0700] "GET /wp-content/uploads/astra-addon/astra-addon-69513b635f99b3-93111870.css?ver=4.11.13 HTTP/2" 200 2401 "https://petsitter.marketing/" "Mozilla/5.0 (Windows NT 10.0; Win64; x64) AppleWebKit/537.36 (KHTML, like Gecko) Chrome/92.0.4515.107 Safari/537.36"
47.102.44.78 - - [01/Jan/2026:06:19:25 -0700] "GET /wp-content/uploads/elementor/css/post-7.css?ver=1767193829 HTTP/2" 200 339 "https://petsitter.marketing/" "Mozilla/5.0 (Windows NT 10.0; Win64; x64) AppleWebKit/537.36 (KHTML, like Gecko) Chrome/92.0.4515.107 Safari/537.36"
47.102.44.78 - - [01/Jan/2026:06:19:25 -0700] "GET /wp-content/plugins/elementor/assets/lib/font-awesome/css/fontawesome.css?ver=5.15.3 HTTP/2" 200 12526 "https://petsitter.marketing/" "Mozilla/5.0 (Windows NT 10.0; Win64; x64) AppleWebKit/537.36 (KHTML, like Gecko) Chrome/92.0.4515.107 Safari/537.36"
47.102.44.78 - - [01/Jan/2026:06:19:25 -0700] "GET /wp-content/plugins/astra-addon/assets/js/minified/purify.min.js?ver=4.11.13 HTTP/2" 200 8193 "https://petsitter.marketing/" "Mozilla/5.0 (Windows NT 10.0; Win64; x64) AppleWebKit/537.36 (KHTML, like Gecko) Chrome/92.0.4515.107 Safari/537.36"
47.102.44.78 - - [01/Jan/2026:06:19:25 -0700] "GET /wp-content/uploads/elementor/google-fonts/css/robotoslab.css?ver=1755961245 HTTP/2" 200 714 "https://petsitter.marketing/" "Mozilla/5.0 (Windows NT 10.0; Win64; x64) AppleWebKit/537.36 (KHTML, like Gecko) Chrome/92.0.4515.107 Safari/537.36"
47.102.44.78 - - [01/Jan/2026:06:19:25 -0700] "GET /wp-content/plugins/elementor/assets/lib/font-awesome/css/brands.css?ver=5.15.3 HTTP/2" 200 296 "https://petsitter.marketing/" "Mozilla/5.0 (Windows NT 10.0; Win64; x64) AppleWebKit/537.36 (KHTML, like Gecko) Chrome/92.0.4515.107 Safari/537.36"
47.102.44.78 - - [01/Jan/2026:06:19:25 -0700] "GET /wp-content/uploads/elementor/google-fonts/css/roboto.css?ver=1755961269 HTTP/2" 200 1857 "https://petsitter.marketing/" "Mozilla/5.0 (Windows NT 10.0; Win64; x64) AppleWebKit/537.36 (KHTML, like Gecko) Chrome/92.0.4515.107 Safari/537.36"
47.102.44.78 - - [01/Jan/2026:06:19:25 -0700] "GET /wp-content/plugins/elementor/assets/lib/font-awesome/css/solid.css?ver=5.15.3 HTTP/2" 200 296 "https://petsitter.marketing/" "Mozilla/5.0 (Windows NT 10.0; Win64; x64) AppleWebKit/537.36 (KHTML, like Gecko) Chrome/92.0.4515.107 Safari/537.36"
47.102.44.78 - - [01/Jan/2026:06:19:25 -0700] "GET /wp-includes/js/jquery/jquery-migrate.min.js?ver=3.4.1 HTTP/2" 200 4678 "https://petsitter.marketing/" "Mozilla/5.0 (Windows NT 10.0; Win64; x64) AppleWebKit/537.36 (KHTML, like Gecko) Chrome/92.0.4515.107 Safari/537.36"
47.102.44.78 - - [01/Jan/2026:06:19:25 -0700] "GET /wp-content/plugins/elementor/assets/css/widget-social-icons.min.css?ver=3.24.0 HTTP/2" 200 1039 "https://petsitter.marketing/" "Mozilla/5.0 (Windows NT 10.0; Win64; x64) AppleWebKit/537.36 (KHTML, like Gecko) Chrome/92.0.4515.107 Safari/537.36"
47.102.44.78 - - [01/Jan/2026:06:19:25 -0700] "GET /wp-content/plugins/elementor/assets/css/frontend.min.css?ver=3.34.0 HTTP/2" 200 6584 "https://petsitter.marketing/" "Mozilla/5.0 (Windows NT 10.0; Win64; x64) AppleWebKit/537.36 (KHTML, like Gecko) Chrome/92.0.4515.107 Safari/537.36"
47.102.44.78 - - [01/Jan/2026:06:19:25 -0700] "GET /wp-content/plugins/ultimate-elementor/assets/min-css/uael-frontend.min.css?ver=1.42.1 HTTP/2" 200 72924 "https://petsitter.marketing/" "Mozilla/5.0 (Windows NT 10.0; Win64; x64) AppleWebKit/537.36 (KHTML, like Gecko) Chrome/92.0.4515.107 Safari/537.36"
47.102.44.78 - - [01/Jan/2026:06:19:25 -0700] "GET /wp-includes/js/jquery/jquery.min.js?ver=3.7.1 HTTP/2" 200 29744 "https://petsitter.marketing/" "Mozilla/5.0 (Windows NT 10.0; Win64; x64) AppleWebKit/537.36 (KHTML, like Gecko) Chrome/92.0.4515.107 Safari/537.36"
47.102.44.78 - - [01/Jan/2026:06:19:28 -0700] "GET / HTTP/2" 200 20226 "-" "Mozilla/5.0 (Windows NT 10.0; Win64; x64) AppleWebKit/537.36 (KHTML, like Gecko) Chrome/92.0.4515.107 Safari/537.36"
47.102.44.78 - - [01/Jan/2026:06:19:25 -0700] "GET /wp-content/themes/astra/assets/js/minified/frontend.min.js?ver=4.11.10 HTTP/2" 200 5871 "https://petsitter.marketing/" "Mozilla/5.0 (Windows NT 10.0; Win64; x64) AppleWebKit/537.36 (KHTML, like Gecko) Chrome/92.0.4515.107 Safari/537.36"
47.102.44.78 - - [01/Jan/2026:06:19:25 -0700] "GET /wp-content/uploads/astra-addon/astra-addon-69513b63600a36-17860667.js?ver=4.11.13 HTTP/2" 200 3074 "https://petsitter.marketing/" "Mozilla/5.0 (Windows NT 10.0; Win64; x64) AppleWebKit/537.36 (KHTML, like Gecko) Chrome/92.0.4515.107 Safari/537.36"
47.102.44.78 - - [01/Jan/2026:06:19:34 -0700] "GET /wp-content/uploads/elementor/google-fonts/fonts/roboto-fb5169d9.woff2 HTTP/2" 200 40128 "https://petsitter.marketing/wp-content/uploads/elementor/google-fonts/css/roboto.css?ver=1755961269" "Mozilla/5.0 (Windows NT 10.0; Win64; x64) AppleWebKit/537.36 (KHTML, like Gecko) Chrome/92.0.4515.107 Safari/537.36"
47.102.44.78 - - [01/Jan/2026:06:19:35 -0700] "GET /wp-content/themes/astra/assets/js/minified/frontend.min.js?ver=4.11.10 HTTP/2" 200 5871 "https://petsitter.marketing/" "Mozilla/5.0 (Windows NT 10.0; Win64; x64) AppleWebKit/537.36 (KHTML, like Gecko) Chrome/92.0.4515.107 Safari/537.36"
47.102.44.78 - - [01/Jan/2026:06:19:35 -0700] "GET /wp-content/uploads/astra-addon/astra-addon-69513b63600a36-17860667.js?ver=4.11.13 HTTP/2" 200 3074 "https://petsitter.marketing/" "Mozilla/5.0 (Windows NT 10.0; Win64; x64) AppleWebKit/537.36 (KHTML, like Gecko) Chrome/92.0.4515.107 Safari/537.36"
47.102.45.252 - - [01/Jan/2026:06:19:24 -0700] "GET / HTTP/1.1" 200 23664 "http://petsitter.marketing" "Mozilla/5.0 (Windows NT 10.0; Win64; x64) AppleWebKit/537.36 (KHTML, like Gecko) Chrome/92.0.4515.107 Safari/537.36"
47.100.226.230 - - [01/Jan/2026:06:19:29 -0700] "GET / HTTP/2" 200 20226 "-" "Mozilla/5.0 (Windows NT 10.0; Win64; x64) AppleWebKit/537.36 (KHTML, like Gecko) Chrome/92.0.4515.107 Safari/537.36"
198.175.150.9 - - [01/Jan/2026:06:04:22 -0700] "POST /wp-cron.php?doing_wp_cron=1767272662.9209599494934082031250 HTTP/1.1" 200 0 "-" "WordPress/6.9; https://petsitter.marketing"
198.175.150.9 - - [01/Jan/2026:06:19:22 -0700] "POST /wp-cron.php?doing_wp_cron=1767273562.1736021041870117187500 HTTP/1.1" 200 0 "-" "WordPress/6.9; https://petsitter.marketing"
198.175.150.9 - - [01/Jan/2026:06:19:22 -0700] "POST /wp-cron.php?doing_wp_cron=1767273562.2060899734497070312500 HTTP/1.1" 200 0 "-" "WordPress/6.9; https://petsitter.marketing"
198.175.150.9 - - [01/Jan/2026:06:19:22 -0700] "POST /wp-cron.php?doing_wp_cron=1767273562.7362461090087890625000 HTTP/1.1" 200 0 "-" "WordPress/6.9; https://petsitter.marketing"
47.100.195.201 - - [01/Jan/2026:06:19:20 -0700] "GET / HTTP/1.1" 200 23664 "-" "Mozilla/5.0 (Windows NT 10.0; Win64; x64) AppleWebKit/537.36 (KHTML, like Gecko) Chrome/92.0.4515.107 Safari/537.36"
198.175.150.9 - - [01/Jan/2026:06:39:53 -0700] "POST /wp-cron.php?doing_wp_cron=1767274793.4728469848632812500000 HTTP/1.1" 200 0 "-" "WordPress/6.9; https://petsitter.marketing"
198.175.150.9 - - [01/Jan/2026:08:54:47 -0700] "POST /wp-cron.php?doing_wp_cron=1767282887.3642110824584960937500 HTTP/1.1" 200 0 "-" "WordPress/6.9; https://petsitter.marketing"
198.175.150.9 - - [01/Jan/2026:08:54:47 -0700] "POST /wp-cron.php?doing_wp_cron=1767282887.2740650177001953125000 HTTP/1.1" 200 0 "-" "WordPress/6.9; https://petsitter.marketing"
198.175.150.9 - - [01/Jan/2026:08:54:47 -0700] "POST /wp-cron.php?doing_wp_cron=1767282887.3157410621643066406250 HTTP/1.1" 200 0 "-" "WordPress/6.9; https://petsitter.marketing"
173.252.82.25 - - [01/Jan/2026:08:54:45 -0700] "GET /robots.txt HTTP/2" 200 123 "-" "facebookexternalhit/1.1 (+http://www.facebook.com/externalhit_uatext.php)"
2a06:98c0:3600::103 - - [01/Jan/2026:09:16:55 -0700] "GET /wp-admin/setup-config.php HTTP/1.1" 409 1041 "-" "Mozilla/5.0 (Windows NT 10.0; Win64; x64) AppleWebKit/537.36 (KHTML, like Gecko) Chrome/143.0.0.0 Safari/537.36"
198.175.150.9 - - [01/Jan/2026:09:20:37 -0700] "POST /wp-cron.php?doing_wp_cron=1767284437.4568030834197998046875 HTTP/1.1" 200 0 "-" "WordPress/6.9; https://petsitter.marketing"
2a06:98c0:3600::103 - - [01/Jan/2026:09:20:36 -0700] "GET /wordpress/wp-admin/setup-config.php HTTP/1.1" 404 19204 "-" "https://petsitter.marketing/wordpress/wp-admin/setup-config.php"
31.59.105.176 - - [01/Jan/2026:14:37:30 -0700] "GET / HTTP/1.1" 200 23664 "http://petsitter.marketing.dfw.party" "Mozilla/5.0 (Macintosh; Intel Mac OS X 10_15_7) AppleWebKit/537.36 (KHTML, like Gecko) Chrome/131.0.0.0 Safari/537.36"
31.59.105.176 - - [01/Jan/2026:14:37:35 -0700] "GET / HTTP/1.1" 200 23664 "http://petsitter.marketing.dfw.party" "Mozilla/5.0 (Windows NT 10.0; Win64; x64) AppleWebKit/537.36 (KHTML, like Gecko) Chrome/99.0.4844.51 Safari/537.36"
171.117.227.213 - - [01/Jan/2026:15:52:07 -0700] "GET /api/v1/guest/comm/config HTTP/2" 403 1242 "-" "Mozilla/5.0 (Macintosh; Intel Mac OS X 10_15_7) AppleWebKit/537.36 (KHTML, like Gecko) Chrome/121.0.0.0 Safari/537.36"
171.117.227.213 - - [01/Jan/2026:15:52:07 -0700] "GET /api/v1/guest/comm/config HTTP/2" 403 1242 "-" "Mozilla/5.0 (Macintosh; Intel Mac OS X 10_15_7) AppleWebKit/605.1.15 (KHTML, like Gecko) Version/17.2.1 Safari/605.1.15"
171.117.227.213 - - [01/Jan/2026:15:52:11 -0700] "GET / HTTP/2" 403 1242 "-" "Mozilla/5.0 (Windows NT 10.0; Win64; x64) AppleWebKit/537.36 (KHTML, like Gecko) Chrome/119.0.0.0 Safari/537.36"
171.117.227.213 - - [01/Jan/2026:15:52:12 -0700] "GET / HTTP/2" 403 1242 "-" "Mozilla/5.0 (Windows NT 10.0; Win64; x64) AppleWebKit/537.36 (KHTML, like Gecko) Chrome/120.0.0.0 Safari/537.36"
171.117.227.213 - - [01/Jan/2026:15:52:16 -0700] "GET / HTTP/2" 403 1242 "-" "Mozilla/5.0 (Windows NT 10.0; Win64; x64; rv:122.0) Gecko/20100101 Firefox/122.0"
171.117.227.213 - - [01/Jan/2026:15:52:20 -0700] "GET / HTTP/2" 403 1242 "-" "Mozilla/5.0 (Windows NT 10.0; Win64; x64) AppleWebKit/537.36 (KHTML, like Gecko) Chrome/119.0.0.0 Safari/537.36"
171.117.227.213 - - [01/Jan/2026:15:52:20 -0700] "GET /theme/default/assets/compoments.js HTTP/2" 403 1242 "-" "Mozilla/5.0 (Windows NT 10.0; Win64; x64; rv:122.0) Gecko/20100101 Firefox/122.0"
198.175.150.9 - - [01/Jan/2026:16:14:37 -0700] "POST /wp-cron.php?doing_wp_cron=1767309277.9727571010589599609375 HTTP/1.1" 200 0 "-" "WordPress/6.9; https://petsitter.marketing"
2a06:98c0:3600::103 - - [01/Jan/2026:16:14:41 -0700] "GET /wp-admin/setup-config.php HTTP/1.1" 409 1041 "-" "https://petsitter.marketing/wp-admin/setup-config.php"
2a06:98c0:3600::103 - - [01/Jan/2026:16:14:36 -0700] "GET /wordpress/wp-admin/setup-config.php HTTP/1.1" 404 19204 "-" "https://petsitter.marketing/wordpress/wp-admin/setup-config.php"
34.10.185.113 - - [01/Jan/2026:17:04:26 -0700] "GET / HTTP/1.1" 200 107125 "-" "Mozilla/5.0 (Windows NT 10.0; Win64; x64) AppleWebKit/537.36 (KHTML, like Gecko) Chrome/88.0.4240.193 Safari/537.36"
34.10.185.113 - - [01/Jan/2026:17:04:28 -0700] "GET //wp-includes/wlwmanifest.xml HTTP/1.1" 301 0 "-" "Mozilla/5.0 (Windows NT 10.0; Win64; x64) AppleWebKit/537.36 (KHTML, like Gecko) Chrome/88.0.4240.193 Safari/537.36"
34.10.185.113 - - [01/Jan/2026:17:04:28 -0700] "GET //xmlrpc.php?rsd HTTP/1.1" 200 828 "-" "Mozilla/5.0 (Windows NT 10.0; Win64; x64) AppleWebKit/537.36 (KHTML, like Gecko) Chrome/88.0.4240.193 Safari/537.36"
34.10.185.113 - - [01/Jan/2026:17:04:29 -0700] "GET //?author=1 HTTP/1.1" 301 0 "-" "Mozilla/5.0 (Windows NT 10.0; Win64; x64) AppleWebKit/537.36 (KHTML, like Gecko) Chrome/88.0.4240.193 Safari/537.36"
34.10.185.113 - - [01/Jan/2026:17:04:30 -0700] "GET //?author=2 HTTP/1.1" 301 0 "-" "Mozilla/5.0 (Windows NT 10.0; Win64; x64) AppleWebKit/537.36 (KHTML, like Gecko) Chrome/88.0.4240.193 Safari/537.36"
34.10.185.113 - - [01/Jan/2026:17:04:31 -0700] "GET //?author=3 HTTP/1.1" 301 0 "-" "Mozilla/5.0 (Windows NT 10.0; Win64; x64) AppleWebKit/537.36 (KHTML, like Gecko) Chrome/88.0.4240.193 Safari/537.36"
34.10.185.113 - - [01/Jan/2026:17:04:31 -0700] "GET //wp-json/wp/v2/users/ HTTP/1.1" 200 823 "-" "Mozilla/5.0 (Windows NT 10.0; Win64; x64) AppleWebKit/537.36 (KHTML, like Gecko) Chrome/88.0.4240.193 Safari/537.36"
34.10.185.113 - - [01/Jan/2026:17:04:41 -0700] "POST //xmlrpc.php HTTP/1.1" 200 401 "-" "Mozilla/5.0 (Windows NT 10.0; Win64; x64) AppleWebKit/537.36 (KHTML, like Gecko) Chrome/88.0.4240.193 Safari/537.36"
34.10.185.113 - - [01/Jan/2026:17:04:42 -0700] "POST //xmlrpc.php HTTP/1.1" 200 401 "-" "Mozilla/5.0 (Windows NT 10.0; Win64; x64) AppleWebKit/537.36 (KHTML, like Gecko) Chrome/88.0.4240.193 Safari/537.36"
34.10.185.113 - - [01/Jan/2026:17:04:43 -0700] "POST //xmlrpc.php HTTP/1.1" 200 401 "-" "Mozilla/5.0 (Windows NT 10.0; Win64; x64) AppleWebKit/537.36 (KHTML, like Gecko) Chrome/88.0.4240.193 Safari/537.36"
34.10.185.113 - - [01/Jan/2026:17:04:44 -0700] "POST //xmlrpc.php HTTP/1.1" 200 401 "-" "Mozilla/5.0 (Windows NT 10.0; Win64; x64) AppleWebKit/537.36 (KHTML, like Gecko) Chrome/88.0.4240.193 Safari/537.36"
34.10.185.113 - - [01/Jan/2026:17:04:45 -0700] "POST //xmlrpc.php HTTP/1.1" 200 401 "-" "Mozilla/5.0 (Windows NT 10.0; Win64; x64) AppleWebKit/537.36 (KHTML, like Gecko) Chrome/88.0.4240.193 Safari/537.36"
34.10.185.113 - - [01/Jan/2026:17:04:45 -0700] "POST //xmlrpc.php HTTP/1.1" 200 401 "-" "Mozilla/5.0 (Windows NT 10.0; Win64; x64) AppleWebKit/537.36 (KHTML, like Gecko) Chrome/88.0.4240.193 Safari/537.36"
34.10.185.113 - - [01/Jan/2026:17:04:46 -0700] "POST //xmlrpc.php HTTP/1.1" 200 401 "-" "Mozilla/5.0 (Windows NT 10.0; Win64; x64) AppleWebKit/537.36 (KHTML, like Gecko) Chrome/88.0.4240.193 Safari/537.36"
34.10.185.113 - - [01/Jan/2026:17:04:47 -0700] "POST //xmlrpc.php HTTP/1.1" 200 401 "-" "Mozilla/5.0 (Windows NT 10.0; Win64; x64) AppleWebKit/537.36 (KHTML, like Gecko) Chrome/88.0.4240.193 Safari/537.36"
34.10.185.113 - - [01/Jan/2026:17:04:49 -0700] "POST //xmlrpc.php HTTP/1.1" 200 401 "-" "Mozilla/5.0 (Windows NT 10.0; Win64; x64) AppleWebKit/537.36 (KHTML, like Gecko) Chrome/88.0.4240.193 Safari/537.36"
34.10.185.113 - - [01/Jan/2026:17:04:52 -0700] "POST //xmlrpc.php HTTP/1.1" 200 401 "-" "Mozilla/5.0 (Windows NT 10.0; Win64; x64) AppleWebKit/537.36 (KHTML, like Gecko) Chrome/88.0.4240.193 Safari/537.36"
34.10.185.113 - - [01/Jan/2026:17:04:56 -0700] "POST //xmlrpc.php HTTP/1.1" 200 401 "-" "Mozilla/5.0 (Windows NT 10.0; Win64; x64) AppleWebKit/537.36 (KHTML, like Gecko) Chrome/88.0.4240.193 Safari/537.36"
34.10.185.113 - - [01/Jan/2026:17:05:01 -0700] "POST //xmlrpc.php HTTP/1.1" 200 401 "-" "Mozilla/5.0 (Windows NT 10.0; Win64; x64) AppleWebKit/537.36 (KHTML, like Gecko) Chrome/88.0.4240.193 Safari/537.36"
34.10.185.113 - - [01/Jan/2026:17:05:05 -0700] "POST //xmlrpc.php HTTP/1.1" 200 401 "-" "Mozilla/5.0 (Windows NT 10.0; Win64; x64) AppleWebKit/537.36 (KHTML, like Gecko) Chrome/88.0.4240.193 Safari/537.36"
34.10.185.113 - - [01/Jan/2026:17:05:10 -0700] "POST //xmlrpc.php HTTP/1.1" 200 401 "-" "Mozilla/5.0 (Windows NT 10.0; Win64; x64) AppleWebKit/537.36 (KHTML, like Gecko) Chrome/88.0.4240.193 Safari/537.36"
34.10.185.113 - - [01/Jan/2026:17:05:16 -0700] "POST //xmlrpc.php HTTP/1.1" 200 401 "-" "Mozilla/5.0 (Windows NT 10.0; Win64; x64) AppleWebKit/537.36 (KHTML, like Gecko) Chrome/88.0.4240.193 Safari/537.36"
34.10.185.113 - - [01/Jan/2026:17:05:21 -0700] "POST //xmlrpc.php HTTP/1.1" 200 401 "-" "Mozilla/5.0 (Windows NT 10.0; Win64; x64) AppleWebKit/537.36 (KHTML, like Gecko) Chrome/88.0.4240.193 Safari/537.36"
34.10.185.113 - - [01/Jan/2026:17:05:31 -0700] "POST //xmlrpc.php HTTP/1.1" 200 401 "-" "Mozilla/5.0 (Windows NT 10.0; Win64; x64) AppleWebKit/537.36 (KHTML, like Gecko) Chrome/88.0.4240.193 Safari/537.36"
34.10.185.113 - - [01/Jan/2026:17:05:36 -0700] "POST //xmlrpc.php HTTP/1.1" 200 401 "-" "Mozilla/5.0 (Windows NT 10.0; Win64; x64) AppleWebKit/537.36 (KHTML, like Gecko) Chrome/88.0.4240.193 Safari/537.36"
34.10.185.113 - - [01/Jan/2026:17:05:46 -0700] "POST //xmlrpc.php HTTP/1.1" 200 401 "-" "Mozilla/5.0 (Windows NT 10.0; Win64; x64) AppleWebKit/537.36 (KHTML, like Gecko) Chrome/88.0.4240.193 Safari/537.36"
34.10.185.113 - - [01/Jan/2026:17:05:51 -0700] "POST //xmlrpc.php HTTP/1.1" 200 401 "-" "Mozilla/5.0 (Windows NT 10.0; Win64; x64) AppleWebKit/537.36 (KHTML, like Gecko) Chrome/88.0.4240.193 Safari/537.36"
34.10.185.113 - - [01/Jan/2026:17:06:01 -0700] "POST //xmlrpc.php HTTP/1.1" 200 401 "-" "Mozilla/5.0 (Windows NT 10.0; Win64; x64) AppleWebKit/537.36 (KHTML, like Gecko) Chrome/88.0.4240.193 Safari/537.36"
34.10.185.113 - - [01/Jan/2026:17:06:06 -0700] "POST //xmlrpc.php HTTP/1.1" 200 401 "-" "Mozilla/5.0 (Windows NT 10.0; Win64; x64) AppleWebKit/537.36 (KHTML, like Gecko) Chrome/88.0.4240.193 Safari/537.36"
34.10.185.113 - - [01/Jan/2026:17:06:16 -0700] "POST //xmlrpc.php HTTP/1.1" 200 401 "-" "Mozilla/5.0 (Windows NT 10.0; Win64; x64) AppleWebKit/537.36 (KHTML, like Gecko) Chrome/88.0.4240.193 Safari/537.36"
34.10.185.113 - - [01/Jan/2026:17:06:21 -0700] "POST //xmlrpc.php HTTP/1.1" 200 401 "-" "Mozilla/5.0 (Windows NT 10.0; Win64; x64) AppleWebKit/537.36 (KHTML, like Gecko) Chrome/88.0.4240.193 Safari/537.36"
34.10.185.113 - - [01/Jan/2026:17:06:31 -0700] "POST //xmlrpc.php HTTP/1.1" 200 401 "-" "Mozilla/5.0 (Windows NT 10.0; Win64; x64) AppleWebKit/537.36 (KHTML, like Gecko) Chrome/88.0.4240.193 Safari/537.36"
34.10.185.113 - - [01/Jan/2026:17:06:36 -0700] "POST //xmlrpc.php HTTP/1.1" 200 401 "-" "Mozilla/5.0 (Windows NT 10.0; Win64; x64) AppleWebKit/537.36 (KHTML, like Gecko) Chrome/88.0.4240.193 Safari/537.36"
34.10.185.113 - - [01/Jan/2026:17:06:46 -0700] "POST //xmlrpc.php HTTP/1.1" 200 401 "-" "Mozilla/5.0 (Windows NT 10.0; Win64; x64) AppleWebKit/537.36 (KHTML, like Gecko) Chrome/88.0.4240.193 Safari/537.36"
198.175.150.9 - - [01/Jan/2026:17:07:01 -0700] "POST /wp-cron.php?doing_wp_cron=1767312421.6828229427337646484375 HTTP/1.1" 200 0 "-" "WordPress/6.9; https://petsitter.marketing"
34.10.185.113 - - [01/Jan/2026:17:06:51 -0700] "POST //xmlrpc.php HTTP/1.1" 200 401 "-" "Mozilla/5.0 (Windows NT 10.0; Win64; x64) AppleWebKit/537.36 (KHTML, like Gecko) Chrome/88.0.4240.193 Safari/537.36"
34.10.185.113 - - [01/Jan/2026:17:07:01 -0700] "POST //xmlrpc.php HTTP/1.1" 200 401 "-" "Mozilla/5.0 (Windows NT 10.0; Win64; x64) AppleWebKit/537.36 (KHTML, like Gecko) Chrome/88.0.4240.193 Safari/537.36"
34.10.185.113 - - [01/Jan/2026:17:07:06 -0700] "POST //xmlrpc.php HTTP/1.1" 200 401 "-" "Mozilla/5.0 (Windows NT 10.0; Win64; x64) AppleWebKit/537.36 (KHTML, like Gecko) Chrome/88.0.4240.193 Safari/537.36"
34.10.185.113 - - [01/Jan/2026:17:07:16 -0700] "POST //xmlrpc.php HTTP/1.1" 200 401 "-" "Mozilla/5.0 (Windows NT 10.0; Win64; x64) AppleWebKit/537.36 (KHTML, like Gecko) Chrome/88.0.4240.193 Safari/537.36"
34.10.185.113 - - [01/Jan/2026:17:07:21 -0700] "POST //xmlrpc.php HTTP/1.1" 200 401 "-" "Mozilla/5.0 (Windows NT 10.0; Win64; x64) AppleWebKit/537.36 (KHTML, like Gecko) Chrome/88.0.4240.193 Safari/537.36"
34.10.185.113 - - [01/Jan/2026:17:07:31 -0700] "POST //xmlrpc.php HTTP/1.1" 200 401 "-" "Mozilla/5.0 (Windows NT 10.0; Win64; x64) AppleWebKit/537.36 (KHTML, like Gecko) Chrome/88.0.4240.193 Safari/537.36"
34.10.185.113 - - [01/Jan/2026:17:07:36 -0700] "POST //xmlrpc.php HTTP/1.1" 200 401 "-" "Mozilla/5.0 (Windows NT 10.0; Win64; x64) AppleWebKit/537.36 (KHTML, like Gecko) Chrome/88.0.4240.193 Safari/537.36"
34.10.185.113 - - [01/Jan/2026:17:07:46 -0700] "POST //xmlrpc.php HTTP/1.1" 200 401 "-" "Mozilla/5.0 (Windows NT 10.0; Win64; x64) AppleWebKit/537.36 (KHTML, like Gecko) Chrome/88.0.4240.193 Safari/537.36"
198.175.150.9 - - [01/Jan/2026:17:08:01 -0700] "POST /wp-cron.php?doing_wp_cron=1767312481.5660710334777832031250 HTTP/1.1" 200 0 "-" "WordPress/6.9; https://petsitter.marketing"
34.10.185.113 - - [01/Jan/2026:17:07:51 -0700] "POST //xmlrpc.php HTTP/1.1" 200 401 "-" "Mozilla/5.0 (Windows NT 10.0; Win64; x64) AppleWebKit/537.36 (KHTML, like Gecko) Chrome/88.0.4240.193 Safari/537.36"
34.10.185.113 - - [01/Jan/2026:17:08:01 -0700] "POST //xmlrpc.php HTTP/1.1" 200 401 "-" "Mozilla/5.0 (Windows NT 10.0; Win64; x64) AppleWebKit/537.36 (KHTML, like Gecko) Chrome/88.0.4240.193 Safari/537.36"
34.10.185.113 - - [01/Jan/2026:17:08:06 -0700] "POST //xmlrpc.php HTTP/1.1" 200 401 "-" "Mozilla/5.0 (Windows NT 10.0; Win64; x64) AppleWebKit/537.36 (KHTML, like Gecko) Chrome/88.0.4240.193 Safari/537.36"
34.10.185.113 - - [01/Jan/2026:17:08:16 -0700] "POST //xmlrpc.php HTTP/1.1" 200 401 "-" "Mozilla/5.0 (Windows NT 10.0; Win64; x64) AppleWebKit/537.36 (KHTML, like Gecko) Chrome/88.0.4240.193 Safari/537.36"
34.10.185.113 - - [01/Jan/2026:17:08:21 -0700] "POST //xmlrpc.php HTTP/1.1" 200 401 "-" "Mozilla/5.0 (Windows NT 10.0; Win64; x64) AppleWebKit/537.36 (KHTML, like Gecko) Chrome/88.0.4240.193 Safari/537.36"
198.175.150.9 - - [01/Jan/2026:17:05:01 -0700] "POST /wp-cron.php?doing_wp_cron=1767312301.6753289699554443359375 HTTP/1.1" 200 0 "-" "WordPress/6.9; https://petsitter.marketing"
198.175.150.9 - - [01/Jan/2026:17:06:01 -0700] "POST /wp-cron.php?doing_wp_cron=1767312361.7653889656066894531250 HTTP/1.1" 200 0 "-" "WordPress/6.9; https://petsitter.marketing"
34.10.185.113 - - [01/Jan/2026:17:08:31 -0700] "POST //xmlrpc.php HTTP/1.1" 200 401 "-" "Mozilla/5.0 (Windows NT 10.0; Win64; x64) AppleWebKit/537.36 (KHTML, like Gecko) Chrome/88.0.4240.193 Safari/537.36"
34.10.185.113 - - [01/Jan/2026:17:08:36 -0700] "POST //xmlrpc.php HTTP/1.1" 200 401 "-" "Mozilla/5.0 (Windows NT 10.0; Win64; x64) AppleWebKit/537.36 (KHTML, like Gecko) Chrome/88.0.4240.193 Safari/537.36"
34.10.185.113 - - [01/Jan/2026:17:08:46 -0700] "POST //xmlrpc.php HTTP/1.1" 200 401 "-" "Mozilla/5.0 (Windows NT 10.0; Win64; x64) AppleWebKit/537.36 (KHTML, like Gecko) Chrome/88.0.4240.193 Safari/537.36"
34.10.185.113 - - [01/Jan/2026:17:08:51 -0700] "POST //xmlrpc.php HTTP/1.1" 200 401 "-" "Mozilla/5.0 (Windows NT 10.0; Win64; x64) AppleWebKit/537.36 (KHTML, like Gecko) Chrome/88.0.4240.193 Safari/537.36"
34.10.185.113 - - [01/Jan/2026:17:09:01 -0700] "POST //xmlrpc.php HTTP/1.1" 200 401 "-" "Mozilla/5.0 (Windows NT 10.0; Win64; x64) AppleWebKit/537.36 (KHTML, like Gecko) Chrome/88.0.4240.193 Safari/537.36"
34.10.185.113 - - [01/Jan/2026:17:09:06 -0700] "POST //xmlrpc.php HTTP/1.1" 200 401 "-" "Mozilla/5.0 (Windows NT 10.0; Win64; x64) AppleWebKit/537.36 (KHTML, like Gecko) Chrome/88.0.4240.193 Safari/537.36"
34.10.185.113 - - [01/Jan/2026:17:09:16 -0700] "POST //xmlrpc.php HTTP/1.1" 200 401 "-" "Mozilla/5.0 (Windows NT 10.0; Win64; x64) AppleWebKit/537.36 (KHTML, like Gecko) Chrome/88.0.4240.193 Safari/537.36"
34.10.185.113 - - [01/Jan/2026:17:09:21 -0700] "POST //xmlrpc.php HTTP/1.1" 200 401 "-" "Mozilla/5.0 (Windows NT 10.0; Win64; x64) AppleWebKit/537.36 (KHTML, like Gecko) Chrome/88.0.4240.193 Safari/537.36"
34.10.185.113 - - [01/Jan/2026:17:09:31 -0700] "POST //xmlrpc.php HTTP/1.1" 200 401 "-" "Mozilla/5.0 (Windows NT 10.0; Win64; x64) AppleWebKit/537.36 (KHTML, like Gecko) Chrome/88.0.4240.193 Safari/537.36"
34.10.185.113 - - [01/Jan/2026:17:09:36 -0700] "POST //xmlrpc.php HTTP/1.1" 200 401 "-" "Mozilla/5.0 (Windows NT 10.0; Win64; x64) AppleWebKit/537.36 (KHTML, like Gecko) Chrome/88.0.4240.193 Safari/537.36"
34.10.185.113 - - [01/Jan/2026:17:09:46 -0700] "POST //xmlrpc.php HTTP/1.1" 200 401 "-" "Mozilla/5.0 (Windows NT 10.0; Win64; x64) AppleWebKit/537.36 (KHTML, like Gecko) Chrome/88.0.4240.193 Safari/537.36"
34.10.185.113 - - [01/Jan/2026:17:09:51 -0700] "POST //xmlrpc.php HTTP/1.1" 200 401 "-" "Mozilla/5.0 (Windows NT 10.0; Win64; x64) AppleWebKit/537.36 (KHTML, like Gecko) Chrome/88.0.4240.193 Safari/537.36"
34.10.185.113 - - [01/Jan/2026:17:10:01 -0700] "POST //xmlrpc.php HTTP/1.1" 200 401 "-" "Mozilla/5.0 (Windows NT 10.0; Win64; x64) AppleWebKit/537.36 (KHTML, like Gecko) Chrome/88.0.4240.193 Safari/537.36"
34.10.185.113 - - [01/Jan/2026:17:10:06 -0700] "POST //xmlrpc.php HTTP/1.1" 200 401 "-" "Mozilla/5.0 (Windows NT 10.0; Win64; x64) AppleWebKit/537.36 (KHTML, like Gecko) Chrome/88.0.4240.193 Safari/537.36"
34.10.185.113 - - [01/Jan/2026:17:10:16 -0700] "POST //xmlrpc.php HTTP/1.1" 200 401 "-" "Mozilla/5.0 (Windows NT 10.0; Win64; x64) AppleWebKit/537.36 (KHTML, like Gecko) Chrome/88.0.4240.193 Safari/537.36"
34.10.185.113 - - [01/Jan/2026:17:10:21 -0700] "POST //xmlrpc.php HTTP/1.1" 200 401 "-" "Mozilla/5.0 (Windows NT 10.0; Win64; x64) AppleWebKit/537.36 (KHTML, like Gecko) Chrome/88.0.4240.193 Safari/537.36"
34.10.185.113 - - [01/Jan/2026:17:10:31 -0700] "POST //xmlrpc.php HTTP/1.1" 200 401 "-" "Mozilla/5.0 (Windows NT 10.0; Win64; x64) AppleWebKit/537.36 (KHTML, like Gecko) Chrome/88.0.4240.193 Safari/537.36"
34.10.185.113 - - [01/Jan/2026:17:10:36 -0700] "POST //xmlrpc.php HTTP/1.1" 200 401 "-" "Mozilla/5.0 (Windows NT 10.0; Win64; x64) AppleWebKit/537.36 (KHTML, like Gecko) Chrome/88.0.4240.193 Safari/537.36"
34.10.185.113 - - [01/Jan/2026:17:10:46 -0700] "POST //xmlrpc.php HTTP/1.1" 200 401 "-" "Mozilla/5.0 (Windows NT 10.0; Win64; x64) AppleWebKit/537.36 (KHTML, like Gecko) Chrome/88.0.4240.193 Safari/537.36"
34.10.185.113 - - [01/Jan/2026:17:10:51 -0700] "POST //xmlrpc.php HTTP/1.1" 200 401 "-" "Mozilla/5.0 (Windows NT 10.0; Win64; x64) AppleWebKit/537.36 (KHTML, like Gecko) Chrome/88.0.4240.193 Safari/537.36"
34.10.185.113 - - [01/Jan/2026:17:11:01 -0700] "POST //xmlrpc.php HTTP/1.1" 200 401 "-" "Mozilla/5.0 (Windows NT 10.0; Win64; x64) AppleWebKit/537.36 (KHTML, like Gecko) Chrome/88.0.4240.193 Safari/537.36"
34.10.185.113 - - [01/Jan/2026:17:11:06 -0700] "POST //xmlrpc.php HTTP/1.1" 200 401 "-" "Mozilla/5.0 (Windows NT 10.0; Win64; x64) AppleWebKit/537.36 (KHTML, like Gecko) Chrome/88.0.4240.193 Safari/537.36"
34.10.185.113 - - [01/Jan/2026:17:11:16 -0700] "POST //xmlrpc.php HTTP/1.1" 200 401 "-" "Mozilla/5.0 (Windows NT 10.0; Win64; x64) AppleWebKit/537.36 (KHTML, like Gecko) Chrome/88.0.4240.193 Safari/537.36"
34.10.185.113 - - [01/Jan/2026:17:11:21 -0700] "POST //xmlrpc.php HTTP/1.1" 200 401 "-" "Mozilla/5.0 (Windows NT 10.0; Win64; x64) AppleWebKit/537.36 (KHTML, like Gecko) Chrome/88.0.4240.193 Safari/537.36"
34.10.185.113 - - [01/Jan/2026:17:11:31 -0700] "POST //xmlrpc.php HTTP/1.1" 200 401 "-" "Mozilla/5.0 (Windows NT 10.0; Win64; x64) AppleWebKit/537.36 (KHTML, like Gecko) Chrome/88.0.4240.193 Safari/537.36"
34.10.185.113 - - [01/Jan/2026:17:11:36 -0700] "POST //xmlrpc.php HTTP/1.1" 200 401 "-" "Mozilla/5.0 (Windows NT 10.0; Win64; x64) AppleWebKit/537.36 (KHTML, like Gecko) Chrome/88.0.4240.193 Safari/537.36"
34.10.185.113 - - [01/Jan/2026:17:11:46 -0700] "POST //xmlrpc.php HTTP/1.1" 200 401 "-" "Mozilla/5.0 (Windows NT 10.0; Win64; x64) AppleWebKit/537.36 (KHTML, like Gecko) Chrome/88.0.4240.193 Safari/537.36"
34.10.185.113 - - [01/Jan/2026:17:11:51 -0700] "POST //xmlrpc.php HTTP/1.1" 200 401 "-" "Mozilla/5.0 (Windows NT 10.0; Win64; x64) AppleWebKit/537.36 (KHTML, like Gecko) Chrome/88.0.4240.193 Safari/537.36"
34.10.185.113 - - [01/Jan/2026:17:12:01 -0700] "POST //xmlrpc.php HTTP/1.1" 200 401 "-" "Mozilla/5.0 (Windows NT 10.0; Win64; x64) AppleWebKit/537.36 (KHTML, like Gecko) Chrome/88.0.4240.193 Safari/537.36"
34.10.185.113 - - [01/Jan/2026:17:12:06 -0700] "POST //xmlrpc.php HTTP/1.1" 200 401 "-" "Mozilla/5.0 (Windows NT 10.0; Win64; x64) AppleWebKit/537.36 (KHTML, like Gecko) Chrome/88.0.4240.193 Safari/537.36"
34.10.185.113 - - [01/Jan/2026:17:12:16 -0700] "POST //xmlrpc.php HTTP/1.1" 200 401 "-" "Mozilla/5.0 (Windows NT 10.0; Win64; x64) AppleWebKit/537.36 (KHTML, like Gecko) Chrome/88.0.4240.193 Safari/537.36"
34.10.185.113 - - [01/Jan/2026:17:12:21 -0700] "POST //xmlrpc.php HTTP/1.1" 200 401 "-" "Mozilla/5.0 (Windows NT 10.0; Win64; x64) AppleWebKit/537.36 (KHTML, like Gecko) Chrome/88.0.4240.193 Safari/537.36"
34.10.185.113 - - [01/Jan/2026:17:12:31 -0700] "POST //xmlrpc.php HTTP/1.1" 200 401 "-" "Mozilla/5.0 (Windows NT 10.0; Win64; x64) AppleWebKit/537.36 (KHTML, like Gecko) Chrome/88.0.4240.193 Safari/537.36"
34.10.185.113 - - [01/Jan/2026:17:12:36 -0700] "POST //xmlrpc.php HTTP/1.1" 200 401 "-" "Mozilla/5.0 (Windows NT 10.0; Win64; x64) AppleWebKit/537.36 (KHTML, like Gecko) Chrome/88.0.4240.193 Safari/537.36"
34.10.185.113 - - [01/Jan/2026:17:12:46 -0700] "POST //xmlrpc.php HTTP/1.1" 200 401 "-" "Mozilla/5.0 (Windows NT 10.0; Win64; x64) AppleWebKit/537.36 (KHTML, like Gecko) Chrome/88.0.4240.193 Safari/537.36"
34.10.185.113 - - [01/Jan/2026:17:12:51 -0700] "POST //xmlrpc.php HTTP/1.1" 200 401 "-" "Mozilla/5.0 (Windows NT 10.0; Win64; x64) AppleWebKit/537.36 (KHTML, like Gecko) Chrome/88.0.4240.193 Safari/537.36"
34.10.185.113 - - [01/Jan/2026:17:13:01 -0700] "POST //xmlrpc.php HTTP/1.1" 200 401 "-" "Mozilla/5.0 (Windows NT 10.0; Win64; x64) AppleWebKit/537.36 (KHTML, like Gecko) Chrome/88.0.4240.193 Safari/537.36"
34.10.185.113 - - [01/Jan/2026:17:13:06 -0700] "POST //xmlrpc.php HTTP/1.1" 200 401 "-" "Mozilla/5.0 (Windows NT 10.0; Win64; x64) AppleWebKit/537.36 (KHTML, like Gecko) Chrome/88.0.4240.193 Safari/537.36"
34.10.185.113 - - [01/Jan/2026:17:13:16 -0700] "POST //xmlrpc.php HTTP/1.1" 200 401 "-" "Mozilla/5.0 (Windows NT 10.0; Win64; x64) AppleWebKit/537.36 (KHTML, like Gecko) Chrome/88.0.4240.193 Safari/537.36"
34.10.185.113 - - [01/Jan/2026:17:13:21 -0700] "POST //xmlrpc.php HTTP/1.1" 200 401 "-" "Mozilla/5.0 (Windows NT 10.0; Win64; x64) AppleWebKit/537.36 (KHTML, like Gecko) Chrome/88.0.4240.193 Safari/537.36"
34.10.185.113 - - [01/Jan/2026:17:13:31 -0700] "POST //xmlrpc.php HTTP/1.1" 200 401 "-" "Mozilla/5.0 (Windows NT 10.0; Win64; x64) AppleWebKit/537.36 (KHTML, like Gecko) Chrome/88.0.4240.193 Safari/537.36"
198.175.150.9 - - [01/Jan/2026:17:09:01 -0700] "POST /wp-cron.php?doing_wp_cron=1767312541.5852799415588378906250 HTTP/1.1" 200 0 "-" "WordPress/6.9; https://petsitter.marketing"
198.175.150.9 - - [01/Jan/2026:17:10:01 -0700] "POST /wp-cron.php?doing_wp_cron=1767312601.7970440387725830078125 HTTP/1.1" 200 0 "-" "WordPress/6.9; https://petsitter.marketing"
198.175.150.9 - - [01/Jan/2026:17:11:01 -0700] "POST /wp-cron.php?doing_wp_cron=1767312661.6079180240631103515625 HTTP/1.1" 200 0 "-" "WordPress/6.9; https://petsitter.marketing"
198.175.150.9 - - [01/Jan/2026:17:12:01 -0700] "POST /wp-cron.php?doing_wp_cron=1767312721.5197200775146484375000 HTTP/1.1" 200 0 "-" "WordPress/6.9; https://petsitter.marketing"
198.175.150.9 - - [01/Jan/2026:17:13:01 -0700] "POST /wp-cron.php?doing_wp_cron=1767312781.6021330356597900390625 HTTP/1.1" 200 0 "-" "WordPress/6.9; https://petsitter.marketing"
198.175.150.9 - - [01/Jan/2026:19:38:04 -0700] "POST /wp-cron.php?doing_wp_cron=1767321484.6255168914794921875000 HTTP/1.1" 200 0 "-" "WordPress/6.9; https://petsitter.marketing"
57.141.2.92 - - [01/Jan/2026:19:38:02 -0700] "GET /pet-sitter-marketing-podcast/ HTTP/2" 200 118373 "-" "meta-externalagent/1.1 (+https://developers.facebook.com/docs/sharing/webmasters/crawler)"
57.141.2.31 - - [01/Jan/2026:19:39:22 -0700] "GET / HTTP/2" 200 107125 "-" "meta-externalagent/1.1 (+https://developers.facebook.com/docs/sharing/webmasters/crawler)"
198.175.150.9 - - [01/Jan/2026:19:39:23 -0700] "POST /wp-cron.php?doing_wp_cron=1767321563.9770109653472900390625 HTTP/1.1" 200 0 "-" "WordPress/6.9; https://petsitter.marketing"
198.175.150.9 - - [01/Jan/2026:19:38:04 -0700] "POST /wp-cron.php?doing_wp_cron=1767321484.6764199733734130859375 HTTP/1.1" 200 0 "-" "WordPress/6.9; https://petsitter.marketing"
198.175.150.9 - - [01/Jan/2026:19:38:05 -0700] "POST /wp-cron.php?doing_wp_cron=1767321485.4401121139526367187500 HTTP/1.1" 200 0 "-" "WordPress/6.9; https://petsitter.marketing"
198.175.150.9 - - [01/Jan/2026:21:12:17 -0700] "POST /wp-cron.php?doing_wp_cron=1767327137.1649401187896728515625 HTTP/1.1" 200 0 "-" "WordPress/6.9; https://petsitter.marketing"
198.175.150.9 - - [01/Jan/2026:21:12:17 -0700] "POST /wp-cron.php?doing_wp_cron=1767327137.2163059711456298828125 HTTP/1.1" 200 0 "-" "WordPress/6.9; https://petsitter.marketing"
198.175.150.9 - - [01/Jan/2026:21:12:17 -0700] "POST /wp-cron.php?doing_wp_cron=1767327137.7481889724731445312500 HTTP/1.1" 200 0 "-" "WordPress/6.9; https://petsitter.marketing"
35.86.189.34 - - [01/Jan/2026:21:12:15 -0700] "GET / HTTP/1.1" 200 107125 "-" "Mozilla/5.0 (Macintosh; Intel Mac OS X 10_15_7) AppleWebKit/537.36 (KHTML, like Gecko) Chrome/134.0.0.0 Safari/537.36"
198.175.150.9 - - [01/Jan/2026:23:48:26 -0700] "POST /wp-cron.php?doing_wp_cron=1767336506.0987510681152343750000 HTTP/1.1" 200 0 "-" "WordPress/6.9; https://petsitter.marketing"
2a06:98c0:3600::103 - - [01/Jan/2026:23:48:25 -0700] "GET /wordpress/wp-admin/setup-config.php HTTP/1.1" 404 19204 "-" "https://petsitter.marketing/wordpress/wp-admin/setup-config.php"
2a06:98c0:3600::103 - - [01/Jan/2026:23:48:01 -0700] "GET /wp-admin/setup-config.php HTTP/1.1" 409 1041 "-" "https://petsitter.marketing/wp-admin/setup-config.php"
57.141.2.9 - - [02/Jan/2026:02:52:47 -0700] "GET /page-sitemap.xml HTTP/2" 200 1097 "-" "meta-externalagent/1.1 (+https://developers.facebook.com/docs/sharing/webmasters/crawler)"
198.175.150.9 - - [02/Jan/2026:02:52:50 -0700] "POST /wp-cron.php?doing_wp_cron=1767347570.4327509403228759765625 HTTP/1.1" 200 0 "-" "WordPress/6.9; https://petsitter.marketing"
198.175.150.9 - - [02/Jan/2026:03:01:16 -0700] "POST /wp-cron.php?doing_wp_cron=1767348076.0718579292297363281250 HTTP/1.1" 200 0 "-" "WordPress/6.9; https://petsitter.marketing"
57.141.2.36 - - [02/Jan/2026:03:01:15 -0700] "GET /sitemap_index.xml HTTP/2" 200 413 "-" "meta-externalagent/1.1 (+https://developers.facebook.com/docs/sharing/webmasters/crawler)"
198.175.150.9 - - [02/Jan/2026:03:40:31 -0700] "POST /wp-cron.php?doing_wp_cron=1767350431.7658829689025878906250 HTTP/1.1" 200 0 "-" "WordPress/6.9; https://petsitter.marketing"
198.175.150.9 - - [02/Jan/2026:03:40:31 -0700] "POST /wp-cron.php?doing_wp_cron=1767350431.8225889205932617187500 HTTP/1.1" 200 0 "-" "WordPress/6.9; https://petsitter.marketing"
138.246.253.24 - - [02/Jan/2026:03:40:30 -0700] "GET /robots.txt HTTP/1.1" 200 123 "-" "Mozilla/5.0 (Windows NT 10.0; Win64; x64) AppleWebKit/537.36 (KHTML, like Gecko) Chrome/103.0.5060.134 Safari/537.36"
198.175.150.9 - - [02/Jan/2026:03:40:31 -0700] "POST /wp-cron.php?doing_wp_cron=1767350431.8787829875946044921875 HTTP/1.1" 200 0 "-" "WordPress/6.9; https://petsitter.marketing"