File: /home/dfwparty/logs/smartphonemarketing.net.dfw.party-ssl_log.bkup
35.243.141.47 - - [06/Aug/2024:06:39:28 -0600] "GET /robots.txt HTTP/1.0" 200 117 "-" "ZoominfoBot (zoominfobot at zoominfo dot com)"
35.243.141.47 - - [06/Aug/2024:06:39:28 -0600] "GET / HTTP/1.0" 200 24789 "-" "ZoominfoBot (zoominfobot at zoominfo dot com)"
43.157.66.187 - - [06/Aug/2024:09:05:14 -0600] "GET / HTTP/1.1" 200 24793 "http://www.smartphonemarketing.net" "Mozilla/5.0 (iPhone; CPU iPhone OS 13_2_3 like Mac OS X) AppleWebKit/605.1.15 (KHTML, like Gecko) Version/13.0.3 Mobile/15E148 Safari/604.1"
35.204.143.178 - - [06/Aug/2024:07:03:16 -0600] "GET / HTTP/1.1" 200 113402 "-" "Mozilla/5.0 (Windows NT 10.0; Win64; x64) AppleWebKit/537.36 (KHTML, like Gecko) Chrome/78.0.3904.108 Safari/537.36"
1.94.202.156 - - [06/Aug/2024:07:27:28 -0600] "GET / HTTP/1.1" 200 24789 "-" "Mozilla/5.0 (Windows NT 10.0; Win64; x64) AppleWebKit/537.36 (KHTML, like Gecko) Chrome/122.0.0.0 Safari/537.36"
45.90.62.97 - - [06/Aug/2024:08:21:36 -0600] "GET /favicon.ico HTTP/1.1" 404 1251 "-" "Mozilla/5.0 (Windows NT 10.0; Win64; x64) AppleWebKit/537.36 (KHTML, like Gecko) Chrome/94.0.4606.61 Safari/537.36"
45.90.62.192 - - [06/Aug/2024:08:21:30 -0600] "GET / HTTP/1.1" 200 24789 "-" "Mozilla/5.0 (Windows NT 10.0; Win64; x64) AppleWebKit/537.36 (KHTML, like Gecko) Chrome/94.0.4606.61 Safari/537.36"
35.204.143.178 - - [06/Aug/2024:07:05:18 -0600] "GET //wp-includes/wlwmanifest.xml HTTP/1.1" 301 0 "-" "Mozilla/5.0 (Windows NT 10.0; Win64; x64) AppleWebKit/537.36 (KHTML, like Gecko) Chrome/78.0.3904.108 Safari/537.36"
35.204.143.178 - - [06/Aug/2024:07:05:18 -0600] "GET //xmlrpc.php?rsd HTTP/1.1" 403 1242 "-" "Mozilla/5.0 (Windows NT 10.0; Win64; x64) AppleWebKit/537.36 (KHTML, like Gecko) Chrome/78.0.3904.108 Safari/537.36"
35.204.143.178 - - [06/Aug/2024:07:05:19 -0600] "GET / HTTP/1.1" 200 113402 "-" "Mozilla/5.0 (Windows NT 10.0; Win64; x64) AppleWebKit/537.36 (KHTML, like Gecko) Chrome/78.0.3904.108 Safari/537.36"
35.204.143.178 - - [06/Aug/2024:07:05:20 -0600] "GET //?author=1 HTTP/1.1" 301 0 "-" "Mozilla/5.0 (Windows NT 10.0; Win64; x64) AppleWebKit/537.36 (KHTML, like Gecko) Chrome/78.0.3904.108 Safari/537.36"
35.204.143.178 - - [06/Aug/2024:07:05:20 -0600] "GET //?author=2 HTTP/1.1" 301 0 "-" "Mozilla/5.0 (Windows NT 10.0; Win64; x64) AppleWebKit/537.36 (KHTML, like Gecko) Chrome/78.0.3904.108 Safari/537.36"
35.204.143.178 - - [06/Aug/2024:07:05:21 -0600] "GET //wp-json/wp/v2/users/ HTTP/1.1" 200 649 "-" "Mozilla/5.0 (Windows NT 10.0; Win64; x64) AppleWebKit/537.36 (KHTML, like Gecko) Chrome/78.0.3904.108 Safari/537.36"
35.204.143.178 - - [06/Aug/2024:07:05:22 -0600] "POST //xmlrpc.php HTTP/1.1" 403 1242 "-" "Mozilla/5.0 (Windows NT 10.0; Win64; x64) AppleWebKit/537.36 (KHTML, like Gecko) Chrome/78.0.3904.108 Safari/537.36"
46.191.188.179 - - [06/Aug/2024:10:02:07 -0600] "GET /?p=4 HTTP/1.1" 404 23679 "-" "Mozilla/5.0 (Windows NT 6.1; WOW64) AppleWebKit/537.36 (KHTML, like Gecko) Chrome/79.0.3945.130 Safari/537.36"
198.175.150.9 - - [06/Aug/2024:10:02:03 -0600] "POST /wp-cron.php?doing_wp_cron=1722960123.3720378875732421875000 HTTP/1.1" 200 0 "-" "WordPress/6.6.1; https://smartphonemarketing.net"
46.191.188.179 - - [06/Aug/2024:10:02:04 -0600] "GET /?p=2 HTTP/1.1" 404 23679 "-" "Mozilla/5.0 (Windows NT 6.1; WOW64) AppleWebKit/537.36 (KHTML, like Gecko) Chrome/79.0.3945.130 Safari/537.36"
46.191.188.179 - - [06/Aug/2024:10:02:06 -0600] "GET /?p=3 HTTP/1.1" 404 23679 "-" "Mozilla/5.0 (Windows NT 6.1; WOW64) AppleWebKit/537.36 (KHTML, like Gecko) Chrome/79.0.3945.130 Safari/537.36"
198.175.150.9 - - [06/Aug/2024:10:02:03 -0600] "POST /wp-cron.php?doing_wp_cron=1722960123.3313019275665283203125 HTTP/1.1" 200 0 "-" "WordPress/6.6.1; https://smartphonemarketing.net"
46.191.188.179 - - [06/Aug/2024:10:02:02 -0600] "GET /?p=1 HTTP/1.1" 404 23679 "-" "Mozilla/5.0 (Windows NT 6.1; WOW64) AppleWebKit/537.36 (KHTML, like Gecko) Chrome/79.0.3945.130 Safari/537.36"
198.175.150.9 - - [06/Aug/2024:10:02:03 -0600] "POST /wp-cron.php?doing_wp_cron=1722960123.4029479026794433593750 HTTP/1.1" 200 0 "-" "WordPress/6.6.1; https://smartphonemarketing.net"
44.211.188.29 - - [06/Aug/2024:10:24:01 -0600] "GET /profiler/phpinfo HTTP/1.1" 404 23679 "-" "Mozilla/5.0 (Macintosh; Intel Mac OS X 10_15_7) AppleWebKit/605.1.15 (KHTML, like Gecko) Version/15.6 Safari/605.1.15"
198.175.150.9 - - [06/Aug/2024:11:09:20 -0600] "POST /wp-cron.php?doing_wp_cron=1722964160.2893710136413574218750 HTTP/1.1" 200 0 "-" "WordPress/6.6.1; https://smartphonemarketing.net"
198.175.150.9 - - [06/Aug/2024:11:09:20 -0600] "POST /wp-cron.php?doing_wp_cron=1722964160.2166140079498291015625 HTTP/1.1" 200 0 "-" "WordPress/6.6.1; https://smartphonemarketing.net"
198.175.150.9 - - [06/Aug/2024:11:09:20 -0600] "POST /wp-cron.php?doing_wp_cron=1722964160.2604899406433105468750 HTTP/1.1" 200 0 "-" "WordPress/6.6.1; https://smartphonemarketing.net"
204.242.166.202 - - [06/Aug/2024:11:09:19 -0600] "GET / HTTP/2" 200 20956 "-" "Mozilla/5.0 (Macintosh; Intel Mac OS X 10_15_7) AppleWebKit/537.36 (KHTML, like Gecko) Chrome/120.0.0.0 Safari/537.36"
204.242.172.158 - - [06/Aug/2024:11:09:21 -0600] "GET / HTTP/2" 200 20956 "-" "Mozilla/5.0 (Macintosh; Intel Mac OS X 10_15_7) AppleWebKit/537.36 (KHTML, like Gecko) Chrome/120.0.0.0 Safari/537.36"
123.60.68.42 - - [06/Aug/2024:12:14:12 -0600] "GET / HTTP/1.1" 200 24789 "-" "Mozilla/5.0 (Windows NT 9.7; Win64; x64) AppleWebKit/537.36 (KHTML, like Gecko) Chrome/79.0.2174.88 Safari/537.36"
198.175.150.9 - - [06/Aug/2024:13:02:09 -0600] "POST /wp-cron.php?doing_wp_cron=1722970929.8355839252471923828125 HTTP/1.1" 200 0 "-" "WordPress/6.6.1; https://smartphonemarketing.net"
17.241.227.243 - - [06/Aug/2024:13:02:08 -0600] "GET /robots.txt HTTP/1.1" 200 117 "-" "Mozilla/5.0 (Macintosh; Intel Mac OS X 10_15_7) AppleWebKit/605.1.15 (KHTML, like Gecko) Version/17.4 Safari/605.1.15 (Applebot/0.1; +http://www.apple.com/go/applebot)"
17.241.227.243 - - [06/Aug/2024:13:02:10 -0600] "GET /wp-content/uploads/2024/08/logo.png HTTP/1.1" 200 1275 "-" "Mozilla/5.0 (Macintosh; Intel Mac OS X 10_15_7) AppleWebKit/605.1.15 (KHTML, like Gecko) Version/17.4 Safari/605.1.15 (Applebot/0.1; +http://www.apple.com/go/applebot)"
198.175.150.9 - - [06/Aug/2024:13:38:58 -0600] "POST /wp-cron.php?doing_wp_cron=1722973138.0700020790100097656250 HTTP/1.1" 200 0 "-" "WordPress/6.6.1; https://smartphonemarketing.net"
34.23.154.168 - - [06/Aug/2024:13:38:58 -0600] "GET /feed/ HTTP/1.0" 200 562 "-" "ZoominfoBot (zoominfobot at zoominfo dot com)"
198.175.150.9 - - [06/Aug/2024:13:38:58 -0600] "POST /wp-cron.php?doing_wp_cron=1722973138.0422780513763427734375 HTTP/1.1" 200 0 "-" "WordPress/6.6.1; https://smartphonemarketing.net"
34.23.154.168 - - [06/Aug/2024:13:38:57 -0600] "GET /robots.txt HTTP/1.0" 200 117 "-" "ZoominfoBot (zoominfobot at zoominfo dot com)"
23.111.114.116 - - [06/Aug/2024:13:59:16 -0600] "GET / HTTP/1.1" 200 24793 "-" "Mozilla/5.0 (Linux; Android 5.0; SM-N900K) AppleWebKit/537.36 (KHTML, like Gecko) Chrome/83.0.4103.106 Mobile Safari/537.36"
198.175.150.9 - - [06/Aug/2024:13:59:17 -0600] "POST /wp-cron.php?doing_wp_cron=1722974357.6099970340728759765625 HTTP/1.1" 200 0 "-" "WordPress/6.6.1; https://smartphonemarketing.net"
131.202.14.152 - - [06/Aug/2024:14:38:12 -0600] "GET / HTTP/1.1" 200 24789 "-" "Mozilla/5.0 (Windows NT 10.0; Win64; x64; rv:98.0) Gecko/20100101 Firefox/98.0"
34.23.154.168 - - [06/Aug/2024:15:00:51 -0600] "GET /xmlrpc.php?rsd HTTP/1.0" 403 1242 "-" "ZoominfoBot (zoominfobot at zoominfo dot com)"
198.175.150.9 - - [06/Aug/2024:15:44:01 -0600] "POST /wp-cron.php?doing_wp_cron=1722980641.6672239303588867187500 HTTP/1.1" 200 0 "-" "WordPress/6.6.1; https://smartphonemarketing.net"
198.175.150.9 - - [06/Aug/2024:15:44:01 -0600] "POST /wp-cron.php?doing_wp_cron=1722980641.7235839366912841796875 HTTP/1.1" 200 0 "-" "WordPress/6.6.1; https://smartphonemarketing.net"
198.175.150.9 - - [06/Aug/2024:15:44:01 -0600] "POST /wp-cron.php?doing_wp_cron=1722980641.7603380680084228515625 HTTP/1.1" 200 0 "-" "WordPress/6.6.1; https://smartphonemarketing.net"
66.249.75.198 - - [06/Aug/2024:15:44:01 -0600] "GET /robots.txt HTTP/1.1" 200 99 "-" "Mozilla/5.0 (compatible; Googlebot/2.1; +http://www.google.com/bot.html)"
66.249.69.97 - - [06/Aug/2024:15:44:02 -0600] "GET / HTTP/1.1" 301 0 "-" "Mozilla/5.0 (Linux; Android 6.0.1; Nexus 5X Build/MMB29P) AppleWebKit/537.36 (KHTML, like Gecko) Chrome/126.0.6478.182 Mobile Safari/537.36 (compatible; GoogleOther)"
66.249.69.98 - - [06/Aug/2024:15:44:00 -0600] "GET /robots.txt HTTP/1.1" 301 0 "-" "Mozilla/5.0 (compatible; Googlebot/2.1; +http://www.google.com/bot.html)"
66.249.75.197 - - [06/Aug/2024:15:44:03 -0600] "GET / HTTP/1.1" 200 20931 "-" "Mozilla/5.0 (Linux; Android 6.0.1; Nexus 5X Build/MMB29P) AppleWebKit/537.36 (KHTML, like Gecko) Chrome/126.0.6478.182 Mobile Safari/537.36 (compatible; GoogleOther)"
45.87.9.143 - - [06/Aug/2024:18:07:49 -0600] "GET / HTTP/1.1" 200 24793 "-" "Mozilla/5.0 (iPad; CPU OS 11_4 like Mac OS X) AppleWebKit/605.1.15 (KHTML, like Gecko) Version/11.0 Mobile/15E148 Safari/604.1"
45.87.9.141 - - [06/Aug/2024:18:07:49 -0600] "GET / HTTP/1.1" 200 24793 "-" "Mozilla/5.0 (iPad; CPU OS 11_4 like Mac OS X) AppleWebKit/605.1.15 (KHTML, like Gecko) Version/11.0 Mobile/15E148 Safari/604.1"
45.87.9.62 - - [06/Aug/2024:18:07:49 -0600] "GET / HTTP/1.1" 200 24793 "-" "Mozilla/5.0 (iPad; CPU OS 11_4 like Mac OS X) AppleWebKit/605.1.15 (KHTML, like Gecko) Version/11.0 Mobile/15E148 Safari/604.1"
89.248.168.222 - - [06/Aug/2024:18:12:27 -0600] "GET / HTTP/2" 200 113402 "-" "curl/7.68.0"
80.94.92.112 - - [06/Aug/2024:18:45:40 -0600] "GET / HTTP/1.1" 200 113402 "-" "Mozilla/5.0 (Windows NT 10.0; Win64; x64) AppleWebKit/537.36 (KHTML, like Gecko) Chrome/89.0.4389.114 Safari/537.36"
80.94.92.112 - - [06/Aug/2024:18:47:45 -0600] "GET //wp-includes/wlwmanifest.xml HTTP/1.1" 301 0 "-" "Mozilla/5.0 (Windows NT 10.0; Win64; x64) AppleWebKit/537.36 (KHTML, like Gecko) Chrome/89.0.4389.114 Safari/537.36"
80.94.92.112 - - [06/Aug/2024:18:47:46 -0600] "GET //xmlrpc.php?rsd HTTP/1.1" 403 1242 "-" "Mozilla/5.0 (Windows NT 10.0; Win64; x64) AppleWebKit/537.36 (KHTML, like Gecko) Chrome/89.0.4389.114 Safari/537.36"
80.94.92.112 - - [06/Aug/2024:18:47:46 -0600] "GET / HTTP/1.1" 200 113402 "-" "Mozilla/5.0 (Windows NT 10.0; Win64; x64) AppleWebKit/537.36 (KHTML, like Gecko) Chrome/89.0.4389.114 Safari/537.36"
80.94.92.112 - - [06/Aug/2024:18:47:52 -0600] "GET //wp-login.php HTTP/1.1" 200 5878 "-" "Mozilla/5.0 (Windows NT 10.0; Win64; x64) AppleWebKit/537.36 (KHTML, like Gecko) Chrome/89.0.4389.114 Safari/537.36"
80.94.92.112 - - [06/Aug/2024:18:47:53 -0600] "GET //?author=1 HTTP/1.1" 301 0 "-" "Mozilla/5.0 (Windows NT 10.0; Win64; x64) AppleWebKit/537.36 (KHTML, like Gecko) Chrome/89.0.4389.114 Safari/537.36"
80.94.92.112 - - [06/Aug/2024:18:47:54 -0600] "GET //?author=2 HTTP/1.1" 301 0 "-" "Mozilla/5.0 (Windows NT 10.0; Win64; x64) AppleWebKit/537.36 (KHTML, like Gecko) Chrome/89.0.4389.114 Safari/537.36"
80.94.92.112 - - [06/Aug/2024:18:47:55 -0600] "GET //?author=3 HTTP/1.1" 301 0 "-" "Mozilla/5.0 (Windows NT 10.0; Win64; x64) AppleWebKit/537.36 (KHTML, like Gecko) Chrome/89.0.4389.114 Safari/537.36"
80.94.92.112 - - [06/Aug/2024:18:47:56 -0600] "GET //wp-json/wp/v2/users/ HTTP/1.1" 200 649 "-" "Mozilla/5.0 (Windows NT 10.0; Win64; x64) AppleWebKit/537.36 (KHTML, like Gecko) Chrome/89.0.4389.114 Safari/537.36"
80.94.92.112 - - [06/Aug/2024:18:47:57 -0600] "POST //xmlrpc.php HTTP/1.1" 403 1242 "-" "Mozilla/5.0 (Windows NT 10.0; Win64; x64) AppleWebKit/537.36 (KHTML, like Gecko) Chrome/89.0.4389.114 Safari/537.36"
80.94.92.112 - - [06/Aug/2024:18:47:57 -0600] "POST //wp-login.php HTTP/1.1" 200 6303 "https://smartphonemarketing.net//wp-login.php" "Mozilla/5.0 (Windows NT 10.0; Win64; x64) AppleWebKit/537.36 (KHTML, like Gecko) Chrome/89.0.4389.114 Safari/537.36"
80.94.92.112 - - [06/Aug/2024:18:47:58 -0600] "POST //wp-login.php HTTP/1.1" 200 6303 "https://smartphonemarketing.net//wp-login.php" "Mozilla/5.0 (Windows NT 10.0; Win64; x64) AppleWebKit/537.36 (KHTML, like Gecko) Chrome/89.0.4389.114 Safari/537.36"
176.53.220.108 - - [06/Aug/2024:19:21:53 -0600] "GET / HTTP/1.1" 200 24789 "-" "Mozilla/5.0 (Windows NT 10.0; Win64; x64) AppleWebKit/537.36 (KHTML, like Gecko) Chrome/94.0.4606.61 Safari/537.36"
89.104.101.75 - - [06/Aug/2024:19:21:54 -0600] "GET /favicon.ico HTTP/1.1" 404 1251 "-" "Mozilla/5.0 (Windows NT 10.0; Win64; x64) AppleWebKit/537.36 (KHTML, like Gecko) Chrome/94.0.4606.61 Safari/537.36"
34.106.104.116 - - [06/Aug/2024:19:59:10 -0600] "GET / HTTP/1.1" 200 113402 "-" "Mozilla/5.0 (Windows NT 10.0; Win64; x64) AppleWebKit/537.36 (KHTML, like Gecko) Chrome/78.0.3904.108 Safari/537.36"
34.106.104.116 - - [06/Aug/2024:19:59:11 -0600] "GET //wp-includes/wlwmanifest.xml HTTP/1.1" 301 0 "-" "Mozilla/5.0 (Windows NT 10.0; Win64; x64) AppleWebKit/537.36 (KHTML, like Gecko) Chrome/78.0.3904.108 Safari/537.36"
34.106.104.116 - - [06/Aug/2024:19:59:11 -0600] "GET //xmlrpc.php?rsd HTTP/1.1" 403 1242 "-" "Mozilla/5.0 (Windows NT 10.0; Win64; x64) AppleWebKit/537.36 (KHTML, like Gecko) Chrome/78.0.3904.108 Safari/537.36"
34.106.104.116 - - [06/Aug/2024:19:59:12 -0600] "GET / HTTP/1.1" 200 113402 "-" "Mozilla/5.0 (Windows NT 10.0; Win64; x64) AppleWebKit/537.36 (KHTML, like Gecko) Chrome/78.0.3904.108 Safari/537.36"
34.106.104.116 - - [06/Aug/2024:19:59:12 -0600] "GET //?author=1 HTTP/1.1" 301 0 "-" "Mozilla/5.0 (Windows NT 10.0; Win64; x64) AppleWebKit/537.36 (KHTML, like Gecko) Chrome/78.0.3904.108 Safari/537.36"
34.106.104.116 - - [06/Aug/2024:19:59:13 -0600] "GET //?author=2 HTTP/1.1" 301 0 "-" "Mozilla/5.0 (Windows NT 10.0; Win64; x64) AppleWebKit/537.36 (KHTML, like Gecko) Chrome/78.0.3904.108 Safari/537.36"
34.106.104.116 - - [06/Aug/2024:19:59:13 -0600] "GET //wp-json/wp/v2/users/ HTTP/1.1" 200 649 "-" "Mozilla/5.0 (Windows NT 10.0; Win64; x64) AppleWebKit/537.36 (KHTML, like Gecko) Chrome/78.0.3904.108 Safari/537.36"
34.106.104.116 - - [06/Aug/2024:19:59:14 -0600] "POST //xmlrpc.php HTTP/1.1" 403 1242 "-" "Mozilla/5.0 (Windows NT 10.0; Win64; x64) AppleWebKit/537.36 (KHTML, like Gecko) Chrome/78.0.3904.108 Safari/537.36"
34.23.154.168 - - [06/Aug/2024:20:27:36 -0600] "GET /robots.txt HTTP/1.0" 200 117 "-" "ZoominfoBot (zoominfobot at zoominfo dot com)"
34.23.154.168 - - [06/Aug/2024:20:27:37 -0600] "GET /feed/ HTTP/1.0" 200 562 "-" "ZoominfoBot (zoominfobot at zoominfo dot com)"
198.175.150.9 - - [06/Aug/2024:22:08:42 -0600] "POST /wp-cron.php?doing_wp_cron=1723003722.3889780044555664062500 HTTP/1.1" 200 0 "-" "WordPress/6.6.1; https://smartphonemarketing.net"
104.166.80.164 - - [06/Aug/2024:22:09:55 -0600] "GET / HTTP/1.1" 200 24789 "-" "Mozilla/5.0 (X11; Linux i686; rv:109.0) Gecko/20100101 Firefox/120.0"
198.175.150.9 - - [06/Aug/2024:22:08:42 -0600] "POST /wp-cron.php?doing_wp_cron=1723003722.4398319721221923828125 HTTP/1.1" 200 0 "-" "WordPress/6.6.1; https://smartphonemarketing.net"
104.166.80.98 - - [06/Aug/2024:22:08:43 -0600] "GET / HTTP/1.1" 200 24789 "-" "Mozilla/5.0 (X11; Linux i686; rv:109.0) Gecko/20100101 Firefox/120.0"
198.175.150.9 - - [06/Aug/2024:22:08:42 -0600] "POST /wp-cron.php?doing_wp_cron=1723003722.4636158943176269531250 HTTP/1.1" 200 0 "-" "WordPress/6.6.1; https://smartphonemarketing.net"
104.166.80.98 - - [06/Aug/2024:22:08:41 -0600] "GET / HTTP/1.1" 301 0 "-" "Mozilla/5.0 (X11; Linux i686; rv:109.0) Gecko/20100101 Firefox/120.0"
104.166.80.51 - - [06/Aug/2024:22:20:06 -0600] "GET / HTTP/1.1" 301 0 "-" "Mozilla/5.0 (X11; Linux i686; rv:109.0) Gecko/20100101 Firefox/120.0"
34.147.208.129 - - [06/Aug/2024:22:24:14 -0600] "GET / HTTP/1.1" 200 113402 "-" "Mozilla/5.0 (Windows NT 10.0; Win64; x64) AppleWebKit/537.36 (KHTML, like Gecko) Chrome/78.0.3904.108 Safari/537.36"
34.147.208.129 - - [06/Aug/2024:22:24:15 -0600] "GET //wp-includes/wlwmanifest.xml HTTP/1.1" 301 0 "-" "Mozilla/5.0 (Windows NT 10.0; Win64; x64) AppleWebKit/537.36 (KHTML, like Gecko) Chrome/78.0.3904.108 Safari/537.36"
34.147.208.129 - - [06/Aug/2024:22:24:16 -0600] "GET //xmlrpc.php?rsd HTTP/1.1" 403 1242 "-" "Mozilla/5.0 (Windows NT 10.0; Win64; x64) AppleWebKit/537.36 (KHTML, like Gecko) Chrome/78.0.3904.108 Safari/537.36"
34.147.208.129 - - [06/Aug/2024:22:24:16 -0600] "GET / HTTP/1.1" 200 113402 "-" "Mozilla/5.0 (Windows NT 10.0; Win64; x64) AppleWebKit/537.36 (KHTML, like Gecko) Chrome/78.0.3904.108 Safari/537.36"
34.147.208.129 - - [06/Aug/2024:22:24:17 -0600] "GET //?author=1 HTTP/1.1" 301 0 "-" "Mozilla/5.0 (Windows NT 10.0; Win64; x64) AppleWebKit/537.36 (KHTML, like Gecko) Chrome/78.0.3904.108 Safari/537.36"
34.147.208.129 - - [06/Aug/2024:22:24:18 -0600] "GET //?author=2 HTTP/1.1" 301 0 "-" "Mozilla/5.0 (Windows NT 10.0; Win64; x64) AppleWebKit/537.36 (KHTML, like Gecko) Chrome/78.0.3904.108 Safari/537.36"
34.147.208.129 - - [06/Aug/2024:22:24:18 -0600] "GET //wp-json/wp/v2/users/ HTTP/1.1" 200 649 "-" "Mozilla/5.0 (Windows NT 10.0; Win64; x64) AppleWebKit/537.36 (KHTML, like Gecko) Chrome/78.0.3904.108 Safari/537.36"
34.147.208.129 - - [06/Aug/2024:22:24:19 -0600] "POST //xmlrpc.php HTTP/1.1" 403 1242 "-" "Mozilla/5.0 (Windows NT 10.0; Win64; x64) AppleWebKit/537.36 (KHTML, like Gecko) Chrome/78.0.3904.108 Safari/537.36"
34.217.83.50 - - [06/Aug/2024:22:21:14 -0600] "GET / HTTP/2" 200 20956 "-" "Mozilla/5.0 (Windows NT 10.0; Win64; x64; rv:109.0) Gecko/20100101 Firefox/109.0"
34.217.83.50 - - [06/Aug/2024:22:21:15 -0600] "GET /wp-content/themes/astra/assets/css/minified/main.min.css?ver=4.7.3 HTTP/2" 200 8202 "https://smartphonemarketing.net/" "Mozilla/5.0 (Windows NT 10.0; Win64; x64; rv:109.0) Gecko/20100101 Firefox/109.0"
34.217.83.50 - - [06/Aug/2024:22:21:15 -0600] "GET /wp-content/uploads/astra-addon/astra-addon-66ac97a79284c9-61853823.css?ver=4.7.2 HTTP/2" 200 2401 "https://smartphonemarketing.net/" "Mozilla/5.0 (Windows NT 10.0; Win64; x64; rv:109.0) Gecko/20100101 Firefox/109.0"
34.217.83.50 - - [06/Aug/2024:22:21:15 -0600] "GET /wp-content/uploads/elementor/css/post-6.css?ver=1722587123 HTTP/2" 200 334 "https://smartphonemarketing.net/" "Mozilla/5.0 (Windows NT 10.0; Win64; x64; rv:109.0) Gecko/20100101 Firefox/109.0"
34.217.83.50 - - [06/Aug/2024:22:21:15 -0600] "GET /wp-content/plugins/elementor-pro/assets/css/frontend-lite.min.css?ver=3.23.2 HTTP/2" 200 1411 "https://smartphonemarketing.net/" "Mozilla/5.0 (Windows NT 10.0; Win64; x64; rv:109.0) Gecko/20100101 Firefox/109.0"
34.217.83.50 - - [06/Aug/2024:22:21:15 -0600] "GET /wp-content/plugins/elementor/assets/lib/swiper/v8/css/swiper.min.css?ver=8.4.5 HTTP/2" 200 4248 "https://smartphonemarketing.net/" "Mozilla/5.0 (Windows NT 10.0; Win64; x64; rv:109.0) Gecko/20100101 Firefox/109.0"
34.217.83.50 - - [06/Aug/2024:22:21:15 -0600] "GET /wp-content/plugins/elementor/assets/lib/eicons/css/elementor-icons.min.css?ver=5.30.0 HTTP/2" 200 3737 "https://smartphonemarketing.net/" "Mozilla/5.0 (Windows NT 10.0; Win64; x64; rv:109.0) Gecko/20100101 Firefox/109.0"
34.217.83.50 - - [06/Aug/2024:22:21:15 -0600] "GET /wp-content/plugins/elementor/assets/css/frontend-lite.min.css?ver=3.23.3 HTTP/2" 200 21850 "https://smartphonemarketing.net/" "Mozilla/5.0 (Windows NT 10.0; Win64; x64; rv:109.0) Gecko/20100101 Firefox/109.0"
34.217.83.50 - - [06/Aug/2024:22:21:15 -0600] "GET /wp-content/uploads/elementor/css/global.css?ver=1722587350 HTTP/2" 200 6126 "https://smartphonemarketing.net/" "Mozilla/5.0 (Windows NT 10.0; Win64; x64; rv:109.0) Gecko/20100101 Firefox/109.0"
34.217.83.50 - - [06/Aug/2024:22:21:15 -0600] "GET /wp-content/plugins/ultimate-elementor/assets/min-css/uael-frontend.min.css?ver=1.36.36 HTTP/2" 200 65484 "https://smartphonemarketing.net/" "Mozilla/5.0 (Windows NT 10.0; Win64; x64; rv:109.0) Gecko/20100101 Firefox/109.0"
34.217.83.50 - - [06/Aug/2024:22:21:15 -0600] "GET /wp-includes/js/jquery/jquery.min.js?ver=3.7.1 HTTP/2" 200 29744 "https://smartphonemarketing.net/" "Mozilla/5.0 (Windows NT 10.0; Win64; x64; rv:109.0) Gecko/20100101 Firefox/109.0"
34.217.83.50 - - [06/Aug/2024:22:21:15 -0600] "GET /wp-includes/js/jquery/jquery-migrate.min.js?ver=3.4.1 HTTP/2" 200 4678 "https://smartphonemarketing.net/" "Mozilla/5.0 (Windows NT 10.0; Win64; x64; rv:109.0) Gecko/20100101 Firefox/109.0"
34.217.83.50 - - [06/Aug/2024:22:21:15 -0600] "GET /wp-content/uploads/astra-addon/astra-addon-66ac97a7930251-30285664.js?ver=4.7.2 HTTP/2" 200 1938 "https://smartphonemarketing.net/" "Mozilla/5.0 (Windows NT 10.0; Win64; x64; rv:109.0) Gecko/20100101 Firefox/109.0"
34.217.83.50 - - [06/Aug/2024:22:21:15 -0600] "GET /wp-content/themes/astra/assets/js/minified/frontend.min.js?ver=4.7.3 HTTP/2" 200 5031 "https://smartphonemarketing.net/" "Mozilla/5.0 (Windows NT 10.0; Win64; x64; rv:109.0) Gecko/20100101 Firefox/109.0"
34.217.83.50 - - [06/Aug/2024:22:21:15 -0600] "GET /wp-content/uploads/2024/08/logo.png HTTP/2" 200 1275 "https://smartphonemarketing.net/" "Mozilla/5.0 (Windows NT 10.0; Win64; x64; rv:109.0) Gecko/20100101 Firefox/109.0"
34.217.83.50 - - [06/Aug/2024:22:21:16 -0600] "GET /wp-includes/js/wp-emoji-release.min.js?ver=6.6.1 HTTP/2" 200 4676 "https://smartphonemarketing.net/" "Mozilla/5.0 (Windows NT 10.0; Win64; x64; rv:109.0) Gecko/20100101 Firefox/109.0"
122.180.184.55 - - [06/Aug/2024:22:18:11 -0600] "GET / HTTP/1.1" 200 20956 "http://smartphonemarketing.net" "Mozilla/5.0 (X11; Fedora; Linux x86_64; rv:114.0) Gecko/20100101 Firefox/114.0"
104.166.80.51 - - [06/Aug/2024:22:20:08 -0600] "GET / HTTP/1.1" 200 24789 "-" "Mozilla/5.0 (X11; Linux i686; rv:109.0) Gecko/20100101 Firefox/120.0"
198.175.150.9 - - [06/Aug/2024:23:12:44 -0600] "POST /wp-cron.php?doing_wp_cron=1723007564.1100111007690429687500 HTTP/1.1" 200 0 "-" "WordPress/6.6.1; https://smartphonemarketing.net"
89.248.168.222 - - [06/Aug/2024:23:12:42 -0600] "GET / HTTP/2" 200 113402 "-" "curl/7.68.0"
198.175.150.9 - - [06/Aug/2024:23:12:44 -0600] "POST /wp-cron.php?doing_wp_cron=1723007564.1529150009155273437500 HTTP/1.1" 200 0 "-" "WordPress/6.6.1; https://smartphonemarketing.net"
198.175.150.9 - - [06/Aug/2024:23:12:44 -0600] "POST /wp-cron.php?doing_wp_cron=1723007564.1706318855285644531250 HTTP/1.1" 200 0 "-" "WordPress/6.6.1; https://smartphonemarketing.net"
34.148.160.228 - - [06/Aug/2024:23:27:29 -0600] "GET /robots.txt HTTP/1.0" 200 117 "-" "ZoominfoBot (zoominfobot at zoominfo dot com)"
34.148.160.228 - - [06/Aug/2024:23:27:30 -0600] "GET /feed/ HTTP/1.0" 200 562 "-" "ZoominfoBot (zoominfobot at zoominfo dot com)"
198.175.150.9 - - [07/Aug/2024:00:23:12 -0600] "POST /wp-cron.php?doing_wp_cron=1723011792.6058740615844726562500 HTTP/1.1" 200 0 "-" "WordPress/6.6.1; https://smartphonemarketing.net"
198.175.150.9 - - [07/Aug/2024:00:23:12 -0600] "POST /wp-cron.php?doing_wp_cron=1723011792.6763160228729248046875 HTTP/1.1" 200 0 "-" "WordPress/6.6.1; https://smartphonemarketing.net"
95.177.180.82 - - [07/Aug/2024:00:23:11 -0600] "GET / HTTP/2" 200 20931 "-" "Mozilla/5.0 (iPhone; CPU iPhone OS 10_3_1 like Mac OS X) AppleWebKit/603.1.30 (KHTML, like Gecko) Version/10.0 Mobile/14E304 Safari/602.1"
95.177.180.82 - - [07/Aug/2024:00:23:13 -0600] "GET /wp-content/themes/astra/assets/css/minified/main.min.css?ver=4.7.3 HTTP/2" 200 8202 "https://smartphonemarketing.net/" "Mozilla/5.0 (iPhone; CPU iPhone OS 10_3_1 like Mac OS X) AppleWebKit/603.1.30 (KHTML, like Gecko) Version/10.0 Mobile/14E304 Safari/602.1"
95.177.180.82 - - [07/Aug/2024:00:23:13 -0600] "GET /wp-content/uploads/astra-addon/astra-addon-66ac97a79284c9-61853823.css?ver=4.7.2 HTTP/2" 200 2401 "https://smartphonemarketing.net/" "Mozilla/5.0 (iPhone; CPU iPhone OS 10_3_1 like Mac OS X) AppleWebKit/603.1.30 (KHTML, like Gecko) Version/10.0 Mobile/14E304 Safari/602.1"
95.177.180.82 - - [07/Aug/2024:00:23:13 -0600] "GET /wp-content/plugins/elementor/assets/lib/eicons/css/elementor-icons.min.css?ver=5.30.0 HTTP/2" 200 3737 "https://smartphonemarketing.net/" "Mozilla/5.0 (iPhone; CPU iPhone OS 10_3_1 like Mac OS X) AppleWebKit/603.1.30 (KHTML, like Gecko) Version/10.0 Mobile/14E304 Safari/602.1"
95.177.180.82 - - [07/Aug/2024:00:23:13 -0600] "GET /wp-content/plugins/elementor/assets/lib/swiper/v8/css/swiper.min.css?ver=8.4.5 HTTP/2" 200 4248 "https://smartphonemarketing.net/" "Mozilla/5.0 (iPhone; CPU iPhone OS 10_3_1 like Mac OS X) AppleWebKit/603.1.30 (KHTML, like Gecko) Version/10.0 Mobile/14E304 Safari/602.1"
95.177.180.82 - - [07/Aug/2024:00:23:13 -0600] "GET /wp-content/plugins/elementor/assets/css/frontend-lite.min.css?ver=3.23.3 HTTP/2" 200 21850 "https://smartphonemarketing.net/" "Mozilla/5.0 (iPhone; CPU iPhone OS 10_3_1 like Mac OS X) AppleWebKit/603.1.30 (KHTML, like Gecko) Version/10.0 Mobile/14E304 Safari/602.1"
95.177.180.82 - - [07/Aug/2024:00:23:13 -0600] "GET /wp-content/uploads/elementor/css/post-6.css?ver=1722587123 HTTP/2" 200 334 "https://smartphonemarketing.net/" "Mozilla/5.0 (iPhone; CPU iPhone OS 10_3_1 like Mac OS X) AppleWebKit/603.1.30 (KHTML, like Gecko) Version/10.0 Mobile/14E304 Safari/602.1"
95.177.180.82 - - [07/Aug/2024:00:23:13 -0600] "GET /wp-content/plugins/elementor-pro/assets/css/frontend-lite.min.css?ver=3.23.2 HTTP/2" 200 1411 "https://smartphonemarketing.net/" "Mozilla/5.0 (iPhone; CPU iPhone OS 10_3_1 like Mac OS X) AppleWebKit/603.1.30 (KHTML, like Gecko) Version/10.0 Mobile/14E304 Safari/602.1"
95.177.180.82 - - [07/Aug/2024:00:23:13 -0600] "GET /wp-content/plugins/ultimate-elementor/assets/min-css/uael-frontend.min.css?ver=1.36.36 HTTP/2" 200 65484 "https://smartphonemarketing.net/" "Mozilla/5.0 (iPhone; CPU iPhone OS 10_3_1 like Mac OS X) AppleWebKit/603.1.30 (KHTML, like Gecko) Version/10.0 Mobile/14E304 Safari/602.1"
95.177.180.82 - - [07/Aug/2024:00:23:13 -0600] "GET /wp-content/uploads/elementor/css/global.css?ver=1722587350 HTTP/2" 200 6126 "https://smartphonemarketing.net/" "Mozilla/5.0 (iPhone; CPU iPhone OS 10_3_1 like Mac OS X) AppleWebKit/603.1.30 (KHTML, like Gecko) Version/10.0 Mobile/14E304 Safari/602.1"
95.177.180.82 - - [07/Aug/2024:00:23:13 -0600] "GET /wp-includes/js/jquery/jquery.min.js?ver=3.7.1 HTTP/2" 200 29744 "https://smartphonemarketing.net/" "Mozilla/5.0 (iPhone; CPU iPhone OS 10_3_1 like Mac OS X) AppleWebKit/603.1.30 (KHTML, like Gecko) Version/10.0 Mobile/14E304 Safari/602.1"
95.177.180.82 - - [07/Aug/2024:00:23:13 -0600] "GET /wp-includes/js/jquery/jquery-migrate.min.js?ver=3.4.1 HTTP/2" 200 4678 "https://smartphonemarketing.net/" "Mozilla/5.0 (iPhone; CPU iPhone OS 10_3_1 like Mac OS X) AppleWebKit/603.1.30 (KHTML, like Gecko) Version/10.0 Mobile/14E304 Safari/602.1"
198.175.150.9 - - [07/Aug/2024:00:23:12 -0600] "POST /wp-cron.php?doing_wp_cron=1723011792.6506741046905517578125 HTTP/1.1" 200 0 "-" "WordPress/6.6.1; https://smartphonemarketing.net"
95.177.180.82 - - [07/Aug/2024:00:23:14 -0600] "GET /wp-content/themes/astra/assets/js/minified/frontend.min.js?ver=4.7.3 HTTP/2" 200 5031 "https://smartphonemarketing.net/" "Mozilla/5.0 (iPhone; CPU iPhone OS 10_3_1 like Mac OS X) AppleWebKit/603.1.30 (KHTML, like Gecko) Version/10.0 Mobile/14E304 Safari/602.1"
95.177.180.82 - - [07/Aug/2024:00:23:14 -0600] "GET /wp-content/uploads/astra-addon/astra-addon-66ac97a7930251-30285664.js?ver=4.7.2 HTTP/2" 200 1938 "https://smartphonemarketing.net/" "Mozilla/5.0 (iPhone; CPU iPhone OS 10_3_1 like Mac OS X) AppleWebKit/603.1.30 (KHTML, like Gecko) Version/10.0 Mobile/14E304 Safari/602.1"
95.177.180.82 - - [07/Aug/2024:00:23:14 -0600] "GET /wp-content/uploads/2024/08/logo.png HTTP/2" 200 1275 "https://smartphonemarketing.net/" "Mozilla/5.0 (iPhone; CPU iPhone OS 10_3_1 like Mac OS X) AppleWebKit/603.1.30 (KHTML, like Gecko) Version/10.0 Mobile/14E304 Safari/602.1"
95.177.180.82 - - [07/Aug/2024:00:23:14 -0600] "GET /wp-includes/js/wp-emoji-release.min.js?ver=6.6.1 HTTP/2" 200 4676 "https://smartphonemarketing.net/" "Mozilla/5.0 (iPhone; CPU iPhone OS 10_3_1 like Mac OS X) AppleWebKit/603.1.30 (KHTML, like Gecko) Version/10.0 Mobile/14E304 Safari/602.1"
34.148.160.228 - - [07/Aug/2024:00:34:56 -0600] "GET /xmlrpc.php?rsd HTTP/1.0" 403 1242 "-" "ZoominfoBot (zoominfobot at zoominfo dot com)"
72.13.62.43 - - [07/Aug/2024:04:43:04 -0600] "GET / HTTP/1.1" 200 24789 "-" "Mozilla/5.0 (compatible; ips-agent)"
72.13.62.43 - - [07/Aug/2024:04:43:05 -0600] "GET /robots.txt HTTP/1.1" 200 117 "-" "Mozilla/5.0 (compatible; ips-agent)"
72.13.62.43 - - [07/Aug/2024:04:43:06 -0600] "GET /blog/ HTTP/1.1" 200 23578 "-" "Mozilla/5.0 (compatible; ips-agent)"